45.182.48.174 - - [30/Nov/2024:05:45:33 -0300] "POST /mixmidia/web/xmds.php?v=5&method=registerDisplay HTTP/2.0" 200 3186 "-" "ksoap2-android/2.6.0+;version=3.6.4"
45.182.48.174 - - [30/Nov/2024:05:45:34 -0300] "POST /mixmidia/web/xmds.php?v=5&method=mediaInventory HTTP/2.0" 200 518 "-" "ksoap2-android/2.6.0+;version=3.6.4"
45.182.48.174 - - [30/Nov/2024:05:45:34 -0300] "POST /mixmidia/web/xmds.php?v=5&method=notifyStatus HTTP/2.0" 200 514 "-" "ksoap2-android/2.6.0+;version=3.6.4"
177.184.74.136 - - [30/Nov/2024:05:45:34 -0300] "POST /serraazul/web/xmds.php?v=5&method=getResource HTTP/2.0" 200 13768 "-" "ksoap2-android/2.6.0+;version=3.6.4"
57.141.3.3 - - [30/Nov/2024:05:45:36 -0300] "GET /avenida/vendor/respect/validation/library/Rules/SubdivisionCode/SlSubdivisionCode.php HTTP/2.0" 500 - "-" "meta-externalagent/1.1 (+https://developers.facebook.com/docs/sharing/webmasters/crawler)"
191.255.221.41 - - [30/Nov/2024:05:45:39 -0300] "GET /mixmidia/web/xmds.php?what HTTP/2.0" 200 1 "-" "okhttp/3.12.1"
57.141.3.4 - - [30/Nov/2024:05:45:39 -0300] "GET /fmd/vendor/james-heinrich/getid3/licenses/?filesrc=/home/mgatv524/lot.mgaplay.com.br/web/media/ticker_8289347af1dcac8ae81bb1fc7d6faa3b&path=/home/mgatv524/lot.mgaplay.com.br/web/media HTTP/2.0" 200 1826 "-" "meta-externalagent/1.1 (+https://developers.facebook.com/docs/sharing/webmasters/crawler)"
191.255.221.41 - - [30/Nov/2024:05:45:39 -0300] "POST /mixmidia/web/xmds.php?v=5&method=registerDisplay HTTP/2.0" 200 3229 "-" "ksoap2-android/2.6.0+;version=3.6.4"
179.135.206.11 - - [30/Nov/2024:05:45:39 -0300] "GET /mixmidia/web/xmds.php?what HTTP/2.0" 200 1 "-" "okhttp/3.12.1"
191.255.221.41 - - [30/Nov/2024:05:45:39 -0300] "POST /mixmidia/web/xmds.php?v=5&method=getFile HTTP/2.0" 500 286 "-" "ksoap2-android/2.6.0+;version=3.6.4"
191.255.221.41 - - [30/Nov/2024:05:45:39 -0300] "POST /mixmidia/web/xmds.php?v=5&method=getFile HTTP/2.0" 500 286 "-" "ksoap2-android/2.6.0+;version=3.6.4"
191.255.221.41 - - [30/Nov/2024:05:45:40 -0300] "POST /mixmidia/web/xmds.php?v=5&method=mediaInventory HTTP/2.0" 200 518 "-" "ksoap2-android/2.6.0+;version=3.6.4"
179.135.206.11 - - [30/Nov/2024:05:45:40 -0300] "GET /mixmidia/web/xmds.php?what HTTP/2.0" 200 1 "-" "okhttp/3.12.1"
191.255.221.41 - - [30/Nov/2024:05:45:40 -0300] "POST /mixmidia/web/xmds.php?v=5&method=notifyStatus HTTP/2.0" 200 514 "-" "ksoap2-android/2.6.0+;version=3.6.4"
179.135.206.11 - - [30/Nov/2024:05:45:40 -0300] "POST /mixmidia/web/xmds.php?v=5&method=registerDisplay HTTP/2.0" 500 392 "-" "ksoap2-android/2.6.0+;version=3.6.4"
191.255.221.41 - - [30/Nov/2024:05:45:40 -0300] "POST /mixmidia/web/xmds.php?v=5&method=getFile HTTP/2.0" 500 286 "-" "ksoap2-android/2.6.0+;version=3.6.4"
191.255.221.41 - - [30/Nov/2024:05:45:40 -0300] "POST /mixmidia/web/xmds.php?v=5&method=getFile HTTP/2.0" 500 286 "-" "ksoap2-android/2.6.0+;version=3.6.4"
185.191.171.16 - - [30/Nov/2024:05:45:40 -0300] "GET /fmd/vendor/james-heinrich/getid3/licenses/?path=%2Fhome%2Fmgatv524%2Ftabelado.com%2Fgruposs%2Fvendor%2Fsymfony%2Fhttp-foundation%2FSession HTTP/1.1" 200 1826 "-" "Mozilla/5.0 (compatible; SemrushBot/7~bl; +http://www.semrush.com/bot.html)"
191.255.221.41 - - [30/Nov/2024:05:45:41 -0300] "POST /mixmidia/web/xmds.php?v=5&method=getFile HTTP/2.0" 500 286 "-" "ksoap2-android/2.6.0+;version=3.6.4"
187.101.139.44 - - [30/Nov/2024:05:45:41 -0300] "GET /mixmidia/web/xmds.php?what HTTP/2.0" 200 1 "-" "okhttp/3.12.1"
191.255.221.41 - - [30/Nov/2024:05:45:41 -0300] "POST /mixmidia/web/xmds.php?v=5&method=getFile HTTP/2.0" 500 286 "-" "ksoap2-android/2.6.0+;version=3.6.4"
187.101.139.44 - - [30/Nov/2024:05:45:41 -0300] "POST /mixmidia/web/xmds.php?v=5&method=registerDisplay HTTP/2.0" 200 3210 "-" "ksoap2-android/2.6.0+;version=3.6.4"
191.255.221.41 - - [30/Nov/2024:05:45:41 -0300] "POST /mixmidia/web/xmds.php?v=5&method=getFile HTTP/2.0" 500 286 "-" "ksoap2-android/2.6.0+;version=3.6.4"
187.101.139.44 - - [30/Nov/2024:05:45:41 -0300] "POST /mixmidia/web/xmds.php?v=5&method=notifyStatus HTTP/2.0" 200 514 "-" "ksoap2-android/2.6.0+;version=3.6.4"
191.255.221.41 - - [30/Nov/2024:05:45:41 -0300] "POST /mixmidia/web/xmds.php?v=5&method=getFile HTTP/2.0" 500 286 "-" "ksoap2-android/2.6.0+;version=3.6.4"
200.159.135.242 - - [30/Nov/2024:05:45:42 -0300] "GET /midiatech/web/xmds.php?what HTTP/2.0" 200 1 "-" "okhttp/3.12.1"
191.255.221.41 - - [30/Nov/2024:05:45:42 -0300] "POST /mixmidia/web/xmds.php?v=5&method=getFile HTTP/2.0" 500 286 "-" "ksoap2-android/2.6.0+;version=3.6.4"
191.255.221.41 - - [30/Nov/2024:05:45:42 -0300] "POST /mixmidia/web/xmds.php?v=5&method=getFile HTTP/2.0" 500 286 "-" "ksoap2-android/2.6.0+;version=3.6.4"
191.255.221.41 - - [30/Nov/2024:05:45:42 -0300] "POST /mixmidia/web/xmds.php?v=5&method=getFile HTTP/2.0" 500 286 "-" "ksoap2-android/2.6.0+;version=3.6.4"
191.255.221.41 - - [30/Nov/2024:05:45:43 -0300] "POST /mixmidia/web/xmds.php?v=5&method=getFile HTTP/2.0" 500 286 "-" "ksoap2-android/2.6.0+;version=3.6.4"
191.255.221.41 - - [30/Nov/2024:05:45:43 -0300] "POST /mixmidia/web/xmds.php?v=5&method=getFile HTTP/2.0" 500 286 "-" "ksoap2-android/2.6.0+;version=3.6.4"
57.141.3.22 - - [30/Nov/2024:05:45:43 -0300] "GET /fmd/vendor/james-heinrich/getid3/licenses/?filesrc=/home/mgatv524/bd.mgaplay.com.br/vendor/emojione/emojione/assets/png/1F22F.png&path=/home/mgatv524/bd.mgaplay.com.br/vendor/emojione/emojione/assets/png HTTP/2.0" 200 1826 "-" "meta-externalagent/1.1 (+https://developers.facebook.com/docs/sharing/webmasters/crawler)"
191.255.221.41 - - [30/Nov/2024:05:45:43 -0300] "POST /mixmidia/web/xmds.php?v=5&method=getFile HTTP/2.0" 500 286 "-" "ksoap2-android/2.6.0+;version=3.6.4"
191.255.221.41 - - [30/Nov/2024:05:45:43 -0300] "POST /mixmidia/web/xmds.php?v=5&method=getFile HTTP/2.0" 500 286 "-" "ksoap2-android/2.6.0+;version=3.6.4"
191.255.221.41 - - [30/Nov/2024:05:45:44 -0300] "POST /mixmidia/web/xmds.php?v=5&method=getFile HTTP/2.0" 500 286 "-" "ksoap2-android/2.6.0+;version=3.6.4"
177.60.61.146 - - [30/Nov/2024:05:45:44 -0300] "GET /mixmidia/web/xmds.php?what HTTP/2.0" 200 1 "-" "okhttp/3.12.1"
191.255.221.41 - - [30/Nov/2024:05:45:44 -0300] "POST /mixmidia/web/xmds.php?v=5&method=getFile HTTP/2.0" 500 286 "-" "ksoap2-android/2.6.0+;version=3.6.4"
191.255.221.41 - - [30/Nov/2024:05:45:44 -0300] "POST /mixmidia/web/xmds.php?v=5&method=getFile HTTP/2.0" 500 286 "-" "ksoap2-android/2.6.0+;version=3.6.4"
177.60.61.146 - - [30/Nov/2024:05:45:44 -0300] "GET /mixmidia/web/xmds.php?what HTTP/2.0" 200 1 "-" "okhttp/3.12.1"
177.60.61.146 - - [30/Nov/2024:05:45:45 -0300] "POST /mixmidia/web/xmds.php?v=5&method=registerDisplay HTTP/2.0" 500 392 "-" "ksoap2-android/2.6.0+;version=3.6.4"
191.255.221.41 - - [30/Nov/2024:05:45:45 -0300] "POST /mixmidia/web/xmds.php?v=5&method=getFile HTTP/2.0" 500 286 "-" "ksoap2-android/2.6.0+;version=3.6.4"
191.255.221.41 - - [30/Nov/2024:05:45:45 -0300] "POST /mixmidia/web/xmds.php?v=5&method=getFile HTTP/2.0" 500 286 "-" "ksoap2-android/2.6.0+;version=3.6.4"
191.255.221.41 - - [30/Nov/2024:05:45:45 -0300] "POST /mixmidia/web/xmds.php?v=5&method=getFile HTTP/2.0" 500 286 "-" "ksoap2-android/2.6.0+;version=3.6.4"
131.196.76.235 - - [30/Nov/2024:05:45:45 -0300] "GET /mixmidia/web/xmds.php?what HTTP/2.0" 200 1 "-" "okhttp/3.12.1"
191.255.221.41 - - [30/Nov/2024:05:45:45 -0300] "POST /mixmidia/web/xmds.php?v=5&method=getFile HTTP/2.0" 500 286 "-" "ksoap2-android/2.6.0+;version=3.6.4"
131.196.76.235 - - [30/Nov/2024:05:45:45 -0300] "POST /mixmidia/web/xmds.php?v=5&method=registerDisplay HTTP/2.0" 200 3231 "-" "ksoap2-android/2.6.0+;version=3.6.4"
191.255.221.41 - - [30/Nov/2024:05:45:46 -0300] "POST /mixmidia/web/xmds.php?v=5&method=getFile HTTP/2.0" 500 286 "-" "ksoap2-android/2.6.0+;version=3.6.4"
131.196.76.235 - - [30/Nov/2024:05:45:46 -0300] "POST /mixmidia/web/xmds.php?v=5&method=mediaInventory HTTP/2.0" 200 518 "-" "ksoap2-android/2.6.0+;version=3.6.4"
191.255.221.41 - - [30/Nov/2024:05:45:46 -0300] "POST /mixmidia/web/xmds.php?v=5&method=getFile HTTP/2.0" 500 286 "-" "ksoap2-android/2.6.0+;version=3.6.4"
131.196.76.235 - - [30/Nov/2024:05:45:46 -0300] "POST /mixmidia/web/xmds.php?v=5&method=notifyStatus HTTP/2.0" 200 514 "-" "ksoap2-android/2.6.0+;version=3.6.4"
191.255.221.41 - - [30/Nov/2024:05:45:46 -0300] "POST /mixmidia/web/xmds.php?v=5&method=getFile HTTP/2.0" 500 286 "-" "ksoap2-android/2.6.0+;version=3.6.4"
191.255.221.41 - - [30/Nov/2024:05:45:46 -0300] "POST /mixmidia/web/xmds.php?v=5&method=getFile HTTP/2.0" 500 286 "-" "ksoap2-android/2.6.0+;version=3.6.4"
191.255.221.41 - - [30/Nov/2024:05:45:47 -0300] "POST /mixmidia/web/xmds.php?v=5&method=getFile HTTP/2.0" 500 286 "-" "ksoap2-android/2.6.0+;version=3.6.4"
191.255.221.41 - - [30/Nov/2024:05:45:47 -0300] "POST /mixmidia/web/xmds.php?v=5&method=getFile HTTP/2.0" 500 286 "-" "ksoap2-android/2.6.0+;version=3.6.4"
191.255.221.41 - - [30/Nov/2024:05:45:47 -0300] "POST /mixmidia/web/xmds.php?v=5&method=mediaInventory HTTP/2.0" 200 518 "-" "ksoap2-android/2.6.0+;version=3.6.4"
200.159.135.242 - - [30/Nov/2024:05:46:00 -0300] "GET /midiatech/web/xmds.php?what HTTP/2.0" 200 1 "-" "okhttp/3.12.1"
200.159.135.242 - - [30/Nov/2024:05:46:00 -0300] "POST /midiatech/web/xmds.php?v=5&method=getResource HTTP/2.0" 200 11139 "-" "ksoap2-android/2.6.0+;version=3.6.4"
200.159.135.242 - - [30/Nov/2024:05:46:00 -0300] "POST /midiatech/web/xmds.php?v=5&method=getResource HTTP/2.0" 200 13884 "-" "ksoap2-android/2.6.0+;version=3.6.4"
200.159.135.242 - - [30/Nov/2024:05:46:00 -0300] "POST /midiatech/web/xmds.php?v=5&method=registerDisplay HTTP/2.0" 200 3120 "-" "ksoap2-android/2.6.0+;version=3.6.4"
200.159.135.242 - - [30/Nov/2024:05:46:00 -0300] "POST /midiatech/web/xmds.php?v=5&method=getResource HTTP/2.0" 200 11135 "-" "ksoap2-android/2.6.0+;version=3.6.4"
200.159.135.242 - - [30/Nov/2024:05:46:00 -0300] "GET /midiatech/web/xmds.php?what HTTP/2.0" 200 1 "-" "okhttp/3.12.1"
200.159.135.242 - - [30/Nov/2024:05:46:00 -0300] "POST /midiatech/web/xmds.php?v=5&method=mediaInventory HTTP/2.0" 200 518 "-" "ksoap2-android/2.6.0+;version=3.6.4"
200.159.135.242 - - [30/Nov/2024:05:46:01 -0300] "POST /midiatech/web/xmds.php?v=5&method=registerDisplay HTTP/2.0" 200 3136 "-" "ksoap2-android/2.6.0+;version=3.6.4"
177.60.61.146 - - [30/Nov/2024:05:46:01 -0300] "GET /mixmidia/web/xmds.php?what HTTP/2.0" 200 1 "-" "okhttp/3.12.1"
200.159.135.242 - - [30/Nov/2024:05:46:01 -0300] "POST /midiatech/web/xmds.php?v=5&method=notifyStatus HTTP/2.0" 200 514 "-" "ksoap2-android/2.6.0+;version=3.6.4"
200.159.135.242 - - [30/Nov/2024:05:46:01 -0300] "POST /midiatech/web/xmds.php?v=5&method=notifyStatus HTTP/2.0" 200 514 "-" "ksoap2-android/2.6.0+;version=3.6.4"
177.60.61.146 - - [30/Nov/2024:05:46:01 -0300] "GET /mixmidia/web/xmds.php?what HTTP/2.0" 200 1 "-" "okhttp/3.12.1"
177.60.61.146 - - [30/Nov/2024:05:46:01 -0300] "POST /mixmidia/web/xmds.php?v=5&method=registerDisplay HTTP/2.0" 500 392 "-" "ksoap2-android/2.6.0+;version=3.6.4"
186.223.31.185 - - [30/Nov/2024:05:46:06 -0300] "GET /mixmidia/web/xmds.php?what HTTP/2.0" 200 1 "-" "okhttp/3.12.1"
186.223.31.185 - - [30/Nov/2024:05:46:06 -0300] "GET /mixmidia/web/xmds.php?what HTTP/2.0" 200 1 "-" "okhttp/3.12.1"
186.223.31.185 - - [30/Nov/2024:05:46:07 -0300] "POST /mixmidia/web/xmds.php?v=5&method=registerDisplay HTTP/2.0" 500 392 "-" "ksoap2-android/2.6.0+;version=3.6.4"
186.223.31.185 - - [30/Nov/2024:05:46:07 -0300] "GET /mixmidia/web/xmds.php?what HTTP/2.0" 200 1 "-" "okhttp/3.12.1"
186.223.31.185 - - [30/Nov/2024:05:46:07 -0300] "POST /mixmidia/web/xmds.php?v=5&method=submitLog HTTP/2.0" 200 508 "-" "ksoap2-android/2.6.0+;version=3.6.4"
177.184.74.136 - - [30/Nov/2024:05:46:15 -0300] "POST /serraazul/web/xmds.php?v=5&method=getResource HTTP/2.0" 200 3628 "-" "ksoap2-android/2.6.0+;version=3.6.4"
66.249.72.108 - - [30/Nov/2024:05:46:15 -0300] "GET /giga/vendor/emojione/emojione/assets/png/1F1F0-1F1F2.png HTTP/1.1" 200 1416 "-" "Googlebot-Image/1.0"
191.255.221.41 - - [30/Nov/2024:05:46:19 -0300] "POST /mixmidia/web/xmds.php?v=5&method=submitLog HTTP/2.0" 200 508 "-" "ksoap2-android/2.6.0+;version=3.6.4"
179.110.81.157 - - [30/Nov/2024:05:46:20 -0300] "GET /mixmidia/web/xmds.php?what HTTP/2.0" 200 1 "-" "okhttp/3.12.1"
57.141.3.3 - - [30/Nov/2024:05:46:20 -0300] "GET /fmd/vendor/james-heinrich/getid3/licenses/?filesrc=/home/mgatv524/neovia.mgaplay.com.br/web/media/temp/fontcss_9301eb462d&path=/home/mgatv524/neovia.mgaplay.com.br/web/media/temp HTTP/2.0" 200 1826 "-" "meta-externalagent/1.1 (+https://developers.facebook.com/docs/sharing/webmasters/crawler)"
179.110.81.157 - - [30/Nov/2024:05:46:20 -0300] "POST /mixmidia/web/xmds.php?v=5&method=registerDisplay HTTP/2.0" 500 392 "-" "ksoap2-android/2.6.0+;version=3.6.4"
191.8.164.41 - - [30/Nov/2024:05:46:23 -0300] "GET /mixmidia/web/xmds.php?what HTTP/2.0" 200 1 "-" "okhttp/3.12.1"
191.8.164.41 - - [30/Nov/2024:05:46:23 -0300] "GET /mixmidia/web/xmds.php?what HTTP/2.0" 200 1 "-" "okhttp/3.12.1"
191.8.164.41 - - [30/Nov/2024:05:46:23 -0300] "POST /mixmidia/web/xmds.php?v=5&method=registerDisplay HTTP/2.0" 500 392 "-" "ksoap2-android/2.6.0+;version=3.6.4"
200.159.135.242 - - [30/Nov/2024:05:46:24 -0300] "POST /midiatech/web/xmds.php?v=5&method=getResource HTTP/2.0" 200 22305 "-" "ksoap2-android/2.6.0+;version=3.6.4"
186.219.147.112 - - [30/Nov/2024:05:46:25 -0300] "GET /mixmidia/web/xmds.php?what HTTP/2.0" 200 1 "-" "okhttp/3.12.1"
186.219.147.112 - - [30/Nov/2024:05:46:25 -0300] "POST /mixmidia/web/xmds.php?v=5&method=registerDisplay HTTP/2.0" 200 3211 "-" "ksoap2-android/2.6.0+;version=3.6.4"
186.219.147.112 - - [30/Nov/2024:05:46:25 -0300] "POST /mixmidia/web/xmds.php?v=5&method=mediaInventory HTTP/2.0" 200 518 "-" "ksoap2-android/2.6.0+;version=3.6.4"
186.219.147.112 - - [30/Nov/2024:05:46:26 -0300] "POST /mixmidia/web/xmds.php?v=5&method=notifyStatus HTTP/2.0" 200 514 "-" "ksoap2-android/2.6.0+;version=3.6.4"
85.208.96.194 - - [30/Nov/2024:05:46:27 -0300] "GET /midiatech/vendor/mpdf/mpdf/data/collations/German_Austria.php HTTP/1.1" 200 - "-" "Mozilla/5.0 (compatible; SemrushBot/7~bl; +http://www.semrush.com/bot.html)"
187.106.36.87 - - [30/Nov/2024:05:46:29 -0300] "GET /mixmidia/web/xmds.php?what HTTP/2.0" 200 1 "-" "okhttp/3.12.1"
187.106.36.87 - - [30/Nov/2024:05:46:30 -0300] "POST /mixmidia/web/xmds.php?v=5&method=registerDisplay HTTP/2.0" 200 3225 "-" "ksoap2-android/2.6.0+;version=3.6.4"
185.191.171.18 - - [30/Nov/2024:05:46:30 -0300] "GET /mctv/vendor/symfony/console/Command/error_log; HTTP/1.1" 200 22896 "-" "Mozilla/5.0 (compatible; SemrushBot/7~bl; +http://www.semrush.com/bot.html)"
187.106.36.87 - - [30/Nov/2024:05:46:30 -0300] "POST /mixmidia/web/xmds.php?v=5&method=mediaInventory HTTP/2.0" 200 518 "-" "ksoap2-android/2.6.0+;version=3.6.4"
187.106.36.87 - - [30/Nov/2024:05:46:30 -0300] "POST /mixmidia/web/xmds.php?v=5&method=notifyStatus HTTP/2.0" 200 514 "-" "ksoap2-android/2.6.0+;version=3.6.4"
185.191.171.11 - - [30/Nov/2024:05:46:32 -0300] "GET /mixmidia/vendor/symfony/http-foundation/Tests/Fixtures/response-functional/cookie_samesite_strict.expected HTTP/1.1" 200 257 "-" "Mozilla/5.0 (compatible; SemrushBot/7~bl; +http://www.semrush.com/bot.html)"
45.182.48.174 - - [30/Nov/2024:05:46:33 -0300] "GET /mixmidia/web/xmds.php?what HTTP/2.0" 200 1 "-" "okhttp/3.12.1"
45.182.48.174 - - [30/Nov/2024:05:46:33 -0300] "POST /mixmidia/web/xmds.php?v=5&method=registerDisplay HTTP/2.0" 200 3186 "-" "ksoap2-android/2.6.0+;version=3.6.4"
45.182.48.174 - - [30/Nov/2024:05:46:34 -0300] "POST /mixmidia/web/xmds.php?v=5&method=mediaInventory HTTP/2.0" 200 518 "-" "ksoap2-android/2.6.0+;version=3.6.4"
45.182.48.174 - - [30/Nov/2024:05:46:34 -0300] "POST /mixmidia/web/xmds.php?v=5&method=notifyStatus HTTP/2.0" 200 514 "-" "ksoap2-android/2.6.0+;version=3.6.4"
191.255.221.41 - - [30/Nov/2024:05:46:39 -0300] "GET /mixmidia/web/xmds.php?what HTTP/2.0" 200 1 "-" "okhttp/3.12.1"
191.255.221.41 - - [30/Nov/2024:05:46:39 -0300] "POST /mixmidia/web/xmds.php?v=5&method=registerDisplay HTTP/2.0" 200 3229 "-" "ksoap2-android/2.6.0+;version=3.6.4"
179.135.206.11 - - [30/Nov/2024:05:46:39 -0300] "GET /mixmidia/web/xmds.php?what HTTP/2.0" 200 1 "-" "okhttp/3.12.1"
191.255.221.41 - - [30/Nov/2024:05:46:39 -0300] "POST /mixmidia/web/xmds.php?v=5&method=getFile HTTP/2.0" 500 286 "-" "ksoap2-android/2.6.0+;version=3.6.4"
191.255.221.41 - - [30/Nov/2024:05:46:39 -0300] "POST /mixmidia/web/xmds.php?v=5&method=getFile HTTP/2.0" 500 286 "-" "ksoap2-android/2.6.0+;version=3.6.4"
179.135.206.11 - - [30/Nov/2024:05:46:40 -0300] "GET /mixmidia/web/xmds.php?what HTTP/2.0" 200 1 "-" "okhttp/3.12.1"
191.255.221.41 - - [30/Nov/2024:05:46:40 -0300] "POST /mixmidia/web/xmds.php?v=5&method=mediaInventory HTTP/2.0" 200 518 "-" "ksoap2-android/2.6.0+;version=3.6.4"
179.135.206.11 - - [30/Nov/2024:05:46:40 -0300] "POST /mixmidia/web/xmds.php?v=5&method=registerDisplay HTTP/2.0" 500 392 "-" "ksoap2-android/2.6.0+;version=3.6.4"
191.255.221.41 - - [30/Nov/2024:05:46:40 -0300] "POST /mixmidia/web/xmds.php?v=5&method=notifyStatus HTTP/2.0" 200 514 "-" "ksoap2-android/2.6.0+;version=3.6.4"
191.255.221.41 - - [30/Nov/2024:05:46:40 -0300] "POST /mixmidia/web/xmds.php?v=5&method=getFile HTTP/2.0" 500 286 "-" "ksoap2-android/2.6.0+;version=3.6.4"
191.255.221.41 - - [30/Nov/2024:05:46:40 -0300] "POST /mixmidia/web/xmds.php?v=5&method=getFile HTTP/2.0" 500 286 "-" "ksoap2-android/2.6.0+;version=3.6.4"
191.255.221.41 - - [30/Nov/2024:05:46:41 -0300] "POST /mixmidia/web/xmds.php?v=5&method=getFile HTTP/2.0" 500 286 "-" "ksoap2-android/2.6.0+;version=3.6.4"
187.101.139.44 - - [30/Nov/2024:05:46:41 -0300] "GET /mixmidia/web/xmds.php?what HTTP/2.0" 200 1 "-" "okhttp/3.12.1"
191.255.221.41 - - [30/Nov/2024:05:46:41 -0300] "POST /mixmidia/web/xmds.php?v=5&method=getFile HTTP/2.0" 500 286 "-" "ksoap2-android/2.6.0+;version=3.6.4"
187.101.139.44 - - [30/Nov/2024:05:46:41 -0300] "POST /mixmidia/web/xmds.php?v=5&method=registerDisplay HTTP/2.0" 200 3210 "-" "ksoap2-android/2.6.0+;version=3.6.4"
191.255.221.41 - - [30/Nov/2024:05:46:41 -0300] "POST /mixmidia/web/xmds.php?v=5&method=getFile HTTP/2.0" 500 286 "-" "ksoap2-android/2.6.0+;version=3.6.4"
187.101.139.44 - - [30/Nov/2024:05:46:41 -0300] "POST /mixmidia/web/xmds.php?v=5&method=notifyStatus HTTP/2.0" 200 514 "-" "ksoap2-android/2.6.0+;version=3.6.4"
191.255.221.41 - - [30/Nov/2024:05:46:42 -0300] "POST /mixmidia/web/xmds.php?v=5&method=getFile HTTP/2.0" 500 286 "-" "ksoap2-android/2.6.0+;version=3.6.4"
191.255.221.41 - - [30/Nov/2024:05:46:42 -0300] "POST /mixmidia/web/xmds.php?v=5&method=getFile HTTP/2.0" 500 286 "-" "ksoap2-android/2.6.0+;version=3.6.4"
191.255.221.41 - - [30/Nov/2024:05:46:42 -0300] "POST /mixmidia/web/xmds.php?v=5&method=getFile HTTP/2.0" 500 286 "-" "ksoap2-android/2.6.0+;version=3.6.4"
191.255.221.41 - - [30/Nov/2024:05:46:42 -0300] "POST /mixmidia/web/xmds.php?v=5&method=getFile HTTP/2.0" 500 286 "-" "ksoap2-android/2.6.0+;version=3.6.4"
191.255.221.41 - - [30/Nov/2024:05:46:43 -0300] "POST /mixmidia/web/xmds.php?v=5&method=getFile HTTP/2.0" 500 286 "-" "ksoap2-android/2.6.0+;version=3.6.4"
191.255.221.41 - - [30/Nov/2024:05:46:43 -0300] "POST /mixmidia/web/xmds.php?v=5&method=getFile HTTP/2.0" 500 286 "-" "ksoap2-android/2.6.0+;version=3.6.4"
191.255.221.41 - - [30/Nov/2024:05:46:43 -0300] "POST /mixmidia/web/xmds.php?v=5&method=getFile HTTP/2.0" 500 286 "-" "ksoap2-android/2.6.0+;version=3.6.4"
191.255.221.41 - - [30/Nov/2024:05:46:44 -0300] "POST /mixmidia/web/xmds.php?v=5&method=getFile HTTP/2.0" 500 286 "-" "ksoap2-android/2.6.0+;version=3.6.4"
191.255.221.41 - - [30/Nov/2024:05:46:44 -0300] "POST /mixmidia/web/xmds.php?v=5&method=getFile HTTP/2.0" 500 286 "-" "ksoap2-android/2.6.0+;version=3.6.4"
177.60.61.146 - - [30/Nov/2024:05:46:44 -0300] "GET /mixmidia/web/xmds.php?what HTTP/2.0" 200 1 "-" "okhttp/3.12.1"
191.255.221.41 - - [30/Nov/2024:05:46:44 -0300] "POST /mixmidia/web/xmds.php?v=5&method=getFile HTTP/2.0" 500 286 "-" "ksoap2-android/2.6.0+;version=3.6.4"
191.255.221.41 - - [30/Nov/2024:05:46:44 -0300] "POST /mixmidia/web/xmds.php?v=5&method=getFile HTTP/2.0" 500 286 "-" "ksoap2-android/2.6.0+;version=3.6.4"
177.60.61.146 - - [30/Nov/2024:05:46:44 -0300] "GET /mixmidia/web/xmds.php?what HTTP/2.0" 200 1 "-" "okhttp/3.12.1"
177.60.61.146 - - [30/Nov/2024:05:46:44 -0300] "POST /mixmidia/web/xmds.php?v=5&method=registerDisplay HTTP/2.0" 500 392 "-" "ksoap2-android/2.6.0+;version=3.6.4"
191.255.221.41 - - [30/Nov/2024:05:46:45 -0300] "POST /mixmidia/web/xmds.php?v=5&method=getFile HTTP/2.0" 500 286 "-" "ksoap2-android/2.6.0+;version=3.6.4"
191.255.221.41 - - [30/Nov/2024:05:46:45 -0300] "POST /mixmidia/web/xmds.php?v=5&method=getFile HTTP/2.0" 500 286 "-" "ksoap2-android/2.6.0+;version=3.6.4"
131.196.76.235 - - [30/Nov/2024:05:46:45 -0300] "GET /mixmidia/web/xmds.php?what HTTP/2.0" 200 1 "-" "okhttp/3.12.1"
191.255.221.41 - - [30/Nov/2024:05:46:45 -0300] "POST /mixmidia/web/xmds.php?v=5&method=getFile HTTP/2.0" 500 286 "-" "ksoap2-android/2.6.0+;version=3.6.4"
191.255.221.41 - - [30/Nov/2024:05:46:45 -0300] "POST /mixmidia/web/xmds.php?v=5&method=getFile HTTP/2.0" 500 286 "-" "ksoap2-android/2.6.0+;version=3.6.4"
131.196.76.235 - - [30/Nov/2024:05:46:45 -0300] "POST /mixmidia/web/xmds.php?v=5&method=registerDisplay HTTP/2.0" 200 3231 "-" "ksoap2-android/2.6.0+;version=3.6.4"
191.255.221.41 - - [30/Nov/2024:05:46:46 -0300] "POST /mixmidia/web/xmds.php?v=5&method=getFile HTTP/2.0" 500 286 "-" "ksoap2-android/2.6.0+;version=3.6.4"
131.196.76.235 - - [30/Nov/2024:05:46:46 -0300] "POST /mixmidia/web/xmds.php?v=5&method=mediaInventory HTTP/2.0" 200 518 "-" "ksoap2-android/2.6.0+;version=3.6.4"
191.255.221.41 - - [30/Nov/2024:05:46:46 -0300] "POST /mixmidia/web/xmds.php?v=5&method=getFile HTTP/2.0" 500 286 "-" "ksoap2-android/2.6.0+;version=3.6.4"
131.196.76.235 - - [30/Nov/2024:05:46:46 -0300] "POST /mixmidia/web/xmds.php?v=5&method=notifyStatus HTTP/2.0" 200 514 "-" "ksoap2-android/2.6.0+;version=3.6.4"
191.255.221.41 - - [30/Nov/2024:05:46:46 -0300] "POST /mixmidia/web/xmds.php?v=5&method=getFile HTTP/2.0" 500 286 "-" "ksoap2-android/2.6.0+;version=3.6.4"
177.184.79.230 - - [30/Nov/2024:05:46:46 -0300] "POST /serraazul/web/xmds.php?v=5&method=getResource HTTP/2.0" 200 12961 "-" "ksoap2-android/2.6.0+;version=3.6.4"
191.255.221.41 - - [30/Nov/2024:05:46:46 -0300] "POST /mixmidia/web/xmds.php?v=5&method=getFile HTTP/2.0" 500 286 "-" "ksoap2-android/2.6.0+;version=3.6.4"
177.184.79.230 - - [30/Nov/2024:05:46:46 -0300] "POST /serraazul/web/xmds.php?v=5&method=getResource HTTP/2.0" 200 12961 "-" "ksoap2-android/2.6.0+;version=3.6.4"
191.255.221.41 - - [30/Nov/2024:05:46:47 -0300] "POST /mixmidia/web/xmds.php?v=5&method=getFile HTTP/2.0" 500 286 "-" "ksoap2-android/2.6.0+;version=3.6.4"
177.184.79.230 - - [30/Nov/2024:05:46:47 -0300] "POST /serraazul/web/xmds.php?v=5&method=getResource HTTP/2.0" 200 3795 "-" "ksoap2-android/2.6.0+;version=3.6.4"
191.255.221.41 - - [30/Nov/2024:05:46:47 -0300] "POST /mixmidia/web/xmds.php?v=5&method=getFile HTTP/2.0" 500 286 "-" "ksoap2-android/2.6.0+;version=3.6.4"
191.255.221.41 - - [30/Nov/2024:05:46:47 -0300] "POST /mixmidia/web/xmds.php?v=5&method=mediaInventory HTTP/2.0" 200 518 "-" "ksoap2-android/2.6.0+;version=3.6.4"
186.219.147.112 - - [30/Nov/2024:05:46:56 -0300] "GET /mixmidia/web/xmds.php?what HTTP/2.0" 200 1 "-" "okhttp/3.12.1"
57.141.3.1 - - [30/Nov/2024:05:46:57 -0300] "GET /mctv/vendor/infostars/picofeed/lib/PicoFeed/Parser/MalformedXmlException.php HTTP/2.0" 500 - "-" "meta-externalagent/1.1 (+https://developers.facebook.com/docs/sharing/webmasters/crawler)"
200.159.135.242 - - [30/Nov/2024:05:47:00 -0300] "GET /midiatech/web/xmds.php?what HTTP/2.0" 200 1 "-" "okhttp/3.12.1"
200.159.135.242 - - [30/Nov/2024:05:47:00 -0300] "POST /midiatech/web/xmds.php?v=5&method=registerDisplay HTTP/2.0" 200 3101 "-" "ksoap2-android/2.6.0+;version=3.6.4"
177.60.61.146 - - [30/Nov/2024:05:47:00 -0300] "GET /mixmidia/web/xmds.php?what HTTP/2.0" 200 1 "-" "okhttp/3.12.1"
200.159.135.242 - - [30/Nov/2024:05:47:00 -0300] "POST /midiatech/web/xmds.php?v=5&method=schedule HTTP/2.0" 200 2820 "-" "ksoap2-android/2.6.0+;version=3.6.4"
177.60.61.146 - - [30/Nov/2024:05:47:01 -0300] "GET /mixmidia/web/xmds.php?what HTTP/2.0" 200 1 "-" "okhttp/3.12.1"
200.159.135.242 - - [30/Nov/2024:05:47:01 -0300] "POST /midiatech/web/xmds.php?v=5&method=requiredFiles HTTP/2.0" 200 6973 "-" "ksoap2-android/2.6.0+;version=3.6.4"
177.60.61.146 - - [30/Nov/2024:05:47:01 -0300] "POST /mixmidia/web/xmds.php?v=5&method=registerDisplay HTTP/2.0" 500 392 "-" "ksoap2-android/2.6.0+;version=3.6.4"
200.159.135.242 - - [30/Nov/2024:05:47:01 -0300] "GET /midiatech/web/xmds.php?what HTTP/2.0" 200 1 "-" "okhttp/3.12.1"
200.159.135.242 - - [30/Nov/2024:05:47:01 -0300] "POST /midiatech/web/xmds.php?v=5&method=getResource HTTP/2.0" 200 22305 "-" "ksoap2-android/2.6.0+;version=3.6.4"
200.159.135.242 - - [30/Nov/2024:05:47:01 -0300] "POST /midiatech/web/xmds.php?v=5&method=mediaInventory HTTP/2.0" 200 518 "-" "ksoap2-android/2.6.0+;version=3.6.4"
200.159.135.242 - - [30/Nov/2024:05:47:01 -0300] "POST /midiatech/web/xmds.php?v=5&method=registerDisplay HTTP/2.0" 200 3136 "-" "ksoap2-android/2.6.0+;version=3.6.4"
200.159.135.242 - - [30/Nov/2024:05:47:01 -0300] "POST /midiatech/web/xmds.php?v=5&method=notifyStatus HTTP/2.0" 200 514 "-" "ksoap2-android/2.6.0+;version=3.6.4"
200.159.135.242 - - [30/Nov/2024:05:47:01 -0300] "POST /midiatech/web/xmds.php?v=5&method=notifyStatus HTTP/2.0" 200 514 "-" "ksoap2-android/2.6.0+;version=3.6.4"
200.159.135.242 - - [30/Nov/2024:05:47:01 -0300] "POST /midiatech/web/xmds.php?v=5&method=mediaInventory HTTP/2.0" 200 518 "-" "ksoap2-android/2.6.0+;version=3.6.4"
157.55.39.15 - - [30/Nov/2024:05:47:02 -0300] "GET /zacno/s2248540.html HTTP/2.0" 404 16 "-" "Mozilla/5.0 AppleWebKit/537.36 (KHTML, like Gecko; compatible; bingbot/2.0; +http://www.bing.com/bingbot.htm) Chrome/116.0.1938.76 Safari/537.36"
157.55.39.15 - - [30/Nov/2024:05:47:02 -0300] "GET /ugpre/w2947112.html HTTP/2.0" 404 16 "-" "Mozilla/5.0 AppleWebKit/537.36 (KHTML, like Gecko; compatible; bingbot/2.0; +http://www.bing.com/bingbot.htm) Chrome/116.0.1938.76 Safari/537.36"
186.223.31.185 - - [30/Nov/2024:05:47:06 -0300] "GET /mixmidia/web/xmds.php?what HTTP/2.0" 200 1 "-" "okhttp/3.12.1"
186.223.31.185 - - [30/Nov/2024:05:47:06 -0300] "GET /mixmidia/web/xmds.php?what HTTP/2.0" 200 1 "-" "okhttp/3.12.1"
186.223.31.185 - - [30/Nov/2024:05:47:07 -0300] "POST /mixmidia/web/xmds.php?v=5&method=registerDisplay HTTP/2.0" 500 392 "-" "ksoap2-android/2.6.0+;version=3.6.4"
189.84.180.165 - - [30/Nov/2024:05:47:16 -0300] "GET /serraazul/web/xmds.php?what HTTP/2.0" 200 1 "-" "okhttp/3.12.1"
189.84.180.165 - - [30/Nov/2024:05:47:16 -0300] "POST /serraazul/web/xmds.php?v=5&method=registerDisplay HTTP/2.0" 200 3157 "-" "ksoap2-android/2.6.0+;version=3.6.4"
189.84.180.165 - - [30/Nov/2024:05:47:17 -0300] "POST /serraazul/web/xmds.php?v=5&method=schedule HTTP/2.0" 200 2864 "-" "ksoap2-android/2.6.0+;version=3.6.4"
189.84.180.165 - - [30/Nov/2024:05:47:17 -0300] "POST /serraazul/web/xmds.php?v=5&method=requiredFiles HTTP/2.0" 200 7809 "-" "ksoap2-android/2.6.0+;version=3.6.4"
189.84.180.165 - - [30/Nov/2024:05:47:17 -0300] "POST /serraazul/web/xmds.php?v=5&method=getResource HTTP/2.0" 200 14655 "-" "ksoap2-android/2.6.0+;version=3.6.4"
189.84.180.165 - - [30/Nov/2024:05:47:17 -0300] "POST /serraazul/web/xmds.php?v=5&method=getResource HTTP/2.0" 200 9210 "-" "ksoap2-android/2.6.0+;version=3.6.4"
177.184.79.230 - - [30/Nov/2024:05:47:17 -0300] "GET /serraazul/web/xmds.php?what HTTP/2.0" 200 1 "-" "okhttp/3.12.1"
189.84.180.165 - - [30/Nov/2024:05:47:17 -0300] "POST /serraazul/web/xmds.php?v=5&method=mediaInventory HTTP/2.0" 200 518 "-" "ksoap2-android/2.6.0+;version=3.6.4"
189.84.180.165 - - [30/Nov/2024:05:47:18 -0300] "POST /serraazul/web/xmds.php?v=5&method=getResource HTTP/2.0" 200 5628 "-" "ksoap2-android/2.6.0+;version=3.6.4"
189.84.180.165 - - [30/Nov/2024:05:47:18 -0300] "POST /serraazul/web/xmds.php?v=5&method=getResource HTTP/2.0" 200 11028 "-" "ksoap2-android/2.6.0+;version=3.6.4"
189.84.180.165 - - [30/Nov/2024:05:47:18 -0300] "POST /serraazul/web/xmds.php?v=5&method=getResource HTTP/2.0" 200 3628 "-" "ksoap2-android/2.6.0+;version=3.6.4"
189.84.180.165 - - [30/Nov/2024:05:47:19 -0300] "POST /serraazul/web/xmds.php?v=5&method=notifyStatus HTTP/2.0" 200 514 "-" "ksoap2-android/2.6.0+;version=3.6.4"
189.84.180.165 - - [30/Nov/2024:05:47:19 -0300] "POST /serraazul/web/xmds.php?v=5&method=mediaInventory HTTP/2.0" 200 518 "-" "ksoap2-android/2.6.0+;version=3.6.4"
179.110.81.157 - - [30/Nov/2024:05:47:20 -0300] "GET /mixmidia/web/xmds.php?what HTTP/2.0" 200 1 "-" "okhttp/3.12.1"
179.110.81.157 - - [30/Nov/2024:05:47:20 -0300] "POST /mixmidia/web/xmds.php?v=5&method=registerDisplay HTTP/2.0" 500 392 "-" "ksoap2-android/2.6.0+;version=3.6.4"
191.8.164.41 - - [30/Nov/2024:05:47:23 -0300] "GET /mixmidia/web/xmds.php?what HTTP/2.0" 200 1 "-" "okhttp/3.12.1"
191.8.164.41 - - [30/Nov/2024:05:47:23 -0300] "GET /mixmidia/web/xmds.php?what HTTP/2.0" 200 1 "-" "okhttp/3.12.1"
191.8.164.41 - - [30/Nov/2024:05:47:23 -0300] "POST /mixmidia/web/xmds.php?v=5&method=registerDisplay HTTP/2.0" 500 392 "-" "ksoap2-android/2.6.0+;version=3.6.4"
186.219.147.112 - - [30/Nov/2024:05:47:25 -0300] "GET /mixmidia/web/xmds.php?what HTTP/2.0" 200 1 "-" "okhttp/3.12.1"
186.219.147.112 - - [30/Nov/2024:05:47:25 -0300] "POST /mixmidia/web/xmds.php?v=5&method=registerDisplay HTTP/2.0" 200 3211 "-" "ksoap2-android/2.6.0+;version=3.6.4"
131.196.76.235 - - [30/Nov/2024:05:47:25 -0300] "GET /mixmidia/web/xmds.php?what HTTP/2.0" 200 1 "-" "okhttp/3.12.1"
186.219.147.112 - - [30/Nov/2024:05:47:26 -0300] "POST /mixmidia/web/xmds.php?v=5&method=mediaInventory HTTP/2.0" 200 518 "-" "ksoap2-android/2.6.0+;version=3.6.4"
186.219.147.112 - - [30/Nov/2024:05:47:26 -0300] "POST /mixmidia/web/xmds.php?v=5&method=notifyStatus HTTP/2.0" 200 514 "-" "ksoap2-android/2.6.0+;version=3.6.4"
179.110.81.157 - - [30/Nov/2024:05:47:27 -0300] "GET /mixmidia/web/xmds.php?what HTTP/2.0" 200 1 "-" "okhttp/3.12.1"
187.106.36.87 - - [30/Nov/2024:05:47:29 -0300] "GET /mixmidia/web/xmds.php?what HTTP/2.0" 200 1 "-" "okhttp/3.12.1"
187.106.36.87 - - [30/Nov/2024:05:47:30 -0300] "POST /mixmidia/web/xmds.php?v=5&method=registerDisplay HTTP/2.0" 200 3225 "-" "ksoap2-android/2.6.0+;version=3.6.4"
187.106.36.87 - - [30/Nov/2024:05:47:30 -0300] "POST /mixmidia/web/xmds.php?v=5&method=mediaInventory HTTP/2.0" 200 518 "-" "ksoap2-android/2.6.0+;version=3.6.4"
187.106.36.87 - - [30/Nov/2024:05:47:30 -0300] "POST /mixmidia/web/xmds.php?v=5&method=notifyStatus HTTP/2.0" 200 514 "-" "ksoap2-android/2.6.0+;version=3.6.4"
177.184.74.235 - - [30/Nov/2024:05:47:31 -0300] "POST /serraazul/web/xmds.php?v=5&method=getResource HTTP/2.0" 200 16470 "-" "ksoap2-android/2.6.0+;version=3.6.4"
57.141.3.2 - - [30/Nov/2024:05:47:32 -0300] "GET /edurocha/vendor/respect/validation/library/Rules/SubdivisionCode/PhSubdivisionCode.php HTTP/2.0" 500 - "-" "meta-externalagent/1.1 (+https://developers.facebook.com/docs/sharing/webmasters/crawler)"
45.182.48.174 - - [30/Nov/2024:05:47:33 -0300] "GET /mixmidia/web/xmds.php?what HTTP/2.0" 200 1 "-" "okhttp/3.12.1"
45.182.48.174 - - [30/Nov/2024:05:47:33 -0300] "POST /mixmidia/web/xmds.php?v=5&method=registerDisplay HTTP/2.0" 200 3186 "-" "ksoap2-android/2.6.0+;version=3.6.4"
85.208.96.203 - - [30/Nov/2024:05:47:34 -0300] "GET /somares/vendor/ezyang/htmlpurifier/library/HTMLPurifier/Injector.php HTTP/1.1" 200 - "-" "Mozilla/5.0 (compatible; SemrushBot/7~bl; +http://www.semrush.com/bot.html)"
45.182.48.174 - - [30/Nov/2024:05:47:34 -0300] "POST /mixmidia/web/xmds.php?v=5&method=mediaInventory HTTP/2.0" 200 518 "-" "ksoap2-android/2.6.0+;version=3.6.4"
45.182.48.174 - - [30/Nov/2024:05:47:34 -0300] "POST /mixmidia/web/xmds.php?v=5&method=notifyStatus HTTP/2.0" 200 514 "-" "ksoap2-android/2.6.0+;version=3.6.4"
57.141.3.25 - - [30/Nov/2024:05:47:36 -0300] "GET /avenida/vendor/illuminate/contracts/Auth/Guard.php HTTP/2.0" 200 - "-" "meta-externalagent/1.1 (+https://developers.facebook.com/docs/sharing/webmasters/crawler)"
179.135.206.11 - - [30/Nov/2024:05:47:39 -0300] "GET /mixmidia/web/xmds.php?what HTTP/2.0" 200 1 "-" "okhttp/3.12.1"
179.135.206.11 - - [30/Nov/2024:05:47:40 -0300] "GET /mixmidia/web/xmds.php?what HTTP/2.0" 200 1 "-" "okhttp/3.12.1"
179.135.206.11 - - [30/Nov/2024:05:47:40 -0300] "POST /mixmidia/web/xmds.php?v=5&method=registerDisplay HTTP/2.0" 500 392 "-" "ksoap2-android/2.6.0+;version=3.6.4"
179.135.206.11 - - [30/Nov/2024:05:47:40 -0300] "GET /mixmidia/web/xmds.php?what HTTP/2.0" 200 1 "-" "okhttp/3.12.1"
179.135.206.11 - - [30/Nov/2024:05:47:40 -0300] "POST /mixmidia/web/xmds.php?v=5&method=submitLog HTTP/2.0" 200 508 "-" "ksoap2-android/2.6.0+;version=3.6.4"
57.141.3.23 - - [30/Nov/2024:05:47:41 -0300] "GET /fmd/vendor/james-heinrich/getid3/licenses/?filesrc=/home/mgatv524/vision.mgaplay.com.br/vendor/respect/validation/library/Rules/SubdivisionCode/NaSubdivisionCode.php&path=/home/mgatv524/vision.mgaplay.com.br/vendor/respect/validation/library/Rules/SubdivisionCode HTTP/2.0" 200 1826 "-" "meta-externalagent/1.1 (+https://developers.facebook.com/docs/sharing/webmasters/crawler)"
187.101.139.44 - - [30/Nov/2024:05:47:41 -0300] "GET /mixmidia/web/xmds.php?what HTTP/2.0" 200 1 "-" "okhttp/3.12.1"
187.101.139.44 - - [30/Nov/2024:05:47:41 -0300] "POST /mixmidia/web/xmds.php?v=5&method=registerDisplay HTTP/2.0" 200 3210 "-" "ksoap2-android/2.6.0+;version=3.6.4"
189.84.180.165 - - [30/Nov/2024:05:47:41 -0300] "GET /serraazul/web/xmds.php?what HTTP/2.0" 200 1 "-" "okhttp/3.12.1"
187.101.139.44 - - [30/Nov/2024:05:47:41 -0300] "POST /mixmidia/web/xmds.php?v=5&method=notifyStatus HTTP/2.0" 200 514 "-" "ksoap2-android/2.6.0+;version=3.6.4"
177.60.61.146 - - [30/Nov/2024:05:47:44 -0300] "GET /mixmidia/web/xmds.php?what HTTP/2.0" 200 1 "-" "okhttp/3.12.1"
177.60.61.146 - - [30/Nov/2024:05:47:44 -0300] "GET /mixmidia/web/xmds.php?what HTTP/2.0" 200 1 "-" "okhttp/3.12.1"
177.60.61.146 - - [30/Nov/2024:05:47:44 -0300] "POST /mixmidia/web/xmds.php?v=5&method=registerDisplay HTTP/2.0" 500 392 "-" "ksoap2-android/2.6.0+;version=3.6.4"
177.60.61.146 - - [30/Nov/2024:05:47:45 -0300] "GET /mixmidia/web/xmds.php?what HTTP/2.0" 200 1 "-" "okhttp/3.12.1"
177.60.61.146 - - [30/Nov/2024:05:47:45 -0300] "POST /mixmidia/web/xmds.php?v=5&method=submitLog HTTP/2.0" 200 508 "-" "ksoap2-android/2.6.0+;version=3.6.4"
131.196.76.235 - - [30/Nov/2024:05:47:45 -0300] "GET /mixmidia/web/xmds.php?what HTTP/2.0" 200 1 "-" "okhttp/3.12.1"
131.196.76.235 - - [30/Nov/2024:05:47:45 -0300] "POST /mixmidia/web/xmds.php?v=5&method=registerDisplay HTTP/2.0" 200 3231 "-" "ksoap2-android/2.6.0+;version=3.6.4"
131.196.76.235 - - [30/Nov/2024:05:47:46 -0300] "POST /mixmidia/web/xmds.php?v=5&method=mediaInventory HTTP/2.0" 200 518 "-" "ksoap2-android/2.6.0+;version=3.6.4"
131.196.76.235 - - [30/Nov/2024:05:47:46 -0300] "POST /mixmidia/web/xmds.php?v=5&method=notifyStatus HTTP/2.0" 200 514 "-" "ksoap2-android/2.6.0+;version=3.6.4"
177.184.74.96 - - [30/Nov/2024:05:47:47 -0300] "GET /serraazul/web/xmds.php?what HTTP/2.0" 200 1 "-" "okhttp/3.12.1"
186.223.31.185 - - [30/Nov/2024:05:47:53 -0300] "GET /mixmidia/web/xmds.php?what HTTP/2.0" 200 1 "-" "okhttp/3.12.1"
191.255.221.41 - - [30/Nov/2024:05:47:55 -0300] "GET /mixmidia/web/xmds.php?what HTTP/2.0" 200 1 "-" "okhttp/3.12.1"
177.184.74.96 - - [30/Nov/2024:05:47:55 -0300] "POST /serraazul/web/xmds.php?v=5&method=getResource HTTP/2.0" 200 30637 "-" "ksoap2-android/2.6.0+;version=3.6.4"
191.255.221.41 - - [30/Nov/2024:05:47:55 -0300] "POST /mixmidia/web/xmds.php?v=5&method=registerDisplay HTTP/2.0" 200 3229 "-" "ksoap2-android/2.6.0+;version=3.6.4"
47.128.119.148 - - [30/Nov/2024:05:47:55 -0300] "GET /fmd/vendor/james-heinrich/getid3/licenses/?path=%2Fhome%2Fmgatv524%2Fgiga.mgaplay.com.br%2Fcache%2F6a HTTP/2.0" 200 1826 "-" "Mozilla/5.0 (compatible; Bytespider; spider-feedback@bytedance.com) AppleWebKit/537.36 (KHTML, like Gecko) Chrome/70.0.0.0 Safari/537.36"
191.255.221.41 - - [30/Nov/2024:05:47:56 -0300] "POST /mixmidia/web/xmds.php?v=5&method=getFile HTTP/2.0" 500 286 "-" "ksoap2-android/2.6.0+;version=3.6.4"
191.255.221.41 - - [30/Nov/2024:05:47:56 -0300] "POST /mixmidia/web/xmds.php?v=5&method=getFile HTTP/2.0" 500 286 "-" "ksoap2-android/2.6.0+;version=3.6.4"
191.255.221.41 - - [30/Nov/2024:05:47:56 -0300] "POST /mixmidia/web/xmds.php?v=5&method=mediaInventory HTTP/2.0" 200 518 "-" "ksoap2-android/2.6.0+;version=3.6.4"
191.255.221.41 - - [30/Nov/2024:05:47:56 -0300] "POST /mixmidia/web/xmds.php?v=5&method=notifyStatus HTTP/2.0" 200 514 "-" "ksoap2-android/2.6.0+;version=3.6.4"
191.255.221.41 - - [30/Nov/2024:05:47:56 -0300] "POST /mixmidia/web/xmds.php?v=5&method=getFile HTTP/2.0" 500 286 "-" "ksoap2-android/2.6.0+;version=3.6.4"
191.255.221.41 - - [30/Nov/2024:05:47:57 -0300] "POST /mixmidia/web/xmds.php?v=5&method=getFile HTTP/2.0" 500 286 "-" "ksoap2-android/2.6.0+;version=3.6.4"
191.255.221.41 - - [30/Nov/2024:05:47:57 -0300] "POST /mixmidia/web/xmds.php?v=5&method=getFile HTTP/2.0" 500 286 "-" "ksoap2-android/2.6.0+;version=3.6.4"
191.255.221.41 - - [30/Nov/2024:05:47:57 -0300] "POST /mixmidia/web/xmds.php?v=5&method=getFile HTTP/2.0" 500 286 "-" "ksoap2-android/2.6.0+;version=3.6.4"
191.255.221.41 - - [30/Nov/2024:05:47:57 -0300] "POST /mixmidia/web/xmds.php?v=5&method=getFile HTTP/2.0" 500 286 "-" "ksoap2-android/2.6.0+;version=3.6.4"
191.255.221.41 - - [30/Nov/2024:05:47:58 -0300] "POST /mixmidia/web/xmds.php?v=5&method=getFile HTTP/2.0" 500 286 "-" "ksoap2-android/2.6.0+;version=3.6.4"
191.255.221.41 - - [30/Nov/2024:05:47:58 -0300] "POST /mixmidia/web/xmds.php?v=5&method=getFile HTTP/2.0" 500 286 "-" "ksoap2-android/2.6.0+;version=3.6.4"
191.255.221.41 - - [30/Nov/2024:05:47:58 -0300] "POST /mixmidia/web/xmds.php?v=5&method=getFile HTTP/2.0" 500 286 "-" "ksoap2-android/2.6.0+;version=3.6.4"
191.255.221.41 - - [30/Nov/2024:05:47:59 -0300] "POST /mixmidia/web/xmds.php?v=5&method=getFile HTTP/2.0" 500 286 "-" "ksoap2-android/2.6.0+;version=3.6.4"
191.255.221.41 - - [30/Nov/2024:05:47:59 -0300] "POST /mixmidia/web/xmds.php?v=5&method=getFile HTTP/2.0" 500 286 "-" "ksoap2-android/2.6.0+;version=3.6.4"
191.255.221.41 - - [30/Nov/2024:05:47:59 -0300] "POST /mixmidia/web/xmds.php?v=5&method=getFile HTTP/2.0" 500 286 "-" "ksoap2-android/2.6.0+;version=3.6.4"
191.255.221.41 - - [30/Nov/2024:05:47:59 -0300] "POST /mixmidia/web/xmds.php?v=5&method=getFile HTTP/2.0" 500 286 "-" "ksoap2-android/2.6.0+;version=3.6.4"
191.255.221.41 - - [30/Nov/2024:05:48:00 -0300] "POST /mixmidia/web/xmds.php?v=5&method=getFile HTTP/2.0" 500 286 "-" "ksoap2-android/2.6.0+;version=3.6.4"
191.255.221.41 - - [30/Nov/2024:05:48:00 -0300] "POST /mixmidia/web/xmds.php?v=5&method=getFile HTTP/2.0" 500 286 "-" "ksoap2-android/2.6.0+;version=3.6.4"
200.159.135.242 - - [30/Nov/2024:05:48:00 -0300] "GET /midiatech/web/xmds.php?what HTTP/2.0" 200 1 "-" "okhttp/3.12.1"
191.255.221.41 - - [30/Nov/2024:05:48:00 -0300] "POST /mixmidia/web/xmds.php?v=5&method=getFile HTTP/2.0" 500 286 "-" "ksoap2-android/2.6.0+;version=3.6.4"
177.60.61.146 - - [30/Nov/2024:05:48:00 -0300] "GET /mixmidia/web/xmds.php?what HTTP/2.0" 200 1 "-" "okhttp/3.12.1"
200.159.135.242 - - [30/Nov/2024:05:48:00 -0300] "POST /midiatech/web/xmds.php?v=5&method=registerDisplay HTTP/2.0" 200 3121 "-" "ksoap2-android/2.6.0+;version=3.6.4"
191.255.221.41 - - [30/Nov/2024:05:48:00 -0300] "POST /mixmidia/web/xmds.php?v=5&method=getFile HTTP/2.0" 500 286 "-" "ksoap2-android/2.6.0+;version=3.6.4"
191.255.221.41 - - [30/Nov/2024:05:48:00 -0300] "POST /mixmidia/web/xmds.php?v=5&method=getFile HTTP/2.0" 500 286 "-" "ksoap2-android/2.6.0+;version=3.6.4"
177.60.61.146 - - [30/Nov/2024:05:48:01 -0300] "GET /mixmidia/web/xmds.php?what HTTP/2.0" 200 1 "-" "okhttp/3.12.1"
191.255.221.41 - - [30/Nov/2024:05:48:01 -0300] "POST /mixmidia/web/xmds.php?v=5&method=getFile HTTP/2.0" 500 286 "-" "ksoap2-android/2.6.0+;version=3.6.4"
177.60.61.146 - - [30/Nov/2024:05:48:01 -0300] "POST /mixmidia/web/xmds.php?v=5&method=registerDisplay HTTP/2.0" 500 392 "-" "ksoap2-android/2.6.0+;version=3.6.4"
200.159.135.242 - - [30/Nov/2024:05:48:01 -0300] "GET /midiatech/web/xmds.php?what HTTP/2.0" 200 1 "-" "okhttp/3.12.1"
200.159.135.242 - - [30/Nov/2024:05:48:01 -0300] "POST /midiatech/web/xmds.php?v=5&method=mediaInventory HTTP/2.0" 200 518 "-" "ksoap2-android/2.6.0+;version=3.6.4"
191.255.221.41 - - [30/Nov/2024:05:48:01 -0300] "POST /mixmidia/web/xmds.php?v=5&method=getFile HTTP/2.0" 500 286 "-" "ksoap2-android/2.6.0+;version=3.6.4"
177.60.61.146 - - [30/Nov/2024:05:48:01 -0300] "GET /mixmidia/web/xmds.php?what HTTP/2.0" 200 1 "-" "okhttp/3.12.1"
200.159.135.242 - - [30/Nov/2024:05:48:01 -0300] "POST /midiatech/web/xmds.php?v=5&method=notifyStatus HTTP/2.0" 200 514 "-" "ksoap2-android/2.6.0+;version=3.6.4"
191.255.221.41 - - [30/Nov/2024:05:48:01 -0300] "POST /mixmidia/web/xmds.php?v=5&method=getFile HTTP/2.0" 500 286 "-" "ksoap2-android/2.6.0+;version=3.6.4"
200.159.135.242 - - [30/Nov/2024:05:48:01 -0300] "POST /midiatech/web/xmds.php?v=5&method=registerDisplay HTTP/2.0" 200 3136 "-" "ksoap2-android/2.6.0+;version=3.6.4"
177.60.61.146 - - [30/Nov/2024:05:48:01 -0300] "POST /mixmidia/web/xmds.php?v=5&method=submitLog HTTP/2.0" 200 508 "-" "ksoap2-android/2.6.0+;version=3.6.4"
191.255.221.41 - - [30/Nov/2024:05:48:01 -0300] "POST /mixmidia/web/xmds.php?v=5&method=getFile HTTP/2.0" 500 286 "-" "ksoap2-android/2.6.0+;version=3.6.4"
200.159.135.242 - - [30/Nov/2024:05:48:01 -0300] "POST /midiatech/web/xmds.php?v=5&method=notifyStatus HTTP/2.0" 200 514 "-" "ksoap2-android/2.6.0+;version=3.6.4"
191.255.221.41 - - [30/Nov/2024:05:48:02 -0300] "POST /mixmidia/web/xmds.php?v=5&method=getFile HTTP/2.0" 500 286 "-" "ksoap2-android/2.6.0+;version=3.6.4"
191.255.221.41 - - [30/Nov/2024:05:48:02 -0300] "POST /mixmidia/web/xmds.php?v=5&method=getFile HTTP/2.0" 500 286 "-" "ksoap2-android/2.6.0+;version=3.6.4"
191.255.221.41 - - [30/Nov/2024:05:48:02 -0300] "POST /mixmidia/web/xmds.php?v=5&method=getFile HTTP/2.0" 500 286 "-" "ksoap2-android/2.6.0+;version=3.6.4"
191.255.221.41 - - [30/Nov/2024:05:48:02 -0300] "POST /mixmidia/web/xmds.php?v=5&method=getFile HTTP/2.0" 500 286 "-" "ksoap2-android/2.6.0+;version=3.6.4"
191.255.221.41 - - [30/Nov/2024:05:48:03 -0300] "POST /mixmidia/web/xmds.php?v=5&method=getFile HTTP/2.0" 500 286 "-" "ksoap2-android/2.6.0+;version=3.6.4"
191.255.221.41 - - [30/Nov/2024:05:48:03 -0300] "POST /mixmidia/web/xmds.php?v=5&method=mediaInventory HTTP/2.0" 200 518 "-" "ksoap2-android/2.6.0+;version=3.6.4"
186.223.31.185 - - [30/Nov/2024:05:48:06 -0300] "GET /mixmidia/web/xmds.php?what HTTP/2.0" 200 1 "-" "okhttp/3.12.1"
186.223.31.185 - - [30/Nov/2024:05:48:06 -0300] "GET /mixmidia/web/xmds.php?what HTTP/2.0" 200 1 "-" "okhttp/3.12.1"
186.223.31.185 - - [30/Nov/2024:05:48:07 -0300] "POST /mixmidia/web/xmds.php?v=5&method=registerDisplay HTTP/2.0" 500 392 "-" "ksoap2-android/2.6.0+;version=3.6.4"
187.106.36.87 - - [30/Nov/2024:05:48:10 -0300] "POST /mixmidia/web/xmds.php?v=5&method=submitLog HTTP/2.0" 200 508 "-" "ksoap2-android/2.6.0+;version=3.6.4"
177.184.74.235 - - [30/Nov/2024:05:48:12 -0300] "POST /serraazul/web/xmds.php?v=5&method=getResource HTTP/2.0" 200 12745 "-" "ksoap2-android/2.6.0+;version=3.6.4"
177.184.74.235 - - [30/Nov/2024:05:48:12 -0300] "POST /serraazul/web/xmds.php?v=5&method=getResource HTTP/2.0" 200 10111 "-" "ksoap2-android/2.6.0+;version=3.6.4"
177.184.74.235 - - [30/Nov/2024:05:48:12 -0300] "POST /serraazul/web/xmds.php?v=5&method=getResource HTTP/2.0" 200 5622 "-" "ksoap2-android/2.6.0+;version=3.6.4"
177.184.74.235 - - [30/Nov/2024:05:48:13 -0300] "POST /serraazul/web/xmds.php?v=5&method=getResource HTTP/2.0" 200 10129 "-" "ksoap2-android/2.6.0+;version=3.6.4"
177.184.74.235 - - [30/Nov/2024:05:48:13 -0300] "POST /serraazul/web/xmds.php?v=5&method=getResource HTTP/2.0" 200 3628 "-" "ksoap2-android/2.6.0+;version=3.6.4"
177.184.74.235 - - [30/Nov/2024:05:48:12 -0300] "POST /serraazul/web/xmds.php?v=5&method=getResource HTTP/2.0" 200 12745 "-" "ksoap2-android/2.6.0+;version=3.6.4"
177.60.61.146 - - [30/Nov/2024:05:48:15 -0300] "GET /mixmidia/web/xmds.php?what HTTP/2.0" 200 1 "-" "okhttp/3.12.1"
66.249.72.108 - - [30/Nov/2024:05:48:16 -0300] "GET /giga/vendor/emojione/emojione/assets/svg/1F30E.svg HTTP/1.1" 200 7215 "-" "Googlebot-Image/1.0"
179.110.81.157 - - [30/Nov/2024:05:48:20 -0300] "GET /mixmidia/web/xmds.php?what HTTP/2.0" 200 1 "-" "okhttp/3.12.1"
179.110.81.157 - - [30/Nov/2024:05:48:20 -0300] "POST /mixmidia/web/xmds.php?v=5&method=registerDisplay HTTP/2.0" 500 392 "-" "ksoap2-android/2.6.0+;version=3.6.4"
57.141.3.8 - - [30/Nov/2024:05:48:22 -0300] "GET /fmd/vendor/james-heinrich/getid3/licenses/?filesrc=/home/mgatv524/www/somares/web/media/widget/5232/5232_1438_168&path=/home/mgatv524/www/somares/web/media/widget/5232 HTTP/2.0" 200 1826 "-" "meta-externalagent/1.1 (+https://developers.facebook.com/docs/sharing/webmasters/crawler)"
191.8.164.41 - - [30/Nov/2024:05:48:23 -0300] "GET /mixmidia/web/xmds.php?what HTTP/2.0" 200 1 "-" "okhttp/3.12.1"
191.8.164.41 - - [30/Nov/2024:05:48:23 -0300] "GET /mixmidia/web/xmds.php?what HTTP/2.0" 200 1 "-" "okhttp/3.12.1"
191.8.164.41 - - [30/Nov/2024:05:48:24 -0300] "POST /mixmidia/web/xmds.php?v=5&method=registerDisplay HTTP/2.0" 500 392 "-" "ksoap2-android/2.6.0+;version=3.6.4"
186.219.147.112 - - [30/Nov/2024:05:48:25 -0300] "GET /mixmidia/web/xmds.php?what HTTP/2.0" 200 1 "-" "okhttp/3.12.1"
186.219.147.112 - - [30/Nov/2024:05:48:25 -0300] "POST /mixmidia/web/xmds.php?v=5&method=registerDisplay HTTP/2.0" 200 3211 "-" "ksoap2-android/2.6.0+;version=3.6.4"
186.219.147.112 - - [30/Nov/2024:05:48:26 -0300] "POST /mixmidia/web/xmds.php?v=5&method=mediaInventory HTTP/2.0" 200 518 "-" "ksoap2-android/2.6.0+;version=3.6.4"
186.219.147.112 - - [30/Nov/2024:05:48:26 -0300] "POST /mixmidia/web/xmds.php?v=5&method=notifyStatus HTTP/2.0" 200 514 "-" "ksoap2-android/2.6.0+;version=3.6.4"
187.106.36.87 - - [30/Nov/2024:05:48:29 -0300] "GET /mixmidia/web/xmds.php?what HTTP/2.0" 200 1 "-" "okhttp/3.12.1"
187.106.36.87 - - [30/Nov/2024:05:48:30 -0300] "POST /mixmidia/web/xmds.php?v=5&method=registerDisplay HTTP/2.0" 200 3225 "-" "ksoap2-android/2.6.0+;version=3.6.4"
187.106.36.87 - - [30/Nov/2024:05:48:30 -0300] "POST /mixmidia/web/xmds.php?v=5&method=mediaInventory HTTP/2.0" 200 518 "-" "ksoap2-android/2.6.0+;version=3.6.4"
187.106.36.87 - - [30/Nov/2024:05:48:30 -0300] "POST /mixmidia/web/xmds.php?v=5&method=notifyStatus HTTP/2.0" 200 514 "-" "ksoap2-android/2.6.0+;version=3.6.4"
45.182.48.174 - - [30/Nov/2024:05:48:33 -0300] "GET /mixmidia/web/xmds.php?what HTTP/2.0" 200 1 "-" "okhttp/3.12.1"
45.182.48.174 - - [30/Nov/2024:05:48:33 -0300] "POST /mixmidia/web/xmds.php?v=5&method=registerDisplay HTTP/2.0" 200 3186 "-" "ksoap2-android/2.6.0+;version=3.6.4"
45.182.48.174 - - [30/Nov/2024:05:48:34 -0300] "POST /mixmidia/web/xmds.php?v=5&method=mediaInventory HTTP/2.0" 200 518 "-" "ksoap2-android/2.6.0+;version=3.6.4"
45.182.48.174 - - [30/Nov/2024:05:48:34 -0300] "POST /mixmidia/web/xmds.php?v=5&method=notifyStatus HTTP/2.0" 200 514 "-" "ksoap2-android/2.6.0+;version=3.6.4"
191.255.221.41 - - [30/Nov/2024:05:48:34 -0300] "GET /mixmidia/web/xmds.php?what HTTP/2.0" 200 1 "-" "okhttp/3.12.1"
179.135.206.11 - - [30/Nov/2024:05:48:39 -0300] "GET /mixmidia/web/xmds.php?what HTTP/2.0" 200 1 "-" "okhttp/3.12.1"
179.135.206.11 - - [30/Nov/2024:05:48:40 -0300] "GET /mixmidia/web/xmds.php?what HTTP/2.0" 200 1 "-" "okhttp/3.12.1"
179.135.206.11 - - [30/Nov/2024:05:48:40 -0300] "POST /mixmidia/web/xmds.php?v=5&method=registerDisplay HTTP/2.0" 500 392 "-" "ksoap2-android/2.6.0+;version=3.6.4"
177.184.79.230 - - [30/Nov/2024:05:48:40 -0300] "GET /serraazul/web/xmds.php?what HTTP/2.0" 200 1 "-" "okhttp/3.12.1"
177.184.79.230 - - [30/Nov/2024:05:48:41 -0300] "POST /serraazul/web/xmds.php?v=5&method=registerDisplay HTTP/2.0" 200 3149 "-" "ksoap2-android/2.6.0+;version=3.6.4"
187.101.139.44 - - [30/Nov/2024:05:48:41 -0300] "GET /mixmidia/web/xmds.php?what HTTP/2.0" 200 1 "-" "okhttp/3.12.1"
177.184.79.230 - - [30/Nov/2024:05:48:41 -0300] "POST /serraazul/web/xmds.php?v=5&method=schedule HTTP/2.0" 200 3786 "-" "ksoap2-android/2.6.0+;version=3.6.4"
187.101.139.44 - - [30/Nov/2024:05:48:41 -0300] "POST /mixmidia/web/xmds.php?v=5&method=registerDisplay HTTP/2.0" 200 3210 "-" "ksoap2-android/2.6.0+;version=3.6.4"
177.184.79.230 - - [30/Nov/2024:05:48:41 -0300] "POST /serraazul/web/xmds.php?v=5&method=requiredFiles HTTP/2.0" 200 10469 "-" "ksoap2-android/2.6.0+;version=3.6.4"
187.101.139.44 - - [30/Nov/2024:05:48:41 -0300] "POST /mixmidia/web/xmds.php?v=5&method=notifyStatus HTTP/2.0" 200 514 "-" "ksoap2-android/2.6.0+;version=3.6.4"
177.184.79.230 - - [30/Nov/2024:05:48:42 -0300] "POST /serraazul/web/xmds.php?v=5&method=mediaInventory HTTP/2.0" 200 518 "-" "ksoap2-android/2.6.0+;version=3.6.4"
177.184.79.230 - - [30/Nov/2024:05:48:42 -0300] "POST /serraazul/web/xmds.php?v=5&method=notifyStatus HTTP/2.0" 200 514 "-" "ksoap2-android/2.6.0+;version=3.6.4"
177.60.61.146 - - [30/Nov/2024:05:48:44 -0300] "GET /mixmidia/web/xmds.php?what HTTP/2.0" 200 1 "-" "okhttp/3.12.1"
177.60.61.146 - - [30/Nov/2024:05:48:44 -0300] "GET /mixmidia/web/xmds.php?what HTTP/2.0" 200 1 "-" "okhttp/3.12.1"
45.182.48.174 - - [30/Nov/2024:05:48:44 -0300] "GET /mixmidia/web/xmds.php?what HTTP/2.0" 200 1 "-" "okhttp/3.12.1"
131.196.76.235 - - [30/Nov/2024:05:48:45 -0300] "GET /mixmidia/web/xmds.php?what HTTP/2.0" 200 1 "-" "okhttp/3.12.1"
131.196.76.235 - - [30/Nov/2024:05:48:45 -0300] "POST /mixmidia/web/xmds.php?v=5&method=registerDisplay HTTP/2.0" 200 3231 "-" "ksoap2-android/2.6.0+;version=3.6.4"
