191.255.221.41 - - [30/Nov/2024:05:29:47 -0300] "POST /mixmidia/web/xmds.php?v=5&method=mediaInventory HTTP/2.0" 200 518 "-" "ksoap2-android/2.6.0+;version=3.6.4"
207.46.13.87 - - [30/Nov/2024:05:29:49 -0300] "GET /kcfml/y2506232.html HTTP/2.0" 404 16 "-" "Mozilla/5.0 AppleWebKit/537.36 (KHTML, like Gecko; compatible; bingbot/2.0; +http://www.bing.com/bingbot.htm) Chrome/116.0.1938.76 Safari/537.36"
177.184.74.96 - - [30/Nov/2024:05:29:49 -0300] "GET /serraazul/web/xmds.php?what HTTP/2.0" 200 1 "-" "okhttp/3.12.1"
200.159.135.242 - - [30/Nov/2024:05:29:57 -0300] "GET /midiatech/web/xmds.php?what HTTP/2.0" 200 1 "-" "okhttp/3.12.1"
200.159.135.242 - - [30/Nov/2024:05:29:58 -0300] "POST /midiatech/web/xmds.php?v=5&method=registerDisplay HTTP/2.0" 200 3136 "-" "ksoap2-android/2.6.0+;version=3.6.4"
200.159.135.242 - - [30/Nov/2024:05:29:58 -0300] "POST /midiatech/web/xmds.php?v=5&method=notifyStatus HTTP/2.0" 200 514 "-" "ksoap2-android/2.6.0+;version=3.6.4"
200.159.135.242 - - [30/Nov/2024:05:30:00 -0300] "GET /midiatech/web/xmds.php?what HTTP/2.0" 200 1 "-" "okhttp/3.12.1"
177.60.61.146 - - [30/Nov/2024:05:30:00 -0300] "GET /mixmidia/web/xmds.php?what HTTP/2.0" 200 1 "-" "okhttp/3.12.1"
200.159.135.242 - - [30/Nov/2024:05:30:00 -0300] "POST /midiatech/web/xmds.php?v=5&method=registerDisplay HTTP/2.0" 200 3121 "-" "ksoap2-android/2.6.0+;version=3.6.4"
177.60.61.146 - - [30/Nov/2024:05:30:00 -0300] "GET /mixmidia/web/xmds.php?what HTTP/2.0" 200 1 "-" "okhttp/3.12.1"
200.159.135.242 - - [30/Nov/2024:05:30:00 -0300] "POST /midiatech/web/xmds.php?v=5&method=mediaInventory HTTP/2.0" 200 518 "-" "ksoap2-android/2.6.0+;version=3.6.4"
177.60.61.146 - - [30/Nov/2024:05:30:00 -0300] "POST /mixmidia/web/xmds.php?v=5&method=registerDisplay HTTP/2.0" 500 392 "-" "ksoap2-android/2.6.0+;version=3.6.4"
200.159.135.242 - - [30/Nov/2024:05:30:01 -0300] "POST /midiatech/web/xmds.php?v=5&method=notifyStatus HTTP/2.0" 200 514 "-" "ksoap2-android/2.6.0+;version=3.6.4"
177.60.61.146 - - [30/Nov/2024:05:30:01 -0300] "GET /mixmidia/web/xmds.php?what HTTP/2.0" 200 1 "-" "okhttp/3.12.1"
177.60.61.146 - - [30/Nov/2024:05:30:01 -0300] "POST /mixmidia/web/xmds.php?v=5&method=submitLog HTTP/2.0" 200 508 "-" "ksoap2-android/2.6.0+;version=3.6.4"
186.223.31.185 - - [30/Nov/2024:05:30:01 -0300] "GET /mixmidia/web/xmds.php?what HTTP/2.0" 200 1 "-" "okhttp/3.12.1"
186.223.31.185 - - [30/Nov/2024:05:30:02 -0300] "GET /mixmidia/web/xmds.php?what HTTP/2.0" 200 1 "-" "okhttp/3.12.1"
186.223.31.185 - - [30/Nov/2024:05:30:02 -0300] "POST /mixmidia/web/xmds.php?v=5&method=registerDisplay HTTP/2.0" 500 392 "-" "ksoap2-android/2.6.0+;version=3.6.4"
186.219.147.112 - - [30/Nov/2024:05:30:04 -0300] "GET /mixmidia/web/xmds.php?what HTTP/2.0" 200 1 "-" "okhttp/3.12.1"
85.208.96.194 - - [30/Nov/2024:05:30:04 -0300] "GET /fmd/vendor/james-heinrich/getid3/licenses/?filesrc=%2Fhome%2Fmgatv524%2Fpublic_html%2Ffmd%2Flib%2FXmds%2Fservice_v4.wsdl&path=%2Fhome%2Fmgatv524%2Fpublic_html%2Ffmd%2Flib%2FXmds HTTP/1.1" 200 1826 "-" "Mozilla/5.0 (compatible; SemrushBot/7~bl; +http://www.semrush.com/bot.html)"
185.191.171.14 - - [30/Nov/2024:05:30:06 -0300] "GET /fmd/vendor/james-heinrich/getid3/licenses/?path=%2Fhome%2Fmgatv524%2Fwww%2Fsommatv%2Fvendor%2Fircmaxell%2Frandom-lib%2Ftest%2FVectors%2FRandom HTTP/1.1" 200 1826 "-" "Mozilla/5.0 (compatible; SemrushBot/7~bl; +http://www.semrush.com/bot.html)"
177.184.74.136 - - [30/Nov/2024:05:30:10 -0300] "POST /serraazul/web/xmds.php?v=5&method=getResource HTTP/2.0" 200 11876 "-" "ksoap2-android/2.6.0+;version=3.6.4"
177.184.74.136 - - [30/Nov/2024:05:30:10 -0300] "POST /serraazul/web/xmds.php?v=5&method=getResource HTTP/2.0" 200 11876 "-" "ksoap2-android/2.6.0+;version=3.6.4"
179.135.206.11 - - [30/Nov/2024:05:30:10 -0300] "GET /mixmidia/web/xmds.php?what HTTP/2.0" 200 1 "-" "okhttp/3.12.1"
177.184.74.136 - - [30/Nov/2024:05:30:10 -0300] "POST /serraazul/web/xmds.php?v=5&method=getResource HTTP/2.0" 200 9194 "-" "ksoap2-android/2.6.0+;version=3.6.4"
177.184.74.136 - - [30/Nov/2024:05:30:10 -0300] "POST /serraazul/web/xmds.php?v=5&method=getResource HTTP/2.0" 200 5635 "-" "ksoap2-android/2.6.0+;version=3.6.4"
177.184.74.136 - - [30/Nov/2024:05:30:11 -0300] "POST /serraazul/web/xmds.php?v=5&method=getResource HTTP/2.0" 200 11024 "-" "ksoap2-android/2.6.0+;version=3.6.4"
57.141.3.16 - - [30/Nov/2024:05:30:12 -0300] "GET /serraazul/vendor/twig/twig/src/TokenParser/IncludeTokenParser.php HTTP/2.0" 500 - "-" "meta-externalagent/1.1 (+https://developers.facebook.com/docs/sharing/webmasters/crawler)"
177.184.74.235 - - [30/Nov/2024:05:30:12 -0300] "GET /serraazul/web/xmds.php?what HTTP/2.0" 200 1 "-" "okhttp/3.12.1"
177.184.74.235 - - [30/Nov/2024:05:30:13 -0300] "POST /serraazul/web/xmds.php?v=5&method=registerDisplay HTTP/2.0" 200 3153 "-" "ksoap2-android/2.6.0+;version=3.6.4"
177.184.74.235 - - [30/Nov/2024:05:30:13 -0300] "POST /serraazul/web/xmds.php?v=5&method=schedule HTTP/2.0" 200 2864 "-" "ksoap2-android/2.6.0+;version=3.6.4"
177.184.74.235 - - [30/Nov/2024:05:30:13 -0300] "POST /serraazul/web/xmds.php?v=5&method=requiredFiles HTTP/2.0" 200 7787 "-" "ksoap2-android/2.6.0+;version=3.6.4"
177.184.74.235 - - [30/Nov/2024:05:30:14 -0300] "POST /serraazul/web/xmds.php?v=5&method=getResource HTTP/2.0" 200 16470 "-" "ksoap2-android/2.6.0+;version=3.6.4"
177.184.74.235 - - [30/Nov/2024:05:30:14 -0300] "POST /serraazul/web/xmds.php?v=5&method=getResource HTTP/2.0" 200 12745 "-" "ksoap2-android/2.6.0+;version=3.6.4"
177.184.74.235 - - [30/Nov/2024:05:30:14 -0300] "POST /serraazul/web/xmds.php?v=5&method=mediaInventory HTTP/2.0" 200 518 "-" "ksoap2-android/2.6.0+;version=3.6.4"
177.184.74.235 - - [30/Nov/2024:05:30:14 -0300] "POST /serraazul/web/xmds.php?v=5&method=getResource HTTP/2.0" 200 10111 "-" "ksoap2-android/2.6.0+;version=3.6.4"
85.208.96.210 - - [30/Nov/2024:05:30:14 -0300] "GET /fmd/vendor/james-heinrich/getid3/licenses/?path=%2Fhome%2Fmgatv524%2Fvision.mgaplay.com.br%2Fweb%2Ftheme%2Fmga%2Flibraries%2Ffont-awesome%2Ffonts HTTP/1.1" 200 1826 "-" "Mozilla/5.0 (compatible; SemrushBot/7~bl; +http://www.semrush.com/bot.html)"
177.184.74.235 - - [30/Nov/2024:05:30:14 -0300] "POST /serraazul/web/xmds.php?v=5&method=getResource HTTP/2.0" 200 5622 "-" "ksoap2-android/2.6.0+;version=3.6.4"
177.184.74.235 - - [30/Nov/2024:05:30:15 -0300] "POST /serraazul/web/xmds.php?v=5&method=getResource HTTP/2.0" 200 10129 "-" "ksoap2-android/2.6.0+;version=3.6.4"
177.184.74.235 - - [30/Nov/2024:05:30:15 -0300] "POST /serraazul/web/xmds.php?v=5&method=getResource HTTP/2.0" 200 3628 "-" "ksoap2-android/2.6.0+;version=3.6.4"
177.184.74.235 - - [30/Nov/2024:05:30:15 -0300] "POST /serraazul/web/xmds.php?v=5&method=notifyStatus HTTP/2.0" 200 514 "-" "ksoap2-android/2.6.0+;version=3.6.4"
177.184.74.235 - - [30/Nov/2024:05:30:15 -0300] "POST /serraazul/web/xmds.php?v=5&method=mediaInventory HTTP/2.0" 200 518 "-" "ksoap2-android/2.6.0+;version=3.6.4"
191.8.164.41 - - [30/Nov/2024:05:30:15 -0300] "GET /mixmidia/web/xmds.php?what HTTP/2.0" 200 1 "-" "okhttp/3.12.1"
179.110.81.157 - - [30/Nov/2024:05:30:16 -0300] "GET /mixmidia/web/xmds.php?what HTTP/2.0" 200 1 "-" "okhttp/3.12.1"
191.8.164.41 - - [30/Nov/2024:05:30:16 -0300] "GET /mixmidia/web/xmds.php?what HTTP/2.0" 200 1 "-" "okhttp/3.12.1"
191.8.164.41 - - [30/Nov/2024:05:30:16 -0300] "POST /mixmidia/web/xmds.php?v=5&method=registerDisplay HTTP/2.0" 500 392 "-" "ksoap2-android/2.6.0+;version=3.6.4"
179.110.81.157 - - [30/Nov/2024:05:30:16 -0300] "POST /mixmidia/web/xmds.php?v=5&method=registerDisplay HTTP/2.0" 500 392 "-" "ksoap2-android/2.6.0+;version=3.6.4"
57.141.3.10 - - [30/Nov/2024:05:30:16 -0300] "GET /fmd/vendor/james-heinrich/getid3/licenses/?filesrc=/home/mgatv524/neovia.mgaplay.com.br/web/media/temp/fontcss_1d976b6f15&path=/home/mgatv524/neovia.mgaplay.com.br/web/media/temp HTTP/2.0" 200 1826 "-" "meta-externalagent/1.1 (+https://developers.facebook.com/docs/sharing/webmasters/crawler)"
186.223.31.185 - - [30/Nov/2024:05:30:17 -0300] "GET /mixmidia/web/xmds.php?what HTTP/2.0" 200 1 "-" "okhttp/3.12.1"
57.141.3.2 - - [30/Nov/2024:05:30:22 -0300] "GET /fmd/vendor/james-heinrich/getid3/licenses/?filesrc=/home/mgatv524/neovia.mgaplay.com.br/web/media/temp/fontcss_c123aa18d4&path=/home/mgatv524/neovia.mgaplay.com.br/web/media/temp HTTP/2.0" 200 1826 "-" "meta-externalagent/1.1 (+https://developers.facebook.com/docs/sharing/webmasters/crawler)"
185.191.171.18 - - [30/Nov/2024:05:30:23 -0300] "GET /fmd/vendor/monolog/monolog/src/Monolog/Handler/BufferHandler.php HTTP/1.1" 500 - "-" "Mozilla/5.0 (compatible; SemrushBot/7~bl; +http://www.semrush.com/bot.html)"
186.219.147.112 - - [30/Nov/2024:05:30:24 -0300] "GET /mixmidia/web/xmds.php?what HTTP/2.0" 200 1 "-" "okhttp/3.12.1"
186.219.147.112 - - [30/Nov/2024:05:30:25 -0300] "POST /mixmidia/web/xmds.php?v=5&method=registerDisplay HTTP/2.0" 200 3211 "-" "ksoap2-android/2.6.0+;version=3.6.4"
187.106.36.87 - - [30/Nov/2024:05:30:25 -0300] "GET /mixmidia/web/xmds.php?what HTTP/2.0" 200 1 "-" "okhttp/3.12.1"
186.219.147.112 - - [30/Nov/2024:05:30:25 -0300] "POST /mixmidia/web/xmds.php?v=5&method=mediaInventory HTTP/2.0" 200 518 "-" "ksoap2-android/2.6.0+;version=3.6.4"
186.219.147.112 - - [30/Nov/2024:05:30:25 -0300] "POST /mixmidia/web/xmds.php?v=5&method=notifyStatus HTTP/2.0" 200 514 "-" "ksoap2-android/2.6.0+;version=3.6.4"
187.106.36.87 - - [30/Nov/2024:05:30:26 -0300] "POST /mixmidia/web/xmds.php?v=5&method=registerDisplay HTTP/2.0" 200 3225 "-" "ksoap2-android/2.6.0+;version=3.6.4"
187.106.36.87 - - [30/Nov/2024:05:30:26 -0300] "POST /mixmidia/web/xmds.php?v=5&method=mediaInventory HTTP/2.0" 200 518 "-" "ksoap2-android/2.6.0+;version=3.6.4"
187.106.36.87 - - [30/Nov/2024:05:30:26 -0300] "POST /mixmidia/web/xmds.php?v=5&method=notifyStatus HTTP/2.0" 200 514 "-" "ksoap2-android/2.6.0+;version=3.6.4"
207.46.13.87 - - [30/Nov/2024:05:30:30 -0300] "GET /somares/views/template-form-add-from-layout.twig HTTP/2.0" 200 2924 "-" "Mozilla/5.0 AppleWebKit/537.36 (KHTML, like Gecko; compatible; bingbot/2.0; +http://www.bing.com/bingbot.htm) Chrome/116.0.1938.76 Safari/537.36"
45.182.48.174 - - [30/Nov/2024:05:30:33 -0300] "GET /mixmidia/web/xmds.php?what HTTP/2.0" 200 1 "-" "okhttp/3.12.1"
45.182.48.174 - - [30/Nov/2024:05:30:33 -0300] "POST /mixmidia/web/xmds.php?v=5&method=registerDisplay HTTP/2.0" 200 3186 "-" "ksoap2-android/2.6.0+;version=3.6.4"
45.182.48.174 - - [30/Nov/2024:05:30:33 -0300] "POST /mixmidia/web/xmds.php?v=5&method=mediaInventory HTTP/2.0" 200 518 "-" "ksoap2-android/2.6.0+;version=3.6.4"
45.182.48.174 - - [30/Nov/2024:05:30:34 -0300] "POST /mixmidia/web/xmds.php?v=5&method=notifyStatus HTTP/2.0" 200 514 "-" "ksoap2-android/2.6.0+;version=3.6.4"
66.249.72.109 - - [30/Nov/2024:05:30:36 -0300] "GET /giga/vendor/emojione/emojione/assets/svg/1F1EE-1F1F3.svg HTTP/1.1" 200 11996 "-" "Googlebot-Image/1.0"
187.101.139.44 - - [30/Nov/2024:05:30:37 -0300] "GET /mixmidia/web/xmds.php?what HTTP/2.0" 200 1 "-" "okhttp/3.12.1"
185.191.171.12 - - [30/Nov/2024:05:30:37 -0300] "GET /fmd/vendor/ezyang/htmlpurifier/library/HTMLPurifier/HTMLModule/Presentation.php HTTP/1.1" 500 - "-" "Mozilla/5.0 (compatible; SemrushBot/7~bl; +http://www.semrush.com/bot.html)"
187.101.139.44 - - [30/Nov/2024:05:30:37 -0300] "POST /mixmidia/web/xmds.php?v=5&method=registerDisplay HTTP/2.0" 200 3210 "-" "ksoap2-android/2.6.0+;version=3.6.4"
187.101.139.44 - - [30/Nov/2024:05:30:38 -0300] "POST /mixmidia/web/xmds.php?v=5&method=notifyStatus HTTP/2.0" 200 514 "-" "ksoap2-android/2.6.0+;version=3.6.4"
191.255.221.41 - - [30/Nov/2024:05:30:38 -0300] "GET /mixmidia/web/xmds.php?what HTTP/2.0" 200 1 "-" "okhttp/3.12.1"
191.255.221.41 - - [30/Nov/2024:05:30:39 -0300] "POST /mixmidia/web/xmds.php?v=5&method=registerDisplay HTTP/2.0" 200 3229 "-" "ksoap2-android/2.6.0+;version=3.6.4"
179.135.206.11 - - [30/Nov/2024:05:30:39 -0300] "GET /mixmidia/web/xmds.php?what HTTP/2.0" 200 1 "-" "okhttp/3.12.1"
191.255.221.41 - - [30/Nov/2024:05:30:39 -0300] "POST /mixmidia/web/xmds.php?v=5&method=getFile HTTP/2.0" 500 286 "-" "ksoap2-android/2.6.0+;version=3.6.4"
191.255.221.41 - - [30/Nov/2024:05:30:39 -0300] "POST /mixmidia/web/xmds.php?v=5&method=getFile HTTP/2.0" 500 286 "-" "ksoap2-android/2.6.0+;version=3.6.4"
191.255.221.41 - - [30/Nov/2024:05:30:39 -0300] "POST /mixmidia/web/xmds.php?v=5&method=mediaInventory HTTP/2.0" 200 518 "-" "ksoap2-android/2.6.0+;version=3.6.4"
179.135.206.11 - - [30/Nov/2024:05:30:39 -0300] "GET /mixmidia/web/xmds.php?what HTTP/2.0" 200 1 "-" "okhttp/3.12.1"
179.135.206.11 - - [30/Nov/2024:05:30:40 -0300] "POST /mixmidia/web/xmds.php?v=5&method=registerDisplay HTTP/2.0" 500 392 "-" "ksoap2-android/2.6.0+;version=3.6.4"
191.255.221.41 - - [30/Nov/2024:05:30:40 -0300] "POST /mixmidia/web/xmds.php?v=5&method=notifyStatus HTTP/2.0" 200 514 "-" "ksoap2-android/2.6.0+;version=3.6.4"
191.255.221.41 - - [30/Nov/2024:05:30:40 -0300] "POST /mixmidia/web/xmds.php?v=5&method=getFile HTTP/2.0" 500 286 "-" "ksoap2-android/2.6.0+;version=3.6.4"
191.255.221.41 - - [30/Nov/2024:05:30:40 -0300] "POST /mixmidia/web/xmds.php?v=5&method=getFile HTTP/2.0" 500 286 "-" "ksoap2-android/2.6.0+;version=3.6.4"
191.255.221.41 - - [30/Nov/2024:05:30:40 -0300] "POST /mixmidia/web/xmds.php?v=5&method=getFile HTTP/2.0" 500 286 "-" "ksoap2-android/2.6.0+;version=3.6.4"
177.184.79.230 - - [30/Nov/2024:05:30:40 -0300] "POST /serraazul/web/xmds.php?v=5&method=getResource HTTP/2.0" 200 12961 "-" "ksoap2-android/2.6.0+;version=3.6.4"
177.184.79.230 - - [30/Nov/2024:05:30:40 -0300] "POST /serraazul/web/xmds.php?v=5&method=getResource HTTP/2.0" 200 12961 "-" "ksoap2-android/2.6.0+;version=3.6.4"
191.255.221.41 - - [30/Nov/2024:05:30:40 -0300] "POST /mixmidia/web/xmds.php?v=5&method=getFile HTTP/2.0" 500 286 "-" "ksoap2-android/2.6.0+;version=3.6.4"
177.184.79.230 - - [30/Nov/2024:05:30:41 -0300] "POST /serraazul/web/xmds.php?v=5&method=getResource HTTP/2.0" 200 8388 "-" "ksoap2-android/2.6.0+;version=3.6.4"
191.255.221.41 - - [30/Nov/2024:05:30:41 -0300] "POST /mixmidia/web/xmds.php?v=5&method=getFile HTTP/2.0" 500 286 "-" "ksoap2-android/2.6.0+;version=3.6.4"
177.184.79.230 - - [30/Nov/2024:05:30:41 -0300] "POST /serraazul/web/xmds.php?v=5&method=getResource HTTP/2.0" 200 7548 "-" "ksoap2-android/2.6.0+;version=3.6.4"
191.255.221.41 - - [30/Nov/2024:05:30:41 -0300] "POST /mixmidia/web/xmds.php?v=5&method=getFile HTTP/2.0" 500 286 "-" "ksoap2-android/2.6.0+;version=3.6.4"
177.184.79.230 - - [30/Nov/2024:05:30:41 -0300] "POST /serraazul/web/xmds.php?v=5&method=getResource HTTP/2.0" 200 3795 "-" "ksoap2-android/2.6.0+;version=3.6.4"
191.255.221.41 - - [30/Nov/2024:05:30:41 -0300] "POST /mixmidia/web/xmds.php?v=5&method=getFile HTTP/2.0" 500 286 "-" "ksoap2-android/2.6.0+;version=3.6.4"
191.255.221.41 - - [30/Nov/2024:05:30:41 -0300] "POST /mixmidia/web/xmds.php?v=5&method=getFile HTTP/2.0" 500 286 "-" "ksoap2-android/2.6.0+;version=3.6.4"
191.255.221.41 - - [30/Nov/2024:05:30:42 -0300] "POST /mixmidia/web/xmds.php?v=5&method=getFile HTTP/2.0" 500 286 "-" "ksoap2-android/2.6.0+;version=3.6.4"
191.255.221.41 - - [30/Nov/2024:05:30:42 -0300] "POST /mixmidia/web/xmds.php?v=5&method=getFile HTTP/2.0" 500 286 "-" "ksoap2-android/2.6.0+;version=3.6.4"
191.255.221.41 - - [30/Nov/2024:05:30:42 -0300] "POST /mixmidia/web/xmds.php?v=5&method=getFile HTTP/2.0" 500 286 "-" "ksoap2-android/2.6.0+;version=3.6.4"
191.255.221.41 - - [30/Nov/2024:05:30:43 -0300] "POST /mixmidia/web/xmds.php?v=5&method=getFile HTTP/2.0" 500 286 "-" "ksoap2-android/2.6.0+;version=3.6.4"
191.255.221.41 - - [30/Nov/2024:05:30:43 -0300] "POST /mixmidia/web/xmds.php?v=5&method=getFile HTTP/2.0" 500 286 "-" "ksoap2-android/2.6.0+;version=3.6.4"
191.255.221.41 - - [30/Nov/2024:05:30:43 -0300] "POST /mixmidia/web/xmds.php?v=5&method=getFile HTTP/2.0" 500 286 "-" "ksoap2-android/2.6.0+;version=3.6.4"
191.255.221.41 - - [30/Nov/2024:05:30:43 -0300] "POST /mixmidia/web/xmds.php?v=5&method=getFile HTTP/2.0" 500 286 "-" "ksoap2-android/2.6.0+;version=3.6.4"
191.255.221.41 - - [30/Nov/2024:05:30:44 -0300] "POST /mixmidia/web/xmds.php?v=5&method=getFile HTTP/2.0" 500 286 "-" "ksoap2-android/2.6.0+;version=3.6.4"
191.255.221.41 - - [30/Nov/2024:05:30:44 -0300] "POST /mixmidia/web/xmds.php?v=5&method=getFile HTTP/2.0" 500 286 "-" "ksoap2-android/2.6.0+;version=3.6.4"
191.255.221.41 - - [30/Nov/2024:05:30:44 -0300] "POST /mixmidia/web/xmds.php?v=5&method=getFile HTTP/2.0" 500 286 "-" "ksoap2-android/2.6.0+;version=3.6.4"
191.255.221.41 - - [30/Nov/2024:05:30:45 -0300] "POST /mixmidia/web/xmds.php?v=5&method=getFile HTTP/2.0" 500 286 "-" "ksoap2-android/2.6.0+;version=3.6.4"
191.255.221.41 - - [30/Nov/2024:05:30:45 -0300] "POST /mixmidia/web/xmds.php?v=5&method=getFile HTTP/2.0" 500 286 "-" "ksoap2-android/2.6.0+;version=3.6.4"
131.196.76.235 - - [30/Nov/2024:05:30:45 -0300] "GET /mixmidia/web/xmds.php?what HTTP/2.0" 200 1 "-" "okhttp/3.12.1"
177.60.61.146 - - [30/Nov/2024:05:30:45 -0300] "GET /mixmidia/web/xmds.php?what HTTP/2.0" 200 1 "-" "okhttp/3.12.1"
131.196.76.235 - - [30/Nov/2024:05:30:45 -0300] "POST /mixmidia/web/xmds.php?v=5&method=registerDisplay HTTP/2.0" 200 3231 "-" "ksoap2-android/2.6.0+;version=3.6.4"
191.255.221.41 - - [30/Nov/2024:05:30:45 -0300] "POST /mixmidia/web/xmds.php?v=5&method=getFile HTTP/2.0" 500 286 "-" "ksoap2-android/2.6.0+;version=3.6.4"
191.255.221.41 - - [30/Nov/2024:05:30:46 -0300] "POST /mixmidia/web/xmds.php?v=5&method=getFile HTTP/2.0" 500 286 "-" "ksoap2-android/2.6.0+;version=3.6.4"
177.60.61.146 - - [30/Nov/2024:05:30:46 -0300] "GET /mixmidia/web/xmds.php?what HTTP/2.0" 200 1 "-" "okhttp/3.12.1"
191.255.221.41 - - [30/Nov/2024:05:30:46 -0300] "POST /mixmidia/web/xmds.php?v=5&method=getFile HTTP/2.0" 500 286 "-" "ksoap2-android/2.6.0+;version=3.6.4"
177.60.61.146 - - [30/Nov/2024:05:30:46 -0300] "POST /mixmidia/web/xmds.php?v=5&method=registerDisplay HTTP/2.0" 500 392 "-" "ksoap2-android/2.6.0+;version=3.6.4"
131.196.76.235 - - [30/Nov/2024:05:30:46 -0300] "POST /mixmidia/web/xmds.php?v=5&method=mediaInventory HTTP/2.0" 200 518 "-" "ksoap2-android/2.6.0+;version=3.6.4"
191.255.221.41 - - [30/Nov/2024:05:30:46 -0300] "POST /mixmidia/web/xmds.php?v=5&method=getFile HTTP/2.0" 500 286 "-" "ksoap2-android/2.6.0+;version=3.6.4"
131.196.76.235 - - [30/Nov/2024:05:30:46 -0300] "POST /mixmidia/web/xmds.php?v=5&method=notifyStatus HTTP/2.0" 200 514 "-" "ksoap2-android/2.6.0+;version=3.6.4"
191.255.221.41 - - [30/Nov/2024:05:30:46 -0300] "POST /mixmidia/web/xmds.php?v=5&method=getFile HTTP/2.0" 500 286 "-" "ksoap2-android/2.6.0+;version=3.6.4"
191.255.221.41 - - [30/Nov/2024:05:30:47 -0300] "POST /mixmidia/web/xmds.php?v=5&method=getFile HTTP/2.0" 500 286 "-" "ksoap2-android/2.6.0+;version=3.6.4"
191.255.221.41 - - [30/Nov/2024:05:30:47 -0300] "POST /mixmidia/web/xmds.php?v=5&method=mediaInventory HTTP/2.0" 200 518 "-" "ksoap2-android/2.6.0+;version=3.6.4"
185.191.171.18 - - [30/Nov/2024:05:30:54 -0300] "GET /fmd/vendor/james-heinrich/getid3/licenses/?path=%2Fhome%2Fmgatv524%2Fpublic_html%2Ftopspin%2Fvendor%2Finfostars HTTP/1.1" 200 1826 "-" "Mozilla/5.0 (compatible; SemrushBot/7~bl; +http://www.semrush.com/bot.html)"
200.159.135.242 - - [30/Nov/2024:05:30:56 -0300] "POST /midiatech/web/xmds.php?v=5&method=getResource HTTP/2.0" 200 23649 "-" "ksoap2-android/2.6.0+;version=3.6.4"
200.159.135.242 - - [30/Nov/2024:05:30:56 -0300] "POST /midiatech/web/xmds.php?v=5&method=getResource HTTP/2.0" 200 13881 "-" "ksoap2-android/2.6.0+;version=3.6.4"
200.159.135.242 - - [30/Nov/2024:05:30:57 -0300] "GET /midiatech/web/xmds.php?what HTTP/2.0" 200 1 "-" "okhttp/3.12.1"
200.159.135.242 - - [30/Nov/2024:05:30:57 -0300] "POST /midiatech/web/xmds.php?v=5&method=registerDisplay HTTP/2.0" 200 3136 "-" "ksoap2-android/2.6.0+;version=3.6.4"
200.159.135.242 - - [30/Nov/2024:05:30:57 -0300] "POST /midiatech/web/xmds.php?v=5&method=notifyStatus HTTP/2.0" 200 514 "-" "ksoap2-android/2.6.0+;version=3.6.4"
200.159.135.242 - - [30/Nov/2024:05:31:00 -0300] "GET /midiatech/web/xmds.php?what HTTP/2.0" 200 1 "-" "okhttp/3.12.1"
177.60.61.146 - - [30/Nov/2024:05:31:00 -0300] "GET /mixmidia/web/xmds.php?what HTTP/2.0" 200 1 "-" "okhttp/3.12.1"
200.159.135.242 - - [30/Nov/2024:05:31:00 -0300] "POST /midiatech/web/xmds.php?v=5&method=registerDisplay HTTP/2.0" 200 3121 "-" "ksoap2-android/2.6.0+;version=3.6.4"
177.60.61.146 - - [30/Nov/2024:05:31:00 -0300] "GET /mixmidia/web/xmds.php?what HTTP/2.0" 200 1 "-" "okhttp/3.12.1"
200.159.135.242 - - [30/Nov/2024:05:31:00 -0300] "POST /midiatech/web/xmds.php?v=5&method=mediaInventory HTTP/2.0" 200 518 "-" "ksoap2-android/2.6.0+;version=3.6.4"
177.60.61.146 - - [30/Nov/2024:05:31:00 -0300] "POST /mixmidia/web/xmds.php?v=5&method=registerDisplay HTTP/2.0" 500 392 "-" "ksoap2-android/2.6.0+;version=3.6.4"
200.159.135.242 - - [30/Nov/2024:05:31:01 -0300] "POST /midiatech/web/xmds.php?v=5&method=notifyStatus HTTP/2.0" 200 514 "-" "ksoap2-android/2.6.0+;version=3.6.4"
186.223.31.185 - - [30/Nov/2024:05:31:02 -0300] "GET /mixmidia/web/xmds.php?what HTTP/2.0" 200 1 "-" "okhttp/3.12.1"
186.223.31.185 - - [30/Nov/2024:05:31:02 -0300] "GET /mixmidia/web/xmds.php?what HTTP/2.0" 200 1 "-" "okhttp/3.12.1"
186.223.31.185 - - [30/Nov/2024:05:31:02 -0300] "POST /mixmidia/web/xmds.php?v=5&method=registerDisplay HTTP/2.0" 500 392 "-" "ksoap2-android/2.6.0+;version=3.6.4"
57.141.3.17 - - [30/Nov/2024:05:31:11 -0300] "GET /fmd/vendor/james-heinrich/getid3/licenses/?filesrc=/home/mgatv524/giga.mgaplay.com.br/vendor/emojione/emojione/assets/png/1F3B3.png&path=/home/mgatv524/giga.mgaplay.com.br/vendor/emojione/emojione/assets/png HTTP/2.0" 200 1826 "-" "meta-externalagent/1.1 (+https://developers.facebook.com/docs/sharing/webmasters/crawler)"
47.128.40.176 - - [30/Nov/2024:05:31:15 -0300] "GET /fmd/vendor/james-heinrich/getid3/licenses/?path=%2Fhome%2Fmgatv524%2Ftabelado.com%2Ftriunfo%2Fcache%2F21 HTTP/2.0" 200 1826 "-" "Mozilla/5.0 (compatible; Bytespider; spider-feedback@bytedance.com) AppleWebKit/537.36 (KHTML, like Gecko) Chrome/70.0.0.0 Safari/537.36"
191.8.164.41 - - [30/Nov/2024:05:31:16 -0300] "GET /mixmidia/web/xmds.php?what HTTP/2.0" 200 1 "-" "okhttp/3.12.1"
179.110.81.157 - - [30/Nov/2024:05:31:16 -0300] "GET /mixmidia/web/xmds.php?what HTTP/2.0" 200 1 "-" "okhttp/3.12.1"
191.8.164.41 - - [30/Nov/2024:05:31:16 -0300] "GET /mixmidia/web/xmds.php?what HTTP/2.0" 200 1 "-" "okhttp/3.12.1"
179.110.81.157 - - [30/Nov/2024:05:31:16 -0300] "POST /mixmidia/web/xmds.php?v=5&method=registerDisplay HTTP/2.0" 500 392 "-" "ksoap2-android/2.6.0+;version=3.6.4"
191.8.164.41 - - [30/Nov/2024:05:31:16 -0300] "POST /mixmidia/web/xmds.php?v=5&method=registerDisplay HTTP/2.0" 500 392 "-" "ksoap2-android/2.6.0+;version=3.6.4"
177.184.79.230 - - [30/Nov/2024:05:31:17 -0300] "GET /serraazul/web/xmds.php?what HTTP/2.0" 200 1 "-" "okhttp/3.12.1"
157.55.39.202 - - [30/Nov/2024:05:31:19 -0300] "GET /mixmidia/reports/ HTTP/2.0" 200 3605 "-" "Mozilla/5.0 AppleWebKit/537.36 (KHTML, like Gecko; compatible; bingbot/2.0; +http://www.bing.com/bingbot.htm) Chrome/116.0.1938.76 Safari/537.36"
185.191.171.14 - - [30/Nov/2024:05:31:22 -0300] "GET /mctv/vendor/lcobucci/jwt/src/Signer/Rsa/ HTTP/1.1" 200 1416 "-" "Mozilla/5.0 (compatible; SemrushBot/7~bl; +http://www.semrush.com/bot.html)"
200.159.135.242 - - [30/Nov/2024:05:31:22 -0300] "POST /midiatech/web/xmds.php?v=5&method=getResource HTTP/2.0" 200 22328 "-" "ksoap2-android/2.6.0+;version=3.6.4"
177.60.61.146 - - [30/Nov/2024:05:31:23 -0300] "GET /mixmidia/web/xmds.php?what HTTP/2.0" 200 1 "-" "okhttp/3.12.1"
186.219.147.112 - - [30/Nov/2024:05:31:25 -0300] "GET /mixmidia/web/xmds.php?what HTTP/2.0" 200 1 "-" "okhttp/3.12.1"
186.219.147.112 - - [30/Nov/2024:05:31:25 -0300] "POST /mixmidia/web/xmds.php?v=5&method=registerDisplay HTTP/2.0" 200 3211 "-" "ksoap2-android/2.6.0+;version=3.6.4"
187.106.36.87 - - [30/Nov/2024:05:31:25 -0300] "GET /mixmidia/web/xmds.php?what HTTP/2.0" 200 1 "-" "okhttp/3.12.1"
186.219.147.112 - - [30/Nov/2024:05:31:25 -0300] "POST /mixmidia/web/xmds.php?v=5&method=mediaInventory HTTP/2.0" 200 518 "-" "ksoap2-android/2.6.0+;version=3.6.4"
186.219.147.112 - - [30/Nov/2024:05:31:25 -0300] "POST /mixmidia/web/xmds.php?v=5&method=notifyStatus HTTP/2.0" 200 514 "-" "ksoap2-android/2.6.0+;version=3.6.4"
187.106.36.87 - - [30/Nov/2024:05:31:26 -0300] "POST /mixmidia/web/xmds.php?v=5&method=registerDisplay HTTP/2.0" 200 3225 "-" "ksoap2-android/2.6.0+;version=3.6.4"
187.106.36.87 - - [30/Nov/2024:05:31:26 -0300] "POST /mixmidia/web/xmds.php?v=5&method=mediaInventory HTTP/2.0" 200 518 "-" "ksoap2-android/2.6.0+;version=3.6.4"
187.106.36.87 - - [30/Nov/2024:05:31:26 -0300] "POST /mixmidia/web/xmds.php?v=5&method=notifyStatus HTTP/2.0" 200 514 "-" "ksoap2-android/2.6.0+;version=3.6.4"
85.208.96.198 - - [30/Nov/2024:05:31:29 -0300] "GET /serraazul/vendor/jenssegers/date/src/Lang/pt.php HTTP/1.1" 200 - "-" "Mozilla/5.0 (compatible; SemrushBot/7~bl; +http://www.semrush.com/bot.html)"
45.182.48.174 - - [30/Nov/2024:05:31:33 -0300] "GET /mixmidia/web/xmds.php?what HTTP/2.0" 200 1 "-" "okhttp/3.12.1"
45.182.48.174 - - [30/Nov/2024:05:31:33 -0300] "POST /mixmidia/web/xmds.php?v=5&method=registerDisplay HTTP/2.0" 200 3186 "-" "ksoap2-android/2.6.0+;version=3.6.4"
45.182.48.174 - - [30/Nov/2024:05:31:33 -0300] "POST /mixmidia/web/xmds.php?v=5&method=mediaInventory HTTP/2.0" 200 518 "-" "ksoap2-android/2.6.0+;version=3.6.4"
45.182.48.174 - - [30/Nov/2024:05:31:34 -0300] "POST /mixmidia/web/xmds.php?v=5&method=notifyStatus HTTP/2.0" 200 514 "-" "ksoap2-android/2.6.0+;version=3.6.4"
187.101.139.44 - - [30/Nov/2024:05:31:37 -0300] "GET /mixmidia/web/xmds.php?what HTTP/2.0" 200 1 "-" "okhttp/3.12.1"
187.101.139.44 - - [30/Nov/2024:05:31:37 -0300] "POST /mixmidia/web/xmds.php?v=5&method=registerDisplay HTTP/2.0" 200 3210 "-" "ksoap2-android/2.6.0+;version=3.6.4"
187.101.139.44 - - [30/Nov/2024:05:31:38 -0300] "POST /mixmidia/web/xmds.php?v=5&method=notifyStatus HTTP/2.0" 200 514 "-" "ksoap2-android/2.6.0+;version=3.6.4"
191.255.221.41 - - [30/Nov/2024:05:31:39 -0300] "GET /mixmidia/web/xmds.php?what HTTP/2.0" 200 1 "-" "okhttp/3.12.1"
191.255.221.41 - - [30/Nov/2024:05:31:39 -0300] "POST /mixmidia/web/xmds.php?v=5&method=registerDisplay HTTP/2.0" 200 3229 "-" "ksoap2-android/2.6.0+;version=3.6.4"
179.135.206.11 - - [30/Nov/2024:05:31:39 -0300] "GET /mixmidia/web/xmds.php?what HTTP/2.0" 200 1 "-" "okhttp/3.12.1"
191.255.221.41 - - [30/Nov/2024:05:31:39 -0300] "POST /mixmidia/web/xmds.php?v=5&method=getFile HTTP/2.0" 500 286 "-" "ksoap2-android/2.6.0+;version=3.6.4"
191.255.221.41 - - [30/Nov/2024:05:31:39 -0300] "POST /mixmidia/web/xmds.php?v=5&method=getFile HTTP/2.0" 500 286 "-" "ksoap2-android/2.6.0+;version=3.6.4"
191.255.221.41 - - [30/Nov/2024:05:31:39 -0300] "POST /mixmidia/web/xmds.php?v=5&method=mediaInventory HTTP/2.0" 200 518 "-" "ksoap2-android/2.6.0+;version=3.6.4"
179.135.206.11 - - [30/Nov/2024:05:31:39 -0300] "GET /mixmidia/web/xmds.php?what HTTP/2.0" 200 1 "-" "okhttp/3.12.1"
191.255.221.41 - - [30/Nov/2024:05:31:40 -0300] "POST /mixmidia/web/xmds.php?v=5&method=notifyStatus HTTP/2.0" 200 514 "-" "ksoap2-android/2.6.0+;version=3.6.4"
179.135.206.11 - - [30/Nov/2024:05:31:40 -0300] "POST /mixmidia/web/xmds.php?v=5&method=registerDisplay HTTP/2.0" 500 392 "-" "ksoap2-android/2.6.0+;version=3.6.4"
191.255.221.41 - - [30/Nov/2024:05:31:40 -0300] "POST /mixmidia/web/xmds.php?v=5&method=getFile HTTP/2.0" 500 286 "-" "ksoap2-android/2.6.0+;version=3.6.4"
191.255.221.41 - - [30/Nov/2024:05:31:40 -0300] "POST /mixmidia/web/xmds.php?v=5&method=getFile HTTP/2.0" 500 286 "-" "ksoap2-android/2.6.0+;version=3.6.4"
191.255.221.41 - - [30/Nov/2024:05:31:40 -0300] "POST /mixmidia/web/xmds.php?v=5&method=getFile HTTP/2.0" 500 286 "-" "ksoap2-android/2.6.0+;version=3.6.4"
191.255.221.41 - - [30/Nov/2024:05:31:40 -0300] "POST /mixmidia/web/xmds.php?v=5&method=getFile HTTP/2.0" 500 286 "-" "ksoap2-android/2.6.0+;version=3.6.4"
191.255.221.41 - - [30/Nov/2024:05:31:41 -0300] "POST /mixmidia/web/xmds.php?v=5&method=getFile HTTP/2.0" 500 286 "-" "ksoap2-android/2.6.0+;version=3.6.4"
191.255.221.41 - - [30/Nov/2024:05:31:41 -0300] "POST /mixmidia/web/xmds.php?v=5&method=getFile HTTP/2.0" 500 286 "-" "ksoap2-android/2.6.0+;version=3.6.4"
191.255.221.41 - - [30/Nov/2024:05:31:41 -0300] "POST /mixmidia/web/xmds.php?v=5&method=getFile HTTP/2.0" 500 286 "-" "ksoap2-android/2.6.0+;version=3.6.4"
191.255.221.41 - - [30/Nov/2024:05:31:42 -0300] "POST /mixmidia/web/xmds.php?v=5&method=getFile HTTP/2.0" 500 286 "-" "ksoap2-android/2.6.0+;version=3.6.4"
191.255.221.41 - - [30/Nov/2024:05:31:42 -0300] "POST /mixmidia/web/xmds.php?v=5&method=getFile HTTP/2.0" 500 286 "-" "ksoap2-android/2.6.0+;version=3.6.4"
191.255.221.41 - - [30/Nov/2024:05:31:42 -0300] "POST /mixmidia/web/xmds.php?v=5&method=getFile HTTP/2.0" 500 286 "-" "ksoap2-android/2.6.0+;version=3.6.4"
191.255.221.41 - - [30/Nov/2024:05:31:43 -0300] "POST /mixmidia/web/xmds.php?v=5&method=getFile HTTP/2.0" 500 286 "-" "ksoap2-android/2.6.0+;version=3.6.4"
191.255.221.41 - - [30/Nov/2024:05:31:43 -0300] "POST /mixmidia/web/xmds.php?v=5&method=getFile HTTP/2.0" 500 286 "-" "ksoap2-android/2.6.0+;version=3.6.4"
191.255.221.41 - - [30/Nov/2024:05:31:43 -0300] "POST /mixmidia/web/xmds.php?v=5&method=getFile HTTP/2.0" 500 286 "-" "ksoap2-android/2.6.0+;version=3.6.4"
191.255.221.41 - - [30/Nov/2024:05:31:43 -0300] "POST /mixmidia/web/xmds.php?v=5&method=getFile HTTP/2.0" 500 286 "-" "ksoap2-android/2.6.0+;version=3.6.4"
191.255.221.41 - - [30/Nov/2024:05:31:44 -0300] "POST /mixmidia/web/xmds.php?v=5&method=getFile HTTP/2.0" 500 286 "-" "ksoap2-android/2.6.0+;version=3.6.4"
177.60.61.146 - - [30/Nov/2024:05:31:44 -0300] "GET /mixmidia/web/xmds.php?what HTTP/2.0" 200 1 "-" "okhttp/3.12.1"
189.84.180.165 - - [30/Nov/2024:05:31:44 -0300] "POST /serraazul/web/xmds.php?v=5&method=getResource HTTP/2.0" 200 3628 "-" "ksoap2-android/2.6.0+;version=3.6.4"
191.255.221.41 - - [30/Nov/2024:05:31:44 -0300] "POST /mixmidia/web/xmds.php?v=5&method=getFile HTTP/2.0" 500 286 "-" "ksoap2-android/2.6.0+;version=3.6.4"
177.60.61.146 - - [30/Nov/2024:05:31:44 -0300] "GET /mixmidia/web/xmds.php?what HTTP/2.0" 200 1 "-" "okhttp/3.12.1"
177.60.61.146 - - [30/Nov/2024:05:31:44 -0300] "POST /mixmidia/web/xmds.php?v=5&method=registerDisplay HTTP/2.0" 500 392 "-" "ksoap2-android/2.6.0+;version=3.6.4"
191.255.221.41 - - [30/Nov/2024:05:31:44 -0300] "POST /mixmidia/web/xmds.php?v=5&method=getFile HTTP/2.0" 500 286 "-" "ksoap2-android/2.6.0+;version=3.6.4"
191.255.221.41 - - [30/Nov/2024:05:31:45 -0300] "POST /mixmidia/web/xmds.php?v=5&method=getFile HTTP/2.0" 500 286 "-" "ksoap2-android/2.6.0+;version=3.6.4"
131.196.76.235 - - [30/Nov/2024:05:31:45 -0300] "GET /mixmidia/web/xmds.php?what HTTP/2.0" 200 1 "-" "okhttp/3.12.1"
191.255.221.41 - - [30/Nov/2024:05:31:45 -0300] "POST /mixmidia/web/xmds.php?v=5&method=getFile HTTP/2.0" 500 286 "-" "ksoap2-android/2.6.0+;version=3.6.4"
191.255.221.41 - - [30/Nov/2024:05:31:45 -0300] "POST /mixmidia/web/xmds.php?v=5&method=getFile HTTP/2.0" 500 286 "-" "ksoap2-android/2.6.0+;version=3.6.4"
131.196.76.235 - - [30/Nov/2024:05:31:45 -0300] "POST /mixmidia/web/xmds.php?v=5&method=registerDisplay HTTP/2.0" 200 3231 "-" "ksoap2-android/2.6.0+;version=3.6.4"
131.196.76.235 - - [30/Nov/2024:05:31:45 -0300] "POST /mixmidia/web/xmds.php?v=5&method=mediaInventory HTTP/2.0" 200 518 "-" "ksoap2-android/2.6.0+;version=3.6.4"
191.255.221.41 - - [30/Nov/2024:05:31:45 -0300] "POST /mixmidia/web/xmds.php?v=5&method=getFile HTTP/2.0" 500 286 "-" "ksoap2-android/2.6.0+;version=3.6.4"
131.196.76.235 - - [30/Nov/2024:05:31:46 -0300] "POST /mixmidia/web/xmds.php?v=5&method=notifyStatus HTTP/2.0" 200 514 "-" "ksoap2-android/2.6.0+;version=3.6.4"
191.255.221.41 - - [30/Nov/2024:05:31:46 -0300] "POST /mixmidia/web/xmds.php?v=5&method=getFile HTTP/2.0" 500 286 "-" "ksoap2-android/2.6.0+;version=3.6.4"
177.184.74.96 - - [30/Nov/2024:05:31:46 -0300] "POST /serraazul/web/xmds.php?v=5&method=getResource HTTP/2.0" 200 30637 "-" "ksoap2-android/2.6.0+;version=3.6.4"
191.255.221.41 - - [30/Nov/2024:05:31:46 -0300] "POST /mixmidia/web/xmds.php?v=5&method=getFile HTTP/2.0" 500 286 "-" "ksoap2-android/2.6.0+;version=3.6.4"
191.255.221.41 - - [30/Nov/2024:05:31:46 -0300] "POST /mixmidia/web/xmds.php?v=5&method=getFile HTTP/2.0" 500 286 "-" "ksoap2-android/2.6.0+;version=3.6.4"
191.255.221.41 - - [30/Nov/2024:05:31:47 -0300] "POST /mixmidia/web/xmds.php?v=5&method=getFile HTTP/2.0" 500 286 "-" "ksoap2-android/2.6.0+;version=3.6.4"
191.255.221.41 - - [30/Nov/2024:05:31:47 -0300] "POST /mixmidia/web/xmds.php?v=5&method=getFile HTTP/2.0" 500 286 "-" "ksoap2-android/2.6.0+;version=3.6.4"
191.255.221.41 - - [30/Nov/2024:05:31:47 -0300] "POST /mixmidia/web/xmds.php?v=5&method=mediaInventory HTTP/2.0" 200 518 "-" "ksoap2-android/2.6.0+;version=3.6.4"
200.159.135.242 - - [30/Nov/2024:05:31:57 -0300] "GET /midiatech/web/xmds.php?what HTTP/2.0" 200 1 "-" "okhttp/3.12.1"
200.159.135.242 - - [30/Nov/2024:05:31:58 -0300] "POST /midiatech/web/xmds.php?v=5&method=registerDisplay HTTP/2.0" 200 3136 "-" "ksoap2-android/2.6.0+;version=3.6.4"
200.159.135.242 - - [30/Nov/2024:05:31:58 -0300] "POST /midiatech/web/xmds.php?v=5&method=notifyStatus HTTP/2.0" 200 514 "-" "ksoap2-android/2.6.0+;version=3.6.4"
200.159.135.242 - - [30/Nov/2024:05:32:00 -0300] "GET /midiatech/web/xmds.php?what HTTP/2.0" 200 1 "-" "okhttp/3.12.1"
200.159.135.242 - - [30/Nov/2024:05:32:00 -0300] "POST /midiatech/web/xmds.php?v=5&method=registerDisplay HTTP/2.0" 200 3101 "-" "ksoap2-android/2.6.0+;version=3.6.4"
200.159.135.242 - - [30/Nov/2024:05:32:00 -0300] "POST /midiatech/web/xmds.php?v=5&method=schedule HTTP/2.0" 200 2820 "-" "ksoap2-android/2.6.0+;version=3.6.4"
177.60.61.146 - - [30/Nov/2024:05:32:00 -0300] "GET /mixmidia/web/xmds.php?what HTTP/2.0" 200 1 "-" "okhttp/3.12.1"
177.60.61.146 - - [30/Nov/2024:05:32:01 -0300] "GET /mixmidia/web/xmds.php?what HTTP/2.0" 200 1 "-" "okhttp/3.12.1"
200.159.135.242 - - [30/Nov/2024:05:32:00 -0300] "POST /midiatech/web/xmds.php?v=5&method=requiredFiles HTTP/2.0" 200 6973 "-" "ksoap2-android/2.6.0+;version=3.6.4"
200.159.135.242 - - [30/Nov/2024:05:32:01 -0300] "POST /midiatech/web/xmds.php?v=5&method=getResource HTTP/2.0" 200 22328 "-" "ksoap2-android/2.6.0+;version=3.6.4"
177.60.61.146 - - [30/Nov/2024:05:32:01 -0300] "POST /mixmidia/web/xmds.php?v=5&method=registerDisplay HTTP/2.0" 500 392 "-" "ksoap2-android/2.6.0+;version=3.6.4"
200.159.135.242 - - [30/Nov/2024:05:32:01 -0300] "POST /midiatech/web/xmds.php?v=5&method=mediaInventory HTTP/2.0" 200 518 "-" "ksoap2-android/2.6.0+;version=3.6.4"
200.159.135.242 - - [30/Nov/2024:05:32:01 -0300] "POST /midiatech/web/xmds.php?v=5&method=notifyStatus HTTP/2.0" 200 514 "-" "ksoap2-android/2.6.0+;version=3.6.4"
200.159.135.242 - - [30/Nov/2024:05:32:01 -0300] "POST /midiatech/web/xmds.php?v=5&method=mediaInventory HTTP/2.0" 200 518 "-" "ksoap2-android/2.6.0+;version=3.6.4"
186.223.31.185 - - [30/Nov/2024:05:32:02 -0300] "GET /mixmidia/web/xmds.php?what HTTP/2.0" 200 1 "-" "okhttp/3.12.1"
186.223.31.185 - - [30/Nov/2024:05:32:02 -0300] "GET /mixmidia/web/xmds.php?what HTTP/2.0" 200 1 "-" "okhttp/3.12.1"
186.223.31.185 - - [30/Nov/2024:05:32:02 -0300] "POST /mixmidia/web/xmds.php?v=5&method=registerDisplay HTTP/2.0" 500 392 "-" "ksoap2-android/2.6.0+;version=3.6.4"
207.46.13.52 - - [30/Nov/2024:05:32:09 -0300] "GET /qlovv/e855654.html HTTP/2.0" 404 16 "-" "Mozilla/5.0 AppleWebKit/537.36 (KHTML, like Gecko; compatible; bingbot/2.0; +http://www.bing.com/bingbot.htm) Chrome/116.0.1938.76 Safari/537.36"
45.182.48.174 - - [30/Nov/2024:05:32:14 -0300] "GET /mixmidia/web/xmds.php?what HTTP/2.0" 200 1 "-" "okhttp/3.12.1"
179.110.81.157 - - [30/Nov/2024:05:32:16 -0300] "GET /mixmidia/web/xmds.php?what HTTP/2.0" 200 1 "-" "okhttp/3.12.1"
191.8.164.41 - - [30/Nov/2024:05:32:16 -0300] "GET /mixmidia/web/xmds.php?what HTTP/2.0" 200 1 "-" "okhttp/3.12.1"
189.84.180.165 - - [30/Nov/2024:05:32:16 -0300] "GET /serraazul/web/xmds.php?what HTTP/2.0" 200 1 "-" "okhttp/3.12.1"
179.110.81.157 - - [30/Nov/2024:05:32:16 -0300] "POST /mixmidia/web/xmds.php?v=5&method=registerDisplay HTTP/2.0" 500 392 "-" "ksoap2-android/2.6.0+;version=3.6.4"
191.8.164.41 - - [30/Nov/2024:05:32:16 -0300] "GET /mixmidia/web/xmds.php?what HTTP/2.0" 200 1 "-" "okhttp/3.12.1"
189.84.180.165 - - [30/Nov/2024:05:32:16 -0300] "POST /serraazul/web/xmds.php?v=5&method=registerDisplay HTTP/2.0" 200 3157 "-" "ksoap2-android/2.6.0+;version=3.6.4"
191.8.164.41 - - [30/Nov/2024:05:32:17 -0300] "GET /mixmidia/web/xmds.php?what HTTP/2.0" 200 1 "-" "okhttp/3.12.1"
189.84.180.165 - - [30/Nov/2024:05:32:17 -0300] "POST /serraazul/web/xmds.php?v=5&method=schedule HTTP/2.0" 200 2864 "-" "ksoap2-android/2.6.0+;version=3.6.4"
191.8.164.41 - - [30/Nov/2024:05:32:17 -0300] "POST /mixmidia/web/xmds.php?v=5&method=registerDisplay HTTP/2.0" 500 392 "-" "ksoap2-android/2.6.0+;version=3.6.4"
189.84.180.165 - - [30/Nov/2024:05:32:17 -0300] "POST /serraazul/web/xmds.php?v=5&method=requiredFiles HTTP/2.0" 200 7809 "-" "ksoap2-android/2.6.0+;version=3.6.4"
191.8.164.41 - - [30/Nov/2024:05:32:17 -0300] "GET /mixmidia/web/xmds.php?what HTTP/2.0" 200 1 "-" "okhttp/3.12.1"
189.84.180.165 - - [30/Nov/2024:05:32:17 -0300] "POST /serraazul/web/xmds.php?v=5&method=getResource HTTP/2.0" 200 14655 "-" "ksoap2-android/2.6.0+;version=3.6.4"
189.84.180.165 - - [30/Nov/2024:05:32:17 -0300] "POST /serraazul/web/xmds.php?v=5&method=getResource HTTP/2.0" 200 3628 "-" "ksoap2-android/2.6.0+;version=3.6.4"
191.8.164.41 - - [30/Nov/2024:05:32:18 -0300] "POST /mixmidia/web/xmds.php?v=5&method=submitLog HTTP/2.0" 200 508 "-" "ksoap2-android/2.6.0+;version=3.6.4"
189.84.180.165 - - [30/Nov/2024:05:32:18 -0300] "POST /serraazul/web/xmds.php?v=5&method=mediaInventory HTTP/2.0" 200 518 "-" "ksoap2-android/2.6.0+;version=3.6.4"
189.84.180.165 - - [30/Nov/2024:05:32:18 -0300] "POST /serraazul/web/xmds.php?v=5&method=mediaInventory HTTP/2.0" 200 518 "-" "ksoap2-android/2.6.0+;version=3.6.4"
189.84.180.165 - - [30/Nov/2024:05:32:18 -0300] "POST /serraazul/web/xmds.php?v=5&method=notifyStatus HTTP/2.0" 200 514 "-" "ksoap2-android/2.6.0+;version=3.6.4"
200.159.135.242 - - [30/Nov/2024:05:32:23 -0300] "GET /midiatech/web/xmds.php?what HTTP/2.0" 200 1 "-" "okhttp/3.12.1"
186.219.147.112 - - [30/Nov/2024:05:32:25 -0300] "GET /mixmidia/web/xmds.php?what HTTP/2.0" 200 1 "-" "okhttp/3.12.1"
186.219.147.112 - - [30/Nov/2024:05:32:25 -0300] "POST /mixmidia/web/xmds.php?v=5&method=registerDisplay HTTP/2.0" 200 3211 "-" "ksoap2-android/2.6.0+;version=3.6.4"
191.255.221.41 - - [30/Nov/2024:05:32:25 -0300] "GET /mixmidia/web/xmds.php?what HTTP/2.0" 200 1 "-" "okhttp/3.12.1"
187.106.36.87 - - [30/Nov/2024:05:32:25 -0300] "GET /mixmidia/web/xmds.php?what HTTP/2.0" 200 1 "-" "okhttp/3.12.1"
186.219.147.112 - - [30/Nov/2024:05:32:25 -0300] "POST /mixmidia/web/xmds.php?v=5&method=mediaInventory HTTP/2.0" 200 518 "-" "ksoap2-android/2.6.0+;version=3.6.4"
186.219.147.112 - - [30/Nov/2024:05:32:26 -0300] "POST /mixmidia/web/xmds.php?v=5&method=notifyStatus HTTP/2.0" 200 514 "-" "ksoap2-android/2.6.0+;version=3.6.4"
187.106.36.87 - - [30/Nov/2024:05:32:26 -0300] "POST /mixmidia/web/xmds.php?v=5&method=registerDisplay HTTP/2.0" 200 3225 "-" "ksoap2-android/2.6.0+;version=3.6.4"
185.191.171.6 - - [30/Nov/2024:05:32:26 -0300] "GET /fmd/vendor/james-heinrich/getid3/licenses/?path=%2Fhome%2Fmgatv524%2Ftabelado.com%2Fboiecia3%2Fvendor%2Ftwig%2Ftwig%2Flib%2FTwig%2FProfiler%2FDumper HTTP/1.1" 200 1826 "-" "Mozilla/5.0 (compatible; SemrushBot/7~bl; +http://www.semrush.com/bot.html)"
187.106.36.87 - - [30/Nov/2024:05:32:26 -0300] "POST /mixmidia/web/xmds.php?v=5&method=mediaInventory HTTP/2.0" 200 518 "-" "ksoap2-android/2.6.0+;version=3.6.4"
187.106.36.87 - - [30/Nov/2024:05:32:26 -0300] "POST /mixmidia/web/xmds.php?v=5&method=notifyStatus HTTP/2.0" 200 514 "-" "ksoap2-android/2.6.0+;version=3.6.4"
177.184.74.96 - - [30/Nov/2024:05:32:31 -0300] "GET /serraazul/web/xmds.php?what HTTP/2.0" 200 1 "-" "okhttp/3.12.1"
85.208.96.211 - - [30/Nov/2024:05:32:32 -0300] "GET /sommatv/vendor/paragonie/random_compat/dist/random_compat.phar.pubkey HTTP/1.1" 200 215 "-" "Mozilla/5.0 (compatible; SemrushBot/7~bl; +http://www.semrush.com/bot.html)"
45.182.48.174 - - [30/Nov/2024:05:32:33 -0300] "GET /mixmidia/web/xmds.php?what HTTP/2.0" 200 1 "-" "okhttp/3.12.1"
45.182.48.174 - - [30/Nov/2024:05:32:33 -0300] "POST /mixmidia/web/xmds.php?v=5&method=registerDisplay HTTP/2.0" 200 3186 "-" "ksoap2-android/2.6.0+;version=3.6.4"
45.182.48.174 - - [30/Nov/2024:05:32:34 -0300] "POST /mixmidia/web/xmds.php?v=5&method=mediaInventory HTTP/2.0" 200 518 "-" "ksoap2-android/2.6.0+;version=3.6.4"
45.182.48.174 - - [30/Nov/2024:05:32:34 -0300] "POST /mixmidia/web/xmds.php?v=5&method=notifyStatus HTTP/2.0" 200 514 "-" "ksoap2-android/2.6.0+;version=3.6.4"
187.101.139.44 - - [30/Nov/2024:05:32:36 -0300] "GET /mixmidia/web/xmds.php?what HTTP/2.0" 200 1 "-" "okhttp/3.12.1"
66.249.72.108 - - [30/Nov/2024:05:32:36 -0300] "GET /giga/vendor/emojione/emojione/assets/svg/23EC.svg HTTP/1.1" 200 559 "-" "Googlebot-Image/1.0"
191.255.221.41 - - [30/Nov/2024:05:32:39 -0300] "GET /mixmidia/web/xmds.php?what HTTP/2.0" 200 1 "-" "okhttp/3.12.1"
131.196.76.235 - - [30/Nov/2024:05:32:39 -0300] "GET /mixmidia/web/xmds.php?what HTTP/2.0" 200 1 "-" "okhttp/3.12.1"
191.255.221.41 - - [30/Nov/2024:05:32:39 -0300] "POST /mixmidia/web/xmds.php?v=5&method=registerDisplay HTTP/2.0" 200 3229 "-" "ksoap2-android/2.6.0+;version=3.6.4"
179.135.206.11 - - [30/Nov/2024:05:32:39 -0300] "GET /mixmidia/web/xmds.php?what HTTP/2.0" 200 1 "-" "okhttp/3.12.1"
191.255.221.41 - - [30/Nov/2024:05:32:39 -0300] "POST /mixmidia/web/xmds.php?v=5&method=getFile HTTP/2.0" 500 286 "-" "ksoap2-android/2.6.0+;version=3.6.4"
191.255.221.41 - - [30/Nov/2024:05:32:39 -0300] "POST /mixmidia/web/xmds.php?v=5&method=getFile HTTP/2.0" 500 286 "-" "ksoap2-android/2.6.0+;version=3.6.4"
191.255.221.41 - - [30/Nov/2024:05:32:39 -0300] "POST /mixmidia/web/xmds.php?v=5&method=mediaInventory HTTP/2.0" 200 518 "-" "ksoap2-android/2.6.0+;version=3.6.4"
179.135.206.11 - - [30/Nov/2024:05:32:39 -0300] "GET /mixmidia/web/xmds.php?what HTTP/2.0" 200 1 "-" "okhttp/3.12.1"
191.255.221.41 - - [30/Nov/2024:05:32:40 -0300] "POST /mixmidia/web/xmds.php?v=5&method=notifyStatus HTTP/2.0" 200 514 "-" "ksoap2-android/2.6.0+;version=3.6.4"
179.135.206.11 - - [30/Nov/2024:05:32:40 -0300] "POST /mixmidia/web/xmds.php?v=5&method=registerDisplay HTTP/2.0" 500 392 "-" "ksoap2-android/2.6.0+;version=3.6.4"
191.255.221.41 - - [30/Nov/2024:05:32:40 -0300] "POST /mixmidia/web/xmds.php?v=5&method=getFile HTTP/2.0" 500 286 "-" "ksoap2-android/2.6.0+;version=3.6.4"
187.101.139.44 - - [30/Nov/2024:05:32:40 -0300] "GET /mixmidia/web/xmds.php?what HTTP/2.0" 200 1 "-" "okhttp/3.12.1"
191.255.221.41 - - [30/Nov/2024:05:32:40 -0300] "POST /mixmidia/web/xmds.php?v=5&method=getFile HTTP/2.0" 500 286 "-" "ksoap2-android/2.6.0+;version=3.6.4"
191.255.221.41 - - [30/Nov/2024:05:32:40 -0300] "POST /mixmidia/web/xmds.php?v=5&method=getFile HTTP/2.0" 500 286 "-" "ksoap2-android/2.6.0+;version=3.6.4"
187.101.139.44 - - [30/Nov/2024:05:32:40 -0300] "POST /mixmidia/web/xmds.php?v=5&method=registerDisplay HTTP/2.0" 200 3210 "-" "ksoap2-android/2.6.0+;version=3.6.4"
191.255.221.41 - - [30/Nov/2024:05:32:40 -0300] "POST /mixmidia/web/xmds.php?v=5&method=getFile HTTP/2.0" 500 286 "-" "ksoap2-android/2.6.0+;version=3.6.4"
187.101.139.44 - - [30/Nov/2024:05:32:41 -0300] "POST /mixmidia/web/xmds.php?v=5&method=notifyStatus HTTP/2.0" 200 514 "-" "ksoap2-android/2.6.0+;version=3.6.4"
191.255.221.41 - - [30/Nov/2024:05:32:41 -0300] "POST /mixmidia/web/xmds.php?v=5&method=getFile HTTP/2.0" 500 286 "-" "ksoap2-android/2.6.0+;version=3.6.4"
85.208.96.205 - - [30/Nov/2024:05:32:41 -0300] "GET /somares/vendor/abraham/twitteroauth/src/Consumer.php HTTP/1.1" 200 - "-" "Mozilla/5.0 (compatible; SemrushBot/7~bl; +http://www.semrush.com/bot.html)"
177.184.79.230 - - [30/Nov/2024:05:32:41 -0300] "POST /serraazul/web/xmds.php?v=5&method=getResource HTTP/2.0" 200 15818 "-" "ksoap2-android/2.6.0+;version=3.6.4"
191.255.221.41 - - [30/Nov/2024:05:32:41 -0300] "POST /mixmidia/web/xmds.php?v=5&method=getFile HTTP/2.0" 500 286 "-" "ksoap2-android/2.6.0+;version=3.6.4"
189.84.180.165 - - [30/Nov/2024:05:32:41 -0300] "GET /serraazul/web/xmds.php?what HTTP/2.0" 200 1 "-" "okhttp/3.12.1"
191.255.221.41 - - [30/Nov/2024:05:32:41 -0300] "POST /mixmidia/web/xmds.php?v=5&method=getFile HTTP/2.0" 500 286 "-" "ksoap2-android/2.6.0+;version=3.6.4"
191.255.221.41 - - [30/Nov/2024:05:32:42 -0300] "POST /mixmidia/web/xmds.php?v=5&method=getFile HTTP/2.0" 500 286 "-" "ksoap2-android/2.6.0+;version=3.6.4"
191.255.221.41 - - [30/Nov/2024:05:32:42 -0300] "POST /mixmidia/web/xmds.php?v=5&method=getFile HTTP/2.0" 500 286 "-" "ksoap2-android/2.6.0+;version=3.6.4"
191.255.221.41 - - [30/Nov/2024:05:32:42 -0300] "POST /mixmidia/web/xmds.php?v=5&method=getFile HTTP/2.0" 500 286 "-" "ksoap2-android/2.6.0+;version=3.6.4"
191.255.221.41 - - [30/Nov/2024:05:32:42 -0300] "POST /mixmidia/web/xmds.php?v=5&method=getFile HTTP/2.0" 500 286 "-" "ksoap2-android/2.6.0+;version=3.6.4"
191.255.221.41 - - [30/Nov/2024:05:32:43 -0300] "POST /mixmidia/web/xmds.php?v=5&method=getFile HTTP/2.0" 500 286 "-" "ksoap2-android/2.6.0+;version=3.6.4"
191.255.221.41 - - [30/Nov/2024:05:32:43 -0300] "POST /mixmidia/web/xmds.php?v=5&method=getFile HTTP/2.0" 500 286 "-" "ksoap2-android/2.6.0+;version=3.6.4"
191.255.221.41 - - [30/Nov/2024:05:32:43 -0300] "POST /mixmidia/web/xmds.php?v=5&method=getFile HTTP/2.0" 500 286 "-" "ksoap2-android/2.6.0+;version=3.6.4"
191.255.221.41 - - [30/Nov/2024:05:32:44 -0300] "POST /mixmidia/web/xmds.php?v=5&method=getFile HTTP/2.0" 500 286 "-" "ksoap2-android/2.6.0+;version=3.6.4"
177.60.61.146 - - [30/Nov/2024:05:32:44 -0300] "GET /mixmidia/web/xmds.php?what HTTP/2.0" 200 1 "-" "okhttp/3.12.1"
191.255.221.41 - - [30/Nov/2024:05:32:44 -0300] "POST /mixmidia/web/xmds.php?v=5&method=getFile HTTP/2.0" 500 286 "-" "ksoap2-android/2.6.0+;version=3.6.4"
57.141.3.13 - - [30/Nov/2024:05:32:44 -0300] "GET /fmd/vendor/james-heinrich/getid3/licenses/?filesrc=/home/mgatv524/public_html/avenida/vendor/composer/autoload_real.php&path=/home/mgatv524/public_html/avenida/vendor/composer HTTP/2.0" 200 1826 "-" "meta-externalagent/1.1 (+https://developers.facebook.com/docs/sharing/webmasters/crawler)"
177.60.61.146 - - [30/Nov/2024:05:32:44 -0300] "GET /mixmidia/web/xmds.php?what HTTP/2.0" 200 1 "-" "okhttp/3.12.1"
177.60.61.146 - - [30/Nov/2024:05:32:44 -0300] "POST /mixmidia/web/xmds.php?v=5&method=registerDisplay HTTP/2.0" 500 392 "-" "ksoap2-android/2.6.0+;version=3.6.4"
191.255.221.41 - - [30/Nov/2024:05:32:44 -0300] "POST /mixmidia/web/xmds.php?v=5&method=getFile HTTP/2.0" 500 286 "-" "ksoap2-android/2.6.0+;version=3.6.4"
191.255.221.41 - - [30/Nov/2024:05:32:45 -0300] "POST /mixmidia/web/xmds.php?v=5&method=getFile HTTP/2.0" 500 286 "-" "ksoap2-android/2.6.0+;version=3.6.4"
131.196.76.235 - - [30/Nov/2024:05:32:45 -0300] "GET /mixmidia/web/xmds.php?what HTTP/2.0" 200 1 "-" "okhttp/3.12.1"
191.255.221.41 - - [30/Nov/2024:05:32:45 -0300] "POST /mixmidia/web/xmds.php?v=5&method=getFile HTTP/2.0" 500 286 "-" "ksoap2-android/2.6.0+;version=3.6.4"
191.255.221.41 - - [30/Nov/2024:05:32:45 -0300] "POST /mixmidia/web/xmds.php?v=5&method=getFile HTTP/2.0" 500 286 "-" "ksoap2-android/2.6.0+;version=3.6.4"
131.196.76.235 - - [30/Nov/2024:05:32:45 -0300] "POST /mixmidia/web/xmds.php?v=5&method=registerDisplay HTTP/2.0" 200 3231 "-" "ksoap2-android/2.6.0+;version=3.6.4"
131.196.76.235 - - [30/Nov/2024:05:32:45 -0300] "POST /mixmidia/web/xmds.php?v=5&method=mediaInventory HTTP/2.0" 200 518 "-" "ksoap2-android/2.6.0+;version=3.6.4"
191.255.221.41 - - [30/Nov/2024:05:32:45 -0300] "POST /mixmidia/web/xmds.php?v=5&method=getFile HTTP/2.0" 500 286 "-" "ksoap2-android/2.6.0+;version=3.6.4"
191.255.221.41 - - [30/Nov/2024:05:32:46 -0300] "POST /mixmidia/web/xmds.php?v=5&method=getFile HTTP/2.0" 500 286 "-" "ksoap2-android/2.6.0+;version=3.6.4"
131.196.76.235 - - [30/Nov/2024:05:32:46 -0300] "POST /mixmidia/web/xmds.php?v=5&method=notifyStatus HTTP/2.0" 200 514 "-" "ksoap2-android/2.6.0+;version=3.6.4"
191.255.221.41 - - [30/Nov/2024:05:32:46 -0300] "POST /mixmidia/web/xmds.php?v=5&method=getFile HTTP/2.0" 500 286 "-" "ksoap2-android/2.6.0+;version=3.6.4"
191.255.221.41 - - [30/Nov/2024:05:32:46 -0300] "POST /mixmidia/web/xmds.php?v=5&method=getFile HTTP/2.0" 500 286 "-" "ksoap2-android/2.6.0+;version=3.6.4"
191.255.221.41 - - [30/Nov/2024:05:32:47 -0300] "POST /mixmidia/web/xmds.php?v=5&method=getFile HTTP/2.0" 500 286 "-" "ksoap2-android/2.6.0+;version=3.6.4"
191.255.221.41 - - [30/Nov/2024:05:32:47 -0300] "POST /mixmidia/web/xmds.php?v=5&method=getFile HTTP/2.0" 500 286 "-" "ksoap2-android/2.6.0+;version=3.6.4"
191.255.221.41 - - [30/Nov/2024:05:32:47 -0300] "POST /mixmidia/web/xmds.php?v=5&method=mediaInventory HTTP/2.0" 200 518 "-" "ksoap2-android/2.6.0+;version=3.6.4"
177.184.74.136 - - [30/Nov/2024:05:32:51 -0300] "POST /serraazul/web/xmds.php?v=5&method=getResource HTTP/2.0" 200 3628 "-" "ksoap2-android/2.6.0+;version=3.6.4"
200.159.135.242 - - [30/Nov/2024:05:32:57 -0300] "GET /midiatech/web/xmds.php?what HTTP/2.0" 200 1 "-" "okhttp/3.12.1"
200.159.135.242 - - [30/Nov/2024:05:32:58 -0300] "POST /midiatech/web/xmds.php?v=5&method=registerDisplay HTTP/2.0" 200 3136 "-" "ksoap2-android/2.6.0+;version=3.6.4"
200.159.135.242 - - [30/Nov/2024:05:32:58 -0300] "POST /midiatech/web/xmds.php?v=5&method=notifyStatus HTTP/2.0" 200 514 "-" "ksoap2-android/2.6.0+;version=3.6.4"
200.159.135.242 - - [30/Nov/2024:05:33:00 -0300] "GET /midiatech/web/xmds.php?what HTTP/2.0" 200 1 "-" "okhttp/3.12.1"
177.60.61.146 - - [30/Nov/2024:05:33:00 -0300] "GET /mixmidia/web/xmds.php?what HTTP/2.0" 200 1 "-" "okhttp/3.12.1"
