131.196.76.235 - - [30/Nov/2024:05:48:46 -0300] "POST /mixmidia/web/xmds.php?v=5&method=mediaInventory HTTP/2.0" 200 518 "-" "ksoap2-android/2.6.0+;version=3.6.4"
131.196.76.235 - - [30/Nov/2024:05:48:46 -0300] "POST /mixmidia/web/xmds.php?v=5&method=notifyStatus HTTP/2.0" 200 514 "-" "ksoap2-android/2.6.0+;version=3.6.4"
177.184.79.230 - - [30/Nov/2024:05:48:46 -0300] "POST /serraazul/web/xmds.php?v=5&method=getResource HTTP/2.0" 200 15818 "-" "ksoap2-android/2.6.0+;version=3.6.4"
177.184.74.235 - - [30/Nov/2024:05:48:47 -0300] "GET /serraazul/web/xmds.php?what HTTP/2.0" 200 1 "-" "okhttp/3.12.1"
177.184.74.136 - - [30/Nov/2024:05:48:49 -0300] "GET /serraazul/web/xmds.php?what HTTP/2.0" 200 1 "-" "okhttp/3.12.1"
177.184.74.136 - - [30/Nov/2024:05:48:49 -0300] "POST /serraazul/web/xmds.php?v=5&method=registerDisplay HTTP/2.0" 200 3151 "-" "ksoap2-android/2.6.0+;version=3.6.4"
177.184.74.136 - - [30/Nov/2024:05:48:49 -0300] "POST /serraazul/web/xmds.php?v=5&method=schedule HTTP/2.0" 200 2677 "-" "ksoap2-android/2.6.0+;version=3.6.4"
177.60.61.146 - - [30/Nov/2024:05:48:44 -0300] "POST /mixmidia/web/xmds.php?v=5&method=registerDisplay HTTP/2.0" 500 392 "-" "ksoap2-android/2.6.0+;version=3.6.4"
177.184.74.136 - - [30/Nov/2024:05:48:50 -0300] "POST /serraazul/web/xmds.php?v=5&method=requiredFiles HTTP/2.0" 200 7486 "-" "ksoap2-android/2.6.0+;version=3.6.4"
177.184.74.136 - - [30/Nov/2024:05:48:50 -0300] "POST /serraazul/web/xmds.php?v=5&method=getResource HTTP/2.0" 200 3628 "-" "ksoap2-android/2.6.0+;version=3.6.4"
177.184.74.136 - - [30/Nov/2024:05:48:50 -0300] "POST /serraazul/web/xmds.php?v=5&method=getResource HTTP/2.0" 200 13768 "-" "ksoap2-android/2.6.0+;version=3.6.4"
177.184.74.136 - - [30/Nov/2024:05:48:50 -0300] "POST /serraazul/web/xmds.php?v=5&method=mediaInventory HTTP/2.0" 200 518 "-" "ksoap2-android/2.6.0+;version=3.6.4"
185.191.171.5 - - [30/Nov/2024:05:48:51 -0300] "GET /fmd/vendor/james-heinrich/getid3/licenses/?option&path=%2Fhome%2Fmgatv524%2Fwww%2Fedurocha%2Fweb%2Fdist%2Fvendor%2Fckeditor%2Fplugins%2Fiframe HTTP/1.1" 200 1826 "-" "Mozilla/5.0 (compatible; SemrushBot/7~bl; +http://www.semrush.com/bot.html)"
177.184.74.136 - - [30/Nov/2024:05:48:51 -0300] "POST /serraazul/web/xmds.php?v=5&method=notifyStatus HTTP/2.0" 200 514 "-" "ksoap2-android/2.6.0+;version=3.6.4"
177.184.74.136 - - [30/Nov/2024:05:48:51 -0300] "POST /serraazul/web/xmds.php?v=5&method=mediaInventory HTTP/2.0" 200 518 "-" "ksoap2-android/2.6.0+;version=3.6.4"
191.255.221.41 - - [30/Nov/2024:05:48:54 -0300] "GET /mixmidia/web/xmds.php?what HTTP/2.0" 200 1 "-" "okhttp/3.12.1"
191.255.221.41 - - [30/Nov/2024:05:48:55 -0300] "POST /mixmidia/web/xmds.php?v=5&method=registerDisplay HTTP/2.0" 200 3229 "-" "ksoap2-android/2.6.0+;version=3.6.4"
191.255.221.41 - - [30/Nov/2024:05:48:55 -0300] "POST /mixmidia/web/xmds.php?v=5&method=getFile HTTP/2.0" 500 286 "-" "ksoap2-android/2.6.0+;version=3.6.4"
191.255.221.41 - - [30/Nov/2024:05:48:55 -0300] "POST /mixmidia/web/xmds.php?v=5&method=getFile HTTP/2.0" 500 286 "-" "ksoap2-android/2.6.0+;version=3.6.4"
191.255.221.41 - - [30/Nov/2024:05:48:55 -0300] "POST /mixmidia/web/xmds.php?v=5&method=mediaInventory HTTP/2.0" 200 518 "-" "ksoap2-android/2.6.0+;version=3.6.4"
191.255.221.41 - - [30/Nov/2024:05:48:56 -0300] "POST /mixmidia/web/xmds.php?v=5&method=notifyStatus HTTP/2.0" 200 514 "-" "ksoap2-android/2.6.0+;version=3.6.4"
191.255.221.41 - - [30/Nov/2024:05:48:56 -0300] "POST /mixmidia/web/xmds.php?v=5&method=getFile HTTP/2.0" 500 286 "-" "ksoap2-android/2.6.0+;version=3.6.4"
191.255.221.41 - - [30/Nov/2024:05:48:56 -0300] "POST /mixmidia/web/xmds.php?v=5&method=getFile HTTP/2.0" 500 286 "-" "ksoap2-android/2.6.0+;version=3.6.4"
191.255.221.41 - - [30/Nov/2024:05:48:56 -0300] "POST /mixmidia/web/xmds.php?v=5&method=getFile HTTP/2.0" 500 286 "-" "ksoap2-android/2.6.0+;version=3.6.4"
191.255.221.41 - - [30/Nov/2024:05:48:56 -0300] "POST /mixmidia/web/xmds.php?v=5&method=getFile HTTP/2.0" 500 286 "-" "ksoap2-android/2.6.0+;version=3.6.4"
191.255.221.41 - - [30/Nov/2024:05:48:57 -0300] "POST /mixmidia/web/xmds.php?v=5&method=getFile HTTP/2.0" 500 286 "-" "ksoap2-android/2.6.0+;version=3.6.4"
191.255.221.41 - - [30/Nov/2024:05:48:57 -0300] "POST /mixmidia/web/xmds.php?v=5&method=getFile HTTP/2.0" 500 286 "-" "ksoap2-android/2.6.0+;version=3.6.4"
191.255.221.41 - - [30/Nov/2024:05:48:57 -0300] "POST /mixmidia/web/xmds.php?v=5&method=getFile HTTP/2.0" 500 286 "-" "ksoap2-android/2.6.0+;version=3.6.4"
191.255.221.41 - - [30/Nov/2024:05:48:58 -0300] "POST /mixmidia/web/xmds.php?v=5&method=getFile HTTP/2.0" 500 286 "-" "ksoap2-android/2.6.0+;version=3.6.4"
185.191.171.13 - - [30/Nov/2024:05:48:58 -0300] "GET /edurocha/vendor/illuminate/contracts/Routing/UrlGenerator.php HTTP/1.1" 200 - "-" "Mozilla/5.0 (compatible; SemrushBot/7~bl; +http://www.semrush.com/bot.html)"
191.255.221.41 - - [30/Nov/2024:05:48:58 -0300] "POST /mixmidia/web/xmds.php?v=5&method=getFile HTTP/2.0" 500 286 "-" "ksoap2-android/2.6.0+;version=3.6.4"
191.255.221.41 - - [30/Nov/2024:05:48:58 -0300] "POST /mixmidia/web/xmds.php?v=5&method=getFile HTTP/2.0" 500 286 "-" "ksoap2-android/2.6.0+;version=3.6.4"
191.255.221.41 - - [30/Nov/2024:05:48:58 -0300] "POST /mixmidia/web/xmds.php?v=5&method=getFile HTTP/2.0" 500 286 "-" "ksoap2-android/2.6.0+;version=3.6.4"
191.255.221.41 - - [30/Nov/2024:05:48:59 -0300] "POST /mixmidia/web/xmds.php?v=5&method=getFile HTTP/2.0" 500 286 "-" "ksoap2-android/2.6.0+;version=3.6.4"
191.255.221.41 - - [30/Nov/2024:05:48:59 -0300] "POST /mixmidia/web/xmds.php?v=5&method=getFile HTTP/2.0" 500 286 "-" "ksoap2-android/2.6.0+;version=3.6.4"
191.255.221.41 - - [30/Nov/2024:05:48:59 -0300] "POST /mixmidia/web/xmds.php?v=5&method=getFile HTTP/2.0" 500 286 "-" "ksoap2-android/2.6.0+;version=3.6.4"
191.255.221.41 - - [30/Nov/2024:05:49:00 -0300] "POST /mixmidia/web/xmds.php?v=5&method=getFile HTTP/2.0" 500 286 "-" "ksoap2-android/2.6.0+;version=3.6.4"
200.159.135.242 - - [30/Nov/2024:05:49:00 -0300] "GET /midiatech/web/xmds.php?what HTTP/2.0" 200 1 "-" "okhttp/3.12.1"
191.255.221.41 - - [30/Nov/2024:05:49:00 -0300] "POST /mixmidia/web/xmds.php?v=5&method=getFile HTTP/2.0" 500 286 "-" "ksoap2-android/2.6.0+;version=3.6.4"
200.159.135.242 - - [30/Nov/2024:05:49:00 -0300] "POST /midiatech/web/xmds.php?v=5&method=registerDisplay HTTP/2.0" 200 3121 "-" "ksoap2-android/2.6.0+;version=3.6.4"
191.255.221.41 - - [30/Nov/2024:05:49:00 -0300] "POST /mixmidia/web/xmds.php?v=5&method=getFile HTTP/2.0" 500 286 "-" "ksoap2-android/2.6.0+;version=3.6.4"
200.159.135.242 - - [30/Nov/2024:05:49:00 -0300] "POST /midiatech/web/xmds.php?v=5&method=mediaInventory HTTP/2.0" 200 518 "-" "ksoap2-android/2.6.0+;version=3.6.4"
191.255.221.41 - - [30/Nov/2024:05:49:00 -0300] "POST /mixmidia/web/xmds.php?v=5&method=getFile HTTP/2.0" 500 286 "-" "ksoap2-android/2.6.0+;version=3.6.4"
200.159.135.242 - - [30/Nov/2024:05:49:00 -0300] "POST /midiatech/web/xmds.php?v=5&method=getResource HTTP/2.0" 200 23649 "-" "ksoap2-android/2.6.0+;version=3.6.4"
200.159.135.242 - - [30/Nov/2024:05:49:01 -0300] "POST /midiatech/web/xmds.php?v=5&method=getResource HTTP/2.0" 200 13881 "-" "ksoap2-android/2.6.0+;version=3.6.4"
200.159.135.242 - - [30/Nov/2024:05:49:01 -0300] "POST /midiatech/web/xmds.php?v=5&method=notifyStatus HTTP/2.0" 200 514 "-" "ksoap2-android/2.6.0+;version=3.6.4"
191.255.221.41 - - [30/Nov/2024:05:49:01 -0300] "POST /mixmidia/web/xmds.php?v=5&method=getFile HTTP/2.0" 500 286 "-" "ksoap2-android/2.6.0+;version=3.6.4"
191.255.221.41 - - [30/Nov/2024:05:49:01 -0300] "POST /mixmidia/web/xmds.php?v=5&method=getFile HTTP/2.0" 500 286 "-" "ksoap2-android/2.6.0+;version=3.6.4"
177.60.61.146 - - [30/Nov/2024:05:49:01 -0300] "GET /mixmidia/web/xmds.php?what HTTP/2.0" 200 1 "-" "okhttp/3.12.1"
200.159.135.242 - - [30/Nov/2024:05:49:01 -0300] "GET /midiatech/web/xmds.php?what HTTP/2.0" 200 1 "-" "okhttp/3.12.1"
191.255.221.41 - - [30/Nov/2024:05:49:01 -0300] "POST /mixmidia/web/xmds.php?v=5&method=getFile HTTP/2.0" 500 286 "-" "ksoap2-android/2.6.0+;version=3.6.4"
177.60.61.146 - - [30/Nov/2024:05:49:02 -0300] "GET /mixmidia/web/xmds.php?what HTTP/2.0" 200 1 "-" "okhttp/3.12.1"
200.159.135.242 - - [30/Nov/2024:05:49:02 -0300] "POST /midiatech/web/xmds.php?v=5&method=registerDisplay HTTP/2.0" 200 3136 "-" "ksoap2-android/2.6.0+;version=3.6.4"
191.255.221.41 - - [30/Nov/2024:05:49:02 -0300] "POST /mixmidia/web/xmds.php?v=5&method=getFile HTTP/2.0" 500 286 "-" "ksoap2-android/2.6.0+;version=3.6.4"
177.60.61.146 - - [30/Nov/2024:05:49:02 -0300] "POST /mixmidia/web/xmds.php?v=5&method=registerDisplay HTTP/2.0" 500 392 "-" "ksoap2-android/2.6.0+;version=3.6.4"
191.255.221.41 - - [30/Nov/2024:05:49:02 -0300] "POST /mixmidia/web/xmds.php?v=5&method=getFile HTTP/2.0" 500 286 "-" "ksoap2-android/2.6.0+;version=3.6.4"
200.159.135.242 - - [30/Nov/2024:05:49:02 -0300] "POST /midiatech/web/xmds.php?v=5&method=notifyStatus HTTP/2.0" 200 514 "-" "ksoap2-android/2.6.0+;version=3.6.4"
191.255.221.41 - - [30/Nov/2024:05:49:02 -0300] "POST /mixmidia/web/xmds.php?v=5&method=getFile HTTP/2.0" 500 286 "-" "ksoap2-android/2.6.0+;version=3.6.4"
57.141.3.14 - - [30/Nov/2024:05:49:02 -0300] "GET /fmd/vendor/james-heinrich/getid3/licenses/?filesrc=/home/mgatv524/lot.mgaplay.com.br/modules/menuboard/menuboard2.template.json&path=/home/mgatv524/lot.mgaplay.com.br/modules/menuboard HTTP/2.0" 200 1826 "-" "meta-externalagent/1.1 (+https://developers.facebook.com/docs/sharing/webmasters/crawler)"
191.255.221.41 - - [30/Nov/2024:05:49:03 -0300] "POST /mixmidia/web/xmds.php?v=5&method=getFile HTTP/2.0" 500 286 "-" "ksoap2-android/2.6.0+;version=3.6.4"
191.255.221.41 - - [30/Nov/2024:05:49:03 -0300] "POST /mixmidia/web/xmds.php?v=5&method=getFile HTTP/2.0" 500 286 "-" "ksoap2-android/2.6.0+;version=3.6.4"
191.255.221.41 - - [30/Nov/2024:05:49:03 -0300] "POST /mixmidia/web/xmds.php?v=5&method=mediaInventory HTTP/2.0" 200 518 "-" "ksoap2-android/2.6.0+;version=3.6.4"
186.223.31.185 - - [30/Nov/2024:05:49:06 -0300] "GET /mixmidia/web/xmds.php?what HTTP/2.0" 200 1 "-" "okhttp/3.12.1"
186.223.31.185 - - [30/Nov/2024:05:49:06 -0300] "GET /mixmidia/web/xmds.php?what HTTP/2.0" 200 1 "-" "okhttp/3.12.1"
186.223.31.185 - - [30/Nov/2024:05:49:07 -0300] "POST /mixmidia/web/xmds.php?v=5&method=registerDisplay HTTP/2.0" 500 392 "-" "ksoap2-android/2.6.0+;version=3.6.4"
40.77.167.70 - - [30/Nov/2024:05:49:09 -0300] "GET /mespa/a2190464.html HTTP/2.0" 404 16 "-" "Mozilla/5.0 AppleWebKit/537.36 (KHTML, like Gecko; compatible; bingbot/2.0; +http://www.bing.com/bingbot.htm) Chrome/116.0.1938.76 Safari/537.36"
85.208.96.199 - - [30/Nov/2024:05:49:13 -0300] "GET /somares/vendor/myclabs/deep-copy/fixtures/f008/B.php HTTP/1.1" 500 - "-" "Mozilla/5.0 (compatible; SemrushBot/7~bl; +http://www.semrush.com/bot.html)"
185.191.171.5 - - [30/Nov/2024:05:49:18 -0300] "GET /mixmidia/vendor/twig/twig/lib/Twig/Sandbox/SecurityPolicy.php HTTP/1.1" 200 - "-" "Mozilla/5.0 (compatible; SemrushBot/7~bl; +http://www.semrush.com/bot.html)"
179.110.81.157 - - [30/Nov/2024:05:49:20 -0300] "GET /mixmidia/web/xmds.php?what HTTP/2.0" 200 1 "-" "okhttp/3.12.1"
179.110.81.157 - - [30/Nov/2024:05:49:20 -0300] "POST /mixmidia/web/xmds.php?v=5&method=registerDisplay HTTP/2.0" 500 392 "-" "ksoap2-android/2.6.0+;version=3.6.4"
177.60.61.146 - - [30/Nov/2024:05:49:21 -0300] "GET /mixmidia/web/xmds.php?what HTTP/2.0" 200 1 "-" "okhttp/3.12.1"
177.184.74.96 - - [30/Nov/2024:05:49:22 -0300] "GET /serraazul/web/xmds.php?what HTTP/2.0" 200 1 "-" "okhttp/3.12.1"
177.184.74.96 - - [30/Nov/2024:05:49:22 -0300] "POST /serraazul/web/xmds.php?v=5&method=registerDisplay HTTP/2.0" 200 3137 "-" "ksoap2-android/2.6.0+;version=3.6.4"
177.184.74.96 - - [30/Nov/2024:05:49:22 -0300] "POST /serraazul/web/xmds.php?v=5&method=notifyStatus HTTP/2.0" 200 514 "-" "ksoap2-android/2.6.0+;version=3.6.4"
191.8.164.41 - - [30/Nov/2024:05:49:23 -0300] "GET /mixmidia/web/xmds.php?what HTTP/2.0" 200 1 "-" "okhttp/3.12.1"
191.8.164.41 - - [30/Nov/2024:05:49:23 -0300] "GET /mixmidia/web/xmds.php?what HTTP/2.0" 200 1 "-" "okhttp/3.12.1"
191.8.164.41 - - [30/Nov/2024:05:49:23 -0300] "POST /mixmidia/web/xmds.php?v=5&method=registerDisplay HTTP/2.0" 500 392 "-" "ksoap2-android/2.6.0+;version=3.6.4"
191.8.164.41 - - [30/Nov/2024:05:49:24 -0300] "GET /mixmidia/web/xmds.php?what HTTP/2.0" 200 1 "-" "okhttp/3.12.1"
191.8.164.41 - - [30/Nov/2024:05:49:24 -0300] "POST /mixmidia/web/xmds.php?v=5&method=submitLog HTTP/2.0" 200 508 "-" "ksoap2-android/2.6.0+;version=3.6.4"
185.191.171.4 - - [30/Nov/2024:05:49:24 -0300] "GET /fmd/vendor/james-heinrich/getid3/licenses/?path=%2Fhome%2Fmgatv524%2Ftabelado.com%2Ftriunfo%2Fvendor%2Fevenement%2Fevenement%2Fsrc HTTP/1.1" 200 1826 "-" "Mozilla/5.0 (compatible; SemrushBot/7~bl; +http://www.semrush.com/bot.html)"
186.219.147.112 - - [30/Nov/2024:05:49:25 -0300] "GET /mixmidia/web/xmds.php?what HTTP/2.0" 200 1 "-" "okhttp/3.12.1"
186.219.147.112 - - [30/Nov/2024:05:49:25 -0300] "POST /mixmidia/web/xmds.php?v=5&method=registerDisplay HTTP/2.0" 200 3211 "-" "ksoap2-android/2.6.0+;version=3.6.4"
186.219.147.112 - - [30/Nov/2024:05:49:25 -0300] "POST /mixmidia/web/xmds.php?v=5&method=mediaInventory HTTP/2.0" 200 518 "-" "ksoap2-android/2.6.0+;version=3.6.4"
186.219.147.112 - - [30/Nov/2024:05:49:26 -0300] "POST /mixmidia/web/xmds.php?v=5&method=notifyStatus HTTP/2.0" 200 514 "-" "ksoap2-android/2.6.0+;version=3.6.4"
177.184.79.230 - - [30/Nov/2024:05:49:28 -0300] "POST /serraazul/web/xmds.php?v=5&method=getResource HTTP/2.0" 200 8388 "-" "ksoap2-android/2.6.0+;version=3.6.4"
177.184.79.230 - - [30/Nov/2024:05:49:28 -0300] "POST /serraazul/web/xmds.php?v=5&method=getResource HTTP/2.0" 200 7548 "-" "ksoap2-android/2.6.0+;version=3.6.4"
177.184.79.230 - - [30/Nov/2024:05:49:28 -0300] "POST /serraazul/web/xmds.php?v=5&method=getResource HTTP/2.0" 200 11168 "-" "ksoap2-android/2.6.0+;version=3.6.4"
177.184.79.230 - - [30/Nov/2024:05:49:28 -0300] "POST /serraazul/web/xmds.php?v=5&method=getResource HTTP/2.0" 200 3795 "-" "ksoap2-android/2.6.0+;version=3.6.4"
185.191.171.12 - - [30/Nov/2024:05:49:29 -0300] "GET /fmd/vendor/james-heinrich/getid3/licenses/?path=%2Fhome%2Fmgatv524%2Fpublic_html%2Fmixmidia%2Fvendor%2Finfostars%2Fpicofeed%2Flib%2FPicoFeed%2FParser HTTP/1.1" 200 1826 "-" "Mozilla/5.0 (compatible; SemrushBot/7~bl; +http://www.semrush.com/bot.html)"
187.106.36.87 - - [30/Nov/2024:05:49:29 -0300] "GET /mixmidia/web/xmds.php?what HTTP/2.0" 200 1 "-" "okhttp/3.12.1"
187.106.36.87 - - [30/Nov/2024:05:49:30 -0300] "POST /mixmidia/web/xmds.php?v=5&method=registerDisplay HTTP/2.0" 200 3225 "-" "ksoap2-android/2.6.0+;version=3.6.4"
187.106.36.87 - - [30/Nov/2024:05:49:30 -0300] "POST /mixmidia/web/xmds.php?v=5&method=mediaInventory HTTP/2.0" 200 518 "-" "ksoap2-android/2.6.0+;version=3.6.4"
187.106.36.87 - - [30/Nov/2024:05:49:30 -0300] "POST /mixmidia/web/xmds.php?v=5&method=notifyStatus HTTP/2.0" 200 514 "-" "ksoap2-android/2.6.0+;version=3.6.4"
177.184.74.96 - - [30/Nov/2024:05:49:32 -0300] "GET /serraazul/web/xmds.php?what HTTP/2.0" 200 1 "-" "okhttp/3.12.1"
177.184.74.96 - - [30/Nov/2024:05:49:32 -0300] "POST /serraazul/web/xmds.php?v=5&method=registerDisplay HTTP/2.0" 200 3174 "-" "ksoap2-android/2.6.0+;version=3.6.4"
177.184.74.96 - - [30/Nov/2024:05:49:33 -0300] "POST /serraazul/web/xmds.php?v=5&method=mediaInventory HTTP/2.0" 200 518 "-" "ksoap2-android/2.6.0+;version=3.6.4"
177.184.74.96 - - [30/Nov/2024:05:49:33 -0300] "POST /serraazul/web/xmds.php?v=5&method=notifyStatus HTTP/2.0" 200 514 "-" "ksoap2-android/2.6.0+;version=3.6.4"
45.182.48.174 - - [30/Nov/2024:05:49:33 -0300] "GET /mixmidia/web/xmds.php?what HTTP/2.0" 200 1 "-" "okhttp/3.12.1"
45.182.48.174 - - [30/Nov/2024:05:49:33 -0300] "POST /mixmidia/web/xmds.php?v=5&method=registerDisplay HTTP/2.0" 200 3186 "-" "ksoap2-android/2.6.0+;version=3.6.4"
45.182.48.174 - - [30/Nov/2024:05:49:34 -0300] "POST /mixmidia/web/xmds.php?v=5&method=mediaInventory HTTP/2.0" 200 518 "-" "ksoap2-android/2.6.0+;version=3.6.4"
45.182.48.174 - - [30/Nov/2024:05:49:34 -0300] "POST /mixmidia/web/xmds.php?v=5&method=notifyStatus HTTP/2.0" 200 514 "-" "ksoap2-android/2.6.0+;version=3.6.4"
179.135.206.11 - - [30/Nov/2024:05:49:39 -0300] "GET /mixmidia/web/xmds.php?what HTTP/2.0" 200 1 "-" "okhttp/3.12.1"
179.135.206.11 - - [30/Nov/2024:05:49:40 -0300] "GET /mixmidia/web/xmds.php?what HTTP/2.0" 200 1 "-" "okhttp/3.12.1"
179.135.206.11 - - [30/Nov/2024:05:49:40 -0300] "POST /mixmidia/web/xmds.php?v=5&method=registerDisplay HTTP/2.0" 500 392 "-" "ksoap2-android/2.6.0+;version=3.6.4"
191.8.164.41 - - [30/Nov/2024:05:49:40 -0300] "GET /mixmidia/web/xmds.php?what HTTP/2.0" 200 1 "-" "okhttp/3.12.1"
185.191.171.16 - - [30/Nov/2024:05:49:41 -0300] "GET /avenida/vendor/ircmaxell/random-lib/test/Unit/RandomLib/Mixer/HashTest.php HTTP/1.1" 500 - "-" "Mozilla/5.0 (compatible; SemrushBot/7~bl; +http://www.semrush.com/bot.html)"
187.101.139.44 - - [30/Nov/2024:05:49:41 -0300] "GET /mixmidia/web/xmds.php?what HTTP/2.0" 200 1 "-" "okhttp/3.12.1"
57.141.3.28 - - [30/Nov/2024:05:49:41 -0300] "GET /fmd/vendor/james-heinrich/getid3/licenses/?filesrc=/home/mgatv524/lot.mgaplay.com.br/vendor/emojione/emojione/assets/png/1F5A5.png&path=/home/mgatv524/lot.mgaplay.com.br/vendor/emojione/emojione/assets/png HTTP/2.0" 200 1826 "-" "meta-externalagent/1.1 (+https://developers.facebook.com/docs/sharing/webmasters/crawler)"
187.101.139.44 - - [30/Nov/2024:05:49:41 -0300] "POST /mixmidia/web/xmds.php?v=5&method=registerDisplay HTTP/2.0" 200 3210 "-" "ksoap2-android/2.6.0+;version=3.6.4"
187.101.139.44 - - [30/Nov/2024:05:49:41 -0300] "POST /mixmidia/web/xmds.php?v=5&method=notifyStatus HTTP/2.0" 200 514 "-" "ksoap2-android/2.6.0+;version=3.6.4"
177.60.61.146 - - [30/Nov/2024:05:49:44 -0300] "GET /mixmidia/web/xmds.php?what HTTP/2.0" 200 1 "-" "okhttp/3.12.1"
177.60.61.146 - - [30/Nov/2024:05:49:44 -0300] "GET /mixmidia/web/xmds.php?what HTTP/2.0" 200 1 "-" "okhttp/3.12.1"
177.60.61.146 - - [30/Nov/2024:05:49:44 -0300] "POST /mixmidia/web/xmds.php?v=5&method=registerDisplay HTTP/2.0" 500 392 "-" "ksoap2-android/2.6.0+;version=3.6.4"
131.196.76.235 - - [30/Nov/2024:05:49:45 -0300] "GET /mixmidia/web/xmds.php?what HTTP/2.0" 200 1 "-" "okhttp/3.12.1"
157.55.39.15 - - [30/Nov/2024:05:49:45 -0300] "GET /wskew/x2337543.html HTTP/2.0" 404 16 "-" "Mozilla/5.0 AppleWebKit/537.36 (KHTML, like Gecko; compatible; bingbot/2.0; +http://www.bing.com/bingbot.htm) Chrome/116.0.1938.76 Safari/537.36"
200.159.135.242 - - [30/Nov/2024:05:49:45 -0300] "GET /midiatech/web/xmds.php?what HTTP/2.0" 200 1 "-" "okhttp/3.12.1"
131.196.76.235 - - [30/Nov/2024:05:49:45 -0300] "POST /mixmidia/web/xmds.php?v=5&method=registerDisplay HTTP/2.0" 200 3231 "-" "ksoap2-android/2.6.0+;version=3.6.4"
131.196.76.235 - - [30/Nov/2024:05:49:46 -0300] "POST /mixmidia/web/xmds.php?v=5&method=mediaInventory HTTP/2.0" 200 518 "-" "ksoap2-android/2.6.0+;version=3.6.4"
131.196.76.235 - - [30/Nov/2024:05:49:46 -0300] "POST /mixmidia/web/xmds.php?v=5&method=notifyStatus HTTP/2.0" 200 514 "-" "ksoap2-android/2.6.0+;version=3.6.4"
191.255.221.41 - - [30/Nov/2024:05:49:54 -0300] "GET /mixmidia/web/xmds.php?what HTTP/2.0" 200 1 "-" "okhttp/3.12.1"
191.255.221.41 - - [30/Nov/2024:05:49:55 -0300] "POST /mixmidia/web/xmds.php?v=5&method=registerDisplay HTTP/2.0" 200 3229 "-" "ksoap2-android/2.6.0+;version=3.6.4"
191.255.221.41 - - [30/Nov/2024:05:49:55 -0300] "POST /mixmidia/web/xmds.php?v=5&method=getFile HTTP/2.0" 500 286 "-" "ksoap2-android/2.6.0+;version=3.6.4"
191.255.221.41 - - [30/Nov/2024:05:49:55 -0300] "POST /mixmidia/web/xmds.php?v=5&method=getFile HTTP/2.0" 500 286 "-" "ksoap2-android/2.6.0+;version=3.6.4"
191.255.221.41 - - [30/Nov/2024:05:49:55 -0300] "POST /mixmidia/web/xmds.php?v=5&method=mediaInventory HTTP/2.0" 200 518 "-" "ksoap2-android/2.6.0+;version=3.6.4"
191.255.221.41 - - [30/Nov/2024:05:49:56 -0300] "POST /mixmidia/web/xmds.php?v=5&method=notifyStatus HTTP/2.0" 200 514 "-" "ksoap2-android/2.6.0+;version=3.6.4"
177.184.74.96 - - [30/Nov/2024:05:49:56 -0300] "POST /serraazul/web/xmds.php?v=5&method=getResource HTTP/2.0" 200 30637 "-" "ksoap2-android/2.6.0+;version=3.6.4"
191.255.221.41 - - [30/Nov/2024:05:49:56 -0300] "POST /mixmidia/web/xmds.php?v=5&method=submitLog HTTP/2.0" 200 508 "-" "ksoap2-android/2.6.0+;version=3.6.4"
191.255.221.41 - - [30/Nov/2024:05:49:56 -0300] "POST /mixmidia/web/xmds.php?v=5&method=getFile HTTP/2.0" 500 286 "-" "ksoap2-android/2.6.0+;version=3.6.4"
191.255.221.41 - - [30/Nov/2024:05:49:56 -0300] "POST /mixmidia/web/xmds.php?v=5&method=getFile HTTP/2.0" 500 286 "-" "ksoap2-android/2.6.0+;version=3.6.4"
191.255.221.41 - - [30/Nov/2024:05:49:56 -0300] "POST /mixmidia/web/xmds.php?v=5&method=getFile HTTP/2.0" 500 286 "-" "ksoap2-android/2.6.0+;version=3.6.4"
191.255.221.41 - - [30/Nov/2024:05:49:56 -0300] "POST /mixmidia/web/xmds.php?v=5&method=getFile HTTP/2.0" 500 286 "-" "ksoap2-android/2.6.0+;version=3.6.4"
191.255.221.41 - - [30/Nov/2024:05:49:57 -0300] "POST /mixmidia/web/xmds.php?v=5&method=getFile HTTP/2.0" 500 286 "-" "ksoap2-android/2.6.0+;version=3.6.4"
191.255.221.41 - - [30/Nov/2024:05:49:57 -0300] "POST /mixmidia/web/xmds.php?v=5&method=getFile HTTP/2.0" 500 286 "-" "ksoap2-android/2.6.0+;version=3.6.4"
191.255.221.41 - - [30/Nov/2024:05:49:57 -0300] "POST /mixmidia/web/xmds.php?v=5&method=getFile HTTP/2.0" 500 286 "-" "ksoap2-android/2.6.0+;version=3.6.4"
191.255.221.41 - - [30/Nov/2024:05:49:58 -0300] "POST /mixmidia/web/xmds.php?v=5&method=getFile HTTP/2.0" 500 286 "-" "ksoap2-android/2.6.0+;version=3.6.4"
191.255.221.41 - - [30/Nov/2024:05:49:58 -0300] "POST /mixmidia/web/xmds.php?v=5&method=getFile HTTP/2.0" 500 286 "-" "ksoap2-android/2.6.0+;version=3.6.4"
191.255.221.41 - - [30/Nov/2024:05:49:58 -0300] "POST /mixmidia/web/xmds.php?v=5&method=getFile HTTP/2.0" 500 286 "-" "ksoap2-android/2.6.0+;version=3.6.4"
179.135.206.11 - - [30/Nov/2024:05:49:58 -0300] "GET /mixmidia/web/xmds.php?what HTTP/2.0" 200 1 "-" "okhttp/3.12.1"
191.255.221.41 - - [30/Nov/2024:05:49:59 -0300] "POST /mixmidia/web/xmds.php?v=5&method=getFile HTTP/2.0" 500 286 "-" "ksoap2-android/2.6.0+;version=3.6.4"
177.184.74.136 - - [30/Nov/2024:05:49:59 -0300] "GET /serraazul/web/xmds.php?what HTTP/2.0" 200 1 "-" "okhttp/3.12.1"
191.255.221.41 - - [30/Nov/2024:05:49:59 -0300] "POST /mixmidia/web/xmds.php?v=5&method=getFile HTTP/2.0" 500 286 "-" "ksoap2-android/2.6.0+;version=3.6.4"
191.255.221.41 - - [30/Nov/2024:05:49:59 -0300] "POST /mixmidia/web/xmds.php?v=5&method=getFile HTTP/2.0" 500 286 "-" "ksoap2-android/2.6.0+;version=3.6.4"
191.255.221.41 - - [30/Nov/2024:05:49:59 -0300] "POST /mixmidia/web/xmds.php?v=5&method=getFile HTTP/2.0" 500 286 "-" "ksoap2-android/2.6.0+;version=3.6.4"
191.255.221.41 - - [30/Nov/2024:05:50:00 -0300] "POST /mixmidia/web/xmds.php?v=5&method=getFile HTTP/2.0" 500 286 "-" "ksoap2-android/2.6.0+;version=3.6.4"
200.159.135.242 - - [30/Nov/2024:05:50:00 -0300] "GET /midiatech/web/xmds.php?what HTTP/2.0" 200 1 "-" "okhttp/3.12.1"
191.255.221.41 - - [30/Nov/2024:05:50:00 -0300] "POST /mixmidia/web/xmds.php?v=5&method=getFile HTTP/2.0" 500 286 "-" "ksoap2-android/2.6.0+;version=3.6.4"
200.159.135.242 - - [30/Nov/2024:05:50:00 -0300] "POST /midiatech/web/xmds.php?v=5&method=registerDisplay HTTP/2.0" 200 3121 "-" "ksoap2-android/2.6.0+;version=3.6.4"
177.60.61.146 - - [30/Nov/2024:05:50:00 -0300] "GET /mixmidia/web/xmds.php?what HTTP/2.0" 200 1 "-" "okhttp/3.12.1"
191.255.221.41 - - [30/Nov/2024:05:50:00 -0300] "POST /mixmidia/web/xmds.php?v=5&method=getFile HTTP/2.0" 500 286 "-" "ksoap2-android/2.6.0+;version=3.6.4"
200.159.135.242 - - [30/Nov/2024:05:50:01 -0300] "POST /midiatech/web/xmds.php?v=5&method=mediaInventory HTTP/2.0" 200 518 "-" "ksoap2-android/2.6.0+;version=3.6.4"
177.60.61.146 - - [30/Nov/2024:05:50:01 -0300] "GET /mixmidia/web/xmds.php?what HTTP/2.0" 200 1 "-" "okhttp/3.12.1"
191.255.221.41 - - [30/Nov/2024:05:50:01 -0300] "POST /mixmidia/web/xmds.php?v=5&method=getFile HTTP/2.0" 500 286 "-" "ksoap2-android/2.6.0+;version=3.6.4"
191.255.221.41 - - [30/Nov/2024:05:50:01 -0300] "POST /mixmidia/web/xmds.php?v=5&method=getFile HTTP/2.0" 500 286 "-" "ksoap2-android/2.6.0+;version=3.6.4"
200.159.135.242 - - [30/Nov/2024:05:50:01 -0300] "POST /midiatech/web/xmds.php?v=5&method=notifyStatus HTTP/2.0" 200 514 "-" "ksoap2-android/2.6.0+;version=3.6.4"
177.60.61.146 - - [30/Nov/2024:05:50:01 -0300] "POST /mixmidia/web/xmds.php?v=5&method=registerDisplay HTTP/2.0" 500 392 "-" "ksoap2-android/2.6.0+;version=3.6.4"
191.255.221.41 - - [30/Nov/2024:05:50:01 -0300] "POST /mixmidia/web/xmds.php?v=5&method=getFile HTTP/2.0" 500 286 "-" "ksoap2-android/2.6.0+;version=3.6.4"
191.255.221.41 - - [30/Nov/2024:05:50:02 -0300] "POST /mixmidia/web/xmds.php?v=5&method=getFile HTTP/2.0" 500 286 "-" "ksoap2-android/2.6.0+;version=3.6.4"
200.159.135.242 - - [30/Nov/2024:05:50:02 -0300] "GET /midiatech/web/xmds.php?what HTTP/2.0" 200 1 "-" "okhttp/3.12.1"
191.255.221.41 - - [30/Nov/2024:05:50:02 -0300] "POST /mixmidia/web/xmds.php?v=5&method=getFile HTTP/2.0" 500 286 "-" "ksoap2-android/2.6.0+;version=3.6.4"
191.255.221.41 - - [30/Nov/2024:05:50:02 -0300] "POST /mixmidia/web/xmds.php?v=5&method=getFile HTTP/2.0" 500 286 "-" "ksoap2-android/2.6.0+;version=3.6.4"
200.159.135.242 - - [30/Nov/2024:05:50:02 -0300] "POST /midiatech/web/xmds.php?v=5&method=registerDisplay HTTP/2.0" 200 3136 "-" "ksoap2-android/2.6.0+;version=3.6.4"
191.255.221.41 - - [30/Nov/2024:05:50:02 -0300] "POST /mixmidia/web/xmds.php?v=5&method=getFile HTTP/2.0" 500 286 "-" "ksoap2-android/2.6.0+;version=3.6.4"
200.159.135.242 - - [30/Nov/2024:05:50:02 -0300] "POST /midiatech/web/xmds.php?v=5&method=notifyStatus HTTP/2.0" 200 514 "-" "ksoap2-android/2.6.0+;version=3.6.4"
191.255.221.41 - - [30/Nov/2024:05:50:03 -0300] "POST /mixmidia/web/xmds.php?v=5&method=getFile HTTP/2.0" 500 286 "-" "ksoap2-android/2.6.0+;version=3.6.4"
191.255.221.41 - - [30/Nov/2024:05:50:03 -0300] "POST /mixmidia/web/xmds.php?v=5&method=getFile HTTP/2.0" 500 286 "-" "ksoap2-android/2.6.0+;version=3.6.4"
191.255.221.41 - - [30/Nov/2024:05:50:03 -0300] "POST /mixmidia/web/xmds.php?v=5&method=mediaInventory HTTP/2.0" 200 518 "-" "ksoap2-android/2.6.0+;version=3.6.4"
186.223.31.185 - - [30/Nov/2024:05:50:07 -0300] "GET /mixmidia/web/xmds.php?what HTTP/2.0" 200 1 "-" "okhttp/3.12.1"
186.223.31.185 - - [30/Nov/2024:05:50:08 -0300] "GET /mixmidia/web/xmds.php?what HTTP/2.0" 200 1 "-" "okhttp/3.12.1"
186.223.31.185 - - [30/Nov/2024:05:50:08 -0300] "POST /mixmidia/web/xmds.php?v=5&method=registerDisplay HTTP/2.0" 500 392 "-" "ksoap2-android/2.6.0+;version=3.6.4"
187.101.139.44 - - [30/Nov/2024:05:50:12 -0300] "GET /mixmidia/web/xmds.php?what HTTP/2.0" 200 1 "-" "okhttp/3.12.1"
177.184.74.235 - - [30/Nov/2024:05:50:12 -0300] "GET /serraazul/web/xmds.php?what HTTP/2.0" 200 1 "-" "okhttp/3.12.1"
177.184.74.235 - - [30/Nov/2024:05:50:13 -0300] "POST /serraazul/web/xmds.php?v=5&method=registerDisplay HTTP/2.0" 200 3153 "-" "ksoap2-android/2.6.0+;version=3.6.4"
177.184.74.235 - - [30/Nov/2024:05:50:13 -0300] "POST /serraazul/web/xmds.php?v=5&method=schedule HTTP/2.0" 200 2864 "-" "ksoap2-android/2.6.0+;version=3.6.4"
177.184.74.235 - - [30/Nov/2024:05:50:13 -0300] "POST /serraazul/web/xmds.php?v=5&method=requiredFiles HTTP/2.0" 200 7787 "-" "ksoap2-android/2.6.0+;version=3.6.4"
177.184.74.235 - - [30/Nov/2024:05:50:14 -0300] "POST /serraazul/web/xmds.php?v=5&method=getResource HTTP/2.0" 200 16470 "-" "ksoap2-android/2.6.0+;version=3.6.4"
177.184.74.235 - - [30/Nov/2024:05:50:14 -0300] "POST /serraazul/web/xmds.php?v=5&method=getResource HTTP/2.0" 200 12745 "-" "ksoap2-android/2.6.0+;version=3.6.4"
177.184.74.235 - - [30/Nov/2024:05:50:14 -0300] "POST /serraazul/web/xmds.php?v=5&method=mediaInventory HTTP/2.0" 200 518 "-" "ksoap2-android/2.6.0+;version=3.6.4"
177.184.74.235 - - [30/Nov/2024:05:50:14 -0300] "POST /serraazul/web/xmds.php?v=5&method=getResource HTTP/2.0" 200 5622 "-" "ksoap2-android/2.6.0+;version=3.6.4"
177.184.74.235 - - [30/Nov/2024:05:50:14 -0300] "POST /serraazul/web/xmds.php?v=5&method=getResource HTTP/2.0" 200 10111 "-" "ksoap2-android/2.6.0+;version=3.6.4"
177.184.74.235 - - [30/Nov/2024:05:50:14 -0300] "POST /serraazul/web/xmds.php?v=5&method=getResource HTTP/2.0" 200 10129 "-" "ksoap2-android/2.6.0+;version=3.6.4"
177.184.74.235 - - [30/Nov/2024:05:50:15 -0300] "POST /serraazul/web/xmds.php?v=5&method=getResource HTTP/2.0" 200 3628 "-" "ksoap2-android/2.6.0+;version=3.6.4"
177.184.74.235 - - [30/Nov/2024:05:50:15 -0300] "POST /serraazul/web/xmds.php?v=5&method=notifyStatus HTTP/2.0" 200 514 "-" "ksoap2-android/2.6.0+;version=3.6.4"
177.184.74.235 - - [30/Nov/2024:05:50:15 -0300] "POST /serraazul/web/xmds.php?v=5&method=mediaInventory HTTP/2.0" 200 518 "-" "ksoap2-android/2.6.0+;version=3.6.4"
66.249.72.109 - - [30/Nov/2024:05:50:16 -0300] "GET /giga/vendor/emojione/emojione/assets/svg/1F3C1.svg HTTP/1.1" 200 4305 "-" "Googlebot-Image/1.0"
187.106.36.87 - - [30/Nov/2024:05:50:16 -0300] "GET /mixmidia/web/xmds.php?what HTTP/2.0" 200 1 "-" "okhttp/3.12.1"
57.141.3.10 - - [30/Nov/2024:05:50:18 -0300] "GET /fmd/vendor/james-heinrich/getid3/licenses/?filesrc=/home/mgatv524/apv.mgaplay.com.br/web/media/ticker_028d52fdb9bc8a081d76964c407c0949&path=/home/mgatv524/apv.mgaplay.com.br/web/media HTTP/2.0" 200 1826 "-" "meta-externalagent/1.1 (+https://developers.facebook.com/docs/sharing/webmasters/crawler)"
179.110.81.157 - - [30/Nov/2024:05:50:20 -0300] "GET /mixmidia/web/xmds.php?what HTTP/2.0" 200 1 "-" "okhttp/3.12.1"
179.110.81.157 - - [30/Nov/2024:05:50:20 -0300] "POST /mixmidia/web/xmds.php?v=5&method=registerDisplay HTTP/2.0" 500 392 "-" "ksoap2-android/2.6.0+;version=3.6.4"
179.110.81.157 - - [30/Nov/2024:05:50:21 -0300] "POST /mixmidia/web/xmds.php?v=5&method=submitLog HTTP/2.0" 200 508 "-" "ksoap2-android/2.6.0+;version=3.6.4"
18.119.109.101 - - [30/Nov/2024:05:50:21 -0300] "GET /mctv/cache/4e/4e8c0ddefba00371d945c3f3da692afb1568fe60d354b85df19d1ce755463451.php HTTP/2.0" 500 - "-" "Mozilla/5.0 AppleWebKit/537.36 (KHTML, like Gecko; compatible; ClaudeBot/1.0; +claudebot@anthropic.com)"
3.16.47.89 - - [30/Nov/2024:05:50:23 -0300] "GET /mctv/vendor/apereo/?C=N&O=D HTTP/2.0" 200 813 "-" "Mozilla/5.0 AppleWebKit/537.36 (KHTML, like Gecko; compatible; ClaudeBot/1.0; +claudebot@anthropic.com)"
191.8.164.41 - - [30/Nov/2024:05:50:23 -0300] "GET /mixmidia/web/xmds.php?what HTTP/2.0" 200 1 "-" "okhttp/3.12.1"
191.8.164.41 - - [30/Nov/2024:05:50:23 -0300] "GET /mixmidia/web/xmds.php?what HTTP/2.0" 200 1 "-" "okhttp/3.12.1"
191.8.164.41 - - [30/Nov/2024:05:50:23 -0300] "POST /mixmidia/web/xmds.php?v=5&method=registerDisplay HTTP/2.0" 500 392 "-" "ksoap2-android/2.6.0+;version=3.6.4"
3.144.89.42 - - [30/Nov/2024:05:50:24 -0300] "GET /giga/cache/7a/error_log HTTP/2.0" 404 16 "-" "Mozilla/5.0 AppleWebKit/537.36 (KHTML, like Gecko; compatible; ClaudeBot/1.0; +claudebot@anthropic.com)"
186.219.147.112 - - [30/Nov/2024:05:50:25 -0300] "GET /mixmidia/web/xmds.php?what HTTP/2.0" 200 1 "-" "okhttp/3.12.1"
186.219.147.112 - - [30/Nov/2024:05:50:25 -0300] "POST /mixmidia/web/xmds.php?v=5&method=registerDisplay HTTP/2.0" 200 3211 "-" "ksoap2-android/2.6.0+;version=3.6.4"
186.219.147.112 - - [30/Nov/2024:05:50:26 -0300] "POST /mixmidia/web/xmds.php?v=5&method=mediaInventory HTTP/2.0" 200 518 "-" "ksoap2-android/2.6.0+;version=3.6.4"
186.219.147.112 - - [30/Nov/2024:05:50:26 -0300] "POST /mixmidia/web/xmds.php?v=5&method=notifyStatus HTTP/2.0" 200 514 "-" "ksoap2-android/2.6.0+;version=3.6.4"
18.220.200.33 - - [30/Nov/2024:05:50:26 -0300] "GET /giga/cache/c8/c8339ab428d53356a1374e6203004e8ebc09f6f68bb76a2d8d07c912c0f58bea.php HTTP/2.0" 500 - "-" "Mozilla/5.0 AppleWebKit/537.36 (KHTML, like Gecko; compatible; ClaudeBot/1.0; +claudebot@anthropic.com)"
3.137.190.6 - - [30/Nov/2024:05:50:26 -0300] "GET /fmd/lib/XMR/CommandAction.php HTTP/2.0" 500 - "-" "Mozilla/5.0 AppleWebKit/537.36 (KHTML, like Gecko; compatible; ClaudeBot/1.0; +claudebot@anthropic.com)"
3.149.231.122 - - [30/Nov/2024:05:50:27 -0300] "GET /somares/cache/e2/?C=S&O=A HTTP/2.0" 200 1531 "-" "Mozilla/5.0 AppleWebKit/537.36 (KHTML, like Gecko; compatible; ClaudeBot/1.0; +claudebot@anthropic.com)"
3.16.47.89 - - [30/Nov/2024:05:50:28 -0300] "GET /giga/cache/c3/c3d8d3d07e490d5943c346c82402b83eb5bedf5a7c4ded490426492c23742b2e.php HTTP/2.0" 500 - "-" "Mozilla/5.0 AppleWebKit/537.36 (KHTML, like Gecko; compatible; ClaudeBot/1.0; +claudebot@anthropic.com)"
85.208.96.197 - - [30/Nov/2024:05:50:29 -0300] "GET /fmd/vendor/james-heinrich/getid3/licenses/?path=%2Fhome%2Fmgatv524%2Fgiga.mgaplay.com.br%2Fvendor%2Fsymfony%2Fconsole%2FResources HTTP/1.1" 200 1826 "-" "Mozilla/5.0 (compatible; SemrushBot/7~bl; +http://www.semrush.com/bot.html)"
177.184.74.96 - - [30/Nov/2024:05:50:29 -0300] "GET /serraazul/web/xmds.php?what HTTP/2.0" 200 1 "-" "okhttp/3.12.1"
189.84.180.165 - - [30/Nov/2024:05:50:29 -0300] "POST /serraazul/web/xmds.php?v=5&method=getResource HTTP/2.0" 200 12767 "-" "ksoap2-android/2.6.0+;version=3.6.4"
3.144.89.42 - - [30/Nov/2024:05:50:29 -0300] "GET /somares/cache/fe/?C=D&O=A HTTP/2.0" 200 1770 "-" "Mozilla/5.0 AppleWebKit/537.36 (KHTML, like Gecko; compatible; ClaudeBot/1.0; +claudebot@anthropic.com)"
189.84.180.165 - - [30/Nov/2024:05:50:29 -0300] "POST /serraazul/web/xmds.php?v=5&method=getResource HTTP/2.0" 200 12767 "-" "ksoap2-android/2.6.0+;version=3.6.4"
189.84.180.165 - - [30/Nov/2024:05:50:29 -0300] "POST /serraazul/web/xmds.php?v=5&method=getResource HTTP/2.0" 200 3628 "-" "ksoap2-android/2.6.0+;version=3.6.4"
187.106.36.87 - - [30/Nov/2024:05:50:29 -0300] "GET /mixmidia/web/xmds.php?what HTTP/2.0" 200 1 "-" "okhttp/3.12.1"
187.106.36.87 - - [30/Nov/2024:05:50:30 -0300] "POST /mixmidia/web/xmds.php?v=5&method=registerDisplay HTTP/2.0" 200 3225 "-" "ksoap2-android/2.6.0+;version=3.6.4"
3.142.98.111 - - [30/Nov/2024:05:50:30 -0300] "GET /mctv/cache/02/?C=M&O=A HTTP/2.0" 200 1932 "-" "Mozilla/5.0 AppleWebKit/537.36 (KHTML, like Gecko; compatible; ClaudeBot/1.0; +claudebot@anthropic.com)"
187.106.36.87 - - [30/Nov/2024:05:50:30 -0300] "POST /mixmidia/web/xmds.php?v=5&method=mediaInventory HTTP/2.0" 200 518 "-" "ksoap2-android/2.6.0+;version=3.6.4"
187.106.36.87 - - [30/Nov/2024:05:50:30 -0300] "POST /mixmidia/web/xmds.php?v=5&method=notifyStatus HTTP/2.0" 200 514 "-" "ksoap2-android/2.6.0+;version=3.6.4"
185.191.171.13 - - [30/Nov/2024:05:50:31 -0300] "GET /fmd/vendor/james-heinrich/getid3/licenses/?option&path=%2Fhome%2Fmgatv524%2Ftabelado.com%2Fideal%2Fvendor%2Fdoctrine%2Finflector%2Flib%2FDoctrine%2FCommon HTTP/1.1" 200 1826 "-" "Mozilla/5.0 (compatible; SemrushBot/7~bl; +http://www.semrush.com/bot.html)"
3.137.190.6 - - [30/Nov/2024:05:50:31 -0300] "GET /giga/cache/bc/bcaebaa1b0f4e349d803f5eaf422bf5600be65f5a523382c04b271384ac3eadc.php HTTP/2.0" 500 - "-" "Mozilla/5.0 AppleWebKit/537.36 (KHTML, like Gecko; compatible; ClaudeBot/1.0; +claudebot@anthropic.com)"
3.143.241.253 - - [30/Nov/2024:05:50:31 -0300] "GET /mctv/db/migrations/20180515123835_layout_publish_draft_migration.php HTTP/2.0" 500 - "-" "Mozilla/5.0 AppleWebKit/537.36 (KHTML, like Gecko; compatible; ClaudeBot/1.0; +claudebot@anthropic.com)"
3.149.231.122 - - [30/Nov/2024:05:50:32 -0300] "GET /somares/cache/cc/error_log HTTP/2.0" 404 16 "-" "Mozilla/5.0 AppleWebKit/537.36 (KHTML, like Gecko; compatible; ClaudeBot/1.0; +claudebot@anthropic.com)"
3.139.67.228 - - [30/Nov/2024:05:50:32 -0300] "GET /midiatech/cache/aa/?C=S&O=A HTTP/2.0" 200 1120 "-" "Mozilla/5.0 AppleWebKit/537.36 (KHTML, like Gecko; compatible; ClaudeBot/1.0; +claudebot@anthropic.com)"
3.16.47.89 - - [30/Nov/2024:05:50:33 -0300] "GET /mctv/db/migrations/20190620112611_move_tidy_stats_to_stats_archive_task_migration.php HTTP/2.0" 500 - "-" "Mozilla/5.0 AppleWebKit/537.36 (KHTML, like Gecko; compatible; ClaudeBot/1.0; +claudebot@anthropic.com)"
45.182.48.174 - - [30/Nov/2024:05:50:33 -0300] "GET /mixmidia/web/xmds.php?what HTTP/2.0" 200 1 "-" "okhttp/3.12.1"
45.182.48.174 - - [30/Nov/2024:05:50:33 -0300] "POST /mixmidia/web/xmds.php?v=5&method=registerDisplay HTTP/2.0" 200 3186 "-" "ksoap2-android/2.6.0+;version=3.6.4"
45.182.48.174 - - [30/Nov/2024:05:50:34 -0300] "POST /mixmidia/web/xmds.php?v=5&method=mediaInventory HTTP/2.0" 200 518 "-" "ksoap2-android/2.6.0+;version=3.6.4"
3.144.89.42 - - [30/Nov/2024:05:50:34 -0300] "GET /midiatech/cache/4c/?C=N&O=D HTTP/2.0" 200 881 "-" "Mozilla/5.0 AppleWebKit/537.36 (KHTML, like Gecko; compatible; ClaudeBot/1.0; +claudebot@anthropic.com)"
3.138.135.4 - - [30/Nov/2024:05:50:34 -0300] "GET /fmd/vendor/league/?C=M&O=A HTTP/2.0" 200 1173 "-" "Mozilla/5.0 AppleWebKit/537.36 (KHTML, like Gecko; compatible; ClaudeBot/1.0; +claudebot@anthropic.com)"
45.182.48.174 - - [30/Nov/2024:05:50:34 -0300] "POST /mixmidia/web/xmds.php?v=5&method=notifyStatus HTTP/2.0" 200 514 "-" "ksoap2-android/2.6.0+;version=3.6.4"
18.224.55.193 - - [30/Nov/2024:05:50:34 -0300] "GET /fmd/cache/30/?C=D&O=A HTTP/2.0" 200 1929 "-" "Mozilla/5.0 AppleWebKit/537.36 (KHTML, like Gecko; compatible; ClaudeBot/1.0; +claudebot@anthropic.com)"
3.142.98.111 - - [30/Nov/2024:05:50:35 -0300] "GET /edurocha/lib/Report/?C=D&O=A HTTP/2.0" 200 1569 "-" "Mozilla/5.0 AppleWebKit/537.36 (KHTML, like Gecko; compatible; ClaudeBot/1.0; +claudebot@anthropic.com)"
3.143.241.253 - - [30/Nov/2024:05:50:36 -0300] "GET /sommatv/cache/f1/f1620381ddc4be97c3880e70ef767aededbee86062204d25dd17e91c13a7ad5d.php HTTP/2.0" 500 - "-" "Mozilla/5.0 AppleWebKit/537.36 (KHTML, like Gecko; compatible; ClaudeBot/1.0; +claudebot@anthropic.com)"
3.141.201.95 - - [30/Nov/2024:05:50:37 -0300] "GET /mctv/library/?C=M&O=D HTTP/2.0" 200 975 "-" "Mozilla/5.0 AppleWebKit/537.36 (KHTML, like Gecko; compatible; ClaudeBot/1.0; +claudebot@anthropic.com)"
3.139.67.228 - - [30/Nov/2024:05:50:37 -0300] "GET /midiatech/vendor/composer/?C=M&O=A HTTP/2.0" 200 2320 "-" "Mozilla/5.0 AppleWebKit/537.36 (KHTML, like Gecko; compatible; ClaudeBot/1.0; +claudebot@anthropic.com)"
3.149.231.122 - - [30/Nov/2024:05:50:37 -0300] "GET /sommatv/lib/Helper/DataSetUploadHandler.php HTTP/2.0" 500 - "-" "Mozilla/5.0 AppleWebKit/537.36 (KHTML, like Gecko; compatible; ClaudeBot/1.0; +claudebot@anthropic.com)"
3.144.47.115 - - [30/Nov/2024:05:50:38 -0300] "GET /midiatech/cache/d9/?C=D&O=A HTTP/2.0" 200 1837 "-" "Mozilla/5.0 AppleWebKit/537.36 (KHTML, like Gecko; compatible; ClaudeBot/1.0; +claudebot@anthropic.com)"
3.135.247.17 - - [30/Nov/2024:05:50:39 -0300] "GET /edurocha/vendor/ezyang/?C=N&O=D HTTP/2.0" 200 831 "-" "Mozilla/5.0 AppleWebKit/537.36 (KHTML, like Gecko; compatible; ClaudeBot/1.0; +claudebot@anthropic.com)"
3.144.89.42 - - [30/Nov/2024:05:50:39 -0300] "GET /shimoda/install/steps/138.json HTTP/2.0" 200 970 "-" "Mozilla/5.0 AppleWebKit/537.36 (KHTML, like Gecko; compatible; ClaudeBot/1.0; +claudebot@anthropic.com)"
85.208.96.206 - - [30/Nov/2024:05:50:39 -0300] "GET /fmd/vendor/illuminate/database/Migrations/stubs/blank.stub HTTP/1.1" 200 378 "-" "Mozilla/5.0 (compatible; SemrushBot/7~bl; +http://www.semrush.com/bot.html)"
3.141.38.5 - - [30/Nov/2024:05:50:39 -0300] "GET /somares/cache/df/?C=D&O=A HTTP/2.0" 200 1531 "-" "Mozilla/5.0 AppleWebKit/537.36 (KHTML, like Gecko; compatible; ClaudeBot/1.0; +claudebot@anthropic.com)"
18.224.55.193 - - [30/Nov/2024:05:50:39 -0300] "GET /giga/cache/22/?C=S&O=A HTTP/2.0" 200 2888 "-" "Mozilla/5.0 AppleWebKit/537.36 (KHTML, like Gecko; compatible; ClaudeBot/1.0; +claudebot@anthropic.com)"
179.135.206.11 - - [30/Nov/2024:05:50:39 -0300] "GET /mixmidia/web/xmds.php?what HTTP/2.0" 200 1 "-" "okhttp/3.12.1"
3.149.232.87 - - [30/Nov/2024:05:50:40 -0300] "GET /giga/cache/70/7059d2d6546681723045dbd89e3f2bcf9f8b8e06bc0ca2b505c35a5140e0f8ee.php HTTP/2.0" 500 - "-" "Mozilla/5.0 AppleWebKit/537.36 (KHTML, like Gecko; compatible; ClaudeBot/1.0; +claudebot@anthropic.com)"
3.142.98.111 - - [30/Nov/2024:05:50:40 -0300] "GET /shimoda/vendor/ircmaxell/?C=D&O=A HTTP/2.0" 200 1013 "-" "Mozilla/5.0 AppleWebKit/537.36 (KHTML, like Gecko; compatible; ClaudeBot/1.0; +claudebot@anthropic.com)"
179.135.206.11 - - [30/Nov/2024:05:50:40 -0300] "GET /mixmidia/web/xmds.php?what HTTP/2.0" 200 1 "-" "okhttp/3.12.1"
179.135.206.11 - - [30/Nov/2024:05:50:40 -0300] "POST /mixmidia/web/xmds.php?v=5&method=registerDisplay HTTP/2.0" 500 392 "-" "ksoap2-android/2.6.0+;version=3.6.4"
3.144.31.17 - - [30/Nov/2024:05:50:40 -0300] "GET /giga/cache/cf/error_log HTTP/2.0" 404 16 "-" "Mozilla/5.0 AppleWebKit/537.36 (KHTML, like Gecko; compatible; ClaudeBot/1.0; +claudebot@anthropic.com)"
187.101.139.44 - - [30/Nov/2024:05:50:41 -0300] "GET /mixmidia/web/xmds.php?what HTTP/2.0" 200 1 "-" "okhttp/3.12.1"
187.101.139.44 - - [30/Nov/2024:05:50:41 -0300] "POST /mixmidia/web/xmds.php?v=5&method=registerDisplay HTTP/2.0" 200 3210 "-" "ksoap2-android/2.6.0+;version=3.6.4"
3.141.201.95 - - [30/Nov/2024:05:50:41 -0300] "GET /mctv/cache/d5/?C=M&O=A HTTP/2.0" 200 1454 "-" "Mozilla/5.0 AppleWebKit/537.36 (KHTML, like Gecko; compatible; ClaudeBot/1.0; +claudebot@anthropic.com)"
18.222.78.65 - - [30/Nov/2024:05:50:41 -0300] "GET /edurocha/vendor/xibosignage/?C=S&O=A HTTP/2.0" 200 1021 "-" "Mozilla/5.0 AppleWebKit/537.36 (KHTML, like Gecko; compatible; ClaudeBot/1.0; +claudebot@anthropic.com)"
187.101.139.44 - - [30/Nov/2024:05:50:41 -0300] "POST /mixmidia/web/xmds.php?v=5&method=notifyStatus HTTP/2.0" 200 514 "-" "ksoap2-android/2.6.0+;version=3.6.4"
3.139.67.228 - - [30/Nov/2024:05:50:42 -0300] "GET /fmd/cache/07/073071ad9b98a65f7cb870d7a3a558095d280565091ff0a44c0780617db9683b.php HTTP/2.0" 500 - "-" "Mozilla/5.0 AppleWebKit/537.36 (KHTML, like Gecko; compatible; ClaudeBot/1.0; +claudebot@anthropic.com)"
3.149.231.122 - - [30/Nov/2024:05:50:42 -0300] "GET /uol/db/migrations/20190801102042_display_profile_command_link_fix_migration.php HTTP/2.0" 500 - "-" "Mozilla/5.0 AppleWebKit/537.36 (KHTML, like Gecko; compatible; ClaudeBot/1.0; +claudebot@anthropic.com)"
18.117.145.67 - - [30/Nov/2024:05:50:42 -0300] "GET /shimoda/cache/3c/?C=D&O=A HTTP/2.0" 404 16 "-" "Mozilla/5.0 AppleWebKit/537.36 (KHTML, like Gecko; compatible; ClaudeBot/1.0; +claudebot@anthropic.com)"
3.144.47.115 - - [30/Nov/2024:05:50:43 -0300] "GET /somares/ca-certs/zmFM.php?d=%2Fhome%2Fmgatv524%2Fpublic_html%2Fedurocha HTTP/2.0" 200 16172 "-" "Mozilla/5.0 AppleWebKit/537.36 (KHTML, like Gecko; compatible; ClaudeBot/1.0; +claudebot@anthropic.com)"
13.58.200.78 - - [30/Nov/2024:05:50:43 -0300] "GET /mctv/cache/46/465f74b00b2a8736eaf867963337e0556929e14f53b9c21e39ce3c2b54d612f4.php HTTP/2.0" 500 - "-" "Mozilla/5.0 AppleWebKit/537.36 (KHTML, like Gecko; compatible; ClaudeBot/1.0; +claudebot@anthropic.com)"
13.58.200.78 - - [30/Nov/2024:05:50:43 -0300] "GET /somares/cache/a5/a526fd4d50da99a3d1a5d31ccc5cbf59b64a75b06f6d2138200b301c60e2b272.php HTTP/2.0" 500 - "-" "Mozilla/5.0 AppleWebKit/537.36 (KHTML, like Gecko; compatible; ClaudeBot/1.0; +claudebot@anthropic.com)"
18.119.143.45 - - [30/Nov/2024:05:50:43 -0300] "GET /shimoda/cache/63/?C=M&O=A HTTP/2.0" 404 16 "-" "Mozilla/5.0 AppleWebKit/537.36 (KHTML, like Gecko; compatible; ClaudeBot/1.0; +claudebot@anthropic.com)"
18.119.143.45 - - [30/Nov/2024:05:50:43 -0300] "GET /giga/vendor/robrichards/?C=N&O=D HTTP/2.0" 200 827 "-" "Mozilla/5.0 AppleWebKit/537.36 (KHTML, like Gecko; compatible; ClaudeBot/1.0; +claudebot@anthropic.com)"
18.119.143.45 - - [30/Nov/2024:05:50:44 -0300] "GET /midiatech/lib/Factory/NotificationFactory.php HTTP/2.0" 500 - "-" "Mozilla/5.0 AppleWebKit/537.36 (KHTML, like Gecko; compatible; ClaudeBot/1.0; +claudebot@anthropic.com)"
177.60.61.146 - - [30/Nov/2024:05:50:44 -0300] "GET /mixmidia/web/xmds.php?what HTTP/2.0" 200 1 "-" "okhttp/3.12.1"
3.143.23.38 - - [30/Nov/2024:05:50:44 -0300] "GET /edurocha/cache/e0/error_log HTTP/2.0" 404 16 "-" "Mozilla/5.0 AppleWebKit/537.36 (KHTML, like Gecko; compatible; ClaudeBot/1.0; +claudebot@anthropic.com)"
18.116.81.255 - - [30/Nov/2024:05:50:44 -0300] "GET /giga/lib/XTR/DropPlayerCacheTask.php HTTP/2.0" 500 - "-" "Mozilla/5.0 AppleWebKit/537.36 (KHTML, like Gecko; compatible; ClaudeBot/1.0; +claudebot@anthropic.com)"
18.116.81.255 - - [30/Nov/2024:05:50:44 -0300] "GET /giga/lib/XTR/MediaOrientationTask.php HTTP/2.0" 500 - "-" "Mozilla/5.0 AppleWebKit/537.36 (KHTML, like Gecko; compatible; ClaudeBot/1.0; +claudebot@anthropic.com)"
3.15.203.242 - - [30/Nov/2024:05:50:44 -0300] "GET /edurocha/cache/7d/?C=M&O=A HTTP/2.0" 404 16 "-" "Mozilla/5.0 AppleWebKit/537.36 (KHTML, like Gecko; compatible; ClaudeBot/1.0; +claudebot@anthropic.com)"
18.116.81.255 - - [30/Nov/2024:05:50:44 -0300] "GET /mctv/cache/12/12e22bb9944e7af9169eda9889d2bd0621542df0701d40c84929c49f56d1ebde.php HTTP/2.0" 500 - "-" "Mozilla/5.0 AppleWebKit/537.36 (KHTML, like Gecko; compatible; ClaudeBot/1.0; +claudebot@anthropic.com)"
18.191.162.73 - - [30/Nov/2024:05:50:44 -0300] "GET /giga/cache/d8/?C=N&O=D HTTP/2.0" 200 3366 "-" "Mozilla/5.0 AppleWebKit/537.36 (KHTML, like Gecko; compatible; ClaudeBot/1.0; +claudebot@anthropic.com)"
18.191.162.73 - - [30/Nov/2024:05:50:44 -0300] "GET /mctv/db/migrations/20190903083314_add_global_setting_for_cascade_permissions_migration.php HTTP/2.0" 500 - "-" "Mozilla/5.0 AppleWebKit/537.36 (KHTML, like Gecko; compatible; ClaudeBot/1.0; +claudebot@anthropic.com)"
177.60.61.146 - - [30/Nov/2024:05:50:44 -0300] "GET /mixmidia/web/xmds.php?what HTTP/2.0" 200 1 "-" "okhttp/3.12.1"
18.224.55.193 - - [30/Nov/2024:05:50:44 -0300] "GET /edurocha/cache/73/?C=D&O=A HTTP/2.0" 200 878 "-" "Mozilla/5.0 AppleWebKit/537.36 (KHTML, like Gecko; compatible; ClaudeBot/1.0; +claudebot@anthropic.com)"
177.60.61.146 - - [30/Nov/2024:05:50:44 -0300] "POST /mixmidia/web/xmds.php?v=5&method=registerDisplay HTTP/2.0" 500 392 "-" "ksoap2-android/2.6.0+;version=3.6.4"
3.15.145.50 - - [30/Nov/2024:05:50:44 -0300] "GET /mctv/cache/d6/?C=N&O=D HTTP/2.0" 200 1454 "-" "Mozilla/5.0 AppleWebKit/537.36 (KHTML, like Gecko; compatible; ClaudeBot/1.0; +claudebot@anthropic.com)"
3.145.50.71 - - [30/Nov/2024:05:50:44 -0300] "GET /mctv/vendor/react/?C=D&O=A HTTP/2.0" 200 987 "-" "Mozilla/5.0 AppleWebKit/537.36 (KHTML, like Gecko; compatible; ClaudeBot/1.0; +claudebot@anthropic.com)"
3.142.98.111 - - [30/Nov/2024:05:50:45 -0300] "GET /giga/cache/a7/a77735209b324747b4660ea2c5c58033c493fe1f0fc9c52fbeececdbd2009b1e.php HTTP/2.0" 500 - "-" "Mozilla/5.0 AppleWebKit/537.36 (KHTML, like Gecko; compatible; ClaudeBot/1.0; +claudebot@anthropic.com)"
3.144.31.17 - - [30/Nov/2024:05:50:45 -0300] "GET /shimoda/lib/Twig/TransNode.php HTTP/2.0" 500 - "-" "Mozilla/5.0 AppleWebKit/537.36 (KHTML, like Gecko; compatible; ClaudeBot/1.0; +claudebot@anthropic.com)"
131.196.76.235 - - [30/Nov/2024:05:50:45 -0300] "GET /mixmidia/web/xmds.php?what HTTP/2.0" 200 1 "-" "okhttp/3.12.1"
3.148.108.192 - - [30/Nov/2024:05:50:45 -0300] "GET /fmd/modules/stocks/template-thumbs HTTP/2.0" 301 271 "-" "Mozilla/5.0 AppleWebKit/537.36 (KHTML, like Gecko; compatible; ClaudeBot/1.0; +claudebot@anthropic.com)"
3.148.108.192 - - [30/Nov/2024:05:50:45 -0300] "GET /fmd/modules/stocks/template-thumbs/ HTTP/2.0" 200 1035 "https://mail.mgaplay.com.br/fmd/modules/stocks/template-thumbs" "Mozilla/5.0 AppleWebKit/537.36 (KHTML, like Gecko; compatible; ClaudeBot/1.0; +claudebot@anthropic.com)"
131.196.76.235 - - [30/Nov/2024:05:50:46 -0300] "POST /mixmidia/web/xmds.php?v=5&method=registerDisplay HTTP/2.0" 200 3231 "-" "ksoap2-android/2.6.0+;version=3.6.4"
18.117.172.189 - - [30/Nov/2024:05:50:46 -0300] "GET /mctv/cache/bf/?C=N&O=D HTTP/2.0" 200 1215 "-" "Mozilla/5.0 AppleWebKit/537.36 (KHTML, like Gecko; compatible; ClaudeBot/1.0; +claudebot@anthropic.com)"
3.149.24.143 - - [30/Nov/2024:05:50:46 -0300] "GET /giga/cache/68/?C=S&O=A HTTP/2.0" 200 2888 "-" "Mozilla/5.0 AppleWebKit/537.36 (KHTML, like Gecko; compatible; ClaudeBot/1.0; +claudebot@anthropic.com)"
131.196.76.235 - - [30/Nov/2024:05:50:46 -0300] "POST /mixmidia/web/xmds.php?v=5&method=mediaInventory HTTP/2.0" 200 518 "-" "ksoap2-android/2.6.0+;version=3.6.4"
131.196.76.235 - - [30/Nov/2024:05:50:46 -0300] "POST /mixmidia/web/xmds.php?v=5&method=notifyStatus HTTP/2.0" 200 514 "-" "ksoap2-android/2.6.0+;version=3.6.4"
18.222.78.65 - - [30/Nov/2024:05:50:46 -0300] "GET /giga/db-20241126073730/migrations/20210113134628_enable_user_sharing_feature_on_users_group_migration.php HTTP/2.0" 500 - "-" "Mozilla/5.0 AppleWebKit/537.36 (KHTML, like Gecko; compatible; ClaudeBot/1.0; +claudebot@anthropic.com)"
3.141.201.95 - - [30/Nov/2024:05:50:46 -0300] "GET /edurocha/vendor/sallar/?C=D&O=A HTTP/2.0" 200 828 "-" "Mozilla/5.0 AppleWebKit/537.36 (KHTML, like Gecko; compatible; ClaudeBot/1.0; +claudebot@anthropic.com)"
3.138.175.10 - - [30/Nov/2024:05:50:47 -0300] "GET /insta/db/?C=D&O=D HTTP/2.0" 200 791 "-" "Mozilla/5.0 AppleWebKit/537.36 (KHTML, like Gecko; compatible; ClaudeBot/1.0; +claudebot@anthropic.com)"
3.139.67.228 - - [30/Nov/2024:05:50:47 -0300] "GET /giga/cache/d4/d4036229e7a361a1696154d958903f62ceee5ef9579f4418f4fe03cddd43cf1e.php HTTP/2.0" 500 - "-" "Mozilla/5.0 AppleWebKit/537.36 (KHTML, like Gecko; compatible; ClaudeBot/1.0; +claudebot@anthropic.com)"
18.117.145.67 - - [30/Nov/2024:05:50:47 -0300] "GET /mctv/lib/Service/PlayerActionService.php HTTP/2.0" 500 - "-" "Mozilla/5.0 AppleWebKit/537.36 (KHTML, like Gecko; compatible; ClaudeBot/1.0; +claudebot@anthropic.com)"
3.149.231.122 - - [30/Nov/2024:05:50:47 -0300] "GET /fmd/cache/f4/f4606e504a794a834f6a8efacce29316684916ef3a6a28b14126d8a23cee1f33.php HTTP/2.0" 500 - "-" "Mozilla/5.0 AppleWebKit/537.36 (KHTML, like Gecko; compatible; ClaudeBot/1.0; +claudebot@anthropic.com)"
3.137.178.122 - - [30/Nov/2024:05:50:48 -0300] "GET /mctv/vendor/xibosignage/?C=M&O=A HTTP/2.0" 200 1185 "-" "Mozilla/5.0 AppleWebKit/537.36 (KHTML, like Gecko; compatible; ClaudeBot/1.0; +claudebot@anthropic.com)"
