191.255.221.41 - - [30/Nov/2024:05:26:47 -0300] "POST /mixmidia/web/xmds.php?v=5&method=mediaInventory HTTP/2.0" 200 518 "-" "ksoap2-android/2.6.0+;version=3.6.4"
131.196.76.235 - - [30/Nov/2024:05:26:45 -0300] "POST /mixmidia/web/xmds.php?v=5&method=notifyStatus HTTP/2.0" 200 514 "-" "ksoap2-android/2.6.0+;version=3.6.4"
85.208.96.198 - - [30/Nov/2024:05:26:54 -0300] "GET /fmd/vendor/james-heinrich/getid3/licenses/?filesrc=%2Fhome%2Fmgatv524%2Fwww%2Fbanca%2Fvendor%2Ftwig%2Ftwig%2Fsrc%2FMarkup.php&path=%2Fhome%2Fmgatv524%2Fwww%2Fbanca%2Fvendor%2Ftwig%2Ftwig%2Fsrc HTTP/1.1" 200 1826 "-" "Mozilla/5.0 (compatible; SemrushBot/7~bl; +http://www.semrush.com/bot.html)"
45.182.48.174 - - [30/Nov/2024:05:26:54 -0300] "GET /mixmidia/web/xmds.php?what HTTP/2.0" 200 1 "-" "okhttp/3.12.1"
200.159.135.242 - - [30/Nov/2024:05:26:56 -0300] "GET /midiatech/web/xmds.php?what HTTP/2.0" 200 1 "-" "okhttp/3.12.1"
200.159.135.242 - - [30/Nov/2024:05:26:57 -0300] "GET /midiatech/web/xmds.php?what HTTP/2.0" 200 1 "-" "okhttp/3.12.1"
200.159.135.242 - - [30/Nov/2024:05:26:57 -0300] "POST /midiatech/web/xmds.php?v=5&method=registerDisplay HTTP/2.0" 200 3136 "-" "ksoap2-android/2.6.0+;version=3.6.4"
200.159.135.242 - - [30/Nov/2024:05:26:58 -0300] "POST /midiatech/web/xmds.php?v=5&method=notifyStatus HTTP/2.0" 200 514 "-" "ksoap2-android/2.6.0+;version=3.6.4"
200.159.135.242 - - [30/Nov/2024:05:26:59 -0300] "GET /midiatech/web/xmds.php?what HTTP/2.0" 200 1 "-" "okhttp/3.12.1"
200.159.135.242 - - [30/Nov/2024:05:26:59 -0300] "POST /midiatech/web/xmds.php?v=5&method=registerDisplay HTTP/2.0" 200 3101 "-" "ksoap2-android/2.6.0+;version=3.6.4"
177.60.61.146 - - [30/Nov/2024:05:27:00 -0300] "GET /mixmidia/web/xmds.php?what HTTP/2.0" 200 1 "-" "okhttp/3.12.1"
200.159.135.242 - - [30/Nov/2024:05:27:00 -0300] "POST /midiatech/web/xmds.php?v=5&method=schedule HTTP/2.0" 200 2820 "-" "ksoap2-android/2.6.0+;version=3.6.4"
177.60.61.146 - - [30/Nov/2024:05:27:00 -0300] "GET /mixmidia/web/xmds.php?what HTTP/2.0" 200 1 "-" "okhttp/3.12.1"
200.159.135.242 - - [30/Nov/2024:05:27:00 -0300] "POST /midiatech/web/xmds.php?v=5&method=requiredFiles HTTP/2.0" 200 6973 "-" "ksoap2-android/2.6.0+;version=3.6.4"
177.60.61.146 - - [30/Nov/2024:05:27:00 -0300] "POST /mixmidia/web/xmds.php?v=5&method=registerDisplay HTTP/2.0" 500 392 "-" "ksoap2-android/2.6.0+;version=3.6.4"
200.159.135.242 - - [30/Nov/2024:05:27:01 -0300] "POST /midiatech/web/xmds.php?v=5&method=getResource HTTP/2.0" 200 22305 "-" "ksoap2-android/2.6.0+;version=3.6.4"
200.159.135.242 - - [30/Nov/2024:05:27:01 -0300] "POST /midiatech/web/xmds.php?v=5&method=mediaInventory HTTP/2.0" 200 518 "-" "ksoap2-android/2.6.0+;version=3.6.4"
200.159.135.242 - - [30/Nov/2024:05:27:01 -0300] "POST /midiatech/web/xmds.php?v=5&method=notifyStatus HTTP/2.0" 200 514 "-" "ksoap2-android/2.6.0+;version=3.6.4"
200.159.135.242 - - [30/Nov/2024:05:27:01 -0300] "POST /midiatech/web/xmds.php?v=5&method=mediaInventory HTTP/2.0" 200 518 "-" "ksoap2-android/2.6.0+;version=3.6.4"
186.223.31.185 - - [30/Nov/2024:05:27:01 -0300] "GET /mixmidia/web/xmds.php?what HTTP/2.0" 200 1 "-" "okhttp/3.12.1"
186.223.31.185 - - [30/Nov/2024:05:27:02 -0300] "GET /mixmidia/web/xmds.php?what HTTP/2.0" 200 1 "-" "okhttp/3.12.1"
186.223.31.185 - - [30/Nov/2024:05:27:02 -0300] "POST /mixmidia/web/xmds.php?v=5&method=registerDisplay HTTP/2.0" 500 392 "-" "ksoap2-android/2.6.0+;version=3.6.4"
47.128.96.34 - - [30/Nov/2024:05:27:05 -0300] "GET /fmd/vendor/james-heinrich/getid3/licenses/?path=%2Fhome%2Fmgatv524%2Fpublic_html%2Fsomares%2Fvendor%2Fcomposer HTTP/2.0" 200 1826 "-" "Mozilla/5.0 (compatible; Bytespider; spider-feedback@bytedance.com) AppleWebKit/537.36 (KHTML, like Gecko) Chrome/70.0.0.0 Safari/537.36"
177.184.74.96 - - [30/Nov/2024:05:27:11 -0300] "GET /serraazul/web/xmds.php?what HTTP/2.0" 200 1 "-" "okhttp/3.12.1"
191.8.164.41 - - [30/Nov/2024:05:27:15 -0300] "GET /mixmidia/web/xmds.php?what HTTP/2.0" 200 1 "-" "okhttp/3.12.1"
179.110.81.157 - - [30/Nov/2024:05:27:16 -0300] "GET /mixmidia/web/xmds.php?what HTTP/2.0" 200 1 "-" "okhttp/3.12.1"
189.84.180.165 - - [30/Nov/2024:05:27:16 -0300] "GET /serraazul/web/xmds.php?what HTTP/2.0" 200 1 "-" "okhttp/3.12.1"
191.8.164.41 - - [30/Nov/2024:05:27:16 -0300] "GET /mixmidia/web/xmds.php?what HTTP/2.0" 200 1 "-" "okhttp/3.12.1"
191.8.164.41 - - [30/Nov/2024:05:27:16 -0300] "POST /mixmidia/web/xmds.php?v=5&method=registerDisplay HTTP/2.0" 500 392 "-" "ksoap2-android/2.6.0+;version=3.6.4"
179.110.81.157 - - [30/Nov/2024:05:27:16 -0300] "POST /mixmidia/web/xmds.php?v=5&method=registerDisplay HTTP/2.0" 500 392 "-" "ksoap2-android/2.6.0+;version=3.6.4"
189.84.180.165 - - [30/Nov/2024:05:27:16 -0300] "POST /serraazul/web/xmds.php?v=5&method=registerDisplay HTTP/2.0" 200 3157 "-" "ksoap2-android/2.6.0+;version=3.6.4"
57.141.3.10 - - [30/Nov/2024:05:27:16 -0300] "GET /fmd/vendor/james-heinrich/getid3/licenses/?filesrc=/home/mgatv524/bd.mgaplay.com.br/cache/d6/d66d64f73a3615e66d432d49fdf678b9b1491055e7beacbc023c636b851bee8c.php&path=/home/mgatv524/bd.mgaplay.com.br/cache/d6 HTTP/2.0" 200 1826 "-" "meta-externalagent/1.1 (+https://developers.facebook.com/docs/sharing/webmasters/crawler)"
189.84.180.165 - - [30/Nov/2024:05:27:17 -0300] "POST /serraazul/web/xmds.php?v=5&method=schedule HTTP/2.0" 200 2864 "-" "ksoap2-android/2.6.0+;version=3.6.4"
189.84.180.165 - - [30/Nov/2024:05:27:17 -0300] "POST /serraazul/web/xmds.php?v=5&method=requiredFiles HTTP/2.0" 200 7809 "-" "ksoap2-android/2.6.0+;version=3.6.4"
189.84.180.165 - - [30/Nov/2024:05:27:17 -0300] "POST /serraazul/web/xmds.php?v=5&method=getResource HTTP/2.0" 200 9210 "-" "ksoap2-android/2.6.0+;version=3.6.4"
189.84.180.165 - - [30/Nov/2024:05:27:17 -0300] "POST /serraazul/web/xmds.php?v=5&method=getResource HTTP/2.0" 200 12767 "-" "ksoap2-android/2.6.0+;version=3.6.4"
189.84.180.165 - - [30/Nov/2024:05:27:17 -0300] "POST /serraazul/web/xmds.php?v=5&method=mediaInventory HTTP/2.0" 200 518 "-" "ksoap2-android/2.6.0+;version=3.6.4"
191.255.221.41 - - [30/Nov/2024:05:27:18 -0300] "GET /mixmidia/web/xmds.php?what HTTP/2.0" 200 1 "-" "okhttp/3.12.1"
189.84.180.165 - - [30/Nov/2024:05:27:18 -0300] "POST /serraazul/web/xmds.php?v=5&method=getResource HTTP/2.0" 200 5628 "-" "ksoap2-android/2.6.0+;version=3.6.4"
189.84.180.165 - - [30/Nov/2024:05:27:18 -0300] "POST /serraazul/web/xmds.php?v=5&method=getResource HTTP/2.0" 200 11028 "-" "ksoap2-android/2.6.0+;version=3.6.4"
189.84.180.165 - - [30/Nov/2024:05:27:18 -0300] "POST /serraazul/web/xmds.php?v=5&method=getResource HTTP/2.0" 200 3628 "-" "ksoap2-android/2.6.0+;version=3.6.4"
131.196.76.235 - - [30/Nov/2024:05:27:18 -0300] "GET /mixmidia/web/xmds.php?what HTTP/2.0" 200 1 "-" "okhttp/3.12.1"
189.84.180.165 - - [30/Nov/2024:05:27:18 -0300] "POST /serraazul/web/xmds.php?v=5&method=notifyStatus HTTP/2.0" 200 514 "-" "ksoap2-android/2.6.0+;version=3.6.4"
189.84.180.165 - - [30/Nov/2024:05:27:19 -0300] "POST /serraazul/web/xmds.php?v=5&method=mediaInventory HTTP/2.0" 200 518 "-" "ksoap2-android/2.6.0+;version=3.6.4"
177.184.79.230 - - [30/Nov/2024:05:27:19 -0300] "POST /serraazul/web/xmds.php?v=5&method=getResource HTTP/2.0" 200 15818 "-" "ksoap2-android/2.6.0+;version=3.6.4"
191.255.221.41 - - [30/Nov/2024:05:27:24 -0300] "POST /mixmidia/web/xmds.php?v=5&method=submitLog HTTP/2.0" 200 508 "-" "ksoap2-android/2.6.0+;version=3.6.4"
186.219.147.112 - - [30/Nov/2024:05:27:24 -0300] "GET /mixmidia/web/xmds.php?what HTTP/2.0" 200 1 "-" "okhttp/3.12.1"
186.219.147.112 - - [30/Nov/2024:05:27:25 -0300] "POST /mixmidia/web/xmds.php?v=5&method=registerDisplay HTTP/2.0" 200 3211 "-" "ksoap2-android/2.6.0+;version=3.6.4"
187.106.36.87 - - [30/Nov/2024:05:27:25 -0300] "GET /mixmidia/web/xmds.php?what HTTP/2.0" 200 1 "-" "okhttp/3.12.1"
186.219.147.112 - - [30/Nov/2024:05:27:25 -0300] "POST /mixmidia/web/xmds.php?v=5&method=mediaInventory HTTP/2.0" 200 518 "-" "ksoap2-android/2.6.0+;version=3.6.4"
186.219.147.112 - - [30/Nov/2024:05:27:25 -0300] "POST /mixmidia/web/xmds.php?v=5&method=notifyStatus HTTP/2.0" 200 514 "-" "ksoap2-android/2.6.0+;version=3.6.4"
187.106.36.87 - - [30/Nov/2024:05:27:26 -0300] "POST /mixmidia/web/xmds.php?v=5&method=registerDisplay HTTP/2.0" 200 3225 "-" "ksoap2-android/2.6.0+;version=3.6.4"
187.106.36.87 - - [30/Nov/2024:05:27:26 -0300] "POST /mixmidia/web/xmds.php?v=5&method=mediaInventory HTTP/2.0" 200 518 "-" "ksoap2-android/2.6.0+;version=3.6.4"
187.106.36.87 - - [30/Nov/2024:05:27:26 -0300] "POST /mixmidia/web/xmds.php?v=5&method=notifyStatus HTTP/2.0" 200 514 "-" "ksoap2-android/2.6.0+;version=3.6.4"
187.101.139.44 - - [30/Nov/2024:05:27:28 -0300] "GET /mixmidia/web/xmds.php?what HTTP/2.0" 200 1 "-" "okhttp/3.12.1"
177.184.74.136 - - [30/Nov/2024:05:27:29 -0300] "POST /serraazul/web/xmds.php?v=5&method=getResource HTTP/2.0" 200 3628 "-" "ksoap2-android/2.6.0+;version=3.6.4"
185.191.171.8 - - [30/Nov/2024:05:27:30 -0300] "GET /fmd/vendor/james-heinrich/getid3/licenses/?option&path=%2Fhome%2Fmgatv524%2Fpublic_html%2Fmctv%2Fvendor%2Fmpdf%2Fmpdf%2Fsrc HTTP/1.1" 200 1826 "-" "Mozilla/5.0 (compatible; SemrushBot/7~bl; +http://www.semrush.com/bot.html)"
45.182.48.174 - - [30/Nov/2024:05:27:33 -0300] "GET /mixmidia/web/xmds.php?what HTTP/2.0" 200 1 "-" "okhttp/3.12.1"
45.182.48.174 - - [30/Nov/2024:05:27:33 -0300] "POST /mixmidia/web/xmds.php?v=5&method=registerDisplay HTTP/2.0" 200 3186 "-" "ksoap2-android/2.6.0+;version=3.6.4"
45.182.48.174 - - [30/Nov/2024:05:27:33 -0300] "POST /mixmidia/web/xmds.php?v=5&method=mediaInventory HTTP/2.0" 200 518 "-" "ksoap2-android/2.6.0+;version=3.6.4"
45.182.48.174 - - [30/Nov/2024:05:27:34 -0300] "POST /mixmidia/web/xmds.php?v=5&method=notifyStatus HTTP/2.0" 200 514 "-" "ksoap2-android/2.6.0+;version=3.6.4"
66.249.72.107 - - [30/Nov/2024:05:27:36 -0300] "GET /giga/vendor/emojione/emojione/assets/svg/1F48F.svg HTTP/1.1" 200 6799 "-" "Googlebot-Image/1.0"
187.101.139.44 - - [30/Nov/2024:05:27:37 -0300] "GET /mixmidia/web/xmds.php?what HTTP/2.0" 200 1 "-" "okhttp/3.12.1"
187.101.139.44 - - [30/Nov/2024:05:27:37 -0300] "POST /mixmidia/web/xmds.php?v=5&method=registerDisplay HTTP/2.0" 200 3210 "-" "ksoap2-android/2.6.0+;version=3.6.4"
187.101.139.44 - - [30/Nov/2024:05:27:38 -0300] "POST /mixmidia/web/xmds.php?v=5&method=notifyStatus HTTP/2.0" 200 514 "-" "ksoap2-android/2.6.0+;version=3.6.4"
191.255.221.41 - - [30/Nov/2024:05:27:38 -0300] "GET /mixmidia/web/xmds.php?what HTTP/2.0" 200 1 "-" "okhttp/3.12.1"
191.255.221.41 - - [30/Nov/2024:05:27:39 -0300] "POST /mixmidia/web/xmds.php?v=5&method=registerDisplay HTTP/2.0" 200 3229 "-" "ksoap2-android/2.6.0+;version=3.6.4"
179.135.206.11 - - [30/Nov/2024:05:27:39 -0300] "GET /mixmidia/web/xmds.php?what HTTP/2.0" 200 1 "-" "okhttp/3.12.1"
191.255.221.41 - - [30/Nov/2024:05:27:39 -0300] "POST /mixmidia/web/xmds.php?v=5&method=getFile HTTP/2.0" 500 286 "-" "ksoap2-android/2.6.0+;version=3.6.4"
191.255.221.41 - - [30/Nov/2024:05:27:39 -0300] "POST /mixmidia/web/xmds.php?v=5&method=getFile HTTP/2.0" 500 286 "-" "ksoap2-android/2.6.0+;version=3.6.4"
191.255.221.41 - - [30/Nov/2024:05:27:39 -0300] "POST /mixmidia/web/xmds.php?v=5&method=mediaInventory HTTP/2.0" 200 518 "-" "ksoap2-android/2.6.0+;version=3.6.4"
179.135.206.11 - - [30/Nov/2024:05:27:39 -0300] "GET /mixmidia/web/xmds.php?what HTTP/2.0" 200 1 "-" "okhttp/3.12.1"
191.255.221.41 - - [30/Nov/2024:05:27:40 -0300] "POST /mixmidia/web/xmds.php?v=5&method=notifyStatus HTTP/2.0" 200 514 "-" "ksoap2-android/2.6.0+;version=3.6.4"
179.135.206.11 - - [30/Nov/2024:05:27:40 -0300] "POST /mixmidia/web/xmds.php?v=5&method=registerDisplay HTTP/2.0" 500 392 "-" "ksoap2-android/2.6.0+;version=3.6.4"
191.255.221.41 - - [30/Nov/2024:05:27:40 -0300] "POST /mixmidia/web/xmds.php?v=5&method=getFile HTTP/2.0" 500 286 "-" "ksoap2-android/2.6.0+;version=3.6.4"
191.255.221.41 - - [30/Nov/2024:05:27:40 -0300] "POST /mixmidia/web/xmds.php?v=5&method=getFile HTTP/2.0" 500 286 "-" "ksoap2-android/2.6.0+;version=3.6.4"
191.255.221.41 - - [30/Nov/2024:05:27:40 -0300] "POST /mixmidia/web/xmds.php?v=5&method=getFile HTTP/2.0" 500 286 "-" "ksoap2-android/2.6.0+;version=3.6.4"
191.255.221.41 - - [30/Nov/2024:05:27:40 -0300] "POST /mixmidia/web/xmds.php?v=5&method=getFile HTTP/2.0" 500 286 "-" "ksoap2-android/2.6.0+;version=3.6.4"
191.255.221.41 - - [30/Nov/2024:05:27:41 -0300] "POST /mixmidia/web/xmds.php?v=5&method=getFile HTTP/2.0" 500 286 "-" "ksoap2-android/2.6.0+;version=3.6.4"
191.255.221.41 - - [30/Nov/2024:05:27:41 -0300] "POST /mixmidia/web/xmds.php?v=5&method=getFile HTTP/2.0" 500 286 "-" "ksoap2-android/2.6.0+;version=3.6.4"
191.255.221.41 - - [30/Nov/2024:05:27:41 -0300] "POST /mixmidia/web/xmds.php?v=5&method=getFile HTTP/2.0" 500 286 "-" "ksoap2-android/2.6.0+;version=3.6.4"
191.255.221.41 - - [30/Nov/2024:05:27:41 -0300] "POST /mixmidia/web/xmds.php?v=5&method=getFile HTTP/2.0" 500 286 "-" "ksoap2-android/2.6.0+;version=3.6.4"
189.84.180.165 - - [30/Nov/2024:05:27:41 -0300] "GET /serraazul/web/xmds.php?what HTTP/2.0" 200 1 "-" "okhttp/3.12.1"
191.255.221.41 - - [30/Nov/2024:05:27:42 -0300] "POST /mixmidia/web/xmds.php?v=5&method=getFile HTTP/2.0" 500 286 "-" "ksoap2-android/2.6.0+;version=3.6.4"
191.255.221.41 - - [30/Nov/2024:05:27:42 -0300] "POST /mixmidia/web/xmds.php?v=5&method=getFile HTTP/2.0" 500 286 "-" "ksoap2-android/2.6.0+;version=3.6.4"
191.255.221.41 - - [30/Nov/2024:05:27:42 -0300] "POST /mixmidia/web/xmds.php?v=5&method=getFile HTTP/2.0" 500 286 "-" "ksoap2-android/2.6.0+;version=3.6.4"
191.255.221.41 - - [30/Nov/2024:05:27:42 -0300] "POST /mixmidia/web/xmds.php?v=5&method=getFile HTTP/2.0" 500 286 "-" "ksoap2-android/2.6.0+;version=3.6.4"
191.255.221.41 - - [30/Nov/2024:05:27:43 -0300] "POST /mixmidia/web/xmds.php?v=5&method=getFile HTTP/2.0" 500 286 "-" "ksoap2-android/2.6.0+;version=3.6.4"
191.255.221.41 - - [30/Nov/2024:05:27:43 -0300] "POST /mixmidia/web/xmds.php?v=5&method=getFile HTTP/2.0" 500 286 "-" "ksoap2-android/2.6.0+;version=3.6.4"
191.255.221.41 - - [30/Nov/2024:05:27:43 -0300] "POST /mixmidia/web/xmds.php?v=5&method=getFile HTTP/2.0" 500 286 "-" "ksoap2-android/2.6.0+;version=3.6.4"
191.255.221.41 - - [30/Nov/2024:05:27:44 -0300] "POST /mixmidia/web/xmds.php?v=5&method=getFile HTTP/2.0" 500 286 "-" "ksoap2-android/2.6.0+;version=3.6.4"
191.255.221.41 - - [30/Nov/2024:05:27:44 -0300] "POST /mixmidia/web/xmds.php?v=5&method=getFile HTTP/2.0" 500 286 "-" "ksoap2-android/2.6.0+;version=3.6.4"
191.255.221.41 - - [30/Nov/2024:05:27:44 -0300] "POST /mixmidia/web/xmds.php?v=5&method=getFile HTTP/2.0" 500 286 "-" "ksoap2-android/2.6.0+;version=3.6.4"
191.255.221.41 - - [30/Nov/2024:05:27:44 -0300] "POST /mixmidia/web/xmds.php?v=5&method=getFile HTTP/2.0" 500 286 "-" "ksoap2-android/2.6.0+;version=3.6.4"
177.60.61.146 - - [30/Nov/2024:05:27:44 -0300] "GET /mixmidia/web/xmds.php?what HTTP/2.0" 200 1 "-" "okhttp/3.12.1"
191.255.221.41 - - [30/Nov/2024:05:27:44 -0300] "POST /mixmidia/web/xmds.php?v=5&method=getFile HTTP/2.0" 500 286 "-" "ksoap2-android/2.6.0+;version=3.6.4"
131.196.76.235 - - [30/Nov/2024:05:27:45 -0300] "GET /mixmidia/web/xmds.php?what HTTP/2.0" 200 1 "-" "okhttp/3.12.1"
177.60.61.146 - - [30/Nov/2024:05:27:45 -0300] "GET /mixmidia/web/xmds.php?what HTTP/2.0" 200 1 "-" "okhttp/3.12.1"
191.255.221.41 - - [30/Nov/2024:05:27:45 -0300] "POST /mixmidia/web/xmds.php?v=5&method=getFile HTTP/2.0" 500 286 "-" "ksoap2-android/2.6.0+;version=3.6.4"
131.196.76.235 - - [30/Nov/2024:05:27:45 -0300] "POST /mixmidia/web/xmds.php?v=5&method=registerDisplay HTTP/2.0" 200 3231 "-" "ksoap2-android/2.6.0+;version=3.6.4"
177.60.61.146 - - [30/Nov/2024:05:27:45 -0300] "POST /mixmidia/web/xmds.php?v=5&method=registerDisplay HTTP/2.0" 500 392 "-" "ksoap2-android/2.6.0+;version=3.6.4"
191.255.221.41 - - [30/Nov/2024:05:27:45 -0300] "POST /mixmidia/web/xmds.php?v=5&method=getFile HTTP/2.0" 500 286 "-" "ksoap2-android/2.6.0+;version=3.6.4"
191.255.221.41 - - [30/Nov/2024:05:27:45 -0300] "POST /mixmidia/web/xmds.php?v=5&method=getFile HTTP/2.0" 500 286 "-" "ksoap2-android/2.6.0+;version=3.6.4"
131.196.76.235 - - [30/Nov/2024:05:27:45 -0300] "POST /mixmidia/web/xmds.php?v=5&method=mediaInventory HTTP/2.0" 200 518 "-" "ksoap2-android/2.6.0+;version=3.6.4"
191.255.221.41 - - [30/Nov/2024:05:27:45 -0300] "POST /mixmidia/web/xmds.php?v=5&method=getFile HTTP/2.0" 500 286 "-" "ksoap2-android/2.6.0+;version=3.6.4"
131.196.76.235 - - [30/Nov/2024:05:27:45 -0300] "POST /mixmidia/web/xmds.php?v=5&method=notifyStatus HTTP/2.0" 200 514 "-" "ksoap2-android/2.6.0+;version=3.6.4"
191.255.221.41 - - [30/Nov/2024:05:27:46 -0300] "POST /mixmidia/web/xmds.php?v=5&method=getFile HTTP/2.0" 500 286 "-" "ksoap2-android/2.6.0+;version=3.6.4"
191.255.221.41 - - [30/Nov/2024:05:27:46 -0300] "POST /mixmidia/web/xmds.php?v=5&method=getFile HTTP/2.0" 500 286 "-" "ksoap2-android/2.6.0+;version=3.6.4"
191.255.221.41 - - [30/Nov/2024:05:27:47 -0300] "POST /mixmidia/web/xmds.php?v=5&method=mediaInventory HTTP/2.0" 200 518 "-" "ksoap2-android/2.6.0+;version=3.6.4"
200.159.135.242 - - [30/Nov/2024:05:27:55 -0300] "POST /midiatech/web/xmds.php?v=5&method=getResource HTTP/2.0" 200 13884 "-" "ksoap2-android/2.6.0+;version=3.6.4"
200.159.135.242 - - [30/Nov/2024:05:27:55 -0300] "POST /midiatech/web/xmds.php?v=5&method=getResource HTTP/2.0" 200 11139 "-" "ksoap2-android/2.6.0+;version=3.6.4"
200.159.135.242 - - [30/Nov/2024:05:27:56 -0300] "POST /midiatech/web/xmds.php?v=5&method=getResource HTTP/2.0" 200 11135 "-" "ksoap2-android/2.6.0+;version=3.6.4"
200.159.135.242 - - [30/Nov/2024:05:27:57 -0300] "GET /midiatech/web/xmds.php?what HTTP/2.0" 200 1 "-" "okhttp/3.12.1"
200.159.135.242 - - [30/Nov/2024:05:27:57 -0300] "POST /midiatech/web/xmds.php?v=5&method=registerDisplay HTTP/2.0" 200 3136 "-" "ksoap2-android/2.6.0+;version=3.6.4"
200.159.135.242 - - [30/Nov/2024:05:27:57 -0300] "POST /midiatech/web/xmds.php?v=5&method=notifyStatus HTTP/2.0" 200 514 "-" "ksoap2-android/2.6.0+;version=3.6.4"
57.141.3.20 - - [30/Nov/2024:05:27:59 -0300] "GET /avenida/vendor/twig/twig/lib/Twig/Node/Expression/Binary/Sub.php HTTP/2.0" 500 - "-" "meta-externalagent/1.1 (+https://developers.facebook.com/docs/sharing/webmasters/crawler)"
200.159.135.242 - - [30/Nov/2024:05:28:00 -0300] "GET /midiatech/web/xmds.php?what HTTP/2.0" 200 1 "-" "okhttp/3.12.1"
200.159.135.242 - - [30/Nov/2024:05:28:00 -0300] "POST /midiatech/web/xmds.php?v=5&method=registerDisplay HTTP/2.0" 200 3121 "-" "ksoap2-android/2.6.0+;version=3.6.4"
177.184.79.230 - - [30/Nov/2024:05:28:00 -0300] "POST /serraazul/web/xmds.php?v=5&method=getResource HTTP/2.0" 200 11168 "-" "ksoap2-android/2.6.0+;version=3.6.4"
177.60.61.146 - - [30/Nov/2024:05:28:00 -0300] "GET /mixmidia/web/xmds.php?what HTTP/2.0" 200 1 "-" "okhttp/3.12.1"
200.159.135.242 - - [30/Nov/2024:05:28:00 -0300] "POST /midiatech/web/xmds.php?v=5&method=mediaInventory HTTP/2.0" 200 518 "-" "ksoap2-android/2.6.0+;version=3.6.4"
200.159.135.242 - - [30/Nov/2024:05:28:01 -0300] "POST /midiatech/web/xmds.php?v=5&method=notifyStatus HTTP/2.0" 200 514 "-" "ksoap2-android/2.6.0+;version=3.6.4"
177.60.61.146 - - [30/Nov/2024:05:28:01 -0300] "GET /mixmidia/web/xmds.php?what HTTP/2.0" 200 1 "-" "okhttp/3.12.1"
177.60.61.146 - - [30/Nov/2024:05:28:01 -0300] "POST /mixmidia/web/xmds.php?v=5&method=registerDisplay HTTP/2.0" 500 392 "-" "ksoap2-android/2.6.0+;version=3.6.4"
186.223.31.185 - - [30/Nov/2024:05:28:01 -0300] "GET /mixmidia/web/xmds.php?what HTTP/2.0" 200 1 "-" "okhttp/3.12.1"
177.184.79.230 - - [30/Nov/2024:05:28:01 -0300] "POST /serraazul/web/xmds.php?v=5&method=getResource HTTP/2.0" 200 3795 "-" "ksoap2-android/2.6.0+;version=3.6.4"
186.223.31.185 - - [30/Nov/2024:05:28:02 -0300] "GET /mixmidia/web/xmds.php?what HTTP/2.0" 200 1 "-" "okhttp/3.12.1"
186.223.31.185 - - [30/Nov/2024:05:28:02 -0300] "POST /mixmidia/web/xmds.php?v=5&method=registerDisplay HTTP/2.0" 500 392 "-" "ksoap2-android/2.6.0+;version=3.6.4"
85.208.96.193 - - [30/Nov/2024:05:28:04 -0300] "GET /shimoda/vendor/intervention/image/src/Intervention/ HTTP/1.1" 200 902 "-" "Mozilla/5.0 (compatible; SemrushBot/7~bl; +http://www.semrush.com/bot.html)"
179.110.81.157 - - [30/Nov/2024:05:28:06 -0300] "GET /mixmidia/web/xmds.php?what HTTP/2.0" 200 1 "-" "okhttp/3.12.1"
157.55.39.11 - - [30/Nov/2024:05:28:09 -0300] "GET /bdawo/s202418.html HTTP/2.0" 404 16 "-" "Mozilla/5.0 AppleWebKit/537.36 (KHTML, like Gecko; compatible; bingbot/2.0; +http://www.bing.com/bingbot.htm) Chrome/116.0.1938.76 Safari/537.36"
200.159.135.242 - - [30/Nov/2024:05:28:10 -0300] "GET /midiatech/web/xmds.php?what HTTP/2.0" 200 1 "-" "okhttp/3.12.1"
191.8.164.41 - - [30/Nov/2024:05:28:15 -0300] "GET /mixmidia/web/xmds.php?what HTTP/2.0" 200 1 "-" "okhttp/3.12.1"
179.110.81.157 - - [30/Nov/2024:05:28:16 -0300] "GET /mixmidia/web/xmds.php?what HTTP/2.0" 200 1 "-" "okhttp/3.12.1"
191.8.164.41 - - [30/Nov/2024:05:28:16 -0300] "GET /mixmidia/web/xmds.php?what HTTP/2.0" 200 1 "-" "okhttp/3.12.1"
191.8.164.41 - - [30/Nov/2024:05:28:16 -0300] "POST /mixmidia/web/xmds.php?v=5&method=registerDisplay HTTP/2.0" 500 392 "-" "ksoap2-android/2.6.0+;version=3.6.4"
179.110.81.157 - - [30/Nov/2024:05:28:16 -0300] "POST /mixmidia/web/xmds.php?v=5&method=registerDisplay HTTP/2.0" 500 392 "-" "ksoap2-android/2.6.0+;version=3.6.4"
157.55.39.16 - - [30/Nov/2024:05:28:16 -0300] "GET /sommatv/lib/Middleware/ApiAuthorizationOAuth.php HTTP/2.0" 500 - "-" "Mozilla/5.0 AppleWebKit/537.36 (KHTML, like Gecko; compatible; bingbot/2.0; +http://www.bing.com/bingbot.htm) Chrome/116.0.1938.76 Safari/537.36"
179.110.81.157 - - [30/Nov/2024:05:28:16 -0300] "POST /mixmidia/web/xmds.php?v=5&method=submitLog HTTP/2.0" 200 508 "-" "ksoap2-android/2.6.0+;version=3.6.4"
189.84.180.165 - - [30/Nov/2024:05:28:22 -0300] "POST /serraazul/web/xmds.php?v=5&method=getResource HTTP/2.0" 200 14655 "-" "ksoap2-android/2.6.0+;version=3.6.4"
186.219.147.112 - - [30/Nov/2024:05:28:24 -0300] "GET /mixmidia/web/xmds.php?what HTTP/2.0" 200 1 "-" "okhttp/3.12.1"
186.219.147.112 - - [30/Nov/2024:05:28:25 -0300] "POST /mixmidia/web/xmds.php?v=5&method=registerDisplay HTTP/2.0" 200 3211 "-" "ksoap2-android/2.6.0+;version=3.6.4"
187.106.36.87 - - [30/Nov/2024:05:28:25 -0300] "GET /mixmidia/web/xmds.php?what HTTP/2.0" 200 1 "-" "okhttp/3.12.1"
186.219.147.112 - - [30/Nov/2024:05:28:26 -0300] "POST /mixmidia/web/xmds.php?v=5&method=mediaInventory HTTP/2.0" 200 518 "-" "ksoap2-android/2.6.0+;version=3.6.4"
187.106.36.87 - - [30/Nov/2024:05:28:26 -0300] "POST /mixmidia/web/xmds.php?v=5&method=registerDisplay HTTP/2.0" 200 3225 "-" "ksoap2-android/2.6.0+;version=3.6.4"
186.219.147.112 - - [30/Nov/2024:05:28:26 -0300] "POST /mixmidia/web/xmds.php?v=5&method=notifyStatus HTTP/2.0" 200 514 "-" "ksoap2-android/2.6.0+;version=3.6.4"
187.106.36.87 - - [30/Nov/2024:05:28:26 -0300] "POST /mixmidia/web/xmds.php?v=5&method=mediaInventory HTTP/2.0" 200 518 "-" "ksoap2-android/2.6.0+;version=3.6.4"
187.106.36.87 - - [30/Nov/2024:05:28:26 -0300] "POST /mixmidia/web/xmds.php?v=5&method=notifyStatus HTTP/2.0" 200 514 "-" "ksoap2-android/2.6.0+;version=3.6.4"
45.182.48.174 - - [30/Nov/2024:05:28:33 -0300] "GET /mixmidia/web/xmds.php?what HTTP/2.0" 200 1 "-" "okhttp/3.12.1"
45.182.48.174 - - [30/Nov/2024:05:28:33 -0300] "POST /mixmidia/web/xmds.php?v=5&method=registerDisplay HTTP/2.0" 200 3186 "-" "ksoap2-android/2.6.0+;version=3.6.4"
45.182.48.174 - - [30/Nov/2024:05:28:33 -0300] "POST /mixmidia/web/xmds.php?v=5&method=mediaInventory HTTP/2.0" 200 518 "-" "ksoap2-android/2.6.0+;version=3.6.4"
45.182.48.174 - - [30/Nov/2024:05:28:34 -0300] "POST /mixmidia/web/xmds.php?v=5&method=notifyStatus HTTP/2.0" 200 514 "-" "ksoap2-android/2.6.0+;version=3.6.4"
66.249.72.109 - - [30/Nov/2024:05:28:36 -0300] "GET /giga/vendor/emojione/emojione/assets/png/1F5DC.png HTTP/1.1" 200 1979 "-" "Googlebot-Image/1.0"
187.101.139.44 - - [30/Nov/2024:05:28:37 -0300] "GET /mixmidia/web/xmds.php?what HTTP/2.0" 200 1 "-" "okhttp/3.12.1"
187.101.139.44 - - [30/Nov/2024:05:28:37 -0300] "POST /mixmidia/web/xmds.php?v=5&method=registerDisplay HTTP/2.0" 200 3210 "-" "ksoap2-android/2.6.0+;version=3.6.4"
187.101.139.44 - - [30/Nov/2024:05:28:38 -0300] "POST /mixmidia/web/xmds.php?v=5&method=notifyStatus HTTP/2.0" 200 514 "-" "ksoap2-android/2.6.0+;version=3.6.4"
191.255.221.41 - - [30/Nov/2024:05:28:38 -0300] "GET /mixmidia/web/xmds.php?what HTTP/2.0" 200 1 "-" "okhttp/3.12.1"
185.191.171.12 - - [30/Nov/2024:05:28:39 -0300] "GET /fmd/vendor/james-heinrich/getid3/licenses/?filesrc=%2Fhome%2Fmgatv524%2Fwww%2Fnovabrasil%2Fweb%2Ftheme%2Fdefault%2Fcss%2Fcalendar.css&path=%2Fhome%2Fmgatv524%2Fwww%2Fnovabrasil%2Fweb%2Ftheme%2Fdefault%2Fcss HTTP/1.1" 200 1826 "-" "Mozilla/5.0 (compatible; SemrushBot/7~bl; +http://www.semrush.com/bot.html)"
191.255.221.41 - - [30/Nov/2024:05:28:39 -0300] "POST /mixmidia/web/xmds.php?v=5&method=registerDisplay HTTP/2.0" 200 3229 "-" "ksoap2-android/2.6.0+;version=3.6.4"
179.135.206.11 - - [30/Nov/2024:05:28:39 -0300] "GET /mixmidia/web/xmds.php?what HTTP/2.0" 200 1 "-" "okhttp/3.12.1"
191.255.221.41 - - [30/Nov/2024:05:28:39 -0300] "POST /mixmidia/web/xmds.php?v=5&method=getFile HTTP/2.0" 500 286 "-" "ksoap2-android/2.6.0+;version=3.6.4"
191.255.221.41 - - [30/Nov/2024:05:28:39 -0300] "POST /mixmidia/web/xmds.php?v=5&method=getFile HTTP/2.0" 500 286 "-" "ksoap2-android/2.6.0+;version=3.6.4"
191.255.221.41 - - [30/Nov/2024:05:28:39 -0300] "POST /mixmidia/web/xmds.php?v=5&method=mediaInventory HTTP/2.0" 200 518 "-" "ksoap2-android/2.6.0+;version=3.6.4"
179.135.206.11 - - [30/Nov/2024:05:28:39 -0300] "GET /mixmidia/web/xmds.php?what HTTP/2.0" 200 1 "-" "okhttp/3.12.1"
191.255.221.41 - - [30/Nov/2024:05:28:40 -0300] "POST /mixmidia/web/xmds.php?v=5&method=notifyStatus HTTP/2.0" 200 514 "-" "ksoap2-android/2.6.0+;version=3.6.4"
177.184.74.235 - - [30/Nov/2024:05:28:40 -0300] "GET /serraazul/web/xmds.php?what HTTP/2.0" 200 1 "-" "okhttp/3.12.1"
179.135.206.11 - - [30/Nov/2024:05:28:40 -0300] "POST /mixmidia/web/xmds.php?v=5&method=registerDisplay HTTP/2.0" 500 392 "-" "ksoap2-android/2.6.0+;version=3.6.4"
191.255.221.41 - - [30/Nov/2024:05:28:40 -0300] "POST /mixmidia/web/xmds.php?v=5&method=submitLog HTTP/2.0" 200 508 "-" "ksoap2-android/2.6.0+;version=3.6.4"
191.255.221.41 - - [30/Nov/2024:05:28:40 -0300] "POST /mixmidia/web/xmds.php?v=5&method=getFile HTTP/2.0" 500 286 "-" "ksoap2-android/2.6.0+;version=3.6.4"
191.255.221.41 - - [30/Nov/2024:05:28:40 -0300] "POST /mixmidia/web/xmds.php?v=5&method=getFile HTTP/2.0" 500 286 "-" "ksoap2-android/2.6.0+;version=3.6.4"
191.255.221.41 - - [30/Nov/2024:05:28:40 -0300] "POST /mixmidia/web/xmds.php?v=5&method=getFile HTTP/2.0" 500 286 "-" "ksoap2-android/2.6.0+;version=3.6.4"
191.255.221.41 - - [30/Nov/2024:05:28:40 -0300] "POST /mixmidia/web/xmds.php?v=5&method=getFile HTTP/2.0" 500 286 "-" "ksoap2-android/2.6.0+;version=3.6.4"
177.184.79.230 - - [30/Nov/2024:05:28:40 -0300] "GET /serraazul/web/xmds.php?what HTTP/2.0" 200 1 "-" "okhttp/3.12.1"
57.141.3.3 - - [30/Nov/2024:05:28:41 -0300] "GET /fmd/vendor/james-heinrich/getid3/licenses/?filesrc=/home/mgatv524/pmj.mgaplay.com.br/vendor/mpdf/mpdf/src/Tag/THead.php&path=/home/mgatv524/pmj.mgaplay.com.br/vendor/mpdf/mpdf/src/Tag HTTP/2.0" 200 1826 "-" "meta-externalagent/1.1 (+https://developers.facebook.com/docs/sharing/webmasters/crawler)"
177.184.79.230 - - [30/Nov/2024:05:28:41 -0300] "POST /serraazul/web/xmds.php?v=5&method=registerDisplay HTTP/2.0" 200 3149 "-" "ksoap2-android/2.6.0+;version=3.6.4"
191.255.221.41 - - [30/Nov/2024:05:28:41 -0300] "POST /mixmidia/web/xmds.php?v=5&method=getFile HTTP/2.0" 500 286 "-" "ksoap2-android/2.6.0+;version=3.6.4"
177.184.79.230 - - [30/Nov/2024:05:28:41 -0300] "POST /serraazul/web/xmds.php?v=5&method=schedule HTTP/2.0" 200 3786 "-" "ksoap2-android/2.6.0+;version=3.6.4"
191.255.221.41 - - [30/Nov/2024:05:28:41 -0300] "POST /mixmidia/web/xmds.php?v=5&method=getFile HTTP/2.0" 500 286 "-" "ksoap2-android/2.6.0+;version=3.6.4"
191.255.221.41 - - [30/Nov/2024:05:28:41 -0300] "POST /mixmidia/web/xmds.php?v=5&method=getFile HTTP/2.0" 500 286 "-" "ksoap2-android/2.6.0+;version=3.6.4"
177.184.79.230 - - [30/Nov/2024:05:28:41 -0300] "POST /serraazul/web/xmds.php?v=5&method=requiredFiles HTTP/2.0" 200 10469 "-" "ksoap2-android/2.6.0+;version=3.6.4"
191.255.221.41 - - [30/Nov/2024:05:28:41 -0300] "POST /mixmidia/web/xmds.php?v=5&method=getFile HTTP/2.0" 500 286 "-" "ksoap2-android/2.6.0+;version=3.6.4"
177.184.79.230 - - [30/Nov/2024:05:28:42 -0300] "POST /serraazul/web/xmds.php?v=5&method=mediaInventory HTTP/2.0" 200 518 "-" "ksoap2-android/2.6.0+;version=3.6.4"
191.255.221.41 - - [30/Nov/2024:05:28:42 -0300] "POST /mixmidia/web/xmds.php?v=5&method=getFile HTTP/2.0" 500 286 "-" "ksoap2-android/2.6.0+;version=3.6.4"
177.184.79.230 - - [30/Nov/2024:05:28:42 -0300] "POST /serraazul/web/xmds.php?v=5&method=notifyStatus HTTP/2.0" 200 514 "-" "ksoap2-android/2.6.0+;version=3.6.4"
191.255.221.41 - - [30/Nov/2024:05:28:42 -0300] "POST /mixmidia/web/xmds.php?v=5&method=getFile HTTP/2.0" 500 286 "-" "ksoap2-android/2.6.0+;version=3.6.4"
191.255.221.41 - - [30/Nov/2024:05:28:42 -0300] "POST /mixmidia/web/xmds.php?v=5&method=getFile HTTP/2.0" 500 286 "-" "ksoap2-android/2.6.0+;version=3.6.4"
191.255.221.41 - - [30/Nov/2024:05:28:43 -0300] "POST /mixmidia/web/xmds.php?v=5&method=getFile HTTP/2.0" 500 286 "-" "ksoap2-android/2.6.0+;version=3.6.4"
191.255.221.41 - - [30/Nov/2024:05:28:43 -0300] "POST /mixmidia/web/xmds.php?v=5&method=getFile HTTP/2.0" 500 286 "-" "ksoap2-android/2.6.0+;version=3.6.4"
191.255.221.41 - - [30/Nov/2024:05:28:43 -0300] "POST /mixmidia/web/xmds.php?v=5&method=getFile HTTP/2.0" 500 286 "-" "ksoap2-android/2.6.0+;version=3.6.4"
191.255.221.41 - - [30/Nov/2024:05:28:44 -0300] "POST /mixmidia/web/xmds.php?v=5&method=getFile HTTP/2.0" 500 286 "-" "ksoap2-android/2.6.0+;version=3.6.4"
191.255.221.41 - - [30/Nov/2024:05:28:44 -0300] "POST /mixmidia/web/xmds.php?v=5&method=getFile HTTP/2.0" 500 286 "-" "ksoap2-android/2.6.0+;version=3.6.4"
177.60.61.146 - - [30/Nov/2024:05:28:44 -0300] "GET /mixmidia/web/xmds.php?what HTTP/2.0" 200 1 "-" "okhttp/3.12.1"
177.184.74.96 - - [30/Nov/2024:05:28:44 -0300] "POST /serraazul/web/xmds.php?v=5&method=getResource HTTP/2.0" 200 30637 "-" "ksoap2-android/2.6.0+;version=3.6.4"
191.255.221.41 - - [30/Nov/2024:05:28:44 -0300] "POST /mixmidia/web/xmds.php?v=5&method=getFile HTTP/2.0" 500 286 "-" "ksoap2-android/2.6.0+;version=3.6.4"
177.60.61.146 - - [30/Nov/2024:05:28:44 -0300] "GET /mixmidia/web/xmds.php?what HTTP/2.0" 200 1 "-" "okhttp/3.12.1"
191.255.221.41 - - [30/Nov/2024:05:28:44 -0300] "POST /mixmidia/web/xmds.php?v=5&method=getFile HTTP/2.0" 500 286 "-" "ksoap2-android/2.6.0+;version=3.6.4"
131.196.76.235 - - [30/Nov/2024:05:28:45 -0300] "GET /mixmidia/web/xmds.php?what HTTP/2.0" 200 1 "-" "okhttp/3.12.1"
191.255.221.41 - - [30/Nov/2024:05:28:45 -0300] "POST /mixmidia/web/xmds.php?v=5&method=getFile HTTP/2.0" 500 286 "-" "ksoap2-android/2.6.0+;version=3.6.4"
177.60.61.146 - - [30/Nov/2024:05:28:45 -0300] "POST /mixmidia/web/xmds.php?v=5&method=registerDisplay HTTP/2.0" 500 392 "-" "ksoap2-android/2.6.0+;version=3.6.4"
191.255.221.41 - - [30/Nov/2024:05:28:45 -0300] "POST /mixmidia/web/xmds.php?v=5&method=getFile HTTP/2.0" 500 286 "-" "ksoap2-android/2.6.0+;version=3.6.4"
131.196.76.235 - - [30/Nov/2024:05:28:45 -0300] "POST /mixmidia/web/xmds.php?v=5&method=registerDisplay HTTP/2.0" 200 3231 "-" "ksoap2-android/2.6.0+;version=3.6.4"
131.196.76.235 - - [30/Nov/2024:05:28:45 -0300] "POST /mixmidia/web/xmds.php?v=5&method=mediaInventory HTTP/2.0" 200 518 "-" "ksoap2-android/2.6.0+;version=3.6.4"
191.255.221.41 - - [30/Nov/2024:05:28:45 -0300] "POST /mixmidia/web/xmds.php?v=5&method=getFile HTTP/2.0" 500 286 "-" "ksoap2-android/2.6.0+;version=3.6.4"
57.141.3.4 - - [30/Nov/2024:05:28:45 -0300] "GET /fmd/vendor/james-heinrich/getid3/licenses/?path=/home/mgatv524/tvc.mgaplay.com.br/vendor/doctrine/inflector/lib/Doctrine HTTP/2.0" 200 1826 "-" "meta-externalagent/1.1 (+https://developers.facebook.com/docs/sharing/webmasters/crawler)"
131.196.76.235 - - [30/Nov/2024:05:28:45 -0300] "POST /mixmidia/web/xmds.php?v=5&method=notifyStatus HTTP/2.0" 200 514 "-" "ksoap2-android/2.6.0+;version=3.6.4"
191.255.221.41 - - [30/Nov/2024:05:28:46 -0300] "POST /mixmidia/web/xmds.php?v=5&method=getFile HTTP/2.0" 500 286 "-" "ksoap2-android/2.6.0+;version=3.6.4"
191.255.221.41 - - [30/Nov/2024:05:28:46 -0300] "POST /mixmidia/web/xmds.php?v=5&method=getFile HTTP/2.0" 500 286 "-" "ksoap2-android/2.6.0+;version=3.6.4"
191.255.221.41 - - [30/Nov/2024:05:28:46 -0300] "POST /mixmidia/web/xmds.php?v=5&method=getFile HTTP/2.0" 500 286 "-" "ksoap2-android/2.6.0+;version=3.6.4"
177.60.61.146 - - [30/Nov/2024:05:28:46 -0300] "GET /mixmidia/web/xmds.php?what HTTP/2.0" 200 1 "-" "okhttp/3.12.1"
191.255.221.41 - - [30/Nov/2024:05:28:46 -0300] "POST /mixmidia/web/xmds.php?v=5&method=getFile HTTP/2.0" 500 286 "-" "ksoap2-android/2.6.0+;version=3.6.4"
191.255.221.41 - - [30/Nov/2024:05:28:47 -0300] "POST /mixmidia/web/xmds.php?v=5&method=getFile HTTP/2.0" 500 286 "-" "ksoap2-android/2.6.0+;version=3.6.4"
191.255.221.41 - - [30/Nov/2024:05:28:47 -0300] "POST /mixmidia/web/xmds.php?v=5&method=mediaInventory HTTP/2.0" 200 518 "-" "ksoap2-android/2.6.0+;version=3.6.4"
177.184.74.136 - - [30/Nov/2024:05:28:47 -0300] "GET /serraazul/web/xmds.php?what HTTP/2.0" 200 1 "-" "okhttp/3.12.1"
177.184.74.136 - - [30/Nov/2024:05:28:48 -0300] "POST /serraazul/web/xmds.php?v=5&method=registerDisplay HTTP/2.0" 200 3151 "-" "ksoap2-android/2.6.0+;version=3.6.4"
177.184.74.136 - - [30/Nov/2024:05:28:48 -0300] "POST /serraazul/web/xmds.php?v=5&method=schedule HTTP/2.0" 200 2677 "-" "ksoap2-android/2.6.0+;version=3.6.4"
177.184.74.136 - - [30/Nov/2024:05:28:48 -0300] "POST /serraazul/web/xmds.php?v=5&method=requiredFiles HTTP/2.0" 200 7486 "-" "ksoap2-android/2.6.0+;version=3.6.4"
177.184.74.136 - - [30/Nov/2024:05:28:49 -0300] "POST /serraazul/web/xmds.php?v=5&method=getResource HTTP/2.0" 200 13768 "-" "ksoap2-android/2.6.0+;version=3.6.4"
177.184.74.136 - - [30/Nov/2024:05:28:49 -0300] "POST /serraazul/web/xmds.php?v=5&method=getResource HTTP/2.0" 200 3628 "-" "ksoap2-android/2.6.0+;version=3.6.4"
177.184.74.136 - - [30/Nov/2024:05:28:49 -0300] "POST /serraazul/web/xmds.php?v=5&method=mediaInventory HTTP/2.0" 200 518 "-" "ksoap2-android/2.6.0+;version=3.6.4"
177.184.74.136 - - [30/Nov/2024:05:28:50 -0300] "POST /serraazul/web/xmds.php?v=5&method=notifyStatus HTTP/2.0" 200 514 "-" "ksoap2-android/2.6.0+;version=3.6.4"
177.184.74.136 - - [30/Nov/2024:05:28:50 -0300] "POST /serraazul/web/xmds.php?v=5&method=mediaInventory HTTP/2.0" 200 518 "-" "ksoap2-android/2.6.0+;version=3.6.4"
200.159.135.242 - - [30/Nov/2024:05:28:57 -0300] "GET /midiatech/web/xmds.php?what HTTP/2.0" 200 1 "-" "okhttp/3.12.1"
200.159.135.242 - - [30/Nov/2024:05:28:57 -0300] "POST /midiatech/web/xmds.php?v=5&method=registerDisplay HTTP/2.0" 200 3136 "-" "ksoap2-android/2.6.0+;version=3.6.4"
200.159.135.242 - - [30/Nov/2024:05:28:58 -0300] "POST /midiatech/web/xmds.php?v=5&method=notifyStatus HTTP/2.0" 200 514 "-" "ksoap2-android/2.6.0+;version=3.6.4"
200.159.135.242 - - [30/Nov/2024:05:28:59 -0300] "GET /midiatech/web/xmds.php?what HTTP/2.0" 200 1 "-" "okhttp/3.12.1"
85.208.96.208 - - [30/Nov/2024:05:29:00 -0300] "GET /fmd/vendor/james-heinrich/getid3/licenses/?filesrc=%2Fhome%2Fmgatv524%2Fwww%2Fmixmidia%2Fweb%2Fmedia%2Fwidget%2F5%2F5_126_58&path=%2Fhome%2Fmgatv524%2Fwww%2Fmixmidia%2Fweb%2Fmedia%2Fwidget%2F5 HTTP/1.1" 200 1826 "-" "Mozilla/5.0 (compatible; SemrushBot/7~bl; +http://www.semrush.com/bot.html)"
177.60.61.146 - - [30/Nov/2024:05:29:00 -0300] "GET /mixmidia/web/xmds.php?what HTTP/2.0" 200 1 "-" "okhttp/3.12.1"
187.106.36.87 - - [30/Nov/2024:05:29:00 -0300] "GET /mixmidia/web/xmds.php?what HTTP/2.0" 200 1 "-" "okhttp/3.12.1"
200.159.135.242 - - [30/Nov/2024:05:29:00 -0300] "POST /midiatech/web/xmds.php?v=5&method=registerDisplay HTTP/2.0" 200 3121 "-" "ksoap2-android/2.6.0+;version=3.6.4"
200.159.135.242 - - [30/Nov/2024:05:29:00 -0300] "POST /midiatech/web/xmds.php?v=5&method=mediaInventory HTTP/2.0" 200 518 "-" "ksoap2-android/2.6.0+;version=3.6.4"
177.60.61.146 - - [30/Nov/2024:05:29:00 -0300] "GET /mixmidia/web/xmds.php?what HTTP/2.0" 200 1 "-" "okhttp/3.12.1"
200.159.135.242 - - [30/Nov/2024:05:29:00 -0300] "POST /midiatech/web/xmds.php?v=5&method=notifyStatus HTTP/2.0" 200 514 "-" "ksoap2-android/2.6.0+;version=3.6.4"
177.60.61.146 - - [30/Nov/2024:05:29:00 -0300] "POST /mixmidia/web/xmds.php?v=5&method=registerDisplay HTTP/2.0" 500 392 "-" "ksoap2-android/2.6.0+;version=3.6.4"
186.223.31.185 - - [30/Nov/2024:05:29:01 -0300] "GET /mixmidia/web/xmds.php?what HTTP/2.0" 200 1 "-" "okhttp/3.12.1"
186.223.31.185 - - [30/Nov/2024:05:29:02 -0300] "GET /mixmidia/web/xmds.php?what HTTP/2.0" 200 1 "-" "okhttp/3.12.1"
186.223.31.185 - - [30/Nov/2024:05:29:02 -0300] "POST /mixmidia/web/xmds.php?v=5&method=registerDisplay HTTP/2.0" 500 392 "-" "ksoap2-android/2.6.0+;version=3.6.4"
186.223.31.185 - - [30/Nov/2024:05:29:02 -0300] "GET /mixmidia/web/xmds.php?what HTTP/2.0" 200 1 "-" "okhttp/3.12.1"
186.223.31.185 - - [30/Nov/2024:05:29:03 -0300] "POST /mixmidia/web/xmds.php?v=5&method=submitLog HTTP/2.0" 200 508 "-" "ksoap2-android/2.6.0+;version=3.6.4"
85.208.96.199 - - [30/Nov/2024:05:29:05 -0300] "GET /somares/vendor/illuminate/support/Facades/Cache.php HTTP/1.1" 500 - "-" "Mozilla/5.0 (compatible; SemrushBot/7~bl; +http://www.semrush.com/bot.html)"
85.208.96.211 - - [30/Nov/2024:05:29:08 -0300] "GET /fmd/vendor/james-heinrich/getid3/licenses/?option&path=%2Fhome%2Fmgatv524%2Fwww%2Fnovabrasil%2Fvendor%2Fmtdowling%2Fcron-expression%2Fsrc%2FCron HTTP/1.1" 200 1826 "-" "Mozilla/5.0 (compatible; SemrushBot/7~bl; +http://www.semrush.com/bot.html)"
131.196.76.235 - - [30/Nov/2024:05:29:10 -0300] "POST /mixmidia/web/xmds.php?v=5&method=submitLog HTTP/2.0" 200 508 "-" "ksoap2-android/2.6.0+;version=3.6.4"
85.208.96.208 - - [30/Nov/2024:05:29:14 -0300] "GET /mixmidia/vendor/ezyang/htmlpurifier/library/HTMLPurifier/DefinitionCache/Serializer.php HTTP/1.1" 500 - "-" "Mozilla/5.0 (compatible; SemrushBot/7~bl; +http://www.semrush.com/bot.html)"
191.8.164.41 - - [30/Nov/2024:05:29:15 -0300] "GET /mixmidia/web/xmds.php?what HTTP/2.0" 200 1 "-" "okhttp/3.12.1"
179.110.81.157 - - [30/Nov/2024:05:29:16 -0300] "GET /mixmidia/web/xmds.php?what HTTP/2.0" 200 1 "-" "okhttp/3.12.1"
191.8.164.41 - - [30/Nov/2024:05:29:16 -0300] "GET /mixmidia/web/xmds.php?what HTTP/2.0" 200 1 "-" "okhttp/3.12.1"
179.110.81.157 - - [30/Nov/2024:05:29:16 -0300] "POST /mixmidia/web/xmds.php?v=5&method=registerDisplay HTTP/2.0" 500 392 "-" "ksoap2-android/2.6.0+;version=3.6.4"
191.8.164.41 - - [30/Nov/2024:05:29:16 -0300] "POST /mixmidia/web/xmds.php?v=5&method=registerDisplay HTTP/2.0" 500 392 "-" "ksoap2-android/2.6.0+;version=3.6.4"
207.46.13.51 - - [30/Nov/2024:05:29:18 -0300] "GET /jvnwv/d2249695.html HTTP/2.0" 404 16 "-" "Mozilla/5.0 AppleWebKit/537.36 (KHTML, like Gecko; compatible; bingbot/2.0; +http://www.bing.com/bingbot.htm) Chrome/116.0.1938.76 Safari/537.36"
85.208.96.202 - - [30/Nov/2024:05:29:19 -0300] "GET /somares/vendor/apereo/phpcas/source/CAS/OutOfSequenceException.php HTTP/1.1" 500 - "-" "Mozilla/5.0 (compatible; SemrushBot/7~bl; +http://www.semrush.com/bot.html)"
177.184.74.96 - - [30/Nov/2024:05:29:22 -0300] "GET /serraazul/web/xmds.php?what HTTP/2.0" 200 1 "-" "okhttp/3.12.1"
177.184.74.96 - - [30/Nov/2024:05:29:22 -0300] "POST /serraazul/web/xmds.php?v=5&method=registerDisplay HTTP/2.0" 200 3137 "-" "ksoap2-android/2.6.0+;version=3.6.4"
177.184.74.96 - - [30/Nov/2024:05:29:22 -0300] "POST /serraazul/web/xmds.php?v=5&method=notifyStatus HTTP/2.0" 200 514 "-" "ksoap2-android/2.6.0+;version=3.6.4"
186.219.147.112 - - [30/Nov/2024:05:29:25 -0300] "GET /mixmidia/web/xmds.php?what HTTP/2.0" 200 1 "-" "okhttp/3.12.1"
186.219.147.112 - - [30/Nov/2024:05:29:25 -0300] "POST /mixmidia/web/xmds.php?v=5&method=registerDisplay HTTP/2.0" 200 3211 "-" "ksoap2-android/2.6.0+;version=3.6.4"
187.106.36.87 - - [30/Nov/2024:05:29:25 -0300] "GET /mixmidia/web/xmds.php?what HTTP/2.0" 200 1 "-" "okhttp/3.12.1"
186.219.147.112 - - [30/Nov/2024:05:29:25 -0300] "POST /mixmidia/web/xmds.php?v=5&method=mediaInventory HTTP/2.0" 200 518 "-" "ksoap2-android/2.6.0+;version=3.6.4"
186.219.147.112 - - [30/Nov/2024:05:29:26 -0300] "POST /mixmidia/web/xmds.php?v=5&method=notifyStatus HTTP/2.0" 200 514 "-" "ksoap2-android/2.6.0+;version=3.6.4"
187.106.36.87 - - [30/Nov/2024:05:29:26 -0300] "POST /mixmidia/web/xmds.php?v=5&method=registerDisplay HTTP/2.0" 200 3225 "-" "ksoap2-android/2.6.0+;version=3.6.4"
177.184.74.235 - - [30/Nov/2024:05:29:26 -0300] "POST /serraazul/web/xmds.php?v=5&method=getResource HTTP/2.0" 200 3628 "-" "ksoap2-android/2.6.0+;version=3.6.4"
187.106.36.87 - - [30/Nov/2024:05:29:26 -0300] "POST /mixmidia/web/xmds.php?v=5&method=mediaInventory HTTP/2.0" 200 518 "-" "ksoap2-android/2.6.0+;version=3.6.4"
187.106.36.87 - - [30/Nov/2024:05:29:26 -0300] "POST /mixmidia/web/xmds.php?v=5&method=notifyStatus HTTP/2.0" 200 514 "-" "ksoap2-android/2.6.0+;version=3.6.4"
57.141.3.22 - - [30/Nov/2024:05:29:30 -0300] "GET /fmd/vendor/twig/twig/test/Twig/Tests/Node/AutoEscapeTest.php HTTP/2.0" 500 - "-" "meta-externalagent/1.1 (+https://developers.facebook.com/docs/sharing/webmasters/crawler)"
177.184.74.96 - - [30/Nov/2024:05:29:32 -0300] "GET /serraazul/web/xmds.php?what HTTP/2.0" 200 1 "-" "okhttp/3.12.1"
177.184.74.96 - - [30/Nov/2024:05:29:32 -0300] "POST /serraazul/web/xmds.php?v=5&method=registerDisplay HTTP/2.0" 200 3174 "-" "ksoap2-android/2.6.0+;version=3.6.4"
177.184.74.96 - - [30/Nov/2024:05:29:33 -0300] "POST /serraazul/web/xmds.php?v=5&method=mediaInventory HTTP/2.0" 200 518 "-" "ksoap2-android/2.6.0+;version=3.6.4"
45.182.48.174 - - [30/Nov/2024:05:29:33 -0300] "GET /mixmidia/web/xmds.php?what HTTP/2.0" 200 1 "-" "okhttp/3.12.1"
177.184.74.96 - - [30/Nov/2024:05:29:33 -0300] "POST /serraazul/web/xmds.php?v=5&method=notifyStatus HTTP/2.0" 200 514 "-" "ksoap2-android/2.6.0+;version=3.6.4"
45.182.48.174 - - [30/Nov/2024:05:29:33 -0300] "POST /mixmidia/web/xmds.php?v=5&method=registerDisplay HTTP/2.0" 200 3186 "-" "ksoap2-android/2.6.0+;version=3.6.4"
45.182.48.174 - - [30/Nov/2024:05:29:34 -0300] "POST /mixmidia/web/xmds.php?v=5&method=mediaInventory HTTP/2.0" 200 518 "-" "ksoap2-android/2.6.0+;version=3.6.4"
45.182.48.174 - - [30/Nov/2024:05:29:34 -0300] "POST /mixmidia/web/xmds.php?v=5&method=notifyStatus HTTP/2.0" 200 514 "-" "ksoap2-android/2.6.0+;version=3.6.4"
187.101.139.44 - - [30/Nov/2024:05:29:37 -0300] "GET /mixmidia/web/xmds.php?what HTTP/2.0" 200 1 "-" "okhttp/3.12.1"
187.101.139.44 - - [30/Nov/2024:05:29:37 -0300] "POST /mixmidia/web/xmds.php?v=5&method=registerDisplay HTTP/2.0" 200 3210 "-" "ksoap2-android/2.6.0+;version=3.6.4"
187.101.139.44 - - [30/Nov/2024:05:29:38 -0300] "POST /mixmidia/web/xmds.php?v=5&method=notifyStatus HTTP/2.0" 200 514 "-" "ksoap2-android/2.6.0+;version=3.6.4"
191.255.221.41 - - [30/Nov/2024:05:29:38 -0300] "GET /mixmidia/web/xmds.php?what HTTP/2.0" 200 1 "-" "okhttp/3.12.1"
191.255.221.41 - - [30/Nov/2024:05:29:39 -0300] "POST /mixmidia/web/xmds.php?v=5&method=registerDisplay HTTP/2.0" 200 3229 "-" "ksoap2-android/2.6.0+;version=3.6.4"
179.135.206.11 - - [30/Nov/2024:05:29:39 -0300] "GET /mixmidia/web/xmds.php?what HTTP/2.0" 200 1 "-" "okhttp/3.12.1"
191.255.221.41 - - [30/Nov/2024:05:29:39 -0300] "POST /mixmidia/web/xmds.php?v=5&method=getFile HTTP/2.0" 500 286 "-" "ksoap2-android/2.6.0+;version=3.6.4"
191.255.221.41 - - [30/Nov/2024:05:29:39 -0300] "POST /mixmidia/web/xmds.php?v=5&method=getFile HTTP/2.0" 500 286 "-" "ksoap2-android/2.6.0+;version=3.6.4"
191.255.221.41 - - [30/Nov/2024:05:29:39 -0300] "POST /mixmidia/web/xmds.php?v=5&method=mediaInventory HTTP/2.0" 200 518 "-" "ksoap2-android/2.6.0+;version=3.6.4"
179.135.206.11 - - [30/Nov/2024:05:29:39 -0300] "GET /mixmidia/web/xmds.php?what HTTP/2.0" 200 1 "-" "okhttp/3.12.1"
191.255.221.41 - - [30/Nov/2024:05:29:40 -0300] "POST /mixmidia/web/xmds.php?v=5&method=notifyStatus HTTP/2.0" 200 514 "-" "ksoap2-android/2.6.0+;version=3.6.4"
179.135.206.11 - - [30/Nov/2024:05:29:40 -0300] "POST /mixmidia/web/xmds.php?v=5&method=registerDisplay HTTP/2.0" 500 392 "-" "ksoap2-android/2.6.0+;version=3.6.4"
191.255.221.41 - - [30/Nov/2024:05:29:40 -0300] "POST /mixmidia/web/xmds.php?v=5&method=getFile HTTP/2.0" 500 286 "-" "ksoap2-android/2.6.0+;version=3.6.4"
179.135.206.11 - - [30/Nov/2024:05:29:40 -0300] "GET /mixmidia/web/xmds.php?what HTTP/2.0" 200 1 "-" "okhttp/3.12.1"
191.255.221.41 - - [30/Nov/2024:05:29:40 -0300] "POST /mixmidia/web/xmds.php?v=5&method=getFile HTTP/2.0" 500 286 "-" "ksoap2-android/2.6.0+;version=3.6.4"
179.135.206.11 - - [30/Nov/2024:05:29:40 -0300] "POST /mixmidia/web/xmds.php?v=5&method=submitLog HTTP/2.0" 200 508 "-" "ksoap2-android/2.6.0+;version=3.6.4"
191.255.221.41 - - [30/Nov/2024:05:29:40 -0300] "POST /mixmidia/web/xmds.php?v=5&method=getFile HTTP/2.0" 500 286 "-" "ksoap2-android/2.6.0+;version=3.6.4"
191.255.221.41 - - [30/Nov/2024:05:29:40 -0300] "POST /mixmidia/web/xmds.php?v=5&method=getFile HTTP/2.0" 500 286 "-" "ksoap2-android/2.6.0+;version=3.6.4"
191.255.221.41 - - [30/Nov/2024:05:29:41 -0300] "POST /mixmidia/web/xmds.php?v=5&method=getFile HTTP/2.0" 500 286 "-" "ksoap2-android/2.6.0+;version=3.6.4"
191.255.221.41 - - [30/Nov/2024:05:29:41 -0300] "POST /mixmidia/web/xmds.php?v=5&method=getFile HTTP/2.0" 500 286 "-" "ksoap2-android/2.6.0+;version=3.6.4"
191.255.221.41 - - [30/Nov/2024:05:29:41 -0300] "POST /mixmidia/web/xmds.php?v=5&method=getFile HTTP/2.0" 500 286 "-" "ksoap2-android/2.6.0+;version=3.6.4"
191.255.221.41 - - [30/Nov/2024:05:29:42 -0300] "POST /mixmidia/web/xmds.php?v=5&method=getFile HTTP/2.0" 500 286 "-" "ksoap2-android/2.6.0+;version=3.6.4"
191.255.221.41 - - [30/Nov/2024:05:29:42 -0300] "POST /mixmidia/web/xmds.php?v=5&method=getFile HTTP/2.0" 500 286 "-" "ksoap2-android/2.6.0+;version=3.6.4"
191.255.221.41 - - [30/Nov/2024:05:29:42 -0300] "POST /mixmidia/web/xmds.php?v=5&method=getFile HTTP/2.0" 500 286 "-" "ksoap2-android/2.6.0+;version=3.6.4"
191.255.221.41 - - [30/Nov/2024:05:29:42 -0300] "POST /mixmidia/web/xmds.php?v=5&method=getFile HTTP/2.0" 500 286 "-" "ksoap2-android/2.6.0+;version=3.6.4"
191.255.221.41 - - [30/Nov/2024:05:29:43 -0300] "POST /mixmidia/web/xmds.php?v=5&method=getFile HTTP/2.0" 500 286 "-" "ksoap2-android/2.6.0+;version=3.6.4"
191.255.221.41 - - [30/Nov/2024:05:29:43 -0300] "POST /mixmidia/web/xmds.php?v=5&method=getFile HTTP/2.0" 500 286 "-" "ksoap2-android/2.6.0+;version=3.6.4"
191.255.221.41 - - [30/Nov/2024:05:29:43 -0300] "POST /mixmidia/web/xmds.php?v=5&method=getFile HTTP/2.0" 500 286 "-" "ksoap2-android/2.6.0+;version=3.6.4"
191.255.221.41 - - [30/Nov/2024:05:29:43 -0300] "POST /mixmidia/web/xmds.php?v=5&method=getFile HTTP/2.0" 500 286 "-" "ksoap2-android/2.6.0+;version=3.6.4"
191.255.221.41 - - [30/Nov/2024:05:29:43 -0300] "POST /mixmidia/web/xmds.php?v=5&method=getFile HTTP/2.0" 500 286 "-" "ksoap2-android/2.6.0+;version=3.6.4"
177.60.61.146 - - [30/Nov/2024:05:29:44 -0300] "GET /mixmidia/web/xmds.php?what HTTP/2.0" 200 1 "-" "okhttp/3.12.1"
191.255.221.41 - - [30/Nov/2024:05:29:44 -0300] "POST /mixmidia/web/xmds.php?v=5&method=getFile HTTP/2.0" 500 286 "-" "ksoap2-android/2.6.0+;version=3.6.4"
191.255.221.41 - - [30/Nov/2024:05:29:44 -0300] "POST /mixmidia/web/xmds.php?v=5&method=getFile HTTP/2.0" 500 286 "-" "ksoap2-android/2.6.0+;version=3.6.4"
177.60.61.146 - - [30/Nov/2024:05:29:44 -0300] "GET /mixmidia/web/xmds.php?what HTTP/2.0" 200 1 "-" "okhttp/3.12.1"
191.255.221.41 - - [30/Nov/2024:05:29:44 -0300] "POST /mixmidia/web/xmds.php?v=5&method=getFile HTTP/2.0" 500 286 "-" "ksoap2-android/2.6.0+;version=3.6.4"
177.60.61.146 - - [30/Nov/2024:05:29:44 -0300] "POST /mixmidia/web/xmds.php?v=5&method=registerDisplay HTTP/2.0" 500 392 "-" "ksoap2-android/2.6.0+;version=3.6.4"
191.255.221.41 - - [30/Nov/2024:05:29:44 -0300] "POST /mixmidia/web/xmds.php?v=5&method=getFile HTTP/2.0" 500 286 "-" "ksoap2-android/2.6.0+;version=3.6.4"
177.60.61.146 - - [30/Nov/2024:05:29:44 -0300] "GET /mixmidia/web/xmds.php?what HTTP/2.0" 200 1 "-" "okhttp/3.12.1"
131.196.76.235 - - [30/Nov/2024:05:29:45 -0300] "GET /mixmidia/web/xmds.php?what HTTP/2.0" 200 1 "-" "okhttp/3.12.1"
177.60.61.146 - - [30/Nov/2024:05:29:45 -0300] "POST /mixmidia/web/xmds.php?v=5&method=submitLog HTTP/2.0" 200 508 "-" "ksoap2-android/2.6.0+;version=3.6.4"
191.255.221.41 - - [30/Nov/2024:05:29:45 -0300] "POST /mixmidia/web/xmds.php?v=5&method=getFile HTTP/2.0" 500 286 "-" "ksoap2-android/2.6.0+;version=3.6.4"
131.196.76.235 - - [30/Nov/2024:05:29:45 -0300] "POST /mixmidia/web/xmds.php?v=5&method=registerDisplay HTTP/2.0" 200 3231 "-" "ksoap2-android/2.6.0+;version=3.6.4"
191.255.221.41 - - [30/Nov/2024:05:29:45 -0300] "POST /mixmidia/web/xmds.php?v=5&method=getFile HTTP/2.0" 500 286 "-" "ksoap2-android/2.6.0+;version=3.6.4"
191.255.221.41 - - [30/Nov/2024:05:29:45 -0300] "POST /mixmidia/web/xmds.php?v=5&method=getFile HTTP/2.0" 500 286 "-" "ksoap2-android/2.6.0+;version=3.6.4"
131.196.76.235 - - [30/Nov/2024:05:29:45 -0300] "POST /mixmidia/web/xmds.php?v=5&method=mediaInventory HTTP/2.0" 200 518 "-" "ksoap2-android/2.6.0+;version=3.6.4"
191.255.221.41 - - [30/Nov/2024:05:29:45 -0300] "POST /mixmidia/web/xmds.php?v=5&method=getFile HTTP/2.0" 500 286 "-" "ksoap2-android/2.6.0+;version=3.6.4"
131.196.76.235 - - [30/Nov/2024:05:29:46 -0300] "POST /mixmidia/web/xmds.php?v=5&method=notifyStatus HTTP/2.0" 200 514 "-" "ksoap2-android/2.6.0+;version=3.6.4"
191.255.221.41 - - [30/Nov/2024:05:29:46 -0300] "POST /mixmidia/web/xmds.php?v=5&method=getFile HTTP/2.0" 500 286 "-" "ksoap2-android/2.6.0+;version=3.6.4"
191.255.221.41 - - [30/Nov/2024:05:29:46 -0300] "POST /mixmidia/web/xmds.php?v=5&method=getFile HTTP/2.0" 500 286 "-" "ksoap2-android/2.6.0+;version=3.6.4"
