177.184.74.96 - - [30/Nov/2024:05:39:22 -0300] "GET /serraazul/web/xmds.php?what HTTP/2.0" 200 1 "-" "okhttp/3.12.1"
177.184.74.96 - - [30/Nov/2024:05:39:22 -0300] "POST /serraazul/web/xmds.php?v=5&method=registerDisplay HTTP/2.0" 200 3137 "-" "ksoap2-android/2.6.0+;version=3.6.4"
177.184.74.96 - - [30/Nov/2024:05:39:22 -0300] "POST /serraazul/web/xmds.php?v=5&method=notifyStatus HTTP/2.0" 200 514 "-" "ksoap2-android/2.6.0+;version=3.6.4"
191.8.164.41 - - [30/Nov/2024:05:39:23 -0300] "GET /mixmidia/web/xmds.php?what HTTP/2.0" 200 1 "-" "okhttp/3.12.1"
185.191.171.4 - - [30/Nov/2024:05:39:23 -0300] "GET /sommatv/vendor/twig/twig/src/Node/Expression/Test/EvenTest.php HTTP/1.1" 200 - "-" "Mozilla/5.0 (compatible; SemrushBot/7~bl; +http://www.semrush.com/bot.html)"
191.8.164.41 - - [30/Nov/2024:05:39:23 -0300] "GET /mixmidia/web/xmds.php?what HTTP/2.0" 200 1 "-" "okhttp/3.12.1"
191.8.164.41 - - [30/Nov/2024:05:39:23 -0300] "POST /mixmidia/web/xmds.php?v=5&method=registerDisplay HTTP/2.0" 500 392 "-" "ksoap2-android/2.6.0+;version=3.6.4"
186.219.147.112 - - [30/Nov/2024:05:39:25 -0300] "GET /mixmidia/web/xmds.php?what HTTP/2.0" 200 1 "-" "okhttp/3.12.1"
186.219.147.112 - - [30/Nov/2024:05:39:25 -0300] "POST /mixmidia/web/xmds.php?v=5&method=registerDisplay HTTP/2.0" 200 3211 "-" "ksoap2-android/2.6.0+;version=3.6.4"
187.106.36.87 - - [30/Nov/2024:05:39:25 -0300] "GET /mixmidia/web/xmds.php?what HTTP/2.0" 200 1 "-" "okhttp/3.12.1"
186.219.147.112 - - [30/Nov/2024:05:39:25 -0300] "POST /mixmidia/web/xmds.php?v=5&method=mediaInventory HTTP/2.0" 200 518 "-" "ksoap2-android/2.6.0+;version=3.6.4"
186.219.147.112 - - [30/Nov/2024:05:39:26 -0300] "POST /mixmidia/web/xmds.php?v=5&method=notifyStatus HTTP/2.0" 200 514 "-" "ksoap2-android/2.6.0+;version=3.6.4"
187.106.36.87 - - [30/Nov/2024:05:39:26 -0300] "POST /mixmidia/web/xmds.php?v=5&method=registerDisplay HTTP/2.0" 200 3225 "-" "ksoap2-android/2.6.0+;version=3.6.4"
187.106.36.87 - - [30/Nov/2024:05:39:26 -0300] "POST /mixmidia/web/xmds.php?v=5&method=mediaInventory HTTP/2.0" 200 518 "-" "ksoap2-android/2.6.0+;version=3.6.4"
187.106.36.87 - - [30/Nov/2024:05:39:26 -0300] "POST /mixmidia/web/xmds.php?v=5&method=notifyStatus HTTP/2.0" 200 514 "-" "ksoap2-android/2.6.0+;version=3.6.4"
57.141.3.2 - - [30/Nov/2024:05:39:33 -0300] "GET /fmd/vendor/james-heinrich/getid3/licenses/?filesrc=/home/mgatv524/atvcms.com.br/maisqtv2/vendor/emojione/emojione/lib/php/test/ConversionTest.php&path=/home/mgatv524/atvcms.com.br/maisqtv2/vendor/emojione/emojione/lib/php/test HTTP/2.0" 200 1826 "-" "meta-externalagent/1.1 (+https://developers.facebook.com/docs/sharing/webmasters/crawler)"
177.184.74.96 - - [30/Nov/2024:05:39:33 -0300] "GET /serraazul/web/xmds.php?what HTTP/2.0" 200 1 "-" "okhttp/3.12.1"
45.182.48.174 - - [30/Nov/2024:05:39:33 -0300] "GET /mixmidia/web/xmds.php?what HTTP/2.0" 200 1 "-" "okhttp/3.12.1"
177.184.74.96 - - [30/Nov/2024:05:39:33 -0300] "POST /serraazul/web/xmds.php?v=5&method=registerDisplay HTTP/2.0" 200 3174 "-" "ksoap2-android/2.6.0+;version=3.6.4"
45.182.48.174 - - [30/Nov/2024:05:39:33 -0300] "POST /mixmidia/web/xmds.php?v=5&method=registerDisplay HTTP/2.0" 200 3186 "-" "ksoap2-android/2.6.0+;version=3.6.4"
177.184.74.96 - - [30/Nov/2024:05:39:33 -0300] "POST /serraazul/web/xmds.php?v=5&method=mediaInventory HTTP/2.0" 200 518 "-" "ksoap2-android/2.6.0+;version=3.6.4"
45.182.48.174 - - [30/Nov/2024:05:39:34 -0300] "POST /mixmidia/web/xmds.php?v=5&method=mediaInventory HTTP/2.0" 200 518 "-" "ksoap2-android/2.6.0+;version=3.6.4"
177.184.74.96 - - [30/Nov/2024:05:39:34 -0300] "POST /serraazul/web/xmds.php?v=5&method=notifyStatus HTTP/2.0" 200 514 "-" "ksoap2-android/2.6.0+;version=3.6.4"
45.182.48.174 - - [30/Nov/2024:05:39:34 -0300] "POST /mixmidia/web/xmds.php?v=5&method=notifyStatus HTTP/2.0" 200 514 "-" "ksoap2-android/2.6.0+;version=3.6.4"
47.128.40.46 - - [30/Nov/2024:05:39:35 -0300] "GET /fmd/vendor/james-heinrich/getid3/licenses/?path=%2Fhome%2Fmgatv524%2Fpublic_html%2Fshimoda%2Fvendor%2Fphpmailer%2Fphpmailer%2Fsrc HTTP/2.0" 200 1826 "-" "Mozilla/5.0 (compatible; Bytespider; spider-feedback@bytedance.com) AppleWebKit/537.36 (KHTML, like Gecko) Chrome/70.0.0.0 Safari/537.36"
191.255.221.41 - - [30/Nov/2024:05:39:39 -0300] "GET /mixmidia/web/xmds.php?what HTTP/2.0" 200 1 "-" "okhttp/3.12.1"
191.255.221.41 - - [30/Nov/2024:05:39:39 -0300] "POST /mixmidia/web/xmds.php?v=5&method=registerDisplay HTTP/2.0" 200 3229 "-" "ksoap2-android/2.6.0+;version=3.6.4"
191.255.221.41 - - [30/Nov/2024:05:39:39 -0300] "POST /mixmidia/web/xmds.php?v=5&method=getFile HTTP/2.0" 500 286 "-" "ksoap2-android/2.6.0+;version=3.6.4"
191.255.221.41 - - [30/Nov/2024:05:39:39 -0300] "POST /mixmidia/web/xmds.php?v=5&method=getFile HTTP/2.0" 500 286 "-" "ksoap2-android/2.6.0+;version=3.6.4"
179.135.206.11 - - [30/Nov/2024:05:39:39 -0300] "GET /mixmidia/web/xmds.php?what HTTP/2.0" 200 1 "-" "okhttp/3.12.1"
191.255.221.41 - - [30/Nov/2024:05:39:40 -0300] "POST /mixmidia/web/xmds.php?v=5&method=mediaInventory HTTP/2.0" 200 518 "-" "ksoap2-android/2.6.0+;version=3.6.4"
191.255.221.41 - - [30/Nov/2024:05:39:40 -0300] "POST /mixmidia/web/xmds.php?v=5&method=notifyStatus HTTP/2.0" 200 514 "-" "ksoap2-android/2.6.0+;version=3.6.4"
179.135.206.11 - - [30/Nov/2024:05:39:40 -0300] "GET /mixmidia/web/xmds.php?what HTTP/2.0" 200 1 "-" "okhttp/3.12.1"
179.135.206.11 - - [30/Nov/2024:05:39:40 -0300] "POST /mixmidia/web/xmds.php?v=5&method=registerDisplay HTTP/2.0" 500 392 "-" "ksoap2-android/2.6.0+;version=3.6.4"
191.255.221.41 - - [30/Nov/2024:05:39:40 -0300] "POST /mixmidia/web/xmds.php?v=5&method=getFile HTTP/2.0" 500 286 "-" "ksoap2-android/2.6.0+;version=3.6.4"
191.255.221.41 - - [30/Nov/2024:05:39:40 -0300] "POST /mixmidia/web/xmds.php?v=5&method=getFile HTTP/2.0" 500 286 "-" "ksoap2-android/2.6.0+;version=3.6.4"
191.255.221.41 - - [30/Nov/2024:05:39:40 -0300] "POST /mixmidia/web/xmds.php?v=5&method=getFile HTTP/2.0" 500 286 "-" "ksoap2-android/2.6.0+;version=3.6.4"
191.255.221.41 - - [30/Nov/2024:05:39:41 -0300] "POST /mixmidia/web/xmds.php?v=5&method=getFile HTTP/2.0" 500 286 "-" "ksoap2-android/2.6.0+;version=3.6.4"
187.101.139.44 - - [30/Nov/2024:05:39:41 -0300] "GET /mixmidia/web/xmds.php?what HTTP/2.0" 200 1 "-" "okhttp/3.12.1"
187.101.139.44 - - [30/Nov/2024:05:39:41 -0300] "POST /mixmidia/web/xmds.php?v=5&method=registerDisplay HTTP/2.0" 200 3210 "-" "ksoap2-android/2.6.0+;version=3.6.4"
191.255.221.41 - - [30/Nov/2024:05:39:41 -0300] "POST /mixmidia/web/xmds.php?v=5&method=getFile HTTP/2.0" 500 286 "-" "ksoap2-android/2.6.0+;version=3.6.4"
187.101.139.44 - - [30/Nov/2024:05:39:41 -0300] "POST /mixmidia/web/xmds.php?v=5&method=notifyStatus HTTP/2.0" 200 514 "-" "ksoap2-android/2.6.0+;version=3.6.4"
191.255.221.41 - - [30/Nov/2024:05:39:41 -0300] "POST /mixmidia/web/xmds.php?v=5&method=getFile HTTP/2.0" 500 286 "-" "ksoap2-android/2.6.0+;version=3.6.4"
191.255.221.41 - - [30/Nov/2024:05:39:42 -0300] "POST /mixmidia/web/xmds.php?v=5&method=getFile HTTP/2.0" 500 286 "-" "ksoap2-android/2.6.0+;version=3.6.4"
191.255.221.41 - - [30/Nov/2024:05:39:42 -0300] "POST /mixmidia/web/xmds.php?v=5&method=getFile HTTP/2.0" 500 286 "-" "ksoap2-android/2.6.0+;version=3.6.4"
191.255.221.41 - - [30/Nov/2024:05:39:42 -0300] "POST /mixmidia/web/xmds.php?v=5&method=getFile HTTP/2.0" 500 286 "-" "ksoap2-android/2.6.0+;version=3.6.4"
191.255.221.41 - - [30/Nov/2024:05:39:42 -0300] "POST /mixmidia/web/xmds.php?v=5&method=getFile HTTP/2.0" 500 286 "-" "ksoap2-android/2.6.0+;version=3.6.4"
191.255.221.41 - - [30/Nov/2024:05:39:43 -0300] "POST /mixmidia/web/xmds.php?v=5&method=getFile HTTP/2.0" 500 286 "-" "ksoap2-android/2.6.0+;version=3.6.4"
191.255.221.41 - - [30/Nov/2024:05:39:43 -0300] "POST /mixmidia/web/xmds.php?v=5&method=getFile HTTP/2.0" 500 286 "-" "ksoap2-android/2.6.0+;version=3.6.4"
191.255.221.41 - - [30/Nov/2024:05:39:43 -0300] "POST /mixmidia/web/xmds.php?v=5&method=getFile HTTP/2.0" 500 286 "-" "ksoap2-android/2.6.0+;version=3.6.4"
191.255.221.41 - - [30/Nov/2024:05:39:43 -0300] "POST /mixmidia/web/xmds.php?v=5&method=getFile HTTP/2.0" 500 286 "-" "ksoap2-android/2.6.0+;version=3.6.4"
191.255.221.41 - - [30/Nov/2024:05:39:44 -0300] "POST /mixmidia/web/xmds.php?v=5&method=getFile HTTP/2.0" 500 286 "-" "ksoap2-android/2.6.0+;version=3.6.4"
177.60.61.146 - - [30/Nov/2024:05:39:44 -0300] "GET /mixmidia/web/xmds.php?what HTTP/2.0" 200 1 "-" "okhttp/3.12.1"
191.255.221.41 - - [30/Nov/2024:05:39:44 -0300] "POST /mixmidia/web/xmds.php?v=5&method=getFile HTTP/2.0" 500 286 "-" "ksoap2-android/2.6.0+;version=3.6.4"
191.255.221.41 - - [30/Nov/2024:05:39:44 -0300] "POST /mixmidia/web/xmds.php?v=5&method=getFile HTTP/2.0" 500 286 "-" "ksoap2-android/2.6.0+;version=3.6.4"
191.255.221.41 - - [30/Nov/2024:05:39:44 -0300] "POST /mixmidia/web/xmds.php?v=5&method=getFile HTTP/2.0" 500 286 "-" "ksoap2-android/2.6.0+;version=3.6.4"
191.255.221.41 - - [30/Nov/2024:05:39:45 -0300] "POST /mixmidia/web/xmds.php?v=5&method=getFile HTTP/2.0" 500 286 "-" "ksoap2-android/2.6.0+;version=3.6.4"
131.196.76.235 - - [30/Nov/2024:05:39:45 -0300] "GET /mixmidia/web/xmds.php?what HTTP/2.0" 200 1 "-" "okhttp/3.12.1"
177.60.61.146 - - [30/Nov/2024:05:39:45 -0300] "GET /mixmidia/web/xmds.php?what HTTP/2.0" 200 1 "-" "okhttp/3.12.1"
191.255.221.41 - - [30/Nov/2024:05:39:45 -0300] "POST /mixmidia/web/xmds.php?v=5&method=getFile HTTP/2.0" 500 286 "-" "ksoap2-android/2.6.0+;version=3.6.4"
177.60.61.146 - - [30/Nov/2024:05:39:45 -0300] "POST /mixmidia/web/xmds.php?v=5&method=registerDisplay HTTP/2.0" 500 392 "-" "ksoap2-android/2.6.0+;version=3.6.4"
191.255.221.41 - - [30/Nov/2024:05:39:45 -0300] "POST /mixmidia/web/xmds.php?v=5&method=getFile HTTP/2.0" 500 286 "-" "ksoap2-android/2.6.0+;version=3.6.4"
131.196.76.235 - - [30/Nov/2024:05:39:45 -0300] "POST /mixmidia/web/xmds.php?v=5&method=registerDisplay HTTP/2.0" 200 3231 "-" "ksoap2-android/2.6.0+;version=3.6.4"
191.255.221.41 - - [30/Nov/2024:05:39:45 -0300] "POST /mixmidia/web/xmds.php?v=5&method=getFile HTTP/2.0" 500 286 "-" "ksoap2-android/2.6.0+;version=3.6.4"
131.196.76.235 - - [30/Nov/2024:05:39:45 -0300] "POST /mixmidia/web/xmds.php?v=5&method=mediaInventory HTTP/2.0" 200 518 "-" "ksoap2-android/2.6.0+;version=3.6.4"
191.255.221.41 - - [30/Nov/2024:05:39:46 -0300] "POST /mixmidia/web/xmds.php?v=5&method=getFile HTTP/2.0" 500 286 "-" "ksoap2-android/2.6.0+;version=3.6.4"
131.196.76.235 - - [30/Nov/2024:05:39:46 -0300] "POST /mixmidia/web/xmds.php?v=5&method=notifyStatus HTTP/2.0" 200 514 "-" "ksoap2-android/2.6.0+;version=3.6.4"
191.255.221.41 - - [30/Nov/2024:05:39:46 -0300] "POST /mixmidia/web/xmds.php?v=5&method=getFile HTTP/2.0" 500 286 "-" "ksoap2-android/2.6.0+;version=3.6.4"
191.255.221.41 - - [30/Nov/2024:05:39:46 -0300] "POST /mixmidia/web/xmds.php?v=5&method=getFile HTTP/2.0" 500 286 "-" "ksoap2-android/2.6.0+;version=3.6.4"
189.84.180.165 - - [30/Nov/2024:05:39:46 -0300] "POST /serraazul/web/xmds.php?v=5&method=getResource HTTP/2.0" 200 3628 "-" "ksoap2-android/2.6.0+;version=3.6.4"
191.255.221.41 - - [30/Nov/2024:05:39:46 -0300] "POST /mixmidia/web/xmds.php?v=5&method=getFile HTTP/2.0" 500 286 "-" "ksoap2-android/2.6.0+;version=3.6.4"
191.255.221.41 - - [30/Nov/2024:05:39:47 -0300] "POST /mixmidia/web/xmds.php?v=5&method=mediaInventory HTTP/2.0" 200 518 "-" "ksoap2-android/2.6.0+;version=3.6.4"
177.184.74.96 - - [30/Nov/2024:05:39:50 -0300] "POST /serraazul/web/xmds.php?v=5&method=getResource HTTP/2.0" 200 30637 "-" "ksoap2-android/2.6.0+;version=3.6.4"
200.159.135.242 - - [30/Nov/2024:05:39:58 -0300] "POST /midiatech/web/xmds.php?v=5&method=getResource HTTP/2.0" 200 13884 "-" "ksoap2-android/2.6.0+;version=3.6.4"
200.159.135.242 - - [30/Nov/2024:05:39:58 -0300] "POST /midiatech/web/xmds.php?v=5&method=getResource HTTP/2.0" 200 11139 "-" "ksoap2-android/2.6.0+;version=3.6.4"
200.159.135.242 - - [30/Nov/2024:05:39:59 -0300] "POST /midiatech/web/xmds.php?v=5&method=getResource HTTP/2.0" 200 11135 "-" "ksoap2-android/2.6.0+;version=3.6.4"
200.159.135.242 - - [30/Nov/2024:05:39:59 -0300] "GET /midiatech/web/xmds.php?what HTTP/2.0" 200 1 "-" "okhttp/3.12.1"
200.159.135.242 - - [30/Nov/2024:05:39:59 -0300] "POST /midiatech/web/xmds.php?v=5&method=registerDisplay HTTP/2.0" 200 3136 "-" "ksoap2-android/2.6.0+;version=3.6.4"
200.159.135.242 - - [30/Nov/2024:05:39:59 -0300] "POST /midiatech/web/xmds.php?v=5&method=notifyStatus HTTP/2.0" 200 514 "-" "ksoap2-android/2.6.0+;version=3.6.4"
200.159.135.242 - - [30/Nov/2024:05:40:00 -0300] "GET /midiatech/web/xmds.php?what HTTP/2.0" 200 1 "-" "okhttp/3.12.1"
200.159.135.242 - - [30/Nov/2024:05:40:00 -0300] "POST /midiatech/web/xmds.php?v=5&method=registerDisplay HTTP/2.0" 200 3120 "-" "ksoap2-android/2.6.0+;version=3.6.4"
200.159.135.242 - - [30/Nov/2024:05:40:00 -0300] "POST /midiatech/web/xmds.php?v=5&method=mediaInventory HTTP/2.0" 200 518 "-" "ksoap2-android/2.6.0+;version=3.6.4"
177.60.61.146 - - [30/Nov/2024:05:40:00 -0300] "GET /mixmidia/web/xmds.php?what HTTP/2.0" 200 1 "-" "okhttp/3.12.1"
200.159.135.242 - - [30/Nov/2024:05:40:01 -0300] "POST /midiatech/web/xmds.php?v=5&method=notifyStatus HTTP/2.0" 200 514 "-" "ksoap2-android/2.6.0+;version=3.6.4"
191.255.221.41 - - [30/Nov/2024:05:40:01 -0300] "POST /mixmidia/web/xmds.php?v=5&method=submitLog HTTP/2.0" 200 508 "-" "ksoap2-android/2.6.0+;version=3.6.4"
177.60.61.146 - - [30/Nov/2024:05:40:01 -0300] "GET /mixmidia/web/xmds.php?what HTTP/2.0" 200 1 "-" "okhttp/3.12.1"
177.60.61.146 - - [30/Nov/2024:05:40:01 -0300] "POST /mixmidia/web/xmds.php?v=5&method=registerDisplay HTTP/2.0" 500 392 "-" "ksoap2-android/2.6.0+;version=3.6.4"
186.223.31.185 - - [30/Nov/2024:05:40:02 -0300] "GET /mixmidia/web/xmds.php?what HTTP/2.0" 200 1 "-" "okhttp/3.12.1"
186.223.31.185 - - [30/Nov/2024:05:40:02 -0300] "GET /mixmidia/web/xmds.php?what HTTP/2.0" 200 1 "-" "okhttp/3.12.1"
186.223.31.185 - - [30/Nov/2024:05:40:02 -0300] "POST /mixmidia/web/xmds.php?v=5&method=registerDisplay HTTP/2.0" 500 392 "-" "ksoap2-android/2.6.0+;version=3.6.4"
57.141.3.9 - - [30/Nov/2024:05:40:08 -0300] "GET /somares/vendor/ezyang/htmlpurifier/library/HTMLPurifier/AttrDef/HTML/ID.php HTTP/2.0" 500 - "-" "meta-externalagent/1.1 (+https://developers.facebook.com/docs/sharing/webmasters/crawler)"
177.184.74.235 - - [30/Nov/2024:05:40:09 -0300] "POST /serraazul/web/xmds.php?v=5&method=getResource HTTP/2.0" 200 3628 "-" "ksoap2-android/2.6.0+;version=3.6.4"
177.184.74.235 - - [30/Nov/2024:05:40:12 -0300] "GET /serraazul/web/xmds.php?what HTTP/2.0" 200 1 "-" "okhttp/3.12.1"
177.184.74.235 - - [30/Nov/2024:05:40:12 -0300] "POST /serraazul/web/xmds.php?v=5&method=registerDisplay HTTP/2.0" 200 3153 "-" "ksoap2-android/2.6.0+;version=3.6.4"
177.184.74.235 - - [30/Nov/2024:05:40:12 -0300] "POST /serraazul/web/xmds.php?v=5&method=schedule HTTP/2.0" 200 2864 "-" "ksoap2-android/2.6.0+;version=3.6.4"
177.184.74.235 - - [30/Nov/2024:05:40:13 -0300] "POST /serraazul/web/xmds.php?v=5&method=requiredFiles HTTP/2.0" 200 7787 "-" "ksoap2-android/2.6.0+;version=3.6.4"
177.184.74.235 - - [30/Nov/2024:05:40:13 -0300] "POST /serraazul/web/xmds.php?v=5&method=getResource HTTP/2.0" 200 16470 "-" "ksoap2-android/2.6.0+;version=3.6.4"
177.184.74.235 - - [30/Nov/2024:05:40:13 -0300] "POST /serraazul/web/xmds.php?v=5&method=getResource HTTP/2.0" 200 12745 "-" "ksoap2-android/2.6.0+;version=3.6.4"
177.184.74.235 - - [30/Nov/2024:05:40:13 -0300] "POST /serraazul/web/xmds.php?v=5&method=mediaInventory HTTP/2.0" 200 518 "-" "ksoap2-android/2.6.0+;version=3.6.4"
177.184.74.235 - - [30/Nov/2024:05:40:13 -0300] "POST /serraazul/web/xmds.php?v=5&method=getResource HTTP/2.0" 200 10111 "-" "ksoap2-android/2.6.0+;version=3.6.4"
177.184.74.235 - - [30/Nov/2024:05:40:14 -0300] "POST /serraazul/web/xmds.php?v=5&method=getResource HTTP/2.0" 200 5622 "-" "ksoap2-android/2.6.0+;version=3.6.4"
177.184.74.235 - - [30/Nov/2024:05:40:14 -0300] "POST /serraazul/web/xmds.php?v=5&method=getResource HTTP/2.0" 200 10129 "-" "ksoap2-android/2.6.0+;version=3.6.4"
177.184.74.235 - - [30/Nov/2024:05:40:14 -0300] "POST /serraazul/web/xmds.php?v=5&method=getResource HTTP/2.0" 200 3628 "-" "ksoap2-android/2.6.0+;version=3.6.4"
177.184.74.235 - - [30/Nov/2024:05:40:14 -0300] "POST /serraazul/web/xmds.php?v=5&method=notifyStatus HTTP/2.0" 200 514 "-" "ksoap2-android/2.6.0+;version=3.6.4"
177.184.74.235 - - [30/Nov/2024:05:40:14 -0300] "POST /serraazul/web/xmds.php?v=5&method=mediaInventory HTTP/2.0" 200 518 "-" "ksoap2-android/2.6.0+;version=3.6.4"
40.77.167.70 - - [30/Nov/2024:05:40:20 -0300] "GET /sjecv/j1314949.html HTTP/2.0" 404 16 "-" "Mozilla/5.0 AppleWebKit/537.36 (KHTML, like Gecko; compatible; bingbot/2.0; +http://www.bing.com/bingbot.htm) Chrome/116.0.1938.76 Safari/537.36"
179.110.81.157 - - [30/Nov/2024:05:40:20 -0300] "GET /mixmidia/web/xmds.php?what HTTP/2.0" 200 1 "-" "okhttp/3.12.1"
186.219.147.112 - - [30/Nov/2024:05:40:20 -0300] "GET /mixmidia/web/xmds.php?what HTTP/2.0" 200 1 "-" "okhttp/3.12.1"
179.110.81.157 - - [30/Nov/2024:05:40:20 -0300] "POST /mixmidia/web/xmds.php?v=5&method=registerDisplay HTTP/2.0" 500 392 "-" "ksoap2-android/2.6.0+;version=3.6.4"
191.8.164.41 - - [30/Nov/2024:05:40:23 -0300] "GET /mixmidia/web/xmds.php?what HTTP/2.0" 200 1 "-" "okhttp/3.12.1"
191.8.164.41 - - [30/Nov/2024:05:40:23 -0300] "GET /mixmidia/web/xmds.php?what HTTP/2.0" 200 1 "-" "okhttp/3.12.1"
191.8.164.41 - - [30/Nov/2024:05:40:24 -0300] "POST /mixmidia/web/xmds.php?v=5&method=registerDisplay HTTP/2.0" 500 392 "-" "ksoap2-android/2.6.0+;version=3.6.4"
186.219.147.112 - - [30/Nov/2024:05:40:24 -0300] "GET /mixmidia/web/xmds.php?what HTTP/2.0" 200 1 "-" "okhttp/3.12.1"
186.219.147.112 - - [30/Nov/2024:05:40:25 -0300] "POST /mixmidia/web/xmds.php?v=5&method=registerDisplay HTTP/2.0" 200 3211 "-" "ksoap2-android/2.6.0+;version=3.6.4"
157.55.39.62 - - [30/Nov/2024:05:40:25 -0300] "GET /csrfu/m2330902.html HTTP/2.0" 404 16 "-" "Mozilla/5.0 AppleWebKit/537.36 (KHTML, like Gecko; compatible; bingbot/2.0; +http://www.bing.com/bingbot.htm) Chrome/116.0.1938.76 Safari/537.36"
186.219.147.112 - - [30/Nov/2024:05:40:25 -0300] "POST /mixmidia/web/xmds.php?v=5&method=mediaInventory HTTP/2.0" 200 518 "-" "ksoap2-android/2.6.0+;version=3.6.4"
187.106.36.87 - - [30/Nov/2024:05:40:25 -0300] "GET /mixmidia/web/xmds.php?what HTTP/2.0" 200 1 "-" "okhttp/3.12.1"
186.219.147.112 - - [30/Nov/2024:05:40:26 -0300] "POST /mixmidia/web/xmds.php?v=5&method=notifyStatus HTTP/2.0" 200 514 "-" "ksoap2-android/2.6.0+;version=3.6.4"
187.106.36.87 - - [30/Nov/2024:05:40:26 -0300] "POST /mixmidia/web/xmds.php?v=5&method=registerDisplay HTTP/2.0" 200 3225 "-" "ksoap2-android/2.6.0+;version=3.6.4"
187.106.36.87 - - [30/Nov/2024:05:40:26 -0300] "POST /mixmidia/web/xmds.php?v=5&method=mediaInventory HTTP/2.0" 200 518 "-" "ksoap2-android/2.6.0+;version=3.6.4"
187.106.36.87 - - [30/Nov/2024:05:40:26 -0300] "POST /mixmidia/web/xmds.php?v=5&method=notifyStatus HTTP/2.0" 200 514 "-" "ksoap2-android/2.6.0+;version=3.6.4"
45.182.48.174 - - [30/Nov/2024:05:40:33 -0300] "GET /mixmidia/web/xmds.php?what HTTP/2.0" 200 1 "-" "okhttp/3.12.1"
45.182.48.174 - - [30/Nov/2024:05:40:33 -0300] "POST /mixmidia/web/xmds.php?v=5&method=registerDisplay HTTP/2.0" 200 3186 "-" "ksoap2-android/2.6.0+;version=3.6.4"
45.182.48.174 - - [30/Nov/2024:05:40:34 -0300] "POST /mixmidia/web/xmds.php?v=5&method=mediaInventory HTTP/2.0" 200 518 "-" "ksoap2-android/2.6.0+;version=3.6.4"
45.182.48.174 - - [30/Nov/2024:05:40:34 -0300] "POST /mixmidia/web/xmds.php?v=5&method=notifyStatus HTTP/2.0" 200 514 "-" "ksoap2-android/2.6.0+;version=3.6.4"
191.255.221.41 - - [30/Nov/2024:05:40:39 -0300] "GET /mixmidia/web/xmds.php?what HTTP/2.0" 200 1 "-" "okhttp/3.12.1"
191.255.221.41 - - [30/Nov/2024:05:40:39 -0300] "POST /mixmidia/web/xmds.php?v=5&method=registerDisplay HTTP/2.0" 200 3229 "-" "ksoap2-android/2.6.0+;version=3.6.4"
179.135.206.11 - - [30/Nov/2024:05:40:39 -0300] "GET /mixmidia/web/xmds.php?what HTTP/2.0" 200 1 "-" "okhttp/3.12.1"
191.255.221.41 - - [30/Nov/2024:05:40:39 -0300] "POST /mixmidia/web/xmds.php?v=5&method=getFile HTTP/2.0" 500 286 "-" "ksoap2-android/2.6.0+;version=3.6.4"
191.255.221.41 - - [30/Nov/2024:05:40:39 -0300] "POST /mixmidia/web/xmds.php?v=5&method=getFile HTTP/2.0" 500 286 "-" "ksoap2-android/2.6.0+;version=3.6.4"
179.135.206.11 - - [30/Nov/2024:05:40:40 -0300] "GET /mixmidia/web/xmds.php?what HTTP/2.0" 200 1 "-" "okhttp/3.12.1"
191.255.221.41 - - [30/Nov/2024:05:40:40 -0300] "POST /mixmidia/web/xmds.php?v=5&method=mediaInventory HTTP/2.0" 200 518 "-" "ksoap2-android/2.6.0+;version=3.6.4"
179.135.206.11 - - [30/Nov/2024:05:40:40 -0300] "POST /mixmidia/web/xmds.php?v=5&method=registerDisplay HTTP/2.0" 500 392 "-" "ksoap2-android/2.6.0+;version=3.6.4"
191.255.221.41 - - [30/Nov/2024:05:40:40 -0300] "POST /mixmidia/web/xmds.php?v=5&method=notifyStatus HTTP/2.0" 200 514 "-" "ksoap2-android/2.6.0+;version=3.6.4"
191.255.221.41 - - [30/Nov/2024:05:40:40 -0300] "POST /mixmidia/web/xmds.php?v=5&method=getFile HTTP/2.0" 500 286 "-" "ksoap2-android/2.6.0+;version=3.6.4"
191.255.221.41 - - [30/Nov/2024:05:40:40 -0300] "POST /mixmidia/web/xmds.php?v=5&method=getFile HTTP/2.0" 500 286 "-" "ksoap2-android/2.6.0+;version=3.6.4"
191.255.221.41 - - [30/Nov/2024:05:40:40 -0300] "POST /mixmidia/web/xmds.php?v=5&method=getFile HTTP/2.0" 500 286 "-" "ksoap2-android/2.6.0+;version=3.6.4"
191.255.221.41 - - [30/Nov/2024:05:40:41 -0300] "POST /mixmidia/web/xmds.php?v=5&method=getFile HTTP/2.0" 500 286 "-" "ksoap2-android/2.6.0+;version=3.6.4"
187.101.139.44 - - [30/Nov/2024:05:40:41 -0300] "GET /mixmidia/web/xmds.php?what HTTP/2.0" 200 1 "-" "okhttp/3.12.1"
85.208.96.207 - - [30/Nov/2024:05:40:41 -0300] "GET /shimoda/vendor/league/oauth2-client/src/Token/ HTTP/1.1" 200 903 "-" "Mozilla/5.0 (compatible; SemrushBot/7~bl; +http://www.semrush.com/bot.html)"
187.101.139.44 - - [30/Nov/2024:05:40:41 -0300] "POST /mixmidia/web/xmds.php?v=5&method=registerDisplay HTTP/2.0" 200 3210 "-" "ksoap2-android/2.6.0+;version=3.6.4"
191.255.221.41 - - [30/Nov/2024:05:40:41 -0300] "POST /mixmidia/web/xmds.php?v=5&method=getFile HTTP/2.0" 500 286 "-" "ksoap2-android/2.6.0+;version=3.6.4"
187.101.139.44 - - [30/Nov/2024:05:40:41 -0300] "POST /mixmidia/web/xmds.php?v=5&method=notifyStatus HTTP/2.0" 200 514 "-" "ksoap2-android/2.6.0+;version=3.6.4"
191.255.221.41 - - [30/Nov/2024:05:40:41 -0300] "POST /mixmidia/web/xmds.php?v=5&method=getFile HTTP/2.0" 500 286 "-" "ksoap2-android/2.6.0+;version=3.6.4"
191.255.221.41 - - [30/Nov/2024:05:40:42 -0300] "POST /mixmidia/web/xmds.php?v=5&method=getFile HTTP/2.0" 500 286 "-" "ksoap2-android/2.6.0+;version=3.6.4"
191.255.221.41 - - [30/Nov/2024:05:40:42 -0300] "POST /mixmidia/web/xmds.php?v=5&method=getFile HTTP/2.0" 500 286 "-" "ksoap2-android/2.6.0+;version=3.6.4"
191.255.221.41 - - [30/Nov/2024:05:40:42 -0300] "POST /mixmidia/web/xmds.php?v=5&method=getFile HTTP/2.0" 500 286 "-" "ksoap2-android/2.6.0+;version=3.6.4"
191.255.221.41 - - [30/Nov/2024:05:40:42 -0300] "POST /mixmidia/web/xmds.php?v=5&method=getFile HTTP/2.0" 500 286 "-" "ksoap2-android/2.6.0+;version=3.6.4"
191.255.221.41 - - [30/Nov/2024:05:40:43 -0300] "POST /mixmidia/web/xmds.php?v=5&method=getFile HTTP/2.0" 500 286 "-" "ksoap2-android/2.6.0+;version=3.6.4"
191.255.221.41 - - [30/Nov/2024:05:40:43 -0300] "POST /mixmidia/web/xmds.php?v=5&method=getFile HTTP/2.0" 500 286 "-" "ksoap2-android/2.6.0+;version=3.6.4"
57.141.3.6 - - [30/Nov/2024:05:40:43 -0300] "GET /fmd/vendor/james-heinrich/getid3/licenses/?filesrc=/home/mgatv524/public_html/somares/web/media/widget/335/335_1114_799&path=/home/mgatv524/public_html/somares/web/media/widget/335 HTTP/2.0" 200 1826 "-" "meta-externalagent/1.1 (+https://developers.facebook.com/docs/sharing/webmasters/crawler)"
191.255.221.41 - - [30/Nov/2024:05:40:43 -0300] "POST /mixmidia/web/xmds.php?v=5&method=getFile HTTP/2.0" 500 286 "-" "ksoap2-android/2.6.0+;version=3.6.4"
191.255.221.41 - - [30/Nov/2024:05:40:43 -0300] "POST /mixmidia/web/xmds.php?v=5&method=getFile HTTP/2.0" 500 286 "-" "ksoap2-android/2.6.0+;version=3.6.4"
191.255.221.41 - - [30/Nov/2024:05:40:44 -0300] "POST /mixmidia/web/xmds.php?v=5&method=getFile HTTP/2.0" 500 286 "-" "ksoap2-android/2.6.0+;version=3.6.4"
177.60.61.146 - - [30/Nov/2024:05:40:44 -0300] "GET /mixmidia/web/xmds.php?what HTTP/2.0" 200 1 "-" "okhttp/3.12.1"
191.255.221.41 - - [30/Nov/2024:05:40:44 -0300] "POST /mixmidia/web/xmds.php?v=5&method=getFile HTTP/2.0" 500 286 "-" "ksoap2-android/2.6.0+;version=3.6.4"
191.255.221.41 - - [30/Nov/2024:05:40:44 -0300] "POST /mixmidia/web/xmds.php?v=5&method=getFile HTTP/2.0" 500 286 "-" "ksoap2-android/2.6.0+;version=3.6.4"
177.60.61.146 - - [30/Nov/2024:05:40:44 -0300] "GET /mixmidia/web/xmds.php?what HTTP/2.0" 200 1 "-" "okhttp/3.12.1"
191.255.221.41 - - [30/Nov/2024:05:40:44 -0300] "POST /mixmidia/web/xmds.php?v=5&method=getFile HTTP/2.0" 500 286 "-" "ksoap2-android/2.6.0+;version=3.6.4"
177.60.61.146 - - [30/Nov/2024:05:40:44 -0300] "POST /mixmidia/web/xmds.php?v=5&method=registerDisplay HTTP/2.0" 500 392 "-" "ksoap2-android/2.6.0+;version=3.6.4"
191.255.221.41 - - [30/Nov/2024:05:40:44 -0300] "POST /mixmidia/web/xmds.php?v=5&method=getFile HTTP/2.0" 500 286 "-" "ksoap2-android/2.6.0+;version=3.6.4"
191.255.221.41 - - [30/Nov/2024:05:40:45 -0300] "POST /mixmidia/web/xmds.php?v=5&method=getFile HTTP/2.0" 500 286 "-" "ksoap2-android/2.6.0+;version=3.6.4"
131.196.76.235 - - [30/Nov/2024:05:40:45 -0300] "GET /mixmidia/web/xmds.php?what HTTP/2.0" 200 1 "-" "okhttp/3.12.1"
191.255.221.41 - - [30/Nov/2024:05:40:45 -0300] "POST /mixmidia/web/xmds.php?v=5&method=getFile HTTP/2.0" 500 286 "-" "ksoap2-android/2.6.0+;version=3.6.4"
131.196.76.235 - - [30/Nov/2024:05:40:45 -0300] "POST /mixmidia/web/xmds.php?v=5&method=registerDisplay HTTP/2.0" 200 3231 "-" "ksoap2-android/2.6.0+;version=3.6.4"
191.255.221.41 - - [30/Nov/2024:05:40:45 -0300] "POST /mixmidia/web/xmds.php?v=5&method=getFile HTTP/2.0" 500 286 "-" "ksoap2-android/2.6.0+;version=3.6.4"
191.255.221.41 - - [30/Nov/2024:05:40:46 -0300] "POST /mixmidia/web/xmds.php?v=5&method=getFile HTTP/2.0" 500 286 "-" "ksoap2-android/2.6.0+;version=3.6.4"
131.196.76.235 - - [30/Nov/2024:05:40:46 -0300] "POST /mixmidia/web/xmds.php?v=5&method=mediaInventory HTTP/2.0" 200 518 "-" "ksoap2-android/2.6.0+;version=3.6.4"
191.255.221.41 - - [30/Nov/2024:05:40:46 -0300] "POST /mixmidia/web/xmds.php?v=5&method=getFile HTTP/2.0" 500 286 "-" "ksoap2-android/2.6.0+;version=3.6.4"
131.196.76.235 - - [30/Nov/2024:05:40:46 -0300] "POST /mixmidia/web/xmds.php?v=5&method=notifyStatus HTTP/2.0" 200 514 "-" "ksoap2-android/2.6.0+;version=3.6.4"
191.255.221.41 - - [30/Nov/2024:05:40:46 -0300] "POST /mixmidia/web/xmds.php?v=5&method=getFile HTTP/2.0" 500 286 "-" "ksoap2-android/2.6.0+;version=3.6.4"
57.141.3.21 - - [30/Nov/2024:05:40:46 -0300] "GET /mctv/vendor/respect/validation/library/Exceptions/JsonException.php HTTP/2.0" 500 - "-" "meta-externalagent/1.1 (+https://developers.facebook.com/docs/sharing/webmasters/crawler)"
191.255.221.41 - - [30/Nov/2024:05:40:46 -0300] "POST /mixmidia/web/xmds.php?v=5&method=getFile HTTP/2.0" 500 286 "-" "ksoap2-android/2.6.0+;version=3.6.4"
191.255.221.41 - - [30/Nov/2024:05:40:47 -0300] "POST /mixmidia/web/xmds.php?v=5&method=mediaInventory HTTP/2.0" 200 518 "-" "ksoap2-android/2.6.0+;version=3.6.4"
177.184.74.136 - - [30/Nov/2024:05:40:53 -0300] "POST /serraazul/web/xmds.php?v=5&method=getResource HTTP/2.0" 200 11876 "-" "ksoap2-android/2.6.0+;version=3.6.4"
177.184.74.136 - - [30/Nov/2024:05:40:53 -0300] "POST /serraazul/web/xmds.php?v=5&method=getResource HTTP/2.0" 200 11876 "-" "ksoap2-android/2.6.0+;version=3.6.4"
177.184.74.136 - - [30/Nov/2024:05:40:53 -0300] "POST /serraazul/web/xmds.php?v=5&method=getResource HTTP/2.0" 200 9194 "-" "ksoap2-android/2.6.0+;version=3.6.4"
177.184.74.136 - - [30/Nov/2024:05:40:53 -0300] "POST /serraazul/web/xmds.php?v=5&method=getResource HTTP/2.0" 200 5635 "-" "ksoap2-android/2.6.0+;version=3.6.4"
177.184.74.136 - - [30/Nov/2024:05:40:53 -0300] "POST /serraazul/web/xmds.php?v=5&method=getResource HTTP/2.0" 200 11024 "-" "ksoap2-android/2.6.0+;version=3.6.4"
177.184.74.136 - - [30/Nov/2024:05:40:54 -0300] "POST /serraazul/web/xmds.php?v=5&method=getResource HTTP/2.0" 200 3628 "-" "ksoap2-android/2.6.0+;version=3.6.4"
200.159.135.242 - - [30/Nov/2024:05:40:59 -0300] "GET /midiatech/web/xmds.php?what HTTP/2.0" 200 1 "-" "okhttp/3.12.1"
200.159.135.242 - - [30/Nov/2024:05:41:00 -0300] "GET /midiatech/web/xmds.php?what HTTP/2.0" 200 1 "-" "okhttp/3.12.1"
200.159.135.242 - - [30/Nov/2024:05:41:00 -0300] "POST /midiatech/web/xmds.php?v=5&method=registerDisplay HTTP/2.0" 200 3136 "-" "ksoap2-android/2.6.0+;version=3.6.4"
200.159.135.242 - - [30/Nov/2024:05:41:00 -0300] "POST /midiatech/web/xmds.php?v=5&method=notifyStatus HTTP/2.0" 200 514 "-" "ksoap2-android/2.6.0+;version=3.6.4"
177.60.61.146 - - [30/Nov/2024:05:41:00 -0300] "GET /mixmidia/web/xmds.php?what HTTP/2.0" 200 1 "-" "okhttp/3.12.1"
200.159.135.242 - - [30/Nov/2024:05:41:00 -0300] "POST /midiatech/web/xmds.php?v=5&method=registerDisplay HTTP/2.0" 200 3120 "-" "ksoap2-android/2.6.0+;version=3.6.4"
177.60.61.146 - - [30/Nov/2024:05:41:00 -0300] "GET /mixmidia/web/xmds.php?what HTTP/2.0" 200 1 "-" "okhttp/3.12.1"
200.159.135.242 - - [30/Nov/2024:05:41:00 -0300] "POST /midiatech/web/xmds.php?v=5&method=mediaInventory HTTP/2.0" 200 518 "-" "ksoap2-android/2.6.0+;version=3.6.4"
177.60.61.146 - - [30/Nov/2024:05:41:01 -0300] "POST /mixmidia/web/xmds.php?v=5&method=registerDisplay HTTP/2.0" 500 392 "-" "ksoap2-android/2.6.0+;version=3.6.4"
200.159.135.242 - - [30/Nov/2024:05:41:01 -0300] "POST /midiatech/web/xmds.php?v=5&method=notifyStatus HTTP/2.0" 200 514 "-" "ksoap2-android/2.6.0+;version=3.6.4"
186.223.31.185 - - [30/Nov/2024:05:41:02 -0300] "GET /mixmidia/web/xmds.php?what HTTP/2.0" 200 1 "-" "okhttp/3.12.1"
85.208.96.212 - - [30/Nov/2024:05:41:02 -0300] "GET /mixmidia/vendor/apereo/phpcas/source/CAS/ProxiedService/error_log; HTTP/1.1" 404 16 "-" "Mozilla/5.0 (compatible; SemrushBot/7~bl; +http://www.semrush.com/bot.html)"
186.223.31.185 - - [30/Nov/2024:05:41:02 -0300] "GET /mixmidia/web/xmds.php?what HTTP/2.0" 200 1 "-" "okhttp/3.12.1"
186.223.31.185 - - [30/Nov/2024:05:41:03 -0300] "POST /mixmidia/web/xmds.php?v=5&method=registerDisplay HTTP/2.0" 500 392 "-" "ksoap2-android/2.6.0+;version=3.6.4"
186.223.31.185 - - [30/Nov/2024:05:41:03 -0300] "GET /mixmidia/web/xmds.php?what HTTP/2.0" 200 1 "-" "okhttp/3.12.1"
186.223.31.185 - - [30/Nov/2024:05:41:03 -0300] "POST /mixmidia/web/xmds.php?v=5&method=submitLog HTTP/2.0" 200 508 "-" "ksoap2-android/2.6.0+;version=3.6.4"
185.191.171.2 - - [30/Nov/2024:05:41:08 -0300] "GET /fmd/vendor/james-heinrich/getid3/licenses/?filesrc=%2Fhome%2Fmgatv524%2Fvision.mgaplay.com.br%2Fmodules%2Fclock-form-edit.twig&path=%2Fhome%2Fmgatv524%2Fvision.mgaplay.com.br%2Fmodules HTTP/1.1" 200 1826 "-" "Mozilla/5.0 (compatible; SemrushBot/7~bl; +http://www.semrush.com/bot.html)"
66.249.68.2 - - [30/Nov/2024:05:41:14 -0300] "GET /avenida/vendor/emojione/emojione/assets/png/1F232.png HTTP/1.1" 200 1681 "-" "Googlebot-Image/1.0"
179.110.81.157 - - [30/Nov/2024:05:41:20 -0300] "GET /mixmidia/web/xmds.php?what HTTP/2.0" 200 1 "-" "okhttp/3.12.1"
179.110.81.157 - - [30/Nov/2024:05:41:20 -0300] "POST /mixmidia/web/xmds.php?v=5&method=registerDisplay HTTP/2.0" 500 392 "-" "ksoap2-android/2.6.0+;version=3.6.4"
191.8.164.41 - - [30/Nov/2024:05:41:23 -0300] "GET /mixmidia/web/xmds.php?what HTTP/2.0" 200 1 "-" "okhttp/3.12.1"
191.8.164.41 - - [30/Nov/2024:05:41:23 -0300] "GET /mixmidia/web/xmds.php?what HTTP/2.0" 200 1 "-" "okhttp/3.12.1"
191.8.164.41 - - [30/Nov/2024:05:41:24 -0300] "POST /mixmidia/web/xmds.php?v=5&method=registerDisplay HTTP/2.0" 500 392 "-" "ksoap2-android/2.6.0+;version=3.6.4"
57.141.3.14 - - [30/Nov/2024:05:41:24 -0300] "GET /fmd/vendor/james-heinrich/getid3/licenses/?filesrc=/home/mgatv524/www/midiatech/vendor/twig/twig/src/Sandbox/SecurityError.php&path=/home/mgatv524/www/midiatech/vendor/twig/twig/src/Sandbox HTTP/2.0" 200 1826 "-" "meta-externalagent/1.1 (+https://developers.facebook.com/docs/sharing/webmasters/crawler)"
200.159.135.242 - - [30/Nov/2024:05:41:24 -0300] "POST /midiatech/web/xmds.php?v=5&method=getResource HTTP/2.0" 200 22328 "-" "ksoap2-android/2.6.0+;version=3.6.4"
177.184.79.230 - - [30/Nov/2024:05:41:24 -0300] "POST /serraazul/web/xmds.php?v=5&method=getResource HTTP/2.0" 200 12961 "-" "ksoap2-android/2.6.0+;version=3.6.4"
177.184.79.230 - - [30/Nov/2024:05:41:24 -0300] "POST /serraazul/web/xmds.php?v=5&method=getResource HTTP/2.0" 200 12961 "-" "ksoap2-android/2.6.0+;version=3.6.4"
177.184.79.230 - - [30/Nov/2024:05:41:25 -0300] "POST /serraazul/web/xmds.php?v=5&method=getResource HTTP/2.0" 200 8388 "-" "ksoap2-android/2.6.0+;version=3.6.4"
186.219.147.112 - - [30/Nov/2024:05:41:25 -0300] "GET /mixmidia/web/xmds.php?what HTTP/2.0" 200 1 "-" "okhttp/3.12.1"
177.184.79.230 - - [30/Nov/2024:05:41:25 -0300] "POST /serraazul/web/xmds.php?v=5&method=getResource HTTP/2.0" 200 3795 "-" "ksoap2-android/2.6.0+;version=3.6.4"
186.219.147.112 - - [30/Nov/2024:05:41:25 -0300] "POST /mixmidia/web/xmds.php?v=5&method=registerDisplay HTTP/2.0" 200 3211 "-" "ksoap2-android/2.6.0+;version=3.6.4"
186.219.147.112 - - [30/Nov/2024:05:41:25 -0300] "POST /mixmidia/web/xmds.php?v=5&method=mediaInventory HTTP/2.0" 200 518 "-" "ksoap2-android/2.6.0+;version=3.6.4"
187.106.36.87 - - [30/Nov/2024:05:41:25 -0300] "GET /mixmidia/web/xmds.php?what HTTP/2.0" 200 1 "-" "okhttp/3.12.1"
186.219.147.112 - - [30/Nov/2024:05:41:26 -0300] "POST /mixmidia/web/xmds.php?v=5&method=notifyStatus HTTP/2.0" 200 514 "-" "ksoap2-android/2.6.0+;version=3.6.4"
187.106.36.87 - - [30/Nov/2024:05:41:26 -0300] "POST /mixmidia/web/xmds.php?v=5&method=registerDisplay HTTP/2.0" 200 3225 "-" "ksoap2-android/2.6.0+;version=3.6.4"
187.106.36.87 - - [30/Nov/2024:05:41:26 -0300] "POST /mixmidia/web/xmds.php?v=5&method=mediaInventory HTTP/2.0" 200 518 "-" "ksoap2-android/2.6.0+;version=3.6.4"
185.191.171.9 - - [30/Nov/2024:05:41:26 -0300] "GET /fmd/vendor/james-heinrich/getid3/licenses/?option&path=%2Fhome%2Fmgatv524%2Flot.mgaplay.com.br%2Fmodules%2Fcountdown HTTP/1.1" 200 1826 "-" "Mozilla/5.0 (compatible; SemrushBot/7~bl; +http://www.semrush.com/bot.html)"
187.106.36.87 - - [30/Nov/2024:05:41:27 -0300] "POST /mixmidia/web/xmds.php?v=5&method=notifyStatus HTTP/2.0" 200 514 "-" "ksoap2-android/2.6.0+;version=3.6.4"
57.141.3.25 - - [30/Nov/2024:05:41:27 -0300] "GET /fmd/vendor/james-heinrich/getid3/licenses/?filesrc=/home/mgatv524/neovia.mgaplay.com.br/web/media/temp/fontcss_9540e5f649&path=/home/mgatv524/neovia.mgaplay.com.br/web/media/temp HTTP/2.0" 200 1826 "-" "meta-externalagent/1.1 (+https://developers.facebook.com/docs/sharing/webmasters/crawler)"
85.208.96.196 - - [30/Nov/2024:05:41:32 -0300] "GET /sommatv/vendor/guzzlehttp/guzzle/src/Handler/Proxy.php HTTP/1.1" 200 - "-" "Mozilla/5.0 (compatible; SemrushBot/7~bl; +http://www.semrush.com/bot.html)"
45.182.48.174 - - [30/Nov/2024:05:41:33 -0300] "GET /mixmidia/web/xmds.php?what HTTP/2.0" 200 1 "-" "okhttp/3.12.1"
45.182.48.174 - - [30/Nov/2024:05:41:33 -0300] "POST /mixmidia/web/xmds.php?v=5&method=registerDisplay HTTP/2.0" 200 3186 "-" "ksoap2-android/2.6.0+;version=3.6.4"
45.182.48.174 - - [30/Nov/2024:05:41:34 -0300] "POST /mixmidia/web/xmds.php?v=5&method=mediaInventory HTTP/2.0" 200 518 "-" "ksoap2-android/2.6.0+;version=3.6.4"
45.182.48.174 - - [30/Nov/2024:05:41:34 -0300] "POST /mixmidia/web/xmds.php?v=5&method=notifyStatus HTTP/2.0" 200 514 "-" "ksoap2-android/2.6.0+;version=3.6.4"
131.196.76.235 - - [30/Nov/2024:05:41:35 -0300] "POST /mixmidia/web/xmds.php?v=5&method=submitLog HTTP/2.0" 200 508 "-" "ksoap2-android/2.6.0+;version=3.6.4"
191.255.221.41 - - [30/Nov/2024:05:41:39 -0300] "GET /mixmidia/web/xmds.php?what HTTP/2.0" 200 1 "-" "okhttp/3.12.1"
191.255.221.41 - - [30/Nov/2024:05:41:39 -0300] "POST /mixmidia/web/xmds.php?v=5&method=registerDisplay HTTP/2.0" 200 3229 "-" "ksoap2-android/2.6.0+;version=3.6.4"
179.135.206.11 - - [30/Nov/2024:05:41:39 -0300] "GET /mixmidia/web/xmds.php?what HTTP/2.0" 200 1 "-" "okhttp/3.12.1"
191.255.221.41 - - [30/Nov/2024:05:41:39 -0300] "POST /mixmidia/web/xmds.php?v=5&method=getFile HTTP/2.0" 500 286 "-" "ksoap2-android/2.6.0+;version=3.6.4"
191.255.221.41 - - [30/Nov/2024:05:41:39 -0300] "POST /mixmidia/web/xmds.php?v=5&method=getFile HTTP/2.0" 500 286 "-" "ksoap2-android/2.6.0+;version=3.6.4"
191.255.221.41 - - [30/Nov/2024:05:41:40 -0300] "POST /mixmidia/web/xmds.php?v=5&method=mediaInventory HTTP/2.0" 200 518 "-" "ksoap2-android/2.6.0+;version=3.6.4"
179.135.206.11 - - [30/Nov/2024:05:41:40 -0300] "GET /mixmidia/web/xmds.php?what HTTP/2.0" 200 1 "-" "okhttp/3.12.1"
191.255.221.41 - - [30/Nov/2024:05:41:40 -0300] "POST /mixmidia/web/xmds.php?v=5&method=notifyStatus HTTP/2.0" 200 514 "-" "ksoap2-android/2.6.0+;version=3.6.4"
179.135.206.11 - - [30/Nov/2024:05:41:40 -0300] "POST /mixmidia/web/xmds.php?v=5&method=registerDisplay HTTP/2.0" 500 392 "-" "ksoap2-android/2.6.0+;version=3.6.4"
191.255.221.41 - - [30/Nov/2024:05:41:40 -0300] "POST /mixmidia/web/xmds.php?v=5&method=getFile HTTP/2.0" 500 286 "-" "ksoap2-android/2.6.0+;version=3.6.4"
179.135.206.11 - - [30/Nov/2024:05:41:40 -0300] "GET /mixmidia/web/xmds.php?what HTTP/2.0" 200 1 "-" "okhttp/3.12.1"
191.255.221.41 - - [30/Nov/2024:05:41:40 -0300] "POST /mixmidia/web/xmds.php?v=5&method=getFile HTTP/2.0" 500 286 "-" "ksoap2-android/2.6.0+;version=3.6.4"
179.135.206.11 - - [30/Nov/2024:05:41:40 -0300] "POST /mixmidia/web/xmds.php?v=5&method=submitLog HTTP/2.0" 200 508 "-" "ksoap2-android/2.6.0+;version=3.6.4"
191.255.221.41 - - [30/Nov/2024:05:41:40 -0300] "POST /mixmidia/web/xmds.php?v=5&method=getFile HTTP/2.0" 500 286 "-" "ksoap2-android/2.6.0+;version=3.6.4"
191.255.221.41 - - [30/Nov/2024:05:41:41 -0300] "POST /mixmidia/web/xmds.php?v=5&method=getFile HTTP/2.0" 500 286 "-" "ksoap2-android/2.6.0+;version=3.6.4"
187.101.139.44 - - [30/Nov/2024:05:41:41 -0300] "GET /mixmidia/web/xmds.php?what HTTP/2.0" 200 1 "-" "okhttp/3.12.1"
187.101.139.44 - - [30/Nov/2024:05:41:41 -0300] "POST /mixmidia/web/xmds.php?v=5&method=registerDisplay HTTP/2.0" 200 3210 "-" "ksoap2-android/2.6.0+;version=3.6.4"
191.255.221.41 - - [30/Nov/2024:05:41:41 -0300] "POST /mixmidia/web/xmds.php?v=5&method=getFile HTTP/2.0" 500 286 "-" "ksoap2-android/2.6.0+;version=3.6.4"
187.101.139.44 - - [30/Nov/2024:05:41:41 -0300] "POST /mixmidia/web/xmds.php?v=5&method=notifyStatus HTTP/2.0" 200 514 "-" "ksoap2-android/2.6.0+;version=3.6.4"
191.255.221.41 - - [30/Nov/2024:05:41:41 -0300] "POST /mixmidia/web/xmds.php?v=5&method=getFile HTTP/2.0" 500 286 "-" "ksoap2-android/2.6.0+;version=3.6.4"
191.255.221.41 - - [30/Nov/2024:05:41:42 -0300] "POST /mixmidia/web/xmds.php?v=5&method=getFile HTTP/2.0" 500 286 "-" "ksoap2-android/2.6.0+;version=3.6.4"
191.255.221.41 - - [30/Nov/2024:05:41:42 -0300] "POST /mixmidia/web/xmds.php?v=5&method=getFile HTTP/2.0" 500 286 "-" "ksoap2-android/2.6.0+;version=3.6.4"
191.255.221.41 - - [30/Nov/2024:05:41:42 -0300] "POST /mixmidia/web/xmds.php?v=5&method=getFile HTTP/2.0" 500 286 "-" "ksoap2-android/2.6.0+;version=3.6.4"
191.255.221.41 - - [30/Nov/2024:05:41:43 -0300] "POST /mixmidia/web/xmds.php?v=5&method=getFile HTTP/2.0" 500 286 "-" "ksoap2-android/2.6.0+;version=3.6.4"
191.255.221.41 - - [30/Nov/2024:05:41:43 -0300] "POST /mixmidia/web/xmds.php?v=5&method=getFile HTTP/2.0" 500 286 "-" "ksoap2-android/2.6.0+;version=3.6.4"
191.255.221.41 - - [30/Nov/2024:05:41:43 -0300] "POST /mixmidia/web/xmds.php?v=5&method=getFile HTTP/2.0" 500 286 "-" "ksoap2-android/2.6.0+;version=3.6.4"
191.255.221.41 - - [30/Nov/2024:05:41:43 -0300] "POST /mixmidia/web/xmds.php?v=5&method=getFile HTTP/2.0" 500 286 "-" "ksoap2-android/2.6.0+;version=3.6.4"
191.255.221.41 - - [30/Nov/2024:05:41:44 -0300] "POST /mixmidia/web/xmds.php?v=5&method=getFile HTTP/2.0" 500 286 "-" "ksoap2-android/2.6.0+;version=3.6.4"
191.255.221.41 - - [30/Nov/2024:05:41:44 -0300] "POST /mixmidia/web/xmds.php?v=5&method=getFile HTTP/2.0" 500 286 "-" "ksoap2-android/2.6.0+;version=3.6.4"
191.255.221.41 - - [30/Nov/2024:05:41:44 -0300] "POST /mixmidia/web/xmds.php?v=5&method=getFile HTTP/2.0" 500 286 "-" "ksoap2-android/2.6.0+;version=3.6.4"
177.60.61.146 - - [30/Nov/2024:05:41:44 -0300] "GET /mixmidia/web/xmds.php?what HTTP/2.0" 200 1 "-" "okhttp/3.12.1"
191.255.221.41 - - [30/Nov/2024:05:41:44 -0300] "POST /mixmidia/web/xmds.php?v=5&method=getFile HTTP/2.0" 500 286 "-" "ksoap2-android/2.6.0+;version=3.6.4"
191.255.221.41 - - [30/Nov/2024:05:41:45 -0300] "POST /mixmidia/web/xmds.php?v=5&method=getFile HTTP/2.0" 500 286 "-" "ksoap2-android/2.6.0+;version=3.6.4"
177.60.61.146 - - [30/Nov/2024:05:41:45 -0300] "GET /mixmidia/web/xmds.php?what HTTP/2.0" 200 1 "-" "okhttp/3.12.1"
191.255.221.41 - - [30/Nov/2024:05:41:45 -0300] "POST /mixmidia/web/xmds.php?v=5&method=getFile HTTP/2.0" 500 286 "-" "ksoap2-android/2.6.0+;version=3.6.4"
177.60.61.146 - - [30/Nov/2024:05:41:45 -0300] "POST /mixmidia/web/xmds.php?v=5&method=registerDisplay HTTP/2.0" 500 392 "-" "ksoap2-android/2.6.0+;version=3.6.4"
131.196.76.235 - - [30/Nov/2024:05:41:45 -0300] "GET /mixmidia/web/xmds.php?what HTTP/2.0" 200 1 "-" "okhttp/3.12.1"
191.255.221.41 - - [30/Nov/2024:05:41:45 -0300] "POST /mixmidia/web/xmds.php?v=5&method=getFile HTTP/2.0" 500 286 "-" "ksoap2-android/2.6.0+;version=3.6.4"
177.60.61.146 - - [30/Nov/2024:05:41:45 -0300] "GET /mixmidia/web/xmds.php?what HTTP/2.0" 200 1 "-" "okhttp/3.12.1"
177.60.61.146 - - [30/Nov/2024:05:41:45 -0300] "POST /mixmidia/web/xmds.php?v=5&method=submitLog HTTP/2.0" 200 508 "-" "ksoap2-android/2.6.0+;version=3.6.4"
191.255.221.41 - - [30/Nov/2024:05:41:45 -0300] "POST /mixmidia/web/xmds.php?v=5&method=getFile HTTP/2.0" 500 286 "-" "ksoap2-android/2.6.0+;version=3.6.4"
131.196.76.235 - - [30/Nov/2024:05:41:45 -0300] "POST /mixmidia/web/xmds.php?v=5&method=registerDisplay HTTP/2.0" 200 3231 "-" "ksoap2-android/2.6.0+;version=3.6.4"
191.255.221.41 - - [30/Nov/2024:05:41:46 -0300] "POST /mixmidia/web/xmds.php?v=5&method=getFile HTTP/2.0" 500 286 "-" "ksoap2-android/2.6.0+;version=3.6.4"
131.196.76.235 - - [30/Nov/2024:05:41:46 -0300] "POST /mixmidia/web/xmds.php?v=5&method=mediaInventory HTTP/2.0" 200 518 "-" "ksoap2-android/2.6.0+;version=3.6.4"
191.255.221.41 - - [30/Nov/2024:05:41:46 -0300] "POST /mixmidia/web/xmds.php?v=5&method=getFile HTTP/2.0" 500 286 "-" "ksoap2-android/2.6.0+;version=3.6.4"
131.196.76.235 - - [30/Nov/2024:05:41:46 -0300] "POST /mixmidia/web/xmds.php?v=5&method=notifyStatus HTTP/2.0" 200 514 "-" "ksoap2-android/2.6.0+;version=3.6.4"
191.255.221.41 - - [30/Nov/2024:05:41:46 -0300] "POST /mixmidia/web/xmds.php?v=5&method=getFile HTTP/2.0" 500 286 "-" "ksoap2-android/2.6.0+;version=3.6.4"
191.255.221.41 - - [30/Nov/2024:05:41:46 -0300] "POST /mixmidia/web/xmds.php?v=5&method=getFile HTTP/2.0" 500 286 "-" "ksoap2-android/2.6.0+;version=3.6.4"
191.255.221.41 - - [30/Nov/2024:05:41:47 -0300] "POST /mixmidia/web/xmds.php?v=5&method=getFile HTTP/2.0" 500 286 "-" "ksoap2-android/2.6.0+;version=3.6.4"
191.255.221.41 - - [30/Nov/2024:05:41:47 -0300] "POST /mixmidia/web/xmds.php?v=5&method=mediaInventory HTTP/2.0" 200 518 "-" "ksoap2-android/2.6.0+;version=3.6.4"
177.184.74.96 - - [30/Nov/2024:05:41:51 -0300] "POST /serraazul/web/xmds.php?v=5&method=getResource HTTP/2.0" 200 30637 "-" "ksoap2-android/2.6.0+;version=3.6.4"
177.184.79.230 - - [30/Nov/2024:05:41:56 -0300] "GET /serraazul/web/xmds.php?what HTTP/2.0" 200 1 "-" "okhttp/3.12.1"
200.159.135.242 - - [30/Nov/2024:05:41:59 -0300] "GET /midiatech/web/xmds.php?what HTTP/2.0" 200 1 "-" "okhttp/3.12.1"
200.159.135.242 - - [30/Nov/2024:05:42:00 -0300] "POST /midiatech/web/xmds.php?v=5&method=registerDisplay HTTP/2.0" 200 3136 "-" "ksoap2-android/2.6.0+;version=3.6.4"
200.159.135.242 - - [30/Nov/2024:05:42:00 -0300] "GET /midiatech/web/xmds.php?what HTTP/2.0" 200 1 "-" "okhttp/3.12.1"
200.159.135.242 - - [30/Nov/2024:05:42:00 -0300] "POST /midiatech/web/xmds.php?v=5&method=notifyStatus HTTP/2.0" 200 514 "-" "ksoap2-android/2.6.0+;version=3.6.4"
200.159.135.242 - - [30/Nov/2024:05:42:00 -0300] "POST /midiatech/web/xmds.php?v=5&method=registerDisplay HTTP/2.0" 200 3101 "-" "ksoap2-android/2.6.0+;version=3.6.4"
200.159.135.242 - - [30/Nov/2024:05:42:00 -0300] "POST /midiatech/web/xmds.php?v=5&method=schedule HTTP/2.0" 200 2820 "-" "ksoap2-android/2.6.0+;version=3.6.4"
186.223.31.185 - - [30/Nov/2024:05:42:01 -0300] "GET /mixmidia/web/xmds.php?what HTTP/2.0" 200 1 "-" "okhttp/3.12.1"
200.159.135.242 - - [30/Nov/2024:05:42:01 -0300] "POST /midiatech/web/xmds.php?v=5&method=requiredFiles HTTP/2.0" 200 6973 "-" "ksoap2-android/2.6.0+;version=3.6.4"
177.60.61.146 - - [30/Nov/2024:05:42:01 -0300] "GET /mixmidia/web/xmds.php?what HTTP/2.0" 200 1 "-" "okhttp/3.12.1"
200.159.135.242 - - [30/Nov/2024:05:42:01 -0300] "POST /midiatech/web/xmds.php?v=5&method=getResource HTTP/2.0" 200 22328 "-" "ksoap2-android/2.6.0+;version=3.6.4"
177.60.61.146 - - [30/Nov/2024:05:42:01 -0300] "GET /mixmidia/web/xmds.php?what HTTP/2.0" 200 1 "-" "okhttp/3.12.1"
200.159.135.242 - - [30/Nov/2024:05:42:01 -0300] "POST /midiatech/web/xmds.php?v=5&method=mediaInventory HTTP/2.0" 200 518 "-" "ksoap2-android/2.6.0+;version=3.6.4"
200.159.135.242 - - [30/Nov/2024:05:42:01 -0300] "POST /midiatech/web/xmds.php?v=5&method=notifyStatus HTTP/2.0" 200 514 "-" "ksoap2-android/2.6.0+;version=3.6.4"
177.60.61.146 - - [30/Nov/2024:05:42:01 -0300] "POST /mixmidia/web/xmds.php?v=5&method=registerDisplay HTTP/2.0" 500 392 "-" "ksoap2-android/2.6.0+;version=3.6.4"
200.159.135.242 - - [30/Nov/2024:05:42:02 -0300] "POST /midiatech/web/xmds.php?v=5&method=mediaInventory HTTP/2.0" 200 518 "-" "ksoap2-android/2.6.0+;version=3.6.4"
177.60.61.146 - - [30/Nov/2024:05:42:02 -0300] "GET /mixmidia/web/xmds.php?what HTTP/2.0" 200 1 "-" "okhttp/3.12.1"
177.60.61.146 - - [30/Nov/2024:05:42:02 -0300] "POST /mixmidia/web/xmds.php?v=5&method=submitLog HTTP/2.0" 200 508 "-" "ksoap2-android/2.6.0+;version=3.6.4"
186.223.31.185 - - [30/Nov/2024:05:42:05 -0300] "GET /mixmidia/web/xmds.php?what HTTP/2.0" 200 1 "-" "okhttp/3.12.1"
186.223.31.185 - - [30/Nov/2024:05:42:05 -0300] "GET /mixmidia/web/xmds.php?what HTTP/2.0" 200 1 "-" "okhttp/3.12.1"
185.191.171.18 - - [30/Nov/2024:05:42:05 -0300] "GET /somares/vendor/zendframework/zendxml/src/Exception/ HTTP/1.1" 200 1486 "-" "Mozilla/5.0 (compatible; SemrushBot/7~bl; +http://www.semrush.com/bot.html)"
186.223.31.185 - - [30/Nov/2024:05:42:06 -0300] "POST /mixmidia/web/xmds.php?v=5&method=registerDisplay HTTP/2.0" 500 392 "-" "ksoap2-android/2.6.0+;version=3.6.4"
57.141.3.28 - - [30/Nov/2024:05:42:07 -0300] "GET /fmd/vendor/james-heinrich/getid3/licenses/?filesrc=/home/mgatv524/public_html/avenida/vendor/emojione/emojione/assets/svg/1F1EE-1F1F1.svg&path=/home/mgatv524/public_html/avenida/vendor/emojione/emojione/assets/svg HTTP/2.0" 200 1826 "-" "meta-externalagent/1.1 (+https://developers.facebook.com/docs/sharing/webmasters/crawler)"
189.84.180.165 - - [30/Nov/2024:05:42:16 -0300] "GET /serraazul/web/xmds.php?what HTTP/2.0" 200 1 "-" "okhttp/3.12.1"
189.84.180.165 - - [30/Nov/2024:05:42:16 -0300] "POST /serraazul/web/xmds.php?v=5&method=registerDisplay HTTP/2.0" 200 3157 "-" "ksoap2-android/2.6.0+;version=3.6.4"
189.84.180.165 - - [30/Nov/2024:05:42:16 -0300] "POST /serraazul/web/xmds.php?v=5&method=schedule HTTP/2.0" 200 2864 "-" "ksoap2-android/2.6.0+;version=3.6.4"
189.84.180.165 - - [30/Nov/2024:05:42:17 -0300] "POST /serraazul/web/xmds.php?v=5&method=requiredFiles HTTP/2.0" 200 7809 "-" "ksoap2-android/2.6.0+;version=3.6.4"
189.84.180.165 - - [30/Nov/2024:05:42:17 -0300] "POST /serraazul/web/xmds.php?v=5&method=getResource HTTP/2.0" 200 3628 "-" "ksoap2-android/2.6.0+;version=3.6.4"
189.84.180.165 - - [30/Nov/2024:05:42:17 -0300] "POST /serraazul/web/xmds.php?v=5&method=mediaInventory HTTP/2.0" 200 518 "-" "ksoap2-android/2.6.0+;version=3.6.4"
189.84.180.165 - - [30/Nov/2024:05:42:18 -0300] "POST /serraazul/web/xmds.php?v=5&method=mediaInventory HTTP/2.0" 200 518 "-" "ksoap2-android/2.6.0+;version=3.6.4"
189.84.180.165 - - [30/Nov/2024:05:42:18 -0300] "POST /serraazul/web/xmds.php?v=5&method=notifyStatus HTTP/2.0" 200 514 "-" "ksoap2-android/2.6.0+;version=3.6.4"
179.110.81.157 - - [30/Nov/2024:05:42:20 -0300] "GET /mixmidia/web/xmds.php?what HTTP/2.0" 200 1 "-" "okhttp/3.12.1"
179.110.81.157 - - [30/Nov/2024:05:42:20 -0300] "POST /mixmidia/web/xmds.php?v=5&method=registerDisplay HTTP/2.0" 500 392 "-" "ksoap2-android/2.6.0+;version=3.6.4"
191.8.164.41 - - [30/Nov/2024:05:42:23 -0300] "GET /mixmidia/web/xmds.php?what HTTP/2.0" 200 1 "-" "okhttp/3.12.1"
191.8.164.41 - - [30/Nov/2024:05:42:23 -0300] "GET /mixmidia/web/xmds.php?what HTTP/2.0" 200 1 "-" "okhttp/3.12.1"
191.8.164.41 - - [30/Nov/2024:05:42:24 -0300] "POST /mixmidia/web/xmds.php?v=5&method=registerDisplay HTTP/2.0" 500 392 "-" "ksoap2-android/2.6.0+;version=3.6.4"
186.219.147.112 - - [30/Nov/2024:05:42:25 -0300] "GET /mixmidia/web/xmds.php?what HTTP/2.0" 200 1 "-" "okhttp/3.12.1"
186.219.147.112 - - [30/Nov/2024:05:42:25 -0300] "POST /mixmidia/web/xmds.php?v=5&method=registerDisplay HTTP/2.0" 200 3211 "-" "ksoap2-android/2.6.0+;version=3.6.4"
187.106.36.87 - - [30/Nov/2024:05:42:25 -0300] "GET /mixmidia/web/xmds.php?what HTTP/2.0" 200 1 "-" "okhttp/3.12.1"
186.219.147.112 - - [30/Nov/2024:05:42:25 -0300] "POST /mixmidia/web/xmds.php?v=5&method=mediaInventory HTTP/2.0" 200 518 "-" "ksoap2-android/2.6.0+;version=3.6.4"
186.219.147.112 - - [30/Nov/2024:05:42:26 -0300] "POST /mixmidia/web/xmds.php?v=5&method=notifyStatus HTTP/2.0" 200 514 "-" "ksoap2-android/2.6.0+;version=3.6.4"
187.106.36.87 - - [30/Nov/2024:05:42:26 -0300] "POST /mixmidia/web/xmds.php?v=5&method=registerDisplay HTTP/2.0" 200 3225 "-" "ksoap2-android/2.6.0+;version=3.6.4"
