15.160.2.232 - - [30/Nov/2024:11:38:55 -0300] "GET /A/GlobalSources/?email=i***.c****@r*********.com HTTP/2.0" 404 - "-" "Mozilla/5.0 (Macintosh; Intel Mac OS X 10_15_7) AppleWebKit/537.36 (KHTML, like Gecko) Chrome/125.0.0.0 Safari/537.36"
146.190.197.169 - - [30/Nov/2024:11:39:00 -0300] "GET /A/GlobalSources/?email=i***.c****@r*********.com HTTP/2.0" 404 - "-" "Mozilla/5.0 (Macintosh; Intel Mac OS X 10_15_7) AppleWebKit/537.36 (KHTML, like Gecko) Chrome/125.0.0.0 Safari/537.36"
68.183.245.101 - - [30/Nov/2024:11:45:08 -0300] "GET /A/ HTTP/2.0" 404 - "-" "Mozilla/5.0 (Windows NT 10.0; Win64; x64) AppleWebKit/537.36 (KHTML, like Gecko) Chrome/126.0.0.0 Safari/537.36 Edg/126.0.0.0"
161.35.246.138 - - [30/Nov/2024:11:45:13 -0300] "GET /A/ HTTP/2.0" 404 - "-" "Mozilla/5.0 (Windows NT 10.0; Win64; x64) AppleWebKit/537.36 (KHTML, like Gecko) Chrome/126.0.0.0 Safari/537.36 Edg/126.0.0.0"
146.190.197.169 - - [30/Nov/2024:11:45:20 -0300] "GET /A/ HTTP/2.0" 404 - "-" "Mozilla/5.0 (Windows NT 10.0; Win64; x64) AppleWebKit/537.36 (KHTML, like Gecko) Chrome/126.0.0.0 Safari/537.36 Edg/126.0.0.0"
4.43.184.114 - - [30/Nov/2024:11:45:37 -0300] "GET /A/GlobalSources/?email=unknown@gendigital.invalid HTTP/1.0" 404 - "-" "Mozilla/5.0 (compatible; MSIE 9.0; Windows NT 6.1; Win64; x64; Trident/5.0)"
68.183.245.101 - - [30/Nov/2024:11:46:12 -0300] "GET /A/GlobalSources/index.php HTTP/2.0" 404 - "-" "Mozilla/5.0 (Windows NT 10.0; Win64; x64) AppleWebKit/537.36 (KHTML, like Gecko) Chrome/126.0.0.0 Safari/537.36 Edg/126.0.0.0"
164.90.241.135 - - [30/Nov/2024:11:46:18 -0300] "GET /A/GlobalSources/index.php HTTP/2.0" 404 - "-" "Mozilla/5.0 (Windows NT 10.0; Win64; x64) AppleWebKit/537.36 (KHTML, like Gecko) Chrome/126.0.0.0 Safari/537.36 Edg/126.0.0.0"
84.17.57.123 - - [30/Nov/2024:11:46:24 -0300] "GET /A/GlobalSources/index.php HTTP/2.0" 404 - "-" "Mozilla/5.0 (Windows NT 10.0; Win64; x64) AppleWebKit/537.36 (KHTML, like Gecko) Chrome/126.0.0.0 Safari/537.36 Edg/126.0.0.0"
206.189.247.132 - - [30/Nov/2024:11:46:29 -0300] "GET /A/GlobalSources/index.php HTTP/2.0" 404 - "-" "Mozilla/5.0 (Windows NT 10.0; Win64; x64) AppleWebKit/537.36 (KHTML, like Gecko) Chrome/126.0.0.0 Safari/537.36 Edg/126.0.0.0"
189.90.55.202 - - [30/Nov/2024:11:51:46 -0300] "GET /A/GlobalSources/?email=i***.c****@r*********.com HTTP/2.0" 404 - "-" "Mozilla/5.0 (Windows NT 10.0; Win64; x64) AppleWebKit/537.36 (KHTML, like Gecko) Chrome/131.0.0.0 Safari/537.36 Edg/131.0.0.0"
189.90.55.202 - - [30/Nov/2024:11:51:49 -0300] "GET /A/GlobalSources/?email=i***.c****@r*********.com HTTP/2.0" 404 - "-" "Mozilla/5.0 (Windows NT 10.0; Win64; x64) AppleWebKit/537.36 (KHTML, like Gecko) Chrome/131.0.0.0 Safari/537.36 Edg/131.0.0.0"
189.90.55.202 - - [30/Nov/2024:11:51:52 -0300] "GET /A/GlobalSources/?email=i***.c****@r*********.com HTTP/2.0" 404 - "-" "Mozilla/5.0 (Windows NT 10.0; Win64; x64) AppleWebKit/537.36 (KHTML, like Gecko) Chrome/131.0.0.0 Safari/537.36 Edg/131.0.0.0"
189.90.55.202 - - [30/Nov/2024:11:51:52 -0300] "GET /favicon.ico HTTP/2.0" 404 - "https://criativa.mgaplay.com.br/A/GlobalSources/?email=i***.c****@r*********.com" "Mozilla/5.0 (Windows NT 10.0; Win64; x64) AppleWebKit/537.36 (KHTML, like Gecko) Chrome/131.0.0.0 Safari/537.36 Edg/131.0.0.0"
159.148.128.139 - - [30/Nov/2024:11:51:58 -0300] "GET /A/GlobalSources?email=i***.c****@r*********.com HTTP/2.0" 404 - "-" "Mozilla/5.0 (X11; Linux x86_64) AppleWebKit/537.36 (KHTML, like Gecko) Chrome/128.0.0.0 Safari/537.36"
159.148.128.139 - - [30/Nov/2024:11:51:58 -0300] "GET /favicon.ico HTTP/2.0" 404 - "https://criativa.mgaplay.com.br/A/GlobalSources?email=i***.c****@r*********.com" "Mozilla/5.0 (X11; Linux x86_64) AppleWebKit/537.36 (KHTML, like Gecko) Chrome/128.0.0.0 Safari/537.36"
104.197.69.115 - - [30/Nov/2024:11:52:19 -0300] "GET / HTTP/2.0" 200 - "-" "Mozilla/5.0 (X11; Linux x86_64) AppleWebKit/537.36 (KHTML, like Gecko) HeadlessChrome/125.0.6422.60 Safari/537.36"
205.169.39.8 - - [30/Nov/2024:11:52:20 -0300] "GET / HTTP/2.0" 404 - "https://bing.com/" "Mozilla/5.0 (Windows NT 10.0; Win64; x64) AppleWebKit/537.36 (KHTML, like Gecko) Chrome/117.0.5938.132 Safari/537.36"
205.169.39.200 - - [30/Nov/2024:11:52:27 -0300] "GET / HTTP/1.1" 200 - "-" "Mozilla/5.0 (Windows NT 6.1; Win64; x64) AppleWebKit/537.36 (KHTML, like Gecko) Chrome/83.0.4103.61 Safari/537.36"
205.169.39.200 - - [30/Nov/2024:11:52:31 -0300] "GET / HTTP/2.0" 200 - "-" "Mozilla/5.0 (Windows NT 10.0; Win64; x64) AppleWebKit/537.36 (KHTML, like Gecko) Chrome/79.0.3945.79 Safari/537.36"
84.17.57.123 - - [30/Nov/2024:11:57:33 -0300] "GET /A/GlobalSources/index2.php HTTP/2.0" 404 - "-" "Mozilla/5.0 (Windows NT 10.0; Win64; x64) AppleWebKit/537.36 (KHTML, like Gecko) Chrome/126.0.0.0 Safari/537.36 Edg/126.0.0.0"
15.160.2.232 - - [30/Nov/2024:11:57:37 -0300] "GET /A/GlobalSources/index2.php HTTP/2.0" 404 - "-" "Mozilla/5.0 (Windows NT 10.0; Win64; x64) AppleWebKit/537.36 (KHTML, like Gecko) Chrome/126.0.0.0 Safari/537.36 Edg/126.0.0.0"
159.203.53.95 - - [30/Nov/2024:11:57:42 -0300] "GET /A/GlobalSources/index2.php HTTP/2.0" 404 - "-" "Mozilla/5.0 (Windows NT 10.0; Win64; x64) AppleWebKit/537.36 (KHTML, like Gecko) Chrome/126.0.0.0 Safari/537.36 Edg/126.0.0.0"
164.90.241.135 - - [30/Nov/2024:11:57:47 -0300] "GET /A/GlobalSources/index2.php HTTP/2.0" 404 - "-" "Mozilla/5.0 (Windows NT 10.0; Win64; x64) AppleWebKit/537.36 (KHTML, like Gecko) Chrome/126.0.0.0 Safari/537.36 Edg/126.0.0.0"
157.230.195.44 - - [30/Nov/2024:11:58:46 -0300] "GET /A/GlobalSources/ HTTP/2.0" 404 - "-" "Mozilla/5.0 (Macintosh; Intel Mac OS X 10_15_7) AppleWebKit/537.36 (KHTML, like Gecko) Chrome/125.0.0.0 Safari/537.36"
84.17.57.123 - - [30/Nov/2024:11:58:52 -0300] "GET /A/GlobalSources/ HTTP/2.0" 404 - "-" "Mozilla/5.0 (Macintosh; Intel Mac OS X 10_15_7) AppleWebKit/537.36 (KHTML, like Gecko) Chrome/125.0.0.0 Safari/537.36"
159.203.53.95 - - [30/Nov/2024:11:58:56 -0300] "GET /A/GlobalSources/ HTTP/2.0" 404 - "-" "Mozilla/5.0 (Macintosh; Intel Mac OS X 10_15_7) AppleWebKit/537.36 (KHTML, like Gecko) Chrome/125.0.0.0 Safari/537.36"
161.35.246.138 - - [30/Nov/2024:11:59:00 -0300] "GET /A/GlobalSources/ HTTP/2.0" 404 - "-" "Mozilla/5.0 (Macintosh; Intel Mac OS X 10_15_7) AppleWebKit/537.36 (KHTML, like Gecko) Chrome/125.0.0.0 Safari/537.36"
164.90.241.135 - - [30/Nov/2024:12:00:56 -0300] "GET /A/GlobalSources/index.php HTTP/2.0" 404 - "-" "Mozilla/5.0 (Windows NT 10.0; Win64; x64) AppleWebKit/537.36 (KHTML, like Gecko) Chrome/126.0.0.0 Safari/537.36 Edg/126.0.0.0"
68.183.245.101 - - [30/Nov/2024:12:01:00 -0300] "GET /A/GlobalSources/index.php HTTP/2.0" 404 - "-" "Mozilla/5.0 (Windows NT 10.0; Win64; x64) AppleWebKit/537.36 (KHTML, like Gecko) Chrome/126.0.0.0 Safari/537.36 Edg/126.0.0.0"
206.189.247.132 - - [30/Nov/2024:12:01:04 -0300] "GET /A/GlobalSources/index.php HTTP/2.0" 404 - "-" "Mozilla/5.0 (Windows NT 10.0; Win64; x64) AppleWebKit/537.36 (KHTML, like Gecko) Chrome/126.0.0.0 Safari/537.36 Edg/126.0.0.0"
84.17.57.123 - - [30/Nov/2024:12:01:09 -0300] "GET /A/GlobalSources/index.php HTTP/2.0" 404 - "-" "Mozilla/5.0 (Windows NT 10.0; Win64; x64) AppleWebKit/537.36 (KHTML, like Gecko) Chrome/126.0.0.0 Safari/537.36 Edg/126.0.0.0"
206.189.247.132 - - [30/Nov/2024:12:11:31 -0300] "GET /A/GlobalSources/log1234567.php HTTP/2.0" 404 - "-" "Mozilla/5.0 (iPhone; CPU iPhone OS 17_5_1 like Mac OS X) AppleWebKit/605.1.15 (KHTML, like Gecko) Version/17.5 Mobile/15E148 Safari/604.1"
157.230.195.44 - - [30/Nov/2024:12:11:36 -0300] "GET /A/GlobalSources/log1234567.php HTTP/2.0" 404 - "-" "Mozilla/5.0 (iPhone; CPU iPhone OS 17_5_1 like Mac OS X) AppleWebKit/605.1.15 (KHTML, like Gecko) Version/17.5 Mobile/15E148 Safari/604.1"
186.227.198.149 - - [30/Nov/2024:12:11:41 -0300] "GET /A/GlobalSources/log1234567.php HTTP/2.0" 404 - "-" "Mozilla/5.0 (iPhone; CPU iPhone OS 17_5_1 like Mac OS X) AppleWebKit/605.1.15 (KHTML, like Gecko) Version/17.5 Mobile/15E148 Safari/604.1"
68.183.245.101 - - [30/Nov/2024:12:11:47 -0300] "GET /A/GlobalSources/log1234567.php HTTP/2.0" 404 - "-" "Mozilla/5.0 (iPhone; CPU iPhone OS 17_5_1 like Mac OS X) AppleWebKit/605.1.15 (KHTML, like Gecko) Version/17.5 Mobile/15E148 Safari/604.1"
84.17.57.123 - - [30/Nov/2024:12:13:54 -0300] "GET /A/GlobalSources/ HTTP/2.0" 404 - "-" "Mozilla/5.0 (Macintosh; Intel Mac OS X 10_15_7) AppleWebKit/537.36 (KHTML, like Gecko) Chrome/125.0.0.0 Safari/537.36"
161.35.246.138 - - [30/Nov/2024:12:13:58 -0300] "GET /A/GlobalSources/ HTTP/2.0" 404 - "-" "Mozilla/5.0 (Macintosh; Intel Mac OS X 10_15_7) AppleWebKit/537.36 (KHTML, like Gecko) Chrome/125.0.0.0 Safari/537.36"
159.203.53.95 - - [30/Nov/2024:12:14:02 -0300] "GET /A/GlobalSources/ HTTP/2.0" 404 - "-" "Mozilla/5.0 (Macintosh; Intel Mac OS X 10_15_7) AppleWebKit/537.36 (KHTML, like Gecko) Chrome/125.0.0.0 Safari/537.36"
157.230.195.44 - - [30/Nov/2024:12:14:06 -0300] "GET /A/GlobalSources/ HTTP/2.0" 404 - "-" "Mozilla/5.0 (Macintosh; Intel Mac OS X 10_15_7) AppleWebKit/537.36 (KHTML, like Gecko) Chrome/125.0.0.0 Safari/537.36"
164.90.241.135 - - [30/Nov/2024:12:23:14 -0300] "GET /A/GlobalSources/index2.php HTTP/2.0" 404 - "-" "Mozilla/5.0 (Windows NT 10.0; Win64; x64) AppleWebKit/537.36 (KHTML, like Gecko) Chrome/126.0.0.0 Safari/537.36 Edg/126.0.0.0"
159.203.53.95 - - [30/Nov/2024:12:23:20 -0300] "GET /A/GlobalSources/index2.php HTTP/2.0" 404 - "-" "Mozilla/5.0 (Windows NT 10.0; Win64; x64) AppleWebKit/537.36 (KHTML, like Gecko) Chrome/126.0.0.0 Safari/537.36 Edg/126.0.0.0"
15.161.50.171 - - [30/Nov/2024:12:23:25 -0300] "GET /A/GlobalSources/index2.php HTTP/2.0" 404 - "-" "Mozilla/5.0 (Windows NT 10.0; Win64; x64) AppleWebKit/537.36 (KHTML, like Gecko) Chrome/126.0.0.0 Safari/537.36 Edg/126.0.0.0"
84.17.57.123 - - [30/Nov/2024:12:23:31 -0300] "GET /A/GlobalSources/index2.php HTTP/2.0" 404 - "-" "Mozilla/5.0 (Windows NT 10.0; Win64; x64) AppleWebKit/537.36 (KHTML, like Gecko) Chrome/126.0.0.0 Safari/537.36 Edg/126.0.0.0"
68.183.245.101 - - [30/Nov/2024:12:27:12 -0300] "GET /A/GlobalSources/log1234567.php HTTP/2.0" 404 - "-" "Mozilla/5.0 (iPhone; CPU iPhone OS 17_5_1 like Mac OS X) AppleWebKit/605.1.15 (KHTML, like Gecko) Version/17.5 Mobile/15E148 Safari/604.1"
157.230.195.44 - - [30/Nov/2024:12:27:18 -0300] "GET /A/GlobalSources/log1234567.php HTTP/2.0" 404 - "-" "Mozilla/5.0 (iPhone; CPU iPhone OS 17_5_1 like Mac OS X) AppleWebKit/605.1.15 (KHTML, like Gecko) Version/17.5 Mobile/15E148 Safari/604.1"
186.227.198.149 - - [30/Nov/2024:12:27:24 -0300] "GET /A/GlobalSources/log1234567.php HTTP/2.0" 404 - "-" "Mozilla/5.0 (iPhone; CPU iPhone OS 17_5_1 like Mac OS X) AppleWebKit/605.1.15 (KHTML, like Gecko) Version/17.5 Mobile/15E148 Safari/604.1"
206.189.247.132 - - [30/Nov/2024:12:27:28 -0300] "GET /A/GlobalSources/log1234567.php HTTP/2.0" 404 - "-" "Mozilla/5.0 (iPhone; CPU iPhone OS 17_5_1 like Mac OS X) AppleWebKit/605.1.15 (KHTML, like Gecko) Version/17.5 Mobile/15E148 Safari/604.1"
159.203.53.95 - - [30/Nov/2024:12:31:31 -0300] "GET /A/GlobalSources/ HTTP/2.0" 404 - "-" "Mozilla/5.0 (Macintosh; Intel Mac OS X 10_15_7) AppleWebKit/537.36 (KHTML, like Gecko) Chrome/125.0.0.0 Safari/537.36"
157.230.195.44 - - [30/Nov/2024:12:31:36 -0300] "GET /A/GlobalSources/ HTTP/2.0" 404 - "-" "Mozilla/5.0 (Macintosh; Intel Mac OS X 10_15_7) AppleWebKit/537.36 (KHTML, like Gecko) Chrome/125.0.0.0 Safari/537.36"
161.35.246.138 - - [30/Nov/2024:12:31:40 -0300] "GET /A/GlobalSources/ HTTP/2.0" 404 - "-" "Mozilla/5.0 (Macintosh; Intel Mac OS X 10_15_7) AppleWebKit/537.36 (KHTML, like Gecko) Chrome/125.0.0.0 Safari/537.36"
84.17.57.123 - - [30/Nov/2024:12:31:46 -0300] "GET /A/GlobalSources/ HTTP/2.0" 404 - "-" "Mozilla/5.0 (Macintosh; Intel Mac OS X 10_15_7) AppleWebKit/537.36 (KHTML, like Gecko) Chrome/125.0.0.0 Safari/537.36"
4.43.184.114 - - [30/Nov/2024:12:38:48 -0300] "GET /A/GlobalSources/?email=s****.t********@f**.com HTTP/1.0" 404 - "-" "Mozilla/5.0 (Windows; U; Windows NT 6.1; en-US; rv:1.9.2.23) Gecko/20110920 Firefox/3.6.23"
15.161.50.171 - - [30/Nov/2024:12:39:30 -0300] "GET /A/GlobalSources/index2.php HTTP/2.0" 404 - "-" "Mozilla/5.0 (Windows NT 10.0; Win64; x64) AppleWebKit/537.36 (KHTML, like Gecko) Chrome/126.0.0.0 Safari/537.36 Edg/126.0.0.0"
159.203.53.95 - - [30/Nov/2024:12:39:34 -0300] "GET /A/GlobalSources/index2.php HTTP/2.0" 404 - "-" "Mozilla/5.0 (Windows NT 10.0; Win64; x64) AppleWebKit/537.36 (KHTML, like Gecko) Chrome/126.0.0.0 Safari/537.36 Edg/126.0.0.0"
164.90.241.135 - - [30/Nov/2024:12:39:38 -0300] "GET /A/GlobalSources/index2.php HTTP/2.0" 404 - "-" "Mozilla/5.0 (Windows NT 10.0; Win64; x64) AppleWebKit/537.36 (KHTML, like Gecko) Chrome/126.0.0.0 Safari/537.36 Edg/126.0.0.0"
84.17.57.123 - - [30/Nov/2024:12:39:42 -0300] "GET /A/GlobalSources/index2.php HTTP/2.0" 404 - "-" "Mozilla/5.0 (Windows NT 10.0; Win64; x64) AppleWebKit/537.36 (KHTML, like Gecko) Chrome/126.0.0.0 Safari/537.36 Edg/126.0.0.0"
206.189.247.132 - - [30/Nov/2024:12:41:11 -0300] "GET /A/GlobalSources/index.php HTTP/2.0" 404 - "-" "Mozilla/5.0 (Windows NT 10.0; Win64; x64) AppleWebKit/537.36 (KHTML, like Gecko) Chrome/126.0.0.0 Safari/537.36 Edg/126.0.0.0"
164.90.241.135 - - [30/Nov/2024:12:41:16 -0300] "GET /A/GlobalSources/index.php HTTP/2.0" 404 - "-" "Mozilla/5.0 (Windows NT 10.0; Win64; x64) AppleWebKit/537.36 (KHTML, like Gecko) Chrome/126.0.0.0 Safari/537.36 Edg/126.0.0.0"
84.17.57.123 - - [30/Nov/2024:12:41:22 -0300] "GET /A/GlobalSources/index.php HTTP/2.0" 404 - "-" "Mozilla/5.0 (Windows NT 10.0; Win64; x64) AppleWebKit/537.36 (KHTML, like Gecko) Chrome/126.0.0.0 Safari/537.36 Edg/126.0.0.0"
68.183.245.101 - - [30/Nov/2024:12:41:27 -0300] "GET /A/GlobalSources/index.php HTTP/2.0" 404 - "-" "Mozilla/5.0 (Windows NT 10.0; Win64; x64) AppleWebKit/537.36 (KHTML, like Gecko) Chrome/126.0.0.0 Safari/537.36 Edg/126.0.0.0"
161.35.246.138 - - [30/Nov/2024:12:48:38 -0300] "GET /A/GlobalSources/ HTTP/2.0" 404 - "-" "Mozilla/5.0 (Macintosh; Intel Mac OS X 10_15_7) AppleWebKit/537.36 (KHTML, like Gecko) Chrome/125.0.0.0 Safari/537.36"
84.17.57.123 - - [30/Nov/2024:12:48:44 -0300] "GET /A/GlobalSources/ HTTP/2.0" 404 - "-" "Mozilla/5.0 (Macintosh; Intel Mac OS X 10_15_7) AppleWebKit/537.36 (KHTML, like Gecko) Chrome/125.0.0.0 Safari/537.36"
159.203.53.95 - - [30/Nov/2024:12:48:48 -0300] "GET /A/GlobalSources/ HTTP/2.0" 404 - "-" "Mozilla/5.0 (Macintosh; Intel Mac OS X 10_15_7) AppleWebKit/537.36 (KHTML, like Gecko) Chrome/125.0.0.0 Safari/537.36"
157.230.195.44 - - [30/Nov/2024:12:48:53 -0300] "GET /A/GlobalSources/ HTTP/2.0" 404 - "-" "Mozilla/5.0 (Macintosh; Intel Mac OS X 10_15_7) AppleWebKit/537.36 (KHTML, like Gecko) Chrome/125.0.0.0 Safari/537.36"
68.183.245.101 - - [30/Nov/2024:12:51:36 -0300] "GET /A/GlobalSources/log1234567.php HTTP/2.0" 404 - "-" "Mozilla/5.0 (iPhone; CPU iPhone OS 17_5_1 like Mac OS X) AppleWebKit/605.1.15 (KHTML, like Gecko) Version/17.5 Mobile/15E148 Safari/604.1"
157.230.195.44 - - [30/Nov/2024:12:51:41 -0300] "GET /A/GlobalSources/log1234567.php HTTP/2.0" 404 - "-" "Mozilla/5.0 (iPhone; CPU iPhone OS 17_5_1 like Mac OS X) AppleWebKit/605.1.15 (KHTML, like Gecko) Version/17.5 Mobile/15E148 Safari/604.1"
186.227.198.149 - - [30/Nov/2024:12:51:46 -0300] "GET /A/GlobalSources/log1234567.php HTTP/2.0" 404 - "-" "Mozilla/5.0 (iPhone; CPU iPhone OS 17_5_1 like Mac OS X) AppleWebKit/605.1.15 (KHTML, like Gecko) Version/17.5 Mobile/15E148 Safari/604.1"
206.189.247.132 - - [30/Nov/2024:12:51:50 -0300] "GET /A/GlobalSources/log1234567.php HTTP/2.0" 404 - "-" "Mozilla/5.0 (iPhone; CPU iPhone OS 17_5_1 like Mac OS X) AppleWebKit/605.1.15 (KHTML, like Gecko) Version/17.5 Mobile/15E148 Safari/604.1"
84.17.57.123 - - [30/Nov/2024:13:02:27 -0300] "GET /A/GlobalSources/index.php HTTP/2.0" 404 - "-" "Mozilla/5.0 (Windows NT 10.0; Win64; x64) AppleWebKit/537.36 (KHTML, like Gecko) Chrome/126.0.0.0 Safari/537.36 Edg/126.0.0.0"
68.183.245.101 - - [30/Nov/2024:13:02:32 -0300] "GET /A/GlobalSources/index.php HTTP/2.0" 404 - "-" "Mozilla/5.0 (Windows NT 10.0; Win64; x64) AppleWebKit/537.36 (KHTML, like Gecko) Chrome/126.0.0.0 Safari/537.36 Edg/126.0.0.0"
206.189.247.132 - - [30/Nov/2024:13:02:37 -0300] "GET /A/GlobalSources/index.php HTTP/2.0" 404 - "-" "Mozilla/5.0 (Windows NT 10.0; Win64; x64) AppleWebKit/537.36 (KHTML, like Gecko) Chrome/126.0.0.0 Safari/537.36 Edg/126.0.0.0"
164.90.241.135 - - [30/Nov/2024:13:02:41 -0300] "GET /A/GlobalSources/index.php HTTP/2.0" 404 - "-" "Mozilla/5.0 (Windows NT 10.0; Win64; x64) AppleWebKit/537.36 (KHTML, like Gecko) Chrome/126.0.0.0 Safari/537.36 Edg/126.0.0.0"
157.230.195.44 - - [30/Nov/2024:13:04:52 -0300] "GET /A/GlobalSources/ HTTP/2.0" 404 - "-" "Mozilla/5.0 (Macintosh; Intel Mac OS X 10_15_7) AppleWebKit/537.36 (KHTML, like Gecko) Chrome/125.0.0.0 Safari/537.36"
159.203.53.95 - - [30/Nov/2024:13:04:56 -0300] "GET /A/GlobalSources/ HTTP/2.0" 404 - "-" "Mozilla/5.0 (Macintosh; Intel Mac OS X 10_15_7) AppleWebKit/537.36 (KHTML, like Gecko) Chrome/125.0.0.0 Safari/537.36"
161.35.246.138 - - [30/Nov/2024:13:05:01 -0300] "GET /A/GlobalSources/ HTTP/2.0" 404 - "-" "Mozilla/5.0 (Macintosh; Intel Mac OS X 10_15_7) AppleWebKit/537.36 (KHTML, like Gecko) Chrome/125.0.0.0 Safari/537.36"
84.17.57.123 - - [30/Nov/2024:13:05:06 -0300] "GET /A/GlobalSources/ HTTP/2.0" 404 - "-" "Mozilla/5.0 (Macintosh; Intel Mac OS X 10_15_7) AppleWebKit/537.36 (KHTML, like Gecko) Chrome/125.0.0.0 Safari/537.36"
15.161.50.171 - - [30/Nov/2024:13:06:48 -0300] "GET /A/GlobalSources/?email=i***.c****@r*********.com HTTP/2.0" 404 - "-" "Mozilla/5.0 (Macintosh; Intel Mac OS X 10_15_7) AppleWebKit/537.36 (KHTML, like Gecko) Chrome/125.0.0.0 Safari/537.36"
146.190.197.169 - - [30/Nov/2024:13:06:51 -0300] "GET /A/ HTTP/2.0" 404 - "-" "Mozilla/5.0 (Windows NT 10.0; Win64; x64) AppleWebKit/537.36 (KHTML, like Gecko) Chrome/126.0.0.0 Safari/537.36 Edg/126.0.0.0"
68.183.245.101 - - [30/Nov/2024:13:06:53 -0300] "GET /A/GlobalSources/?email=i***.c****@r*********.com HTTP/2.0" 404 - "-" "Mozilla/5.0 (Macintosh; Intel Mac OS X 10_15_7) AppleWebKit/537.36 (KHTML, like Gecko) Chrome/125.0.0.0 Safari/537.36"
161.35.246.138 - - [30/Nov/2024:13:06:55 -0300] "GET /A/ HTTP/2.0" 404 - "-" "Mozilla/5.0 (Windows NT 10.0; Win64; x64) AppleWebKit/537.36 (KHTML, like Gecko) Chrome/126.0.0.0 Safari/537.36 Edg/126.0.0.0"
84.17.57.123 - - [30/Nov/2024:13:06:58 -0300] "GET /A/GlobalSources/?email=i***.c****@r*********.com HTTP/2.0" 404 - "-" "Mozilla/5.0 (Macintosh; Intel Mac OS X 10_15_7) AppleWebKit/537.36 (KHTML, like Gecko) Chrome/125.0.0.0 Safari/537.36"
68.183.245.101 - - [30/Nov/2024:13:07:00 -0300] "GET /A/ HTTP/2.0" 404 - "-" "Mozilla/5.0 (Windows NT 10.0; Win64; x64) AppleWebKit/537.36 (KHTML, like Gecko) Chrome/126.0.0.0 Safari/537.36 Edg/126.0.0.0"
146.190.197.169 - - [30/Nov/2024:13:07:03 -0300] "GET /A/GlobalSources/?email=i***.c****@r*********.com HTTP/2.0" 404 - "-" "Mozilla/5.0 (Macintosh; Intel Mac OS X 10_15_7) AppleWebKit/537.36 (KHTML, like Gecko) Chrome/125.0.0.0 Safari/537.36"
15.161.50.171 - - [30/Nov/2024:13:07:05 -0300] "GET /A/ HTTP/2.0" 404 - "-" "Mozilla/5.0 (Windows NT 10.0; Win64; x64) AppleWebKit/537.36 (KHTML, like Gecko) Chrome/126.0.0.0 Safari/537.36 Edg/126.0.0.0"
15.161.240.229 - - [30/Nov/2024:13:07:47 -0300] "GET /A/GlobalSources/index2.php HTTP/2.0" 404 - "-" "Mozilla/5.0 (Windows NT 10.0; Win64; x64) AppleWebKit/537.36 (KHTML, like Gecko) Chrome/126.0.0.0 Safari/537.36 Edg/126.0.0.0"
164.90.241.135 - - [30/Nov/2024:13:07:52 -0300] "GET /A/GlobalSources/index2.php HTTP/2.0" 404 - "-" "Mozilla/5.0 (Windows NT 10.0; Win64; x64) AppleWebKit/537.36 (KHTML, like Gecko) Chrome/126.0.0.0 Safari/537.36 Edg/126.0.0.0"
159.203.53.95 - - [30/Nov/2024:13:07:56 -0300] "GET /A/GlobalSources/index2.php HTTP/2.0" 404 - "-" "Mozilla/5.0 (Windows NT 10.0; Win64; x64) AppleWebKit/537.36 (KHTML, like Gecko) Chrome/126.0.0.0 Safari/537.36 Edg/126.0.0.0"
84.17.57.123 - - [30/Nov/2024:13:08:01 -0300] "GET /A/GlobalSources/index2.php HTTP/2.0" 404 - "-" "Mozilla/5.0 (Windows NT 10.0; Win64; x64) AppleWebKit/537.36 (KHTML, like Gecko) Chrome/126.0.0.0 Safari/537.36 Edg/126.0.0.0"
68.183.245.101 - - [30/Nov/2024:13:12:09 -0300] "GET /A/GlobalSources/log1234567.php HTTP/2.0" 404 - "-" "Mozilla/5.0 (iPhone; CPU iPhone OS 17_5_1 like Mac OS X) AppleWebKit/605.1.15 (KHTML, like Gecko) Version/17.5 Mobile/15E148 Safari/604.1"
157.230.195.44 - - [30/Nov/2024:13:12:14 -0300] "GET /A/GlobalSources/log1234567.php HTTP/2.0" 404 - "-" "Mozilla/5.0 (iPhone; CPU iPhone OS 17_5_1 like Mac OS X) AppleWebKit/605.1.15 (KHTML, like Gecko) Version/17.5 Mobile/15E148 Safari/604.1"
186.227.198.149 - - [30/Nov/2024:13:12:19 -0300] "GET /A/GlobalSources/log1234567.php HTTP/2.0" 404 - "-" "Mozilla/5.0 (iPhone; CPU iPhone OS 17_5_1 like Mac OS X) AppleWebKit/605.1.15 (KHTML, like Gecko) Version/17.5 Mobile/15E148 Safari/604.1"
206.189.247.132 - - [30/Nov/2024:13:12:23 -0300] "GET /A/GlobalSources/log1234567.php HTTP/2.0" 404 - "-" "Mozilla/5.0 (iPhone; CPU iPhone OS 17_5_1 like Mac OS X) AppleWebKit/605.1.15 (KHTML, like Gecko) Version/17.5 Mobile/15E148 Safari/604.1"
164.90.241.135 - - [30/Nov/2024:13:19:18 -0300] "GET /A/GlobalSources/index.php HTTP/2.0" 404 - "-" "Mozilla/5.0 (Windows NT 10.0; Win64; x64) AppleWebKit/537.36 (KHTML, like Gecko) Chrome/126.0.0.0 Safari/537.36 Edg/126.0.0.0"
206.189.247.132 - - [30/Nov/2024:13:19:22 -0300] "GET /A/GlobalSources/index.php HTTP/2.0" 404 - "-" "Mozilla/5.0 (Windows NT 10.0; Win64; x64) AppleWebKit/537.36 (KHTML, like Gecko) Chrome/126.0.0.0 Safari/537.36 Edg/126.0.0.0"
84.17.57.123 - - [30/Nov/2024:13:19:27 -0300] "GET /A/GlobalSources/index.php HTTP/2.0" 404 - "-" "Mozilla/5.0 (Windows NT 10.0; Win64; x64) AppleWebKit/537.36 (KHTML, like Gecko) Chrome/126.0.0.0 Safari/537.36 Edg/126.0.0.0"
68.183.245.101 - - [30/Nov/2024:13:19:35 -0300] "GET /A/GlobalSources/index.php HTTP/2.0" 404 - "-" "Mozilla/5.0 (Windows NT 10.0; Win64; x64) AppleWebKit/537.36 (KHTML, like Gecko) Chrome/126.0.0.0 Safari/537.36 Edg/126.0.0.0"