CREATE TABLE `media` (
  `mediaId` int(11) NOT NULL,
  `name` varchar(100) NOT NULL,
  `type` varchar(15) NOT NULL,
  `duration` int(11) NOT NULL,
  `originalFileName` varchar(254) DEFAULT NULL,
  `storedAs` varchar(254) DEFAULT NULL,
  `md5` varchar(32) DEFAULT NULL,
  `fileSize` bigint(20) DEFAULT NULL,
  `userId` int(11) NOT NULL,
  `retired` tinyint(4) NOT NULL DEFAULT '0',
  `isEdited` tinyint(4) NOT NULL DEFAULT '0',
  `editedMediaId` int(11) DEFAULT NULL,
  `moduleSystemFile` tinyint(4) NOT NULL DEFAULT '0',
  `valid` tinyint(4) NOT NULL DEFAULT '1',
  `expires` int(11) DEFAULT NULL,
  `released` tinyint(4) NOT NULL DEFAULT '1',
  `apiRef` varchar(254) DEFAULT NULL,
  `createdDt` datetime NOT NULL,
  `modifiedDt` datetime NOT NULL,
  `enableStat` varchar(255) DEFAULT NULL
) ENGINE=InnoDB DEFAULT CHARSET=utf8;

--
-- Despejando dados para a tabela `media`
--

INSERT INTO `media` (`mediaId`, `name`, `type`, `duration`, `originalFileName`, `storedAs`, `md5`, `fileSize`, `userId`, `retired`, `isEdited`, `editedMediaId`, `moduleSystemFile`, `valid`, `expires`, `released`, `apiRef`, `createdDt`, `modifiedDt`, `enableStat`) VALUES
(1, 'jquery-1.11.1.min.js', 'module', 0, 'jquery-1.11.1.min.js', 'jquery-1.11.1.min.js', '3c9137d88a00b1ae0b41ff6a70571615', 95785, 1, 0, 0, 0, 1, 1, 0, 1, NULL, '2020-04-22 10:08:22', '2024-11-26 21:39:05', NULL),
(2, 'moment.js', 'module', 0, 'moment.js', 'moment.js', '67bb26c11dba6c366834e65f5933aff2', 160251, 1, 0, 0, 0, 1, 1, 0, 1, NULL, '2020-04-22 10:08:22', '2024-11-26 21:39:05', NULL),
(3, 'xibo-layout-scaler.js', 'module', 0, 'xibo-layout-scaler.js', 'xibo-layout-scaler.js', '5752497a5715d4aceeba4896fea99c62', 3694, 1, 0, 0, 0, 1, 1, 0, 1, NULL, '2020-04-22 10:08:22', '2024-11-26 21:39:05', NULL),
(4, 'xibo-text-render.js', 'module', 0, 'xibo-text-render.js', 'xibo-text-render.js', '8d72e0c1775cba38c44bf02aee0c8d83', 12150, 1, 0, 0, 0, 1, 1, 0, 1, NULL, '2020-04-22 10:08:22', '2024-11-26 21:39:05', NULL),
(5, 'Chart.min.js', 'module', 0, 'Chart.min.js', 'Chart.min.js', 'f6c8efa65711e0cbbc99ba72997ecd0e', 159638, 1, 0, 0, 0, 1, 1, 0, 1, NULL, '2020-04-22 10:08:22', '2024-11-26 21:39:05', NULL),
(6, 'jquery-cycle-2.1.6.min.js', 'module', 0, 'jquery-cycle-2.1.6.min.js', 'jquery-cycle-2.1.6.min.js', '212480cf1292db459557814e2d7a571d', 28876, 1, 0, 0, 0, 1, 1, 0, 1, NULL, '2020-04-22 10:08:22', '2024-11-26 21:39:05', NULL),
(7, 'flipclock.min.js', 'module', 0, 'flipclock.min.js', 'flipclock.min.js', 'b9d7742384bdf912c51b6a1b5d674f7a', 21107, 1, 0, 0, 0, 1, 1, 0, 1, NULL, '2020-04-22 10:08:22', '2024-11-26 21:39:05', NULL),
(8, 'xibo-countdown-render.js', 'module', 0, 'xibo-countdown-render.js', 'xibo-countdown-render.js', 'db15414501ff0a084b61fc1273e73e2f', 6744, 1, 0, 0, 0, 1, 1, 0, 1, NULL, '2020-04-22 10:08:22', '2024-11-26 21:39:05', NULL),
(9, 'jquery.marquee.min.js', 'module', 0, 'jquery.marquee.min.js', 'jquery.marquee.min.js', '2286bb4f44d9ea301131a25c5204ca0a', 2248, 1, 0, 0, 0, 1, 1, 0, 1, NULL, '2020-04-22 10:08:22', '2024-11-26 21:39:05', NULL),
(10, 'xibo-image-render.js', 'module', 0, 'xibo-image-render.js', 'xibo-image-render.js', '6152d3e99b2c61bb3db365d108337483', 2988, 1, 0, 0, 0, 1, 1, 0, 1, NULL, '2020-04-22 10:08:22', '2024-11-26 21:39:05', NULL),
(11, 'xibo-dataset-render.js', 'module', 0, 'xibo-dataset-render.js', 'xibo-dataset-render.js', 'e04ad2bff2a293cc7c7e162a9ef1a4c8', 1687, 1, 0, 0, 0, 1, 1, 0, 1, NULL, '2020-04-22 10:08:22', '2024-11-26 21:39:05', NULL),
(12, 'Aileron Heavy Regular', 'font', 0, 'Aileron-Heavy.otf', '12.otf', '621ba5aaf66e52f3def0cf69807104b9', 30060, 1, 0, 0, NULL, 0, 1, 0, 1, NULL, '2020-04-22 10:08:22', '2020-04-22 10:08:22', NULL),
(13, 'Aileron Regular', 'font', 0, 'Aileron-Regular.otf', '13.otf', 'd321fa78bb7190a8ca7e14213ef63203', 27644, 1, 0, 0, NULL, 0, 1, 0, 1, NULL, '2020-04-22 10:08:22', '2020-04-22 10:08:22', NULL),
(14, 'Dancing Script Regular', 'font', 0, 'DancingScript-Regular.ttf', '14.ttf', '86aadd0451f9e7dafa957e1e61dd2ed7', 116580, 1, 0, 0, NULL, 0, 1, 0, 1, NULL, '2020-04-22 10:08:22', '2020-04-22 10:08:22', NULL),
(15, 'Railway Regular', 'font', 0, 'Railway.ttf', '15.ttf', '58963d3a57da7a70ac36d331416746c5', 45884, 1, 0, 0, NULL, 0, 1, 0, 1, NULL, '2020-04-22 10:08:22', '2020-04-22 10:08:22', NULL),
(16, 'Linear Regular', 'font', 0, 'linear-by-braydon-fuller.otf', '16.otf', 'afb33470c582079834acd8b9f979ce1a', 19684, 1, 0, 0, NULL, 0, 1, 0, 1, NULL, '2020-04-22 10:08:22', '2020-04-22 10:08:22', NULL),
(17, 'pdf.js', 'module', 0, 'pdf.js', 'pdf.js', 'dec9b89b936438760291e401c09f52aa', 333388, 1, 0, 0, 0, 1, 1, 0, 1, NULL, '2020-04-22 10:08:22', '2024-11-26 21:39:05', NULL),
(18, 'pdf.worker.js', 'module', 0, 'pdf.worker.js', 'pdf.worker.js', '926affd0ae3d3b69e6071b26875638c8', 1337459, 1, 0, 0, 0, 1, 1, 0, 1, NULL, '2020-04-22 10:08:22', '2024-11-26 21:39:05', NULL),
(19, 'compatibility.js', 'module', 0, 'compatibility.js', 'compatibility.js', '758c582a7fd2f30ec9dd8f91803a9882', 18126, 1, 0, 0, 0, 1, 1, 0, 1, NULL, '2020-04-22 10:08:23', '2024-11-26 21:39:05', NULL),
(20, 'xibo-webpage-render.js', 'module', 0, 'xibo-webpage-render.js', 'xibo-webpage-render.js', 'd59f5fc84ef7747f27baddc07fe81487', 4832, 1, 0, 0, 0, 1, 1, 0, 1, NULL, '2020-04-22 10:08:23', '2024-11-26 21:39:05', NULL),
(21, 'bootstrap.min.css', 'module', 0, 'bootstrap.min.css', 'bootstrap.min.css', 'ec3bb52a00e176a7181d454dffaea219', 121200, 1, 0, 0, 0, 1, 1, 0, 1, NULL, '2020-04-22 10:10:46', '2024-11-26 21:39:05', NULL),
(22, 'WeatherIcons-Regular.otf', 'module', 0, 'WeatherIcons-Regular.otf', 'WeatherIcons-Regular.otf', '145ba08b1886ec06ed80385eb768a050', 40668, 1, 0, 0, 0, 1, 1, 0, 1, NULL, '2020-04-22 10:10:46', '2024-11-26 21:39:05', NULL),
(23, 'animate.css', 'module', 0, 'animate.css', 'animate.css', '07f146141537e04ee282a965d8053198', 72259, 1, 0, 0, 0, 1, 1, 0, 1, NULL, '2020-04-22 10:10:46', '2024-11-26 21:39:05', NULL),
(24, 'font-awesome.min.css', 'module', 0, 'font-awesome.min.css', 'font-awesome.min.css', '04425bbdc6243fc6e54bf8984fe50330', 23739, 1, 0, 0, 0, 1, 1, 0, 1, NULL, '2020-04-22 10:10:46', '2024-11-26 21:39:05', NULL),
(25, 'weather-icons.min.css', 'module', 0, 'weather-icons.min.css', 'weather-icons.min.css', '96dff559d6119c163e149280ef1db88c', 26633, 1, 0, 0, 0, 1, 1, 0, 1, NULL, '2020-04-22 10:10:46', '2024-11-26 21:39:05', NULL),
(26, 'weathericons-regular-webfont.eot', 'module', 0, 'weathericons-regular-webfont.eot', 'weathericons-regular-webfont.eot', '8c0f6fd19bfa5763a0860b5930a66e14', 35151, 1, 0, 0, 0, 1, 1, 0, 1, NULL, '2020-04-22 10:10:46', '2024-11-26 21:39:05', NULL),
(27, 'weathericons-regular-webfont.svg', 'module', 0, 'weathericons-regular-webfont.svg', 'weathericons-regular-webfont.svg', 'fe45297f78b1ab6d8ed9b623d2634530', 127706, 1, 0, 0, 0, 1, 1, 0, 1, NULL, '2020-04-22 10:10:46', '2024-11-26 21:39:05', NULL),
(28, 'weathericons-regular-webfont.ttf', 'module', 0, 'weathericons-regular-webfont.ttf', 'weathericons-regular-webfont.ttf', 'cd287dcbb4564b57692cfed0e2e58345', 67016, 1, 0, 0, 0, 1, 1, 0, 1, NULL, '2020-04-22 10:10:46', '2024-11-26 21:39:05', NULL),
(29, 'weathericons-regular-webfont.woff', 'module', 0, 'weathericons-regular-webfont.woff', 'weathericons-regular-webfont.woff', 'c90a4c420dd010a5e95dedb8927a29e7', 40408, 1, 0, 0, 0, 1, 1, 0, 1, NULL, '2020-04-22 10:10:46', '2024-11-26 21:39:05', NULL),
(30, 'weathericons-regular-webfont.woff2', 'module', 0, 'weathericons-regular-webfont.woff2', 'weathericons-regular-webfont.woff2', '1cd48d78f06d33973d9d761d426e69bf', 44720, 1, 0, 0, 0, 1, 1, 0, 1, NULL, '2020-04-22 10:10:46', '2024-11-26 21:39:05', NULL),
(31, 'wi-cloudy.jpg', 'module', 0, 'wi-cloudy.jpg', 'wi-cloudy.jpg', '1766972e4d03a6c1056b503c41e94430', 379804, 1, 0, 0, 0, 1, 1, 0, 1, NULL, '2020-04-22 10:10:46', '2024-11-26 21:39:05', NULL),
(32, 'wi-day-cloudy.jpg', 'module', 0, 'wi-day-cloudy.jpg', 'wi-day-cloudy.jpg', '49b09eb3738e0a16b488297f2b6ede24', 2628732, 1, 0, 0, 0, 1, 1, 0, 1, NULL, '2020-04-22 10:10:46', '2024-11-26 21:39:05', NULL),
(33, 'wi-day-sunny.jpg', 'module', 0, 'wi-day-sunny.jpg', 'wi-day-sunny.jpg', '503ca21fd5014ddefc2cd5159766af32', 1445897, 1, 0, 0, 0, 1, 1, 0, 1, NULL, '2020-04-22 10:10:47', '2024-11-26 21:39:05', NULL),
(34, 'wi-fog.jpg', 'module', 0, 'wi-fog.jpg', 'wi-fog.jpg', '4168dc58a5eb3aa3826d8eae85088804', 597609, 1, 0, 0, 0, 1, 1, 0, 1, NULL, '2020-04-22 10:10:47', '2024-11-26 21:39:05', NULL),
(35, 'wi-hail.jpg', 'module', 0, 'wi-hail.jpg', 'wi-hail.jpg', '8c4e4024b6242eecdb754344fcfa8b6c', 827270, 1, 0, 0, 0, 1, 1, 0, 1, NULL, '2020-04-22 10:10:48', '2024-11-26 21:39:05', NULL),
(36, 'wi-night-clear.jpg', 'module', 0, 'wi-night-clear.jpg', 'wi-night-clear.jpg', 'ebdb8828051637c91109a329b2138f10', 738913, 1, 0, 0, 0, 1, 1, 0, 1, NULL, '2020-04-22 10:10:48', '2024-11-26 21:39:05', NULL),
(37, 'wi-night-partly-cloudy.jpg', 'module', 0, 'wi-night-partly-cloudy.jpg', 'wi-night-partly-cloudy.jpg', 'd50d13f4bedad3dedd108d4baad60494', 220168, 1, 0, 0, 0, 1, 1, 0, 1, NULL, '2020-04-22 10:10:48', '2024-11-26 21:39:05', NULL),
(38, 'wi-rain.jpg', 'module', 0, 'wi-rain.jpg', 'wi-rain.jpg', '637dfc650fff4976910ea46917734925', 655983, 1, 0, 0, 0, 1, 1, 0, 1, NULL, '2020-04-22 10:10:49', '2024-11-26 21:39:05', NULL),
(39, 'wi-snow.jpg', 'module', 0, 'wi-snow.jpg', 'wi-snow.jpg', '6e3def73254a72ff0b4ff45c7bba7501', 782263, 1, 0, 0, 0, 1, 1, 0, 1, NULL, '2020-04-22 10:10:49', '2024-11-26 21:39:05', NULL),
(40, 'wi-windy.jpg', 'module', 0, 'wi-windy.jpg', 'wi-windy.jpg', 'a4951eb27a8aa834469621674d193f30', 339716, 1, 0, 0, 0, 1, 1, 0, 1, NULL, '2020-04-22 10:10:49', '2024-11-26 21:39:05', NULL),
(41, 'ticker_108aefef83e1780ac8c8ec89d78bc27e', 'module', 0, 'imagens-de-drones-mostram-corpos-sendo-enterrados-em-hart-island-em-nova-york-onde-o-departamento-de-correcoes-esta-lidando-com-mais-enterros-em-geral-em-meio-ao-surto-de-doenca-por-coronavirus-1586554698566_v2_1920x1080.jpg', NULL, NULL, NULL, 1, 0, 0, NULL, 0, 0, NULL, 1, NULL, '2020-04-22 10:11:34', '2020-04-22 10:11:34', NULL),
(42, 'ticker_0388843a4b6c4689dc40c88ca5b429cc', 'module', 0, 'voluntarios-vestidos-pocong-na-indonesia-a-figura-representa-as-almas-dos-mortos-que-ficaram-presas-aos-corpos-e-roupas-1586854543203_1920x1080.jpg', NULL, NULL, NULL, 1, 0, 0, NULL, 0, 0, NULL, 1, NULL, '2020-04-22 10:11:34', '2020-04-22 10:11:34', NULL),
(43, 'ticker_81ade20b4791718a60303b384d6cc74b', 'module', 0, 'mulher-amamentando-bebe-1520954419146_v2_1920x1080.jpg', NULL, NULL, NULL, 1, 0, 0, NULL, 0, 0, NULL, 1, NULL, '2020-04-22 10:11:34', '2020-04-22 10:11:34', NULL),
(44, 'ticker_297e3eac21352a3ca0541f59d5361a58', 'module', 0, 'enfermeira-prepara-leito-de-uti-com-capsula-de-protecao-em-hospital-de-campanha-de-manaus-am-nesta-segunda-feira-1586865772826_1920x1080.jpg', NULL, NULL, NULL, 1, 0, 0, NULL, 0, 0, NULL, 1, NULL, '2020-04-22 10:11:34', '2020-04-22 10:11:34', NULL),
(45, 'ticker_b4b6faa44d15b1a45effc5fff3a7ddd2', 'module', 0, 'autismo-crianca-menino-1522447108767_v2_1920x1080.jpg', NULL, NULL, NULL, 1, 0, 0, NULL, 0, 0, NULL, 1, NULL, '2020-04-22 10:11:34', '2020-04-22 10:11:34', NULL),
(61, 'ticker_108aefef83e1780ac8c8ec89d78bc27e', 'module', 0, 'imagens-de-drones-mostram-corpos-sendo-enterrados-em-hart-island-em-nova-york-onde-o-departamento-de-correcoes-esta-lidando-com-mais-enterros-em-geral-em-meio-ao-surto-de-doenca-por-coronavirus-1586554698566_v2_1920x1080.jpg', NULL, NULL, NULL, 1, 0, 0, NULL, 0, 0, NULL, 1, NULL, '2020-04-22 10:11:45', '2020-04-22 10:11:45', NULL),
(62, 'ticker_0388843a4b6c4689dc40c88ca5b429cc', 'module', 0, 'voluntarios-vestidos-pocong-na-indonesia-a-figura-representa-as-almas-dos-mortos-que-ficaram-presas-aos-corpos-e-roupas-1586854543203_1920x1080.jpg', NULL, NULL, NULL, 1, 0, 0, NULL, 0, 0, NULL, 1, NULL, '2020-04-22 10:11:45', '2020-04-22 10:11:45', NULL),
(63, 'ticker_81ade20b4791718a60303b384d6cc74b', 'module', 0, 'mulher-amamentando-bebe-1520954419146_v2_1920x1080.jpg', NULL, NULL, NULL, 1, 0, 0, NULL, 0, 0, NULL, 1, NULL, '2020-04-22 10:11:45', '2020-04-22 10:11:45', NULL),
(64, 'ticker_297e3eac21352a3ca0541f59d5361a58', 'module', 0, 'enfermeira-prepara-leito-de-uti-com-capsula-de-protecao-em-hospital-de-campanha-de-manaus-am-nesta-segunda-feira-1586865772826_1920x1080.jpg', NULL, NULL, NULL, 1, 0, 0, NULL, 0, 0, NULL, 1, NULL, '2020-04-22 10:11:45', '2020-04-22 10:11:45', NULL),
(65, 'ticker_b4b6faa44d15b1a45effc5fff3a7ddd2', 'module', 0, 'autismo-crianca-menino-1522447108767_v2_1920x1080.jpg', NULL, NULL, NULL, 1, 0, 0, NULL, 0, 0, NULL, 1, NULL, '2020-04-22 10:11:45', '2020-04-22 10:11:45', NULL),
(81, 'ticker_108aefef83e1780ac8c8ec89d78bc27e', 'module', 0, 'imagens-de-drones-mostram-corpos-sendo-enterrados-em-hart-island-em-nova-york-onde-o-departamento-de-correcoes-esta-lidando-com-mais-enterros-em-geral-em-meio-ao-surto-de-doenca-por-coronavirus-1586554698566_v2_1920x1080.jpg', NULL, NULL, NULL, 1, 0, 0, NULL, 0, 0, NULL, 1, NULL, '2020-04-22 10:12:06', '2020-04-22 10:12:06', NULL),
(82, 'ticker_0388843a4b6c4689dc40c88ca5b429cc', 'module', 0, 'voluntarios-vestidos-pocong-na-indonesia-a-figura-representa-as-almas-dos-mortos-que-ficaram-presas-aos-corpos-e-roupas-1586854543203_1920x1080.jpg', NULL, NULL, NULL, 1, 0, 0, NULL, 0, 0, NULL, 1, NULL, '2020-04-22 10:12:06', '2020-04-22 10:12:06', NULL),
(83, 'ticker_81ade20b4791718a60303b384d6cc74b', 'module', 0, 'mulher-amamentando-bebe-1520954419146_v2_1920x1080.jpg', NULL, NULL, NULL, 1, 0, 0, NULL, 0, 0, NULL, 1, NULL, '2020-04-22 10:12:06', '2020-04-22 10:12:06', NULL),
(84, 'ticker_297e3eac21352a3ca0541f59d5361a58', 'module', 0, 'enfermeira-prepara-leito-de-uti-com-capsula-de-protecao-em-hospital-de-campanha-de-manaus-am-nesta-segunda-feira-1586865772826_1920x1080.jpg', NULL, NULL, NULL, 1, 0, 0, NULL, 0, 0, NULL, 1, NULL, '2020-04-22 10:12:06', '2020-04-22 10:12:06', NULL),
(85, 'ticker_b4b6faa44d15b1a45effc5fff3a7ddd2', 'module', 0, 'autismo-crianca-menino-1522447108767_v2_1920x1080.jpg', NULL, NULL, NULL, 1, 0, 0, NULL, 0, 0, NULL, 1, NULL, '2020-04-22 10:12:06', '2020-04-22 10:12:06', NULL),
(86, 'ticker_0268253583917e479c65e74ab1ffcd50', 'module', 0, 'amaranto-1481138362845_v2_1920x1080.jpg', NULL, NULL, NULL, 1, 0, 0, NULL, 0, 0, NULL, 1, NULL, '2020-04-22 10:12:06', '2020-04-22 10:12:06', NULL),
(87, 'ticker_56839c026c8ac7fee8af183025f8a715', 'module', 0, 'mulher-usando-uma-mascara-facial-assina-seu-autografo-no-lendario-john-lennon-wall-em-praga-republica-tcheca-1586213726970_v2_1920x1080.jpg', NULL, NULL, NULL, 1, 0, 0, NULL, 0, 0, NULL, 1, NULL, '2020-04-22 10:12:06', '2020-04-22 10:12:06', NULL),
(88, 'ticker_fd7c0470ed3229e8818e7c9272bafabc', 'module', 0, 'foto-conceitual-do-medicamento-hidroxicloroquina-que-esta-sendo-usado-no-combate-a-covid-19-cloroquina-contra-o-coronavirus-1586703804119_v2_1920x1080.jpg', NULL, NULL, NULL, 1, 0, 0, NULL, 0, 0, NULL, 1, NULL, '2020-04-22 10:12:06', '2020-04-22 10:12:06', NULL),
(89, 'ticker_b94bd69a989a2fd4e15ae0afdfc7473a', 'module', 0, 'medico-cardiologista-dr-roberto-kalil-filho-1586855950281_1920x1080.jpg', NULL, NULL, NULL, 1, 0, 0, NULL, 0, 0, NULL, 1, NULL, '2020-04-22 10:12:06', '2020-04-22 10:12:06', NULL),
(90, 'ticker_1cea7400e2d504cca6dfb1e55e89ca54', 'module', 0, 'bola-com-mascara-futebol-e-coronavirus-1585174024159_v2_1920x1080.jpg', NULL, NULL, NULL, 1, 0, 0, NULL, 0, 0, NULL, 1, NULL, '2020-04-22 10:12:06', '2020-04-22 10:12:06', NULL),
(92, 'ticker_c010f574f606e9f16017d7e764edc5f7', 'module', 0, 'covid-19-aeroporto-de-toquio-oferece-camas-de-papelao-para-quem-aguarda-teste-1586781672022_1920x1080.jpg', NULL, NULL, NULL, 1, 0, 0, NULL, 0, 0, NULL, 1, NULL, '2020-04-22 10:12:06', '2020-04-22 10:12:06', NULL),
(93, 'ticker_e438d6dcff7798ddcc7ca1b1bcf5f6d9', 'module', 0, 'empresas-de-vigilancia-sao-obrigadas-pela-justica-a-disponibilizar-mascaras-a-funcionarios-1586380756759_v2_1920x1080.jpg', NULL, NULL, NULL, 1, 0, 0, NULL, 0, 0, NULL, 1, NULL, '2020-04-22 10:12:06', '2020-04-22 10:12:06', NULL),
(96, 'ticker_60a8657662922799999485ed0afeeca7', 'module', 0, 'arredores-da-catedral-de-milao-sem-visitantes-no-comeco-de-marco-de-2020-em-meio-ao-surto-do-coronavirus-na-italia-1583789397070_v2_1920x1080.jpg', NULL, NULL, NULL, 1, 0, 0, NULL, 0, 0, NULL, 1, NULL, '2020-04-22 10:12:06', '2020-04-22 10:12:06', NULL),
(159, 'ticker_8e42ce2cbd11ccea2b682d12b45b5cf4', 'module', 0, 'DuplaSena.jpg', 'ticker_8e42ce2cbd11ccea2b682d12b45b5cf4', '5e483f2968a1797c33645d3073817e7d', 354000, 1, 0, 0, 0, 0, 1, 1615005773, 1, NULL, '2020-04-22 10:14:27', '2021-03-05 21:42:53', NULL),
(271, 'Mega da Virada 2020.mp4', 'video', 60, 'Mega da Virada 2020.mp4', '271.mp4', '02a42b5465c3e29e77153fd42e2fa5fd', 35717855, 1, 0, 0, NULL, 0, 1, 0, 1, NULL, '2020-12-17 14:47:26', '2020-12-17 14:47:26', 'Inherit'),
(350, 'ALIMENTAÇÃO 2 - AÇAÍ 14.mp4', 'video', 14, 'ALIMENTAÇÃO 2 - AÇAÍ 14.mp4', '350.mp4', 'e14dd0312fc382c143a5aaaea9f1565c', 4276563, 1, 0, 0, NULL, 0, 1, 0, 1, NULL, '2021-01-22 23:09:27', '2021-01-22 23:09:27', 'Inherit'),
(351, 'Marieta 02.mp4', 'video', 59, 'Marieta 02.mp4', '351.mp4', 'f0acb2a4a13a469f47dbc0d92900aa6a', 44015335, 1, 0, 0, NULL, 0, 1, 0, 1, NULL, '2021-01-22 23:10:03', '2021-01-22 23:10:03', 'Inherit'),
(352, 'Signos_uol.jpg', 'image', 10, 'Signos_uol.jpg', '352.jpg', 'a1951adc5b0ca6eac441d6763b1e20b6', 590078, 1, 0, 0, NULL, 0, 1, 0, 1, NULL, '2021-01-22 23:14:13', '2021-01-22 23:14:13', 'Inherit'),
(449, 'EmFoco Anuncie Aqui', 'video', 10, 'Anuncie aqui EmFoco.mp4', '449.mp4', 'a688e7ecb8d7ca78dcc25608ed3e4086', 2406962, 1, 0, 0, NULL, 0, 1, 0, 1, NULL, '2021-02-03 16:54:45', '2021-02-03 16:54:45', 'Inherit'),
(450, 'Anuncie aqui EmFoco.mp4', 'video', 10, 'Anuncie aqui EmFoco.mp4', '450.mp4', 'a688e7ecb8d7ca78dcc25608ed3e4086', 2406962, 1, 0, 0, 0, 0, 1, 0, 1, NULL, '2021-02-03 16:57:33', '2021-02-08 10:57:29', 'Inherit'),
(914, 'EnsinaMaisCrruça', 'video', 21, 'Ensina Mais Curuça.mp4', '914.mp4', '68c1e35bd0b6211c25717b88785e8178', 10298671, 1, 0, 0, NULL, 0, 1, 0, 1, NULL, '2021-02-26 14:35:21', '2021-02-26 14:35:21', 'Inherit'),
(916, 'LiliModas', 'video', 38, 'Lili Modas.mp4', '916.mp4', '2c842cf8dd4511d9e10092b1bb1dddac', 41501154, 1, 0, 0, NULL, 0, 1, 0, 1, NULL, '2021-02-26 14:45:49', '2021-02-26 14:45:49', 'Inherit'),
(918, 'EmporioCombatLanhouse', 'video', 35, 'LANHOUSE EMPORIO COMBAT1.mp4', '918.mp4', '45812ffd995181c4fdb177f22580defe', 19807041, 1, 0, 0, NULL, 0, 1, 0, 1, NULL, '2021-02-26 14:48:16', '2021-02-26 14:48:16', 'Inherit'),
(966, 'EspacoCurucaEventos', 'video', 31, 'Espaço Curuiça Eventos OK.mp4', '966.mp4', 'fd9d82303bc2ffcf0a2ff0f20d008714', 16464717, 1, 0, 0, NULL, 0, 1, 0, 1, NULL, '2021-02-27 13:41:01', '2021-02-27 13:41:01', 'Inherit'),
(967, 'AÇAI DICAS EMFOCO', 'video', 10, 'AÇAI DICAS.mp4', '967.mp4', 'c008cb6279db1675c4ef9422c139d206', 5421592, 1, 0, 0, 0, 0, 1, 0, 1, NULL, '2021-02-27 22:10:54', '2021-02-27 22:52:51', 'Inherit'),
(978, 'Dicas - Alimentação Açai', 'video', 10, 'AÇAI DICAS.mp4', '978.mp4', 'c008cb6279db1675c4ef9422c139d206', 5421592, 1, 0, 0, NULL, 0, 1, 0, 1, NULL, '2021-03-05 01:50:32', '2021-03-05 01:50:32', 'Inherit'),
(980, 'BemProtege', 'video', 20, 'BEM PROTEGE 040321.mp4', '980.mp4', '65ada72fcbe83dd757e1c1639bd3c54c', 8248548, 1, 0, 0, NULL, 0, 1, 0, 1, NULL, '2021-03-05 01:50:44', '2021-03-05 01:50:44', 'Inherit'),
(1126, 'ticker_2d85d755433e00b71ba46047197579cf', 'module', 0, 'Diadesorte2.jpg', 'ticker_2d85d755433e00b71ba46047197579cf', '1108c2c42e9e1a58f9b376883ceaa664', 532564, 1, 0, 0, 0, 0, 1, 1614973398, 1, NULL, '2021-03-05 12:26:54', '2021-03-05 12:43:18', NULL),
(1127, 'ticker_ddbd2a5d3ae3c05e72ddba69df5b59c4', 'module', 0, 'Lotofacil2.jpg', 'ticker_ddbd2a5d3ae3c05e72ddba69df5b59c4', '8ee5035fbfabbae5e9673ca4e8764b5c', 160953, 1, 0, 0, 0, 0, 1, 1620678217, 1, NULL, '2021-03-05 12:44:07', '2021-05-10 13:23:37', NULL),
(2069, 'ticker_3da6d95049cd95594930b149354cdd62', 'module', 0, 'MegaSena.jpg', 'ticker_3da6d95049cd95594930b149354cdd62', '141441221033b1d3d04251472a2e2d90', 421323, 1, 0, 0, 0, 0, 1, 1668023488, 1, NULL, '2021-04-24 15:05:31', '2022-11-08 16:51:28', NULL),
(2242, 'ROSA DE SARON BUFFET 001', 'video', 29, 'ROSA DE SARON - BUFFET_001.mp4', '2242.mp4', '9b7264d73a6d2f3154309e152c4dacdc', 18338699, 1, 0, 0, NULL, 0, 1, 0, 1, NULL, '2021-04-28 01:05:25', '2021-04-28 01:05:25', 'Inherit'),
(2243, 'ROSA DE SARON PIZZAS', 'video', 29, 'ROSA DE SARON - PIZZAS - 001.mp4', '2243.mp4', 'b5fd9588cc80f27b7576cbf84d86964a', 19737685, 1, 0, 0, NULL, 0, 1, 0, 1, NULL, '2021-04-28 01:43:14', '2021-04-28 01:43:14', 'Inherit'),
(2442, 'Dia do Trabalho', 'video', 29, 'DIA DO TRABALHO_1.mp4', '2442.mp4', '3eb2b642d6ec1fa0b69225ef1a4b4598', 40831448, 1, 0, 0, NULL, 0, 1, 0, 1, NULL, '2021-05-01 02:13:34', '2021-05-01 02:13:34', 'Inherit'),
(2829, 'Dia das Mães - Rosa', 'video', 21, 'Dia das Mães -Rosa.mp4', '2829.mp4', 'c8f992cc30ef974b8cceceeffd93ecc2', 26881688, 1, 0, 0, NULL, 0, 1, 0, 1, NULL, '2021-05-08 14:28:37', '2021-05-08 14:28:37', 'Inherit'),
(2887, 'Bem Protege_maio21', 'video', 27, 'bemprotege_maio21.mp4', '2887.mp4', '279ab135a7727375bde5126bc103b013', 14421600, 1, 0, 0, NULL, 0, 1, 0, 1, NULL, '2021-05-10 13:32:02', '2021-05-10 13:32:02', 'Inherit'),
(2974, 'CLANOE_BEMPROTEGE_FINAL.mp4', 'video', 31, 'CLANOE_BEMPROTEGE_FINAL.mp4', '2974.mp4', 'bc3f10b98ff83bbb6224127777f906e3', 16021391, 1, 0, 0, NULL, 0, 1, 0, 1, NULL, '2021-05-11 20:31:29', '2021-05-11 20:31:29', 'Inherit'),
(4059, 'Dia dos Namorados Rosa', 'video', 25, 'Dia dos Namorados.mp4', '4059.mp4', '7dbba8be55cf10c4eceaf3408bf1de48', 31084098, 1, 0, 0, NULL, 0, 1, 0, 1, NULL, '2021-06-06 11:46:15', '2021-06-06 11:46:15', 'Inherit'),
(4455, 'ROSA DE SARON SAO JOAO', 'video', 29, 'SÃO JOÃO 2021.mp4', '4455.mp4', '6e6575216377c29054e2d72ffa8943eb', 30257202, 1, 0, 0, NULL, 0, 1, 0, 1, NULL, '2021-06-16 20:52:47', '2021-06-16 20:52:47', 'Inherit'),
(6469, 'Rosa de Saron Dia dos Pais 2021', 'video', 30, 'Rosa de Saron - Dia dos Pais 2021.mp4', '6469.mp4', '3453dc95b32cce9d2f3211b2ab7b4117', 17308716, 1, 0, 0, NULL, 0, 1, 0, 1, NULL, '2021-08-07 18:44:16', '2021-08-07 18:44:16', 'Inherit'),
(6471, 'Rosa de Saron Dia dos Pais 2021a', 'video', 30, 'Rosa de Saron - Dia dos Pais 2021.mp4', '6471.mp4', 'cfafd5f72f8267ac93c50265cec82bc5', 17552791, 1, 0, 0, NULL, 0, 1, 0, 1, NULL, '2021-08-07 19:04:29', '2021-08-07 19:04:29', 'Inherit'),
(6483, 'ROSA DE SARON DOCES', 'video', 30, 'DOCES E SOBREMESAS - MIDIA INDOOR.mp4', '6483.mp4', 'fa3a1ba5152cca9c0cd29e79e6fa4903', 19146095, 1, 0, 0, NULL, 0, 1, 0, 1, NULL, '2021-08-08 19:14:32', '2021-08-08 19:14:32', 'Inherit'),
(6488, 'ROSA DE SARON PORÇÕES', 'video', 30, 'ROSA DE SARON PORÇÕES.mp4', '6488.mp4', 'd89e1fe739a197c53c58b0f2b4189af8', 21180630, 1, 0, 0, NULL, 0, 1, 0, 1, NULL, '2021-08-08 21:53:45', '2021-08-08 21:53:45', 'Inherit'),
(7217, 'S&AASSESSORIACONT21', 'video', 30, 'S&ASSESSORIACONT21.mp4', '7217.mp4', '58f8f3288cb2d74bdd9e13f1f405052b', 37410251, 1, 0, 0, NULL, 0, 1, 0, 1, NULL, '2021-08-24 21:54:38', '2021-08-24 21:54:38', 'Inherit'),
(8201, 'EnsinaMaisSer2021', 'video', 30, 'ENSINA MAIS SET2021.mp4', '8201.mp4', 'f80ba50473e7b87db1d3e08e88cfcdd2', 13260836, 1, 0, 0, NULL, 0, 1, 0, 1, NULL, '2021-09-20 11:08:22', '2021-09-20 11:08:22', 'Inherit'),
(9211, 'S&AASSESSORIACONT21-OUTUBRO', 'video', 30, 'S&ASSESSORIACONT21-outubro.mp4', '9211.mp4', 'f118a973dff04b92f4f5030bce85bd5f', 27545274, 1, 0, 0, NULL, 0, 1, 0, 1, NULL, '2021-10-06 18:46:18', '2021-10-06 18:46:18', 'Inherit'),
(12062, 'ticker_0bd151ee80c205744c7938d49eaf96ed', 'module', 0, 'valtteri-bottas-dirige-durante-a-terceira-sessao-de-treinos-livres-antes-do-grande-premio-de-formula-1-do-catar-1637411182007_v2_1920x1080.jpg', NULL, NULL, NULL, 1, 0, 0, NULL, 0, 0, NULL, 1, NULL, '2021-11-20 12:25:04', '2021-11-20 12:25:04', NULL),
(12803, 'Rosa de Saron_Natal2021_01', 'video', 30, 'Rosa de Saron - Natal2021 - 01.mp4', '12803.mp4', '4215ffb0fe8cca1517d7fea06ec606fe', 6616674, 1, 0, 0, NULL, 0, 1, 0, 1, NULL, '2021-12-01 19:09:15', '2021-12-01 19:09:15', 'Inherit'),
(13018, 'Rosa de Saron_Natal2021_02', 'video', 30, 'Natal é na Rosa de Saron.mp4', '13018.mp4', '914b4c58aca9c571a8a30e71e0b3ec13', 6427769, 1, 0, 0, 0, 0, 1, 0, 1, NULL, '2021-12-04 21:00:38', '2021-12-04 21:07:31', 'On'),
(14409, 'Ano Novo Rosa de Saron_pedidos', 'video', 30, 'Ano Novo Reservas Rosa de Saron.mp4', '14409.mp4', '1b903bcfea02775c0bac7955b2e62258', 8310311, 1, 0, 0, NULL, 0, 1, 0, 1, NULL, '2021-12-30 12:28:18', '2021-12-30 12:28:18', 'Inherit'),
(14500, 'Rosa de saron_Ano Novo_2022', 'video', 30, 'Rosa de Saron_Ano Novo_OK.mp4', '14500.mp4', '0918d42baac3549c691cc3d43bfec1e8', 8252578, 1, 0, 0, 0, 0, 1, 0, 1, NULL, '2022-01-01 16:02:28', '2022-01-01 16:05:39', 'On'),
(17194, 'CLEIDEBARROSPSICOLOGIA', 'video', 30, 'CLEIDEBARROSPSICOLOGIA.mp4', '17194.mp4', '7cd70f99f3f7948acd3c52b5afe1348d', 8588204, 1, 0, 0, NULL, 0, 1, 0, 1, NULL, '2022-02-14 19:41:20', '2022-02-14 19:41:20', 'Inherit'),
(18472, 'Dia das Mulheres - Rosa', 'video', 29, 'Dia da Mulher Rosa.mp4', '18472.mp4', 'e0f1e6933817b76875df1642dcd74ad2', 16606699, 1, 0, 0, NULL, 0, 1, 0, 1, NULL, '2022-03-08 12:10:59', '2022-03-08 12:10:59', 'Inherit'),
(18637, 'BM7EMPREENDIMENTOS', 'video', 30, 'Vídeo Rosa de Saron - BM7.mp4', '18637.mp4', '8a7054531fc4180407e1785edaaebed7', 28614692, 1, 0, 0, NULL, 0, 1, 0, 1, NULL, '2022-03-10 13:53:48', '2022-03-10 13:53:48', 'Inherit'),
(19331, 'RosaAlmoço - 032022', 'video', 29, 'Rosa Almoço - 032022.mp4', '19331.mp4', 'b020b6f989d2189d44cfe9d2d6bff372', 18292722, 1, 0, 0, NULL, 0, 1, 0, 1, NULL, '2022-03-22 14:20:36', '2022-03-22 14:20:36', 'Inherit'),
(19332, 'RosaPorção - 032022', 'video', 30, 'Rosa Porções - 032022.mp4', '19332.mp4', 'd671c0d532c1a9aac9b99271149e9bcf', 21331947, 1, 0, 0, NULL, 0, 1, 0, 1, NULL, '2022-03-22 14:20:37', '2022-03-22 14:20:37', 'Inherit'),
(19618, 'WMMangueiras', 'video', 29, 'WM Mangueiras 2.mp4', '19618.mp4', 'c8a6f1c3940fc493c203247882a6eb58', 9125346, 1, 0, 0, NULL, 0, 1, 0, 1, NULL, '2022-03-27 16:56:15', '2022-03-27 16:56:15', 'Inherit'),
(19640, 'ticker_113feee8ec701faae3df3ba0b7db1b0d', 'module', 0, 'cachorro-pet-friendly-1583511569695_v2_1920x1080.jpg', NULL, NULL, NULL, 1, 0, 0, NULL, 0, 0, NULL, 1, NULL, '2022-03-28 07:02:55', '2022-03-28 07:02:55', NULL),
(19653, 'LanchePernilRosa', 'video', 15, 'Lanche de pernil Final.mp4', '19653.mp4', '4273fd476c22b6eeb69570aab70f3356', 9296388, 1, 0, 0, NULL, 0, 1, 0, 1, NULL, '2022-03-28 11:17:48', '2022-03-28 11:17:48', 'Inherit'),
(19893, 'SKNCONTABILIDADE', 'video', 30, 'SKNCONTABILIDADE.mp4', '19893.mp4', 'f607f4a122e4db07702bce9cadf10825', 90714544, 1, 0, 0, NULL, 0, 1, 0, 1, NULL, '2022-03-31 16:51:37', '2022-03-31 16:51:37', 'Inherit'),
(20206, 'SKNCONTABILIDADE.ed', 'video', 30, 'SKNContabilidade.ed.mp4', '20206.mp4', 'c8bb2f364e4b228efa58ce0116481dcf', 13556542, 1, 0, 0, NULL, 0, 1, 0, 1, NULL, '2022-04-05 16:57:50', '2022-04-05 16:57:50', 'Inherit'),
(20522, 'RosaSaron - Pascoa22', 'video', 30, 'RosaSaron_Pascoa.mp4', '20522.mp4', '9a4b58e5d5b3e60fec04a2f14fa5d1ee', 14816509, 1, 0, 0, NULL, 0, 1, 0, 1, NULL, '2022-04-10 22:13:26', '2022-04-10 22:13:26', 'Inherit'),
(21786, 'Rosa Dia da Mães - 2022', 'video', 31, 'Rosa Dia das Mães - 2022.mp4', '21786.mp4', '6ba1264259c38fed20b7c3d27ad4aaaf', 14779854, 1, 0, 0, NULL, 0, 1, 0, 1, NULL, '2022-05-02 21:58:34', '2022-05-02 21:58:34', 'Inherit'),
(22122, 'Dia da Mães 22', 'video', 21, 'Dia das Mães -Rosa 22.mp4', '22122.mp4', 'c8f992cc30ef974b8cceceeffd93ecc2', 26881688, 1, 0, 0, NULL, 0, 1, 0, 1, NULL, '2022-05-08 08:04:01', '2022-05-08 08:04:01', 'Inherit'),
(22501, 'Esfihas Rosa', 'video', 30, 'Esfihas Rosa.mp4', '22501.mp4', '3e3395d685db8d75a44b967035e65427', 32783194, 1, 0, 0, NULL, 0, 1, 0, 1, NULL, '2022-05-13 21:11:06', '2022-05-13 21:11:06', 'Inherit'),
(23786, 'BM7 - 062022', 'video', 29, 'BM7 - 062022.mp4', '23786.mp4', 'ebe0f386f4181c8b0bc356401b075a45', 30016509, 1, 0, 0, NULL, 0, 1, 0, 1, NULL, '2022-06-02 17:34:48', '2022-06-02 17:34:48', 'Inherit'),
(23916, 'DiadosNamorados_Rosa', 'video', 25, 'Dia dos Namorados.mp4', '23916.mp4', '7dbba8be55cf10c4eceaf3408bf1de48', 31084098, 1, 0, 0, NULL, 0, 1, 0, 1, NULL, '2022-06-04 13:55:47', '2022-06-04 13:55:47', 'Inherit'),
(24847, 'EAD AnhembiMorumbi_062022', 'video', 27, 'EAD Anhembi - 062022.mp4', '24847.mp4', '2fc9bdf3c46c06b0ef56fc5783bd9ed7', 28158172, 1, 0, 0, NULL, 0, 1, 0, 1, NULL, '2022-06-20 12:26:23', '2022-06-20 12:26:23', 'Inherit'),
(26559, 'ticker_40afc2a98de9d74e160cea326106618d', 'module', 0, 'dumbledore-de-harry-potter-1658066611741_v2_1920x1080.jpg', NULL, NULL, NULL, 1, 0, 0, NULL, 0, 0, NULL, 1, NULL, '2022-07-17 15:20:59', '2022-07-17 15:20:59', NULL),
(26560, 'ticker_a52c730e005a822fa90d2982fc2279ef', 'module', 0, 'andrea-beltrao-1639166833560_v2_1920x1080.jpg', NULL, NULL, NULL, 1, 0, 0, NULL, 0, 0, NULL, 1, NULL, '2022-07-17 15:20:59', '2022-07-17 15:20:59', NULL),
(27174, 'RosaSaron_DiadosPais_2022', 'video', 30, 'Rosa de Saron - Dia dos Pais 2021.mp4', '27174.mp4', 'c0a901c67d2f69d808086b7ab77e30c9', 17595234, 1, 0, 0, NULL, 0, 1, 0, 1, NULL, '2022-07-30 23:11:18', '2022-07-30 23:11:18', 'Inherit'),
(27521, 'ticker_a51935f883fae1706e7ed67ff89b43af', 'module', 0, '16mar2016--thaila-ayala-escolhe-look-preto-para-prestigiar-evento-1458177332026_1920x1080.jpg', NULL, NULL, NULL, 1, 0, 0, NULL, 0, 0, NULL, 1, NULL, '2022-08-08 02:04:52', '2022-08-08 02:04:52', NULL),
(27522, 'ticker_a92dfcfcf05970dde7270613f87ff40a', 'module', 0, 'jo-soares-1659726627117_v2_1920x1080.jpg', NULL, NULL, NULL, 1, 0, 0, NULL, 0, 0, NULL, 1, NULL, '2022-08-08 02:04:52', '2022-08-08 02:04:52', NULL),
(27523, 'ticker_5b0d5cd4d386bfb53b04a3591504705e', 'module', 0, 'simony-rebate-acusacoes-do-ex-ele-tem-que-dar-as-mesmas-condicoes-que-ele-vive-para-a-filha-1547236898625_1920x1080.png', NULL, NULL, NULL, 1, 0, 0, NULL, 0, 0, NULL, 1, NULL, '2022-08-08 02:04:52', '2022-08-08 02:04:52', NULL),
(27524, 'ticker_dde7b08d574b0d01f1ad5b0a99e00851', 'module', 0, 'comentarista-walter-casagrande-e-cantora-baby-do-brasil-assistem-a-show-juntos-1482660603312_1920x1080.jpg', NULL, NULL, NULL, 1, 0, 0, NULL, 0, 0, NULL, 1, NULL, '2022-08-08 02:04:52', '2022-08-08 02:04:52', NULL),
(27525, 'ticker_1ec46444d388abd51d3d0e73d66f1c67', 'module', 0, 'personalidades-sonhavam-em-sentar-no-sofa-de-jo-soares-1659706814790_v2_1920x1080.jpg', NULL, NULL, NULL, 1, 0, 0, NULL, 0, 0, NULL, 1, NULL, '2022-08-08 02:04:52', '2022-08-08 02:04:52', NULL),
(27526, 'ticker_3636a40d14fb4d1b13e99a3429ccd2ef', 'module', 0, 'kim-kardashian-e-pete-davidson-1651546553389_v2_1920x1080.jpg', NULL, NULL, NULL, 1, 0, 0, NULL, 0, 0, NULL, 1, NULL, '2022-08-08 02:04:52', '2022-08-08 02:04:52', NULL),
(27527, 'ticker_84fe15f1f1849620aa7799dc92514abf', 'module', 0, 'marcio-canuto-jornalista-aposentado-em-entrevista-ao-uol-esporte-1577114792171_v2_1920x1080.jpg', NULL, NULL, NULL, 1, 0, 0, NULL, 0, 0, NULL, 1, NULL, '2022-08-08 02:04:52', '2022-08-08 02:04:52', NULL),
(27529, 'ticker_61eaac29ba8f1c76da103bce2aa009d5', 'module', 0, 'deolane-bezerra-comanda-evento-em-comercio-popular-no-bras-em-sao-paulo-1649192148958_v2_1920x1080.jpg', NULL, NULL, NULL, 1, 0, 0, NULL, 0, 0, NULL, 1, NULL, '2022-08-08 02:04:52', '2022-08-08 02:04:52', NULL),
(27530, 'ticker_ef0be644d217caff32dbf12b93f721cd', 'module', 0, 'anitta-no-clipe-de-gata-1659712355039_v2_1920x1080.png', NULL, NULL, NULL, 1, 0, 0, NULL, 0, 0, NULL, 1, NULL, '2022-08-08 02:04:52', '2022-08-08 02:04:52', NULL),
(27531, 'ticker_16c8a4a128e0933945c960079ffbaf97', 'module', 0, 'a-atriz-ana-hikari-neto-ponte--selton-mello-1593052953364_v2_1920x1080.jpg', NULL, NULL, NULL, 1, 0, 0, NULL, 0, 0, NULL, 1, NULL, '2022-08-08 02:04:52', '2022-08-08 02:04:52', NULL),
(27532, 'ticker_f7eb08c0e009fe1da4f813b4bbfc8b0b', 'module', 0, 'julia-gomes-e-marian-em-chiquititas-1373644414396_1920x1080.jpg', NULL, NULL, NULL, 1, 0, 0, NULL, 0, 0, NULL, 1, NULL, '2022-08-08 02:04:52', '2022-08-08 02:04:52', NULL),
(27533, 'ticker_a9d9f45e5fe687e9aa70feaa7d9bb3f2', 'module', 0, 'thammy-miranda-e-andressa-ferreira-foto-reproducaoinstagram-1574204538396_v2_1920x1080.jpg', NULL, NULL, NULL, 1, 0, 0, NULL, 0, 0, NULL, 1, NULL, '2022-08-08 02:04:52', '2022-08-08 02:04:52', NULL),
(27535, 'ticker_a24734171c2b733869661bb9b6c8d73a', 'module', 0, 'realities-o-brasil-na-tv-alexandre-frota-episodio-1-quando-tudo-era-mato-1643124212970_v2_1920x1080.jpg', NULL, NULL, NULL, 1, 0, 0, NULL, 0, 0, NULL, 1, NULL, '2022-08-08 02:04:52', '2022-08-08 02:04:52', NULL),
(27536, 'ticker_fde22317c4987429e00f0d734ef37235', 'module', 0, 'jo-soares-foto-antonio-milenavejacom-1609253039280_v2_1920x1080.jpg', NULL, NULL, NULL, 1, 0, 0, NULL, 0, 0, NULL, 1, NULL, '2022-08-08 02:04:52', '2022-08-08 02:04:52', NULL),
(27578, 'ticker_9937e0ad97c454f8b607d63f8db885d8', 'module', 0, 'jair-bolsonaro-promete-manter-teto-de-icms-sobre-combustiveis-1660001724192_v2_1920x1080.png', NULL, NULL, NULL, 1, 0, 0, NULL, 0, 0, NULL, 1, NULL, '2022-08-09 16:27:50', '2022-08-09 16:27:50', NULL),
(27579, 'ticker_84f437eb6fe407dea67c411baf951f5f', 'module', 0, 'no-congresso-maioria-dos-deputados-e-senadores-da-como-certa-vitoria-de-lula-sobre-bolsonaro-foto-reproducao-montagem-1658424993172_v2_1920x1080.png', NULL, NULL, NULL, 1, 0, 0, NULL, 0, 0, NULL, 1, NULL, '2022-08-09 16:27:50', '2022-08-09 16:27:50', NULL),
(27580, 'ticker_cabae2d617ae95eb6f74a1497b9819b0', 'module', 0, 'eduardo-bolsonaro-diz-que-fatura-r-600-mil-com-cursos-on-line-1660001724031_v2_1920x1080.jpg', NULL, NULL, NULL, 1, 0, 0, NULL, 0, 0, NULL, 1, NULL, '2022-08-09 16:27:50', '2022-08-09 16:27:50', NULL),
(27581, 'ticker_5dd8575b5fa1746b3bdd2fde5d9e592f', 'module', 0, 'sede-do-tse-foto-agencia-brasil-1659737723272_v2_1920x1080.jpg', NULL, NULL, NULL, 1, 0, 0, NULL, 0, 0, NULL, 1, NULL, '2022-08-09 16:27:50', '2022-08-09 16:27:50', NULL),
(27582, 'ticker_39bed5d7fbb3b1d018004fc94d13dd54', 'module', 0, 'sem-citar-bolsonaro-fachin-diz-que-presidente-tenta-diluir-a-republica-1658177963900_v2_1920x1080.jpg', NULL, NULL, NULL, 1, 0, 0, NULL, 0, 0, NULL, 1, NULL, '2022-08-09 16:27:50', '2022-08-09 16:27:50', NULL),
(27583, 'ticker_8735472c473587dbe8407b75f2183702', 'module', 0, '10dez2020---a-ministra-rosa-weber-do-stf-durante-sessao-plenaria-por-videoconferencia-1624907039214_v2_1920x1080.jpg', NULL, NULL, NULL, 1, 0, 0, NULL, 0, 0, NULL, 1, NULL, '2022-08-09 16:27:50', '2022-08-09 16:27:50', NULL),
(27584, 'ticker_534e8e33cf025cc12185920eff4fd73a', 'module', 0, '1fev2022---contatos-via-internet-e-as-redes-sociais-tem-sido-utilizados-por-leo-pericles-pre-candidato-da-up-a-presidente-para-fazer-sua-campanha-1644246611111_v2_1920x1080.jpg', NULL, NULL, NULL, 1, 0, 0, NULL, 0, 0, NULL, 1, NULL, '2022-08-09 16:27:50', '2022-08-09 16:27:50', NULL),
(27585, 'ticker_d8e0f5f429b02234181596765b7596ba', 'module', 0, 'presidente-jair-bolsonaro-pl-1659355199476_v2_1920x1080.jpg', NULL, NULL, NULL, 1, 0, 0, NULL, 0, 0, NULL, 1, NULL, '2022-08-09 16:27:50', '2022-08-09 16:27:50', NULL),
(27586, 'ticker_fabf18bad8354107d592180cd8794cde', 'module', 0, '5dez2016---o-lider-do-governo-na-camara-dos-deputados-andre-moura-psc-se-1495421254868_80x80.jpg', NULL, NULL, NULL, 1, 0, 0, NULL, 0, 0, NULL, 1, NULL, '2022-08-09 16:27:50', '2022-08-09 16:27:50', NULL),
(27587, 'ticker_de86a54bb56b922c91022d41a6cfcc4c', 'module', 0, 'a-senadora-simone-tebet-no-congresso-nacional-1658787337939_v2_80x80.jpg', NULL, NULL, NULL, 1, 0, 0, NULL, 0, 0, NULL, 1, NULL, '2022-08-09 16:27:50', '2022-08-09 16:27:50', NULL),
(27595, 'ticker_b86ca38cee40ff26c747f5366fb3eac5', 'module', 0, 'pessoa-usando-whatsapp-no-celular-aplicativo-app-1660046814114_v2_1920x1080.jpg', NULL, NULL, NULL, 1, 0, 0, NULL, 0, 0, NULL, 1, NULL, '2022-08-09 16:27:51', '2022-08-09 16:27:51', NULL),
(27597, 'ticker_4e70e7b84b09306b69eac6f9d60164af', 'module', 0, '7out2013---pedestre-caminha-usando-agasalho-para-se-proteger-do-frio-na-avenida-cupece-na-zona-sul-da-capital-paulista-nesta-segunda-feira-7-o-dia-comecou-com-tempo-nublado-porem-sem-chuva-sobre-a-1381169782380_1920x1080.jpg', NULL, NULL, NULL, 1, 0, 0, NULL, 0, 0, NULL, 1, NULL, '2022-08-09 16:27:51', '2022-08-09 16:27:51', NULL),
(27598, 'ticker_3aeb011aef509b0d97529703cca28dd0', 'module', 0, 'indios-kaapor-vivem-em-terra-indigena-alto-turiacu-no-oeste-do-maranhao-1515432354764_v2_1920x1080.jpg', NULL, NULL, NULL, 1, 0, 0, NULL, 0, 0, NULL, 1, NULL, '2022-08-09 16:27:51', '2022-08-09 16:27:51', NULL),
(27602, 'ticker_20476835b132c3bfaa11f90a548bd9b3', 'module', 0, 'cachorro-dorme-em-abrigo-para-moradores-de-rua-e-seus-pets-em-canoas-1660034234569_v2_1920x1080.jpg', NULL, NULL, NULL, 1, 0, 0, NULL, 0, 0, NULL, 1, NULL, '2022-08-09 16:27:51', '2022-08-09 16:27:51', NULL),
(27604, 'ticker_e933ee31951859c448a0eeb7422a6da9', 'module', 0, 'stalking-e-o-ato-de-perseguir-alguem-pode-ser-online-ou-na-vida-real-1615321027153_v2_1920x1080.jpg', NULL, NULL, NULL, 1, 0, 0, NULL, 0, 0, NULL, 1, NULL, '2022-08-09 16:27:51', '2022-08-09 16:27:51', NULL),
(27605, 'ticker_d9c65ffc748458c99bd3570ad8b9efb7', 'module', 0, 'passeio-de-trem-curitiba-morretes---igreja-de-antonina-1653863007721_v2_1920x1080.jpg', NULL, NULL, NULL, 1, 0, 0, NULL, 0, 0, NULL, 1, NULL, '2022-08-09 16:27:51', '2022-08-09 16:27:51', NULL),
(27620, 'ticker_2c10b1b365ad8701a8c021910a5b7bd0', 'module', 0, 'principe-harry-no-malaui-1580410027711_v2_80x80.jpg', NULL, NULL, NULL, 1, 0, 0, NULL, 0, 0, NULL, 1, NULL, '2022-08-09 16:27:53', '2022-08-09 16:27:53', NULL),
(27621, 'ticker_491095bc5b9437438d4ca6f1fdf4d217', 'module', 0, '18mar22---o-presidente-russo-vladimir-putin-discursa-durante-um-concerto-que-marca-o-oitavo-aniversario-da-anexacao-da-crimeia-pela-russia-no-estadio-luzhniki-em-moscou-russia-1647610790389_v2_1920x1080.jpg', NULL, NULL, NULL, 1, 0, 0, NULL, 0, 0, NULL, 1, NULL, '2022-08-09 16:27:53', '2022-08-09 16:27:53', NULL),
(27622, 'ticker_04b17b2d12150d47588a064061b2a931', 'module', 0, '26mar2022---refugiados-da-ucrania-fazem-fila-por-bilhetes-de-trem-em-przemysl-na-polonia-1648313219890_v2_1920x1080.jpg', NULL, NULL, NULL, 1, 0, 0, NULL, 0, 0, NULL, 1, NULL, '2022-08-09 16:27:53', '2022-08-09 16:27:53', NULL),
(28115, 'Cleide Barros Psicologa - 082022', 'video', 30, 'Cleide Barros Psicologia - 082022 - OK.mp4', '28115.mp4', '264054e97613ee72f20edb1dde81676c', 29107813, 1, 0, 0, NULL, 0, 1, 0, 1, NULL, '2022-08-18 01:26:54', '2022-08-18 01:26:54', 'Inherit'),
(30781, 'BM7-112022', 'video', 27, 'VIDEO ROSA DE SARON  - 112022.mp4', '30781.mp4', 'a36aeb313dea100298abcbbf202ab0f5', 30594473, 1, 0, 0, NULL, 0, 1, 0, 1, NULL, '2022-11-07 13:00:18', '2022-11-07 13:00:18', 'Inherit'),
(33640, 'BrancoInfopint', 'video', 30, 'Branco Infoprint 21.mp4', '33640.mp4', '595cd1cea0ce06dbe76ccdaa15a2daef', 29622169, 1, 0, 0, NULL, 0, 1, 0, 1, NULL, '2023-01-09 17:26:43', '2023-01-09 17:26:43', 'Inherit'),
(33698, 'MBPrint_012023', 'video', 30, 'MBPrint Final OK.mp4', '33698.mp4', '8c4c9a01340c22293abd520b389a5800', 26558741, 1, 0, 0, NULL, 0, 1, 0, 1, NULL, '2023-01-10 14:43:09', '2023-01-10 14:43:09', 'Inherit'),
(33861, 'ticker_299a2902ca6a21a7524be8219c88ccaf', 'module', 0, 'exclusivo-quoteu-quis-salvar-a-constituicaoquot-diz-radical-que-furtou-replica-da-carta-magna-em-ato-golpista-1673551079630_v2_1920x1080.jpg', NULL, NULL, NULL, 1, 0, 0, NULL, 0, 0, NULL, 1, NULL, '2023-01-12 22:10:21', '2023-01-12 22:10:21', NULL),
(33925, 'BrancoInfopint_2_012023', 'video', 30, 'BrancoInfoprint Alterado OK.mp4', '33925.mp4', '0753f9c6417f51abb0ef5571d6bcbf2f', 29614951, 1, 0, 0, NULL, 0, 1, 0, 1, NULL, '2023-01-13 19:14:28', '2023-01-13 19:14:28', 'Inherit'),
(33926, 'Cavoa Madeiras _ 012023', 'video', 30, 'CAVOÁ MEDEIRAS E FERRAGENS.mp4', '33926.mp4', 'e4ee527c0cd23d77e3194ffe3cfe75e4', 5676258, 1, 0, 0, NULL, 0, 1, 0, 1, NULL, '2023-01-13 19:17:22', '2023-01-13 19:17:22', 'Inherit'),
(34053, 'ticker_09b088786b98294c792603e8b79a347a', 'module', 0, 'jogadores-do-flamengo-fazem-festa-apos-vitoria-contra-o-velez-e-classificacao-para-a-final-da-libertadores-1662604655343_v2_1920x1080.jpg', NULL, NULL, NULL, 1, 0, 0, NULL, 0, 0, NULL, 1, NULL, '2023-01-16 18:51:24', '2023-01-16 18:51:24', NULL),
(34054, 'ticker_597903c79f71dd1e375ab6562f4a6797', 'module', 0, 'alex-albon-da-williams-durante-sessao-de-testes-no-bahrein-1646910945200_v2_1920x1080.jpg', NULL, NULL, NULL, 1, 0, 0, NULL, 0, 0, NULL, 1, NULL, '2023-01-16 18:51:24', '2023-01-16 18:51:24', NULL),
(35074, 'ticker_042e7979f0bbf944479ef25bb70ad377', 'module', 0, 'xuxa-meneghel-e-janja-da-silva-se-abracam-durante-um-encontro-no-rio-1675465006462_v2_1920x1080.jpg', 'ticker_042e7979f0bbf944479ef25bb70ad377', '82d2443beb5dcc5528d2d2a19afbef54', 108799, 1, 0, 0, NULL, 0, 1, 1675501508, 1, NULL, '2023-02-04 02:05:08', '2023-02-04 02:05:08', NULL),
(35075, 'ticker_bc877887bd58c534b41483e160d978ab', 'module', 0, 'daniel-alves-1675360827171_v2_1920x1080.jpg', 'ticker_bc877887bd58c534b41483e160d978ab', '9b61e36610288ca59740ed1c0319cf32', 197976, 1, 0, 0, NULL, 0, 1, 1675501508, 1, NULL, '2023-02-04 02:05:08', '2023-02-04 02:05:08', NULL),
(35076, 'ticker_c1a8df81c895cdcab2b9350117ced566', 'module', 0, '20nov2015---marrone-da-dupla-com-bruno-se-apresenta-no-festival-villa-mix-em-belem-1448125625378_1920x1080.jpg', 'ticker_c1a8df81c895cdcab2b9350117ced566', '1f70bea611d7dc1e570cf54ea897f347', 466321, 1, 0, 0, NULL, 0, 1, 1675501508, 1, NULL, '2023-02-04 02:05:08', '2023-02-04 02:05:08', NULL),
(35077, 'ticker_12ff0c5b0e05b42876286c5773056279', 'module', 0, 'fabiana-karla-beija-diego-mello-seu-noivo-em-camarote-na-sapucai-1582430905870_v2_1920x1080.jpg', 'ticker_12ff0c5b0e05b42876286c5773056279', '34e51fc24d0d936c5c6d6bd77d6e788c', 201194, 1, 0, 0, NULL, 0, 1, 1675501508, 1, NULL, '2023-02-04 02:05:08', '2023-02-04 02:05:08', NULL),
(35078, 'ticker_70318da27aafe1155f36a65f4260912f', 'module', 0, 'paco-rabanne-1675433043371_v2_1920x1080.jpg', 'ticker_70318da27aafe1155f36a65f4260912f', '899833819f94a553766f2d924a425476', 206406, 1, 0, 0, NULL, 0, 1, 1675501508, 1, NULL, '2023-02-04 02:05:08', '2023-02-04 02:05:08', NULL),
(35079, 'ticker_d30c669441e356fb50a973e6ce6787b0', 'module', 0, 'daniel-alves-e-acusado-de-estuprar-uma-jovem-de-23-anos-em-barcelona-ele-nega-1675435693646_v2_1920x1080.jpg', 'ticker_d30c669441e356fb50a973e6ce6787b0', 'c205d49acc099ee1048fbde22ec83b1b', 102069, 1, 0, 0, NULL, 0, 1, 1675501508, 1, NULL, '2023-02-04 02:05:08', '2023-02-04 02:05:08', NULL),
(35080, 'ticker_beefb69966236b54953e4a0c6d79de00', 'module', 0, 'mark-zuckerberg-ceo-da-meta-ex-facebook-1659270520825_v2_1920x1080.jpg', 'ticker_beefb69966236b54953e4a0c6d79de00', 'ef4316d74eed649900615ef28d40f06c', 196667, 1, 0, 0, 0, 0, 1, 1701788744, 1, NULL, '2023-02-04 02:05:08', '2023-12-05 08:05:45', NULL),
(35081, 'ticker_106be45e1b7244cfb507ed6c81f3d046', 'module', 0, 'bruno-astuto-chega-no-velorio-de-gloria-maria-com-uma-das-filhas-da-jornalista-1675430609928_v2_1920x1080.jpg', 'ticker_106be45e1b7244cfb507ed6c81f3d046', '9ae534a625ea9bb5224dda6c5f2c599d', 188322, 1, 0, 0, NULL, 0, 1, 1675501508, 1, NULL, '2023-02-04 02:05:08', '2023-02-04 02:05:08', NULL),
(35082, 'ticker_c15ae37eaf7ff66fd51a9e75d1d93064', 'module', 0, 'marcelo-serrado-e-o-duble-moa-em-cara-e-coragem-1653417501112_v2_1920x1080.jpg', 'ticker_c15ae37eaf7ff66fd51a9e75d1d93064', '87533cfb3e964889e67f8c308331b3be', 284658, 1, 0, 0, NULL, 0, 1, 1675501508, 1, NULL, '2023-02-04 02:05:08', '2023-02-04 02:05:08', NULL),
(35083, 'ticker_1444edeac661e4f8cae95f4813815425', 'module', 0, 'harrison-ford-1649101252973_v2_1920x1080.jpg', 'ticker_1444edeac661e4f8cae95f4813815425', 'f44e75d4d275e833092f89c03df65d71', 163222, 1, 0, 0, NULL, 0, 1, 1675501508, 1, NULL, '2023-02-04 02:05:08', '2023-02-04 02:05:08', NULL),
(35084, 'ticker_6980c8713428080c7693dde1cd2a6976', 'module', 0, 'daniel-alves-tem-aneis-olimpicos-tatuados-na-nuca-1674515448288_v2_1920x1080.jpg', 'ticker_6980c8713428080c7693dde1cd2a6976', 'b1c42c1b478b460a7ec3ac9c485f218d', 204409, 1, 0, 0, NULL, 0, 1, 1675501508, 1, NULL, '2023-02-04 02:05:08', '2023-02-04 02:05:08', NULL),
(35085, 'ticker_8eeaeafb3c2230c9eccd2704dd00e732', 'module', 0, 'antes-de-trabalhar-como-jornalista-gloria-maria-foi-telefonista-na-telerj-1675418504264_v2_1920x1080.jpg', 'ticker_8eeaeafb3c2230c9eccd2704dd00e732', '0f856f48f1dd64c0f9e1b45bacd6f3b3', 107233, 1, 0, 0, NULL, 0, 1, 1675501508, 1, NULL, '2023-02-04 02:05:08', '2023-02-04 02:05:08', NULL),
(35086, 'ticker_ae0237ba532061750c345ecec91a05f6', 'module', 0, 'kate-middleton-e-principe-william-1619728024873_v2_1920x1080.jpg', 'ticker_ae0237ba532061750c345ecec91a05f6', '6ce7eac9165c83398b159877d16555b9', 200877, 1, 0, 0, NULL, 0, 1, 1675501508, 1, NULL, '2023-02-04 02:05:08', '2023-02-04 02:05:08', NULL),
(35087, 'ticker_9b9d5fc5b98600872b0b65ee44da8123', 'module', 0, 'raul-gil-recebe-alta-apos-exames-de-rotina-1675364748635_v2_1920x1080.jpg', 'ticker_9b9d5fc5b98600872b0b65ee44da8123', '3d9aaf26f112ece30b7cf434bfd19ace', 97977, 1, 0, 0, NULL, 0, 1, 1675501508, 1, NULL, '2023-02-04 02:05:08', '2023-02-04 02:05:08', NULL),
(35088, 'ticker_464d262fb831ad16f17831658a3a1b93', 'module', 0, 'steven-tyler-muitas-podem-nao-gostar-muito-da-franja-descolorida-do-vocalista-do-aerosmith-mas-as-madeixas-compridas-do-artista-tem-o-ondulado-perfeito-1434753163690_1920x1080.jpg', 'ticker_464d262fb831ad16f17831658a3a1b93', '66e2804f2285fff996e772cd8e126b43', 533852, 1, 0, 0, NULL, 0, 1, 1675501508, 1, NULL, '2023-02-04 02:05:08', '2023-02-04 02:05:08', NULL),
(35089, 'ticker_72b4490680ee05fc5d293c53a71abf65', 'module', 0, 'bbb-23-mc-guime-opina-sobre-os-proximos-alvos-do-quarto-fundo-do-mar-1675234178707_v2_1920x1080.png', 'ticker_72b4490680ee05fc5d293c53a71abf65', 'e25500ada56fa25448b045f388bf78b9', 676730, 1, 0, 0, NULL, 0, 1, 1675501508, 1, NULL, '2023-02-04 02:05:08', '2023-02-04 02:05:08', NULL),
(35090, 'ticker_99e5e82ac3728fb7571f78a979efbe06', 'module', 0, 'william-bonner-faz-homenagem-a-gloria-maria-no-encontro-1675344389986_v2_1920x1080.jpg', 'ticker_99e5e82ac3728fb7571f78a979efbe06', 'a90aff58e521877cb4fa06fddb9501d6', 105259, 1, 0, 0, NULL, 0, 1, 1675501508, 1, NULL, '2023-02-04 02:05:08', '2023-02-04 02:05:08', NULL),
(35091, 'ticker_1262aa1d64312cd959d84189a48bbee7', 'module', 0, 'gloria-maria-no-show-do-roberto-carlos-em-jerusalem-1675342362882_v2_1920x1080.jpg', 'ticker_1262aa1d64312cd959d84189a48bbee7', '0b10d05747999876566799898d573058', 234046, 1, 0, 0, NULL, 0, 1, 1675501508, 1, NULL, '2023-02-04 02:05:08', '2023-02-04 02:05:08', NULL),
(35092, 'ticker_c5a58fab038c280140045c594dfbeb00', 'module', 0, 'neymar-durante-psg-x-reims-jogo-do-campeonato-frances-1675027014111_v2_1920x1080.jpg', 'ticker_c5a58fab038c280140045c594dfbeb00', 'e4ce742aa07a8330562c395d258e3622', 184707, 1, 0, 0, 0, 0, 1, 1689213115, 1, NULL, '2023-02-04 02:05:08', '2023-07-12 18:51:55', NULL),
(35093, 'ticker_2f2ac7d4eeb2c9442af56e419b8e8980', 'module', 0, 'gloria-maria-divulgacao-tv-globo-1592854949096_v2_1920x1080.jpg', 'ticker_2f2ac7d4eeb2c9442af56e419b8e8980', '57ffaa8503b3c8c475758647fe64ed9e', 158023, 1, 0, 0, NULL, 0, 1, 1675501508, 1, NULL, '2023-02-04 02:05:08', '2023-02-04 02:05:08', NULL),
(35642, 'AnhembiMorumbi_2023', 'video', 30, 'Anhembi-Morumbi - 2023.mp4', '35642.mp4', 'd06ed78f402a0a45039956430c0e3d5f', 12501374, 1, 0, 0, NULL, 0, 1, 0, 1, NULL, '2023-02-14 09:35:54', '2023-02-14 09:35:54', 'Inherit'),
(35648, 'EAD-FMU_2023', 'video', 30, 'EAD - FMU.mp4', '35648.mp4', '1e170b7bf0ddfab4775a4a54e048ac33', 15979303, 1, 0, 0, NULL, 0, 1, 0, 1, NULL, '2023-02-14 12:03:17', '2023-02-14 12:03:17', 'Inherit'),
(35784, 'ColegioAraraAzul_2023', 'video', 30, 'Colegio Arara Azul-OK.mp4', '35784.mp4', '496be1bf77def0c493f95aa31a1e79f6', 26595614, 1, 0, 0, NULL, 0, 1, 0, 1, NULL, '2023-02-16 09:38:20', '2023-02-16 09:38:20', 'Inherit'),
(36669, 'rkiphones_032023', 'video', 31, 'RK IPHONES OK.mp4', '36669.mp4', '487ab8f354672f7f5b29f11efc9c6e36', 8879109, 1, 0, 0, NULL, 0, 1, 0, 1, NULL, '2023-03-08 15:05:20', '2023-03-08 15:05:20', 'Inherit'),
(37638, 'EmporioCombat_2023', 'video', 30, 'EMPORIO COMBAT 2023 OK.mp4', '37638.mp4', 'faaaeee656b842120339fbc3aa75125b', 24744684, 1, 0, 0, NULL, 0, 1, 0, 1, NULL, '2023-03-27 01:01:03', '2023-03-27 01:01:03', 'Inherit'),
(39313, 'PlanetaCar_052023', 'video', 30, 'PlanetCar_052023.mp4', '39313.mp4', '8dc15847e33f152a1656e568a9a87fbb', 32687235, 1, 0, 0, NULL, 0, 1, 0, 1, NULL, '2023-04-26 00:09:56', '2023-04-26 00:09:56', 'Inherit'),
(39314, 'BM7_052023', 'video', 35, 'anuncio infinity rosa de saron .mp4', '39314.mp4', '475bf1189ec68c652c1cd5d5405f14d1', 83023612, 1, 0, 0, NULL, 0, 1, 0, 1, NULL, '2023-04-26 00:15:11', '2023-04-26 00:15:11', 'Inherit'),
(40173, 'SKNPrime_052023', 'video', 29, 'SKNPime_052023.mp4', '40173.mp4', '323ec63fc5218f62186c683ee1e9dc0d', 29846879, 1, 0, 0, NULL, 0, 1, 0, 1, NULL, '2023-05-11 10:13:57', '2023-05-11 10:13:57', 'Inherit'),
(40670, 'AliomarMatConstr_OK_052023', 'video', 36, 'Aliomar Construção_OK.mp4', '40670.mp4', '6a947fdb7405e0da51d8fd8fa51cbc50', 36963519, 1, 0, 0, NULL, 0, 1, 0, 1, NULL, '2023-05-19 10:41:20', '2023-05-19 10:41:20', 'Inherit'),
(41907, 'Festas Juninas_Rosa de saron_2023', 'video', 29, 'SÃO JOÃO 2021.mp4', '41907.mp4', '6e6575216377c29054e2d72ffa8943eb', 30257202, 1, 0, 0, NULL, 0, 1, 0, 1, NULL, '2023-06-14 12:28:50', '2023-06-14 12:28:50', 'Inherit'),
(41940, 'BemProtege_OK_062023', 'video', 30, 'Bem Protege_ OK_ 062023.mp4', '41940.mp4', '045930c854858c194e2ed189b76834cb', 39101354, 1, 0, 0, NULL, 0, 1, 0, 1, NULL, '2023-06-14 22:30:07', '2023-06-14 22:30:07', 'Inherit'),
(42791, 'NordetinaMoveis_072023', 'video', 31, 'NordestinaMoveis_072023.mp4', '42791.mp4', 'f90433fbe13a57e574b366d68781ed62', 7329162, 1, 0, 0, NULL, 0, 1, 0, 1, NULL, '2023-07-13 00:33:50', '2023-07-13 00:33:50', 'Inherit'),
(42824, 'NordestinaMoveis_072023_OK', 'video', 30, 'Moveis Nordestina_072023.mp4', '42824.mp4', '11819bf85e77f0a3bed15e7cd70db817', 38876611, 1, 0, 0, NULL, 0, 1, 0, 1, NULL, '2023-07-13 12:46:44', '2023-07-13 12:46:44', 'Inherit'),
(43089, 'BPMed_072023', 'video', 30, 'BP MED 2.mp4', '43089.mp4', 'd927129105ff795e1bb12cb6ffe8f9cf', 9230808, 1, 0, 0, NULL, 0, 1, 0, 1, NULL, '2023-07-18 22:33:33', '2023-07-18 22:33:33', 'Inherit'),
(44669, 'ConsultorioDaVila-Un01_082023', 'video', 30, 'Consultorio da Vila Unidade 1 -TV.mp4', '44669.mp4', '67c6f1a0834b48f13ea9917a33980718', 71942627, 1, 0, 0, NULL, 0, 1, 0, 1, NULL, '2023-08-17 16:40:12', '2023-08-17 16:40:12', 'Inherit'),
(44674, 'ConsultorioDaVila-Un02_082023', 'video', 30, 'Consultorio da Vila Unidade 2 -TV.mp4', '44674.mp4', '65edee7033a094a7514ab5e7ae5be8f3', 72280766, 1, 0, 0, NULL, 0, 1, 0, 1, NULL, '2023-08-17 17:24:24', '2023-08-17 17:24:24', 'Inherit'),
(44734, 'Colegio24deMaio_082023', 'video', 30, 'Colegio 24 de Maio.mp4', '44734.mp4', 'bd48283d70fe19ce6235766ba5e97fda', 37463772, 1, 0, 0, NULL, 0, 1, 0, 1, NULL, '2023-08-18 18:46:40', '2023-08-18 18:46:40', 'Inherit'),
(45208, 'SENAC_082023', 'video', 30, 'B132_SMP_TELAS_PSG-1920x1080-30s_V02.mp4', '45208.mp4', '2475685372ef6338c80b94c8cec3da55', 24363362, 1, 0, 0, NULL, 0, 1, 0, 1, NULL, '2023-08-29 13:57:54', '2023-08-29 13:57:54', 'Inherit');
INSERT INTO `media` (`mediaId`, `name`, `type`, `duration`, `originalFileName`, `storedAs`, `md5`, `fileSize`, `userId`, `retired`, `isEdited`, `editedMediaId`, `moduleSystemFile`, `valid`, `expires`, `released`, `apiRef`, `createdDt`, `modifiedDt`, `enableStat`) VALUES
(45766, 'EAD_Anhembi_092023', 'video', 29, 'EAD_AnhembiMorumbi_092023.mp4', '45766.mp4', '97f45d39b287e93126ba1f8cd2be90f9', 47008348, 1, 0, 0, NULL, 0, 1, 0, 1, NULL, '2023-09-10 11:05:34', '2023-09-10 11:05:34', 'Inherit'),
(45767, 'EAD_FMU_092023', 'video', 29, 'EAD_FMU_092023.mp4', '45767.mp4', 'c7af7319fe14599f1d46642a2aac1a95', 50524447, 1, 0, 0, NULL, 0, 1, 0, 1, NULL, '2023-09-10 11:14:09', '2023-09-10 11:14:09', 'Inherit'),
(46040, 'ticker_a1eb2f616a36e6f3fc2d07653fa70d16', 'module', 0, 'escudo-do-real-madrid-1694720216337_v2_1920x1080.jpg', NULL, NULL, NULL, 1, 0, 0, NULL, 0, 0, NULL, 1, NULL, '2023-09-14 20:07:10', '2023-09-14 20:07:10', NULL),
(46041, 'ticker_119834d85ca2c1a582628c55b6de3c74', 'module', 0, 'santos-devera-cumprir-punicao-a-150-km-da-vila-belmiro-tv-brasildivulgacao-1688844561176_v2_1920x1080.jpg', NULL, NULL, NULL, 1, 0, 0, NULL, 0, 0, NULL, 1, NULL, '2023-09-14 20:07:10', '2023-09-14 20:07:10', NULL),
(46042, 'ticker_da7bc70d59ad0537e2e57e47ef6d31a1', 'module', 0, 'leal-ataca-o-bloqueio-da-argentina-durante-partida-da-selecao-do-brasil-no-volei-masculino-da-toquio-2020-1628244191080_v2_1920x1080.jpg', NULL, NULL, NULL, 1, 0, 0, NULL, 0, 0, NULL, 1, NULL, '2023-09-14 20:07:10', '2023-09-14 20:07:10', NULL),
(46533, 'AudioVoz_092023', 'video', 29, 'AudioVoz TV2.mp4', '46533.mp4', 'c66a4ab8c31759654de5862784166fae', 41278971, 1, 0, 0, NULL, 0, 1, 0, 1, NULL, '2023-09-23 15:17:20', '2023-09-23 15:17:20', 'Inherit'),
(46938, 'FMU_092023_OK', 'video', 29, 'FMU_092023_OK.mp4', '46938.mp4', 'ba1117089111a274a23f6a1b674111a8', 48748311, 1, 0, 0, NULL, 0, 1, 0, 1, NULL, '2023-09-29 20:41:49', '2023-09-29 20:41:49', 'Inherit'),
(48245, 'katiamatospsicopedagoga_102023', 'video', 30, 'KATIAMATOSPSICOPEDAGOGA_FINAL_OK_102023.mp4', '48245.mp4', '820671026fcef84c54cb8541c3015a3d', 27721164, 1, 0, 0, NULL, 0, 1, 0, 1, NULL, '2023-10-24 09:58:03', '2023-10-24 09:58:03', 'Inherit'),
(48246, 'QuintalDecoraFestas_102023', 'video', 30, 'Quintal.mp4', '48246.mp4', 'faec8c9e84588063043aebc1881336f9', 46952433, 1, 0, 0, NULL, 0, 1, 0, 1, NULL, '2023-10-24 10:03:49', '2023-10-24 10:03:49', 'Inherit'),
(48835, 'Lupe Pilates_102023', 'video', 30, 'LupePilates_102023.mp4', '48835.mp4', '2c2c699a2e86e0e20a16bb89dde7d366', 34206480, 1, 0, 0, NULL, 0, 1, 0, 1, NULL, '2023-11-03 17:16:02', '2023-11-03 17:16:02', 'Inherit'),
(50448, 'Natal 2023 - Rosa de Saron', 'video', 30, 'Natal é na Rosa de Saron 2023.mp4', '50448.mp4', '1a8261d17a3d895a9beaffab0ba515e3', 38081595, 1, 0, 0, NULL, 0, 1, 0, 1, NULL, '2023-12-04 13:24:56', '2023-12-04 13:24:56', 'Inherit'),
(51415, 'JettaDigital_2023', 'video', 30, 'JETTA_render001.mp4', '51415.mp4', '557c25b6c24ebd3e52a2071405b6027f', 28931079, 1, 0, 0, NULL, 0, 1, 0, 1, NULL, '2023-12-21 13:22:20', '2023-12-21 13:22:20', 'Inherit'),
(51700, 'Ano Novo 2024', 'video', 30, 'Rosa Feliz Ano Novo 2024.mp4', '51700.mp4', '547a6ed8b5f2b6869b9d8f2e642b6e3f', 36898252, 1, 0, 0, NULL, 0, 1, 0, 1, NULL, '2024-01-02 02:31:03', '2024-01-02 02:31:03', 'Inherit'),
(52530, 'CleideBarrosPscico_012024', 'video', 30, 'Cleide Barros Psicologa 012024_Final.mp4', '52530.mp4', '71a2778d05c8040ca203ae4471aad122', 9346075, 1, 0, 0, NULL, 0, 1, 0, 1, NULL, '2024-01-17 19:58:14', '2024-01-17 19:58:14', 'Inherit'),
(52539, 'BianchiAutomoveis_012024', 'video', 30, 'Bianchi AutomoveisFinal_OK.mp4', '52539.mp4', '5fb5f9e74c9c2fe19da1d05d83af8795', 34009557, 1, 0, 0, NULL, 0, 1, 0, 1, NULL, '2024-01-17 22:00:16', '2024-01-17 22:00:16', 'Inherit'),
(53940, 'ticker_2199cc061880df3fa2c7f12dc7b27a07', 'module', 0, '22jan2024---funeral-de-maria-de-fatima-muniz-a-nega-pataxo-na-aldeia-ourinho-em-pau-brasil-ba-1707300379298_v2_1920x1080.jpg', NULL, NULL, NULL, 1, 0, 0, NULL, 0, 0, NULL, 1, NULL, '2024-02-14 09:00:47', '2024-02-14 09:00:47', NULL),
(55440, 'WagnerVogadoConsorcio_032024', 'video', 30, 'WagnerVogdoConsorcios_032023.mp4', '55440.mp4', '22e63e87709181312799cecc43f7e947', 15293779, 1, 0, 0, NULL, 0, 1, 0, 1, NULL, '2024-03-11 13:37:50', '2024-03-11 13:37:50', 'Inherit'),
(56864, 'MemoriasNegras', 'video', 29, 'Memorias Negras.mp4', '56864.mp4', 'fa0efec4c2517d6b014b73a004eaabe5', 29545055, 1, 0, 0, NULL, 0, 1, 0, 1, NULL, '2024-04-04 20:06:18', '2024-04-04 20:06:18', 'Inherit'),
(57359, 'RK Iphones_042024', 'video', 32, 'RK Phones.mp4', '57359.mp4', '39a42ac39fb14381d1c6e8d79fbeb460', 34165503, 1, 0, 0, NULL, 0, 1, 0, 1, NULL, '2024-04-13 10:24:39', '2024-04-13 10:24:39', 'Inherit'),
(57665, 'CroosLeste_042024', 'video', 32, 'Cross Leste.mp4', '57665.mp4', '4b15a2775b255e5213d45bc50797a319', 41846900, 1, 0, 0, NULL, 0, 1, 0, 1, NULL, '2024-04-18 16:22:21', '2024-04-18 16:22:21', 'Inherit'),
(59353, 'Grupo Willians_042024', 'video', 28, 'Grupo Willian\'s Engenharia.mp4', '59353.mp4', '677f4b4371c531c8641525224775a3d8', 4586251, 1, 0, 0, NULL, 0, 1, 0, 1, NULL, '2024-05-16 17:51:51', '2024-05-16 17:51:51', 'Inherit'),
(60883, 'Anhembi-Morumbi_062024.mp4', 'video', 25, 'Anhembi-Morumbi_062024.mp4', '60883.mp4', 'c8e44e66a05f260900b06d8152140543', 12634442, 1, 0, 0, NULL, 0, 1, 0, 1, NULL, '2024-06-11 15:18:03', '2024-06-11 15:18:03', 'Inherit'),
(60884, 'FMU_062024.mp4', 'video', 30, 'FMU_062024.mp4', '60884.mp4', 'fcd227b4f2305a4bf19a77dfd6e606bf', 30451084, 1, 0, 0, NULL, 0, 1, 0, 1, NULL, '2024-06-11 15:18:24', '2024-06-11 15:18:24', 'Inherit'),
(61303, 'QuintalDecoraFestas_062024', 'video', 30, 'Decora Festas_Final.mp4', '61303.mp4', '79e5272912618bbb870b01c3583dd6f4', 28760131, 1, 0, 0, NULL, 0, 1, 0, 1, NULL, '2024-06-18 13:31:42', '2024-06-18 13:31:42', 'Inherit'),
(61937, 'Brutale_062024', 'video', 30, 'Brutale.mp4', '61937.mp4', '958e7712c0b439b733760d26c77f8ebc', 36398888, 1, 0, 0, NULL, 0, 1, 0, 1, NULL, '2024-06-27 19:43:59', '2024-06-27 19:43:59', 'Inherit'),
(64918, 'Gratus_Eventos_Corporativos', 'video', 35, 'Gratus Eventos Corporativos.mp4', '64918.mp4', 'c5133b03ae4c299091373fa6484a6c0b', 41605786, 1, 0, 0, NULL, 0, 1, 0, 1, NULL, '2024-08-09 16:11:03', '2024-08-09 16:11:03', 'Inherit'),
(66414, 'Loja SS_Curuça_092024', 'video', 30, 'Vídeo do WhatsApp de 2024-08-27 à(s) 16.49.00_d4c4c47d.mp4', '66414.mp4', '7a34c7f9937e57cfb406b4324a595172', 8989408, 1, 0, 0, NULL, 0, 1, 0, 1, NULL, '2024-09-02 11:54:10', '2024-09-02 11:54:10', 'Inherit'),
(67022, 'Marechal Auto-Vidros_092024', 'video', 30, 'Marechal Auto-Vidros_092024.mp4', '67022.mp4', 'a41396a97fbebd13fc04c894046905a5', 7234155, 1, 0, 0, NULL, 0, 1, 0, 1, NULL, '2024-09-11 16:19:00', '2024-09-11 16:19:00', 'Inherit'),
(70387, 'ticker_0ad0d8c63372311433e6fa583ff9481b', 'module', 0, 'discussao-da-reforma-tributaria-no-plenario-da-camara-dos-deputados-em-30-de-outubro-2024-1730328968138_v2_1920x1080.jpg', 'ticker_0ad0d8c63372311433e6fa583ff9481b', '58e2f667cbaf410dcbe0935bc086aee4', 376706, 1, 0, 0, 0, 0, 1, 1731794047, 1, NULL, '2024-11-05 23:02:47', '2024-11-16 14:54:07', NULL),
(70534, 'ticker_c7f911c6e6cffa6ee214aebd347db80a', 'module', 0, 'carne-vermelha-carne-crua-tabua-de-carne-faca-temperos-alho-cebola-1361385037452_1920x1080.jpg', 'ticker_c7f911c6e6cffa6ee214aebd347db80a', '6a42a713856ae8ba59ab90032aa7955a', 618122, 1, 0, 0, 0, 0, 1, 1731792725, 1, NULL, '2024-11-08 16:45:07', '2024-11-16 14:32:05', NULL),
(70540, 'ticker_1780768bcafccd0abc0c3235da3d2f84', 'module', 0, 'adolescente-de-brasilia-acessa-sites-de-apostas-em-celular-1719501277350_v2_1920x1080.jpg', 'ticker_1780768bcafccd0abc0c3235da3d2f84', '93bb7043cccfafdc7219d52d2af6ecaf', 118963, 1, 0, 0, 0, 0, 1, 1731792725, 1, NULL, '2024-11-08 16:45:07', '2024-11-16 14:32:05', NULL),
(70550, 'ticker_e4696e8330cbcda3854e61e7612104d2', 'module', 0, '8jan2023---foto-mostra-invasao-da-praca-dos-tres-poderes-durante-atos-golpistas-de-81-1708551920822_v2_1920x1080.jpg', 'ticker_e4696e8330cbcda3854e61e7612104d2', 'fe4c9dbce0a502b7c83e2211bb742382', 344980, 1, 0, 0, 0, 0, 1, 1731830799, 1, NULL, '2024-11-08 16:46:49', '2024-11-17 01:06:39', NULL),
(70580, 'ticker_9e2af46cdbd68efa4ee3c49b598bf5f4', 'module', 0, 'caderno-branco-de-prova-do-enem-2024-1731101077864_v2_1920x1080.jpg', 'ticker_9e2af46cdbd68efa4ee3c49b598bf5f4', '66ab33547844d10bc2cdfdfac6c98549', 144414, 1, 0, 0, 0, 0, 1, 1731792725, 1, NULL, '2024-11-09 13:37:54', '2024-11-16 14:32:05', NULL),
(70600, 'ticker_dd99d5f5fd8bad014310f6b2df0ee8cb', 'module', 0, 'jovens-usando-celular-para-acessar-rede-social-1730159471716_v2_1920x1080.jpg', 'ticker_dd99d5f5fd8bad014310f6b2df0ee8cb', '6c51052c6ee64aac087e784bbdb4aeed', 121488, 1, 0, 0, 0, 0, 1, 1731792725, 1, NULL, '2024-11-09 22:50:17', '2024-11-16 14:32:05', NULL),
(70609, 'ticker_12ea0d789284c41993e202feda9e98b5', 'module', 0, 'sol-com-ventos-solares-1640719782712_v2_1920x1080.jpg', 'ticker_12ea0d789284c41993e202feda9e98b5', 'b524a8f61901164bdbb1972c023d47d9', 198039, 1, 0, 0, 0, 0, 1, 1731792725, 1, NULL, '2024-11-10 15:30:26', '2024-11-16 14:32:05', NULL),
(70610, 'ticker_af604782cb8118ed10d7079d4cf93172', 'module', 0, '20jul2012--as-capivaras-sao-os-maiores-roedores-nos-dias-de-hoje-podem-chegar-a-pesar-65-kg-medindo-entre-1m-e-130m-1393034199671_1920x1080.jpg', 'ticker_af604782cb8118ed10d7079d4cf93172', '1a89ae4c8406c9cd89441a11ddf8167d', 702682, 1, 0, 0, 0, 0, 1, 1731792725, 1, NULL, '2024-11-10 15:30:26', '2024-11-16 14:32:05', NULL),
(70623, 'ticker_9c3d0514c5e5214bc28c017615bc7d3b', 'module', 0, 'o-empresario-antonio-vinicius-lopes-gritzbach-suspeito-de-envolvimento-na-morte-de-um-integrante-do-pcc-1726680709329_v2_1920x1080.jpg', 'ticker_9c3d0514c5e5214bc28c017615bc7d3b', '615af6382032877fd469fd4276ed76e6', 106453, 1, 0, 0, 0, 0, 1, 1731793762, 1, NULL, '2024-11-11 07:50:36', '2024-11-16 14:49:22', NULL),
(70630, 'ticker_67dfabf2c535d29d9fac2beba0ce7386', 'module', 0, 'bebe-no-colo-do-pai-1730925840236_v2_1920x1080.jpg', 'ticker_67dfabf2c535d29d9fac2beba0ce7386', '9552a0118c987612d70bee43bfb9f425', 98395, 1, 0, 0, 0, 0, 1, 1731792725, 1, NULL, '2024-11-11 09:41:12', '2024-11-16 14:32:05', NULL),
(70634, 'ticker_9217fd7382e8f4c7fa3441fdc7338124', 'module', 0, 'ex-ministro-da-defesa-shigeru-ishiba-sera-o-proximo-primeiro-ministro-do-japao-1727443195867_v2_1920x1080.jpg', 'ticker_9217fd7382e8f4c7fa3441fdc7338124', '63d676edcd229a21e31f7e0a5b185af0', 147354, 1, 0, 0, 0, 0, 1, 1731792725, 1, NULL, '2024-11-11 09:55:14', '2024-11-16 14:32:05', NULL),
(70652, 'ticker_d733b250743874525acacf8d9eb156d6', 'module', 0, 'bombeiros-tentam-limpar-ruas-na-regiao-de-valencia-na-espanha-apos-fortes-chuvas-1730559709944_v2_1920x1080.jpg', 'ticker_d733b250743874525acacf8d9eb156d6', '10247fb8633d126252b9217b531ea4be', 399450, 1, 0, 0, 0, 0, 1, 1731792725, 1, NULL, '2024-11-11 15:03:28', '2024-11-16 14:32:05', NULL),
(70674, 'ticker_62b85a9d40c3eab591d9cc47e64870d6', 'module', 0, 'o-pintor-espanhol-pablo-picasso-em-seu-atelie-no-verao-de-1946-em-antibes-franca-1398710899738_v2_1920x1080.jpg', 'ticker_62b85a9d40c3eab591d9cc47e64870d6', '9f6e8157a38d002bb1b02eb21f35ff40', 214028, 1, 0, 0, 0, 0, 1, 1731792725, 1, NULL, '2024-11-11 20:11:40', '2024-11-16 14:32:05', NULL),
(70680, 'ticker_989e93f8f9b6e572092c23c2bc0a0e98', 'module', 0, 'vacina-vacinacao-coronavirus-covid-19-pfizer-rio-de-janeiro-1637184939160_v2_1920x1080.jpg', 'ticker_989e93f8f9b6e572092c23c2bc0a0e98', '7225ed3d9dd9d503a417588e23060ff2', 179511, 1, 0, 0, 0, 0, 1, 1731792725, 1, NULL, '2024-11-11 21:40:22', '2024-11-16 14:32:05', NULL),
(70683, 'ticker_6c1bd7575c46d73924123e7c564ee2fc', 'module', 0, 'adolescente-com-tosse-gripe-resfriado-doente-coqueluche-1718196525073_v2_1920x1080.jpg', 'ticker_6c1bd7575c46d73924123e7c564ee2fc', 'f23864641dd54b90452714b323bba43f', 163599, 1, 0, 0, 0, 0, 1, 1731792725, 1, NULL, '2024-11-11 23:23:04', '2024-11-16 14:32:05', NULL),
(70688, 'ticker_12cf699619a3ddf077843004ac24f0a4', 'module', 0, 'otera-comemora-gol-marcado-pelo-santos-contra-o-coritiba-na-serie-b-1731375524127_v2_1920x1080.jpg', 'ticker_12cf699619a3ddf077843004ac24f0a4', '4839c3e6ffe700fdb8531afaf4e4d6b7', 195024, 1, 0, 0, 0, 0, 1, 1731792725, 1, NULL, '2024-11-12 06:55:27', '2024-11-16 14:32:05', NULL),
(70700, 'ticker_3678966f2224c7ebdd55c1e4423340af', 'module', 0, 'taca-do-brasileirao-2024-na-cbf-1716347316643_v2_1920x1080.jpg', 'ticker_3678966f2224c7ebdd55c1e4423340af', '9cfe68a73cfef74968bbe43cfc87cc0e', 164239, 1, 0, 0, 0, 0, 1, 1731793946, 1, NULL, '2024-11-12 10:20:51', '2024-11-16 14:52:26', NULL),
(70705, 'ticker_c66cde1d3992790723114169fae9a73e', 'module', 0, 'reuniao-de-ministros-do-turismo-do-g20-em-belem-1726932616108_v2_1920x1080.jpg', 'ticker_c66cde1d3992790723114169fae9a73e', '4de714abd2c4001317ac59321db3cad1', 225718, 1, 0, 0, 0, 0, 1, 1731793762, 1, NULL, '2024-11-12 11:35:59', '2024-11-16 14:49:22', NULL),
(70711, 'ticker_f4619760a962e7dad734d26f48f4808a', 'module', 0, 'em-2003-o-escritorio-vigliecca--associados-do-arquiteto-uruguaio-hector-vigliecca-venceu-o-concurso-promovido-pelo-governo-do-estado-de-sao-paulo-para-modernizar-e-ampliar-o-conjunto-1730406471838_v2_1920x1080.jpg', 'ticker_f4619760a962e7dad734d26f48f4808a', 'a950347eb7e26d7cbd1da47dc626061f', 96954, 1, 0, 0, 0, 0, 1, 1731792725, 1, NULL, '2024-11-12 14:47:34', '2024-11-16 14:32:05', NULL),
(70797, 'ticker_9a863de58ce7a2c8162bb7204841c296', 'module', 0, 'militares-brasileiros-que-atuaram-na-missao-de-paz-da-onu-organizacao-das-nacoes-unidas-no-haiti-voltaram-para-brasilia-em-marco-de-2011-1334775502525_1920x1080.jpg', 'ticker_9a863de58ce7a2c8162bb7204841c296', 'a63de51c4b504ce05025d1b766c5b2d9', 693049, 1, 0, 0, 0, 0, 1, 1731792674, 1, NULL, '2024-11-13 17:01:35', '2024-11-16 14:31:14', NULL),
(70798, 'ticker_90043d26741769c76d5173f9dfb49d8a', 'module', 0, 'aeronaves-da-gol-no-aeroporto-internacional-do-galeao-no-rio-de-janeiro-1592945057120_v2_1920x1080.jpg', 'ticker_90043d26741769c76d5173f9dfb49d8a', '95c2cd797fbd698ee9bce57604732bb2', 168795, 1, 0, 0, 0, 0, 1, 1731792674, 1, NULL, '2024-11-13 17:01:35', '2024-11-16 14:31:14', NULL),
(70799, 'ticker_e3a5cc7faabe37ffb21301b966334f2c', 'module', 0, 'bitcoin-grafico-economia-1642179101668_v2_1920x1080.jpg', 'ticker_e3a5cc7faabe37ffb21301b966334f2c', '1272a75f6a6ff2f0f5f36eb604e2d05c', 278506, 1, 0, 0, 0, 0, 1, 1731792674, 1, NULL, '2024-11-13 17:01:35', '2024-11-16 14:31:14', NULL),
(70803, 'ticker_7d7ea14478a0e105ebe191637eec2550', 'module', 0, '28mai2024---congresso-nacional-manteve-veto-de-bolsonaro-referente-a-criminalizacao-das-fake-news-1717000016560_v2_1920x1080.jpg', 'ticker_7d7ea14478a0e105ebe191637eec2550', 'ef7ac8573776de9d1bbaf67ea51edd55', 244642, 1, 0, 0, 0, 0, 1, 1731792674, 1, NULL, '2024-11-13 18:44:26', '2024-11-16 14:31:14', NULL),
(70808, 'ticker_30e6447fa5ff5d5cd6411a7ae420dc3c', 'module', 0, 'dinheiro-13-salario-trabalho-leis-trabalhistas-reais-cambio-dolar-consumo-varejo-comercio-pib-notas-cedulas-carteira-de-trabalho-clt-direitos-reforma-trabalhista-1542902394995_v2_1920x1080.jpg', 'ticker_30e6447fa5ff5d5cd6411a7ae420dc3c', '57dc5f96f3080552ef19e97a697afb6b', 142199, 1, 0, 0, 0, 0, 1, 1731792674, 1, NULL, '2024-11-13 20:17:23', '2024-11-16 14:31:14', NULL),
(70810, 'ticker_1bf9746fec6788931d565eafcf4ef561', 'module', 0, 'senador-davi-alcolumbre-1730844199549_v2_1920x1080.jpg', 'ticker_1bf9746fec6788931d565eafcf4ef561', 'fed86cd0da4d5ea64145ec8a6f60c667', 122001, 1, 0, 0, 0, 0, 1, 1731794047, 1, NULL, '2024-11-13 21:44:29', '2024-11-16 14:54:07', NULL),
(70821, 'ticker_1f3c9354cef8d3fe2a2db75686e81524', 'module', 0, 'pagbank-pagseguro-1724236769708_v2_1920x1080.jpg', 'ticker_1f3c9354cef8d3fe2a2db75686e81524', '4a5d21c3b78aae20316a0e3d1228cbe5', 124786, 1, 0, 0, 0, 0, 1, 1731792674, 1, NULL, '2024-11-14 06:33:36', '2024-11-16 14:31:14', NULL),
(70822, 'ticker_fe6be3a415bbd3b389f019961b174676', 'module', 0, 'gleisi-hoffmann-presidente-do-pt-e-deputada-federal-1699390528914_v2_1920x1080.jpg', 'ticker_fe6be3a415bbd3b389f019961b174676', 'cf964650990f8bd346aa6fdaab13afca', 127197, 1, 0, 0, 0, 0, 1, 1731794047, 1, NULL, '2024-11-14 06:43:39', '2024-11-16 14:54:07', NULL),
(70828, 'ticker_294ecbc3097ae559681f5a4cd9a65931', 'module', 0, 'plataforma-de-petroleo-da-petrobras-na-baia-de-guanabara-no-rio-de-janeiro-1639735112782_v2_1920x1080.jpg', 'ticker_294ecbc3097ae559681f5a4cd9a65931', '3dcef7e6bff6c0140bb72dddeee275c5', 233463, 1, 0, 0, 0, 0, 1, 1731792674, 1, NULL, '2024-11-14 08:16:18', '2024-11-16 14:31:14', NULL),
(70829, 'ticker_421ee4498ee3d7dbd9ef59d35a9fb5e2', 'module', 0, 'tema-foi-colocado-em-pauta-pelo-presidente-do-supremo-luis-roberto-barroso-foto-nelson-jrstf-1718884677338_v2_1920x1080.jpg', 'ticker_421ee4498ee3d7dbd9ef59d35a9fb5e2', '668178a8feecda82fc09631d2d55c2e6', 172556, 1, 0, 0, 0, 0, 1, 1731794047, 1, NULL, '2024-11-14 08:26:21', '2024-11-16 14:54:07', NULL),
(70830, 'ticker_842119e3596b9616f561648d03027c2f', 'module', 0, 'equipes-de-policiais-com-caes-farejadores-e-esquadrao-antibomba-fazem-diligencias-em-endereco-na-ceilandia-ligado-a-homem-que-se-explodiu-1731575617392_v2_1920x1080.jpg', 'ticker_842119e3596b9616f561648d03027c2f', '702bf28415cad8ab06f6c36924f85db9', 82014, 1, 0, 0, 0, 0, 1, 1731794047, 1, NULL, '2024-11-14 08:26:21', '2024-11-16 14:54:07', NULL),
(70831, 'ticker_28d7151a30f715f5a02c9c469279e5c8', 'module', 0, 'corpo-de-homem-morto-em-frente-ao-predio-do-stf-apos-explosoes-nesta-quarta-feira-13-1731546976135_v2_1920x1080.jpg', 'ticker_28d7151a30f715f5a02c9c469279e5c8', 'c70a50587f5e2c1b372f20a387780e70', 142160, 1, 0, 0, 0, 0, 1, 1731794047, 1, NULL, '2024-11-14 08:26:21', '2024-11-16 14:54:07', NULL),
(70832, 'ticker_d0b4921dd69f52cec7907fd407c3e783', 'module', 0, 'material-de-campanha-de-francisco-wanderley-luiz-tambem-conhecido-como-tiu-franca-do-facebook-ele-e-o-dono-de-carro-que-explodiu-na-praca-dos-tres-poderes-1731572238541_v2_1920x1080.jpg', 'ticker_d0b4921dd69f52cec7907fd407c3e783', 'ddd40d5444b7fcfdc037f42da187b174', 147488, 1, 0, 0, 0, 0, 1, 1731794047, 1, NULL, '2024-11-14 08:26:21', '2024-11-16 14:54:07', NULL),
(70834, 'ticker_076835458bf8425efb142b7485ec90a9', 'module', 0, 'homem-segura-celular-mostrando-o-jogo-fortune-tiger-conhecido-como-jogo-do-tigrinho-1727451874143_v2_1920x1080.jpg', 'ticker_076835458bf8425efb142b7485ec90a9', '76865a8de70cd38f7b7909f3f8da92e3', 128177, 1, 0, 0, 0, 0, 1, 1731792674, 1, NULL, '2024-11-14 09:56:04', '2024-11-16 14:31:14', NULL),
(70835, 'ticker_b5360c5726b535d844ff5423481f1214', 'module', 0, 'islandia-corta-jornada-de-trabalho-e-nao-registra-queda-na-produtividade-1625581968216_v2_1920x1080.jpg', 'ticker_b5360c5726b535d844ff5423481f1214', '7ad27a978eabcedf1434cb8229037beb', 152043, 1, 0, 0, 0, 0, 1, 1731792674, 1, NULL, '2024-11-14 11:41:45', '2024-11-16 14:31:14', NULL),
(70836, 'ticker_5840eeceb1a2fc7c1c4a5e1739229fc1', 'module', 0, 'lula-discursa-no-g20-1694261359688_v2_1920x1080.jpg', 'ticker_5840eeceb1a2fc7c1c4a5e1739229fc1', 'f811794fa01f3a415d205f9480499fa4', 116147, 1, 0, 0, 0, 0, 1, 1731792674, 1, NULL, '2024-11-14 11:41:45', '2024-11-16 14:31:14', NULL),
(70837, 'ticker_98d933874a15f623d0ebbc0699d1b117', 'module', 0, 'minha-casa-minha-vida-foto-fernando-frazao--agencia-brasil-1683315021819_v2_1920x1080.jpg', 'ticker_98d933874a15f623d0ebbc0699d1b117', '55ea3b980e0980309acfcf4e09b1d943', 220402, 1, 0, 0, 0, 0, 1, 1731792674, 1, NULL, '2024-11-14 11:41:45', '2024-11-16 14:31:14', NULL),
(70838, 'ticker_f93fdf82d88a668982697c2babc7611e', 'module', 0, 'lula-discursando-em-evento-no-palacio-do-itamaraty-foto-ricardo-stuckertpresidencia-da-republica-1683319220840_v2_1920x1080.jpg', 'ticker_f93fdf82d88a668982697c2babc7611e', 'c4511678121ff40d50e6f378bf4a67c2', 228420, 1, 0, 0, 0, 0, 1, 1731794047, 1, NULL, '2024-11-14 11:51:47', '2024-11-16 14:54:07', NULL),
(70848, 'ticker_0b8bfe78b8e20aa181be793249d5f9e4', 'module', 0, 'capitalismo-consciente-1628540391574_v2_1920x1080.jpg', 'ticker_0b8bfe78b8e20aa181be793249d5f9e4', 'ecd83cf42584f24b75446cc9a212eb5d', 64422, 1, 0, 0, 0, 0, 1, 1731792674, 1, NULL, '2024-11-14 13:24:27', '2024-11-16 14:31:14', NULL),
(70849, 'ticker_de86f445a39313b23b9d72ca17b6e898', 'module', 0, 'moraes-disse-que-quando-a-constituicao-e-atacada-o-stf-tem-a-missao-de-defende-la-1719595742365_v2_1920x1080.jpg', 'ticker_de86f445a39313b23b9d72ca17b6e898', '19b06687b99215e33cfccd659c29747f', 219725, 1, 0, 0, 0, 0, 1, 1731794047, 1, NULL, '2024-11-14 13:34:30', '2024-11-16 14:54:07', NULL),
(70850, 'ticker_e582b51ed8e78c8c99ca3c19bc13d22c', 'module', 0, 'mari-belmont---censo-1619648101691_v2_1920x1080.jpg', 'ticker_e582b51ed8e78c8c99ca3c19bc13d22c', '9190614316b36baddf40b54d04e34514', 347778, 1, 0, 0, 0, 0, 1, 1731793762, 1, NULL, '2024-11-14 13:55:27', '2024-11-16 14:49:22', NULL),
(70851, 'ticker_a2c1c32d3dcea3e1bbb54e88b6a300e8', 'module', 0, 'estrago-provocado-pelo-rompimento-da-barragem-da-samarco-em-mariana-mg-em-2015-1676386333012_v2_1920x1080.jpg', 'ticker_a2c1c32d3dcea3e1bbb54e88b6a300e8', 'e2f109b15eb7cb298b27f300b95c4ffd', 196941, 1, 0, 0, 0, 0, 1, 1731793762, 1, NULL, '2024-11-14 13:55:27', '2024-11-16 14:49:22', NULL),
(70852, 'ticker_a07d0ef57d1aabef22e207c9c30bedc4', 'module', 0, '14nov2024---policiais-federais-inspecionam-corpo-de-homem-que-morreu-apos-detonar-explosivos-na-praca-dos-tres-poderes-em-brasilia-1731589586222_v2_1920x1080.jpg', 'ticker_a07d0ef57d1aabef22e207c9c30bedc4', '4e265416ce2d2add992f286cb768cfbf', 192424, 1, 0, 0, 0, 0, 1, 1731794047, 1, NULL, '2024-11-14 13:55:27', '2024-11-16 14:54:07', NULL),
(70854, 'ticker_c93ad6ecab5061d157dcdd8ba72e42e1', 'module', 0, 'usina-de-energia-solar-1696277745667_v2_1920x1080.jpg', 'ticker_c93ad6ecab5061d157dcdd8ba72e42e1', 'c47f2b1c3c871e6790ff9f6c4f602959', 328875, 1, 0, 0, 0, 0, 1, 1731792674, 1, NULL, '2024-11-14 15:04:08', '2024-11-16 14:31:14', NULL),
(70857, 'ticker_2276f534d69b8a2ce0e40420f8f7225a', 'module', 0, 'ibge-1659369579783_v2_1920x1080.jpg', 'ticker_2276f534d69b8a2ce0e40420f8f7225a', 'feca2b04de6cf82b12d2d074c21cf1f7', 96602, 1, 0, 0, 0, 0, 1, 1731793762, 1, NULL, '2024-11-14 15:38:11', '2024-11-16 14:49:22', NULL),
(70858, 'ticker_ee328d8f5fa8ee2a20b72b268ac47d6f', 'module', 0, 'petroleo-offshore-1674047947734_v2_1920x1080.jpg', 'ticker_ee328d8f5fa8ee2a20b72b268ac47d6f', '879d5e7ddf75734e7bb730f61495ddf2', 169242, 1, 0, 0, 0, 0, 1, 1731792674, 1, NULL, '2024-11-14 16:49:55', '2024-11-16 14:31:14', NULL),
(70859, 'ticker_49c3dba8c3feb115d407b0c8cab61820', 'module', 0, 'carrinho-de-supermercado-inflacao-compras-mercado-1652814961501_v2_1920x1080.jpg', 'ticker_49c3dba8c3feb115d407b0c8cab61820', '42f73174021511eb752469aff193f8de', 146435, 1, 0, 0, 0, 0, 1, 1731792674, 1, NULL, '2024-11-14 16:49:55', '2024-11-16 14:31:14', NULL),
(70860, 'ticker_58caa51505b2e0c0e3a6ce47e9a8c399', 'module', 0, 'william-bonner-e-renata-vasconcellos-no-jornal-nacional-1665153962981_v2_1920x1080.png', 'ticker_58caa51505b2e0c0e3a6ce47e9a8c399', '493973542cec1c42bc908db04fb10a5e', 667834, 1, 0, 0, 0, 0, 1, 1731794047, 1, NULL, '2024-11-14 16:59:58', '2024-11-16 14:54:07', NULL),
(70861, 'ticker_59fe2d60d95d7d1d49c5f37a968399aa', 'module', 0, 'daniela-arias-da-colombia-comemora-classificacao-para-as-quartas-de-final-da-copa-do-mundo-feminina-1691504635399_v2_80x80.jpg', 'ticker_59fe2d60d95d7d1d49c5f37a968399aa', '0123681a7424837794e95f776a95a739', 5031, 1, 0, 0, 0, 0, 1, 1731793946, 1, NULL, '2024-11-14 17:11:08', '2024-11-16 14:52:26', NULL),
(70862, 'ticker_8835f5d97a0a48c820328d8d2dcffe11', 'module', 0, 'anderson-silva-lutou-em-outubro-de-2022-contra-jake-paul-futuro-rival-de-mike-tyson-1711046120670_v2_1920x1080.jpg', 'ticker_8835f5d97a0a48c820328d8d2dcffe11', '4af0fabc35819f3fb61def1e5cae7663', 278977, 1, 0, 0, 0, 0, 1, 1731793946, 1, NULL, '2024-11-14 17:11:08', '2024-11-16 14:52:26', NULL),
(70863, 'ticker_644565040bc6d9ce85cf259b40d7fce5', 'module', 0, 'elevador-elevadores-1688490245624_v2_1920x1080.jpg', 'ticker_644565040bc6d9ce85cf259b40d7fce5', 'f24127f03db4953842d08b2b4f83386e', 73697, 1, 0, 0, 0, 0, 1, 1731793762, 1, NULL, '2024-11-14 17:20:54', '2024-11-16 14:49:22', NULL),
(70865, 'ticker_7b4ef614496160f0631422ede4421478', 'module', 0, 'fumaca-de-usina-de-carvao-na-europa-1716921935639_v2_1920x1080.jpg', 'ticker_7b4ef614496160f0631422ede4421478', 'fe8510d2acb4b1705daeb5e68a65cfd5', 121756, 1, 0, 0, 0, 0, 1, 1731792674, 1, NULL, '2024-11-14 18:32:39', '2024-11-16 14:31:14', NULL),
(70866, 'ticker_3deacb0761af08c13c15494e84d0dc35', 'module', 0, 'maria-bethania-e-caetano-veloso-durante-show-da-turne-que-fazem-juntos-pelo-brasil-1725394693730_v2_1920x1080.jpg', 'ticker_3deacb0761af08c13c15494e84d0dc35', '4ae775e7c3600353b7b91b7f62f55ee0', 272494, 1, 0, 0, 0, 0, 1, 1731792674, 1, NULL, '2024-11-14 18:32:39', '2024-11-16 14:31:14', NULL),
(70867, 'ticker_6d96925bedb05c744cc377711dd57bb8', 'module', 0, 'policia-e-bombeiros-cercam-frente-do-stf-apos-explosao-1731543280675_v2_1920x1080.jpg', 'ticker_6d96925bedb05c744cc377711dd57bb8', '82dcaf82f13e2c4dc2aeefe657044571', 201620, 1, 0, 0, 0, 0, 1, 1731794047, 1, NULL, '2024-11-14 18:42:44', '2024-11-16 14:54:07', NULL),
(70868, 'ticker_8b0c244d39fba88aeefdd65e8ea84f74', 'module', 0, 'arrascaeta-em-acao-durante-atletico-mg-x-flamengo-pela-final-da-copa-do-brasil-1731269213891_v2_1920x1080.jpg', 'ticker_8b0c244d39fba88aeefdd65e8ea84f74', '747e8ad94f553479dc678945baf35ff3', 193023, 1, 0, 0, 0, 0, 1, 1731793946, 1, NULL, '2024-11-14 18:53:51', '2024-11-16 14:52:26', NULL),
(70869, 'ticker_232b44131a637da1b2624bc94b7bd767', 'module', 0, 'andre-ramalho-do-corinthians-1722808046809_v2_1920x1080.jpg', 'ticker_232b44131a637da1b2624bc94b7bd767', 'b282ccfdb4e8553c812c5e61893c2ce1', 133454, 1, 0, 0, 0, 0, 1, 1731793946, 1, NULL, '2024-11-14 18:53:51', '2024-11-16 14:52:26', NULL),
(70870, 'ticker_d040518a2dd4f3214a19a98b273d7fa3', 'module', 0, 'governador-do-para-helder-barbalho-mdb-1653675017386_v2_1920x1080.jpg', 'ticker_d040518a2dd4f3214a19a98b273d7fa3', '9953dde7f1d418ff5fa764099ea7d116', 111709, 1, 0, 0, 0, 0, 1, 1731793762, 1, NULL, '2024-11-14 19:03:37', '2024-11-16 14:49:22', NULL),
(70871, 'ticker_cbdffb5c848591b082a67afd80bae18a', 'module', 0, 'fortuna-foi-roubada-por-funcionario-da-sony-e-convertida-para-criptomoedas-1640104691713_v2_1920x1080.jpg', 'ticker_cbdffb5c848591b082a67afd80bae18a', 'bfbd9bff2ab6b8558c7af6fd966ca6b2', 272042, 1, 0, 0, 0, 0, 1, 1731830799, 1, NULL, '2024-11-14 20:09:08', '2024-11-17 01:06:39', NULL),
(70872, 'ticker_bfc144c6b4f85f21eaed140e7bdcd207', 'module', 0, 'cristina-kirchner-critica-fernandez-apos-denuncia-de-agressao-da-ex-1723221674610_v2_1920x1080.jpg', 'ticker_bfc144c6b4f85f21eaed140e7bdcd207', 'b571b64479badc681e7dd31cc384df86', 122007, 1, 0, 0, 0, 0, 1, 1731830799, 1, NULL, '2024-11-14 20:09:08', '2024-11-17 01:06:39', NULL),
(70873, 'ticker_3fd57e1c4154893b1956488e820046bd', 'module', 0, 'east-river-e-manhattan-em-nova-york-1625078553085_v2_1920x1080.jpg', 'ticker_3fd57e1c4154893b1956488e820046bd', 'bf2d0562f6df55f5d669769f2e18bdee', 308228, 1, 0, 0, 0, 0, 1, 1731830799, 1, NULL, '2024-11-14 20:09:08', '2024-11-17 01:06:39', NULL),
(70874, 'ticker_877e4b6b8117057e4a28405109f68833', 'module', 0, 'janja-primeira-dama-1725535096823_v2_1920x1080.jpg', 'ticker_877e4b6b8117057e4a28405109f68833', '7c1e7f5e1e9a7a10cdffb59ec7cd8bab', 133588, 1, 0, 0, 0, 0, 1, 1731830799, 1, NULL, '2024-11-14 20:09:08', '2024-11-17 01:06:39', NULL),
(70876, 'ticker_bee4c51728a567200476f78176463389', 'module', 0, 'programa-minha-casa-minha-vida-foi-relancado-pelo-governo-lula-1681383068513_v2_1920x1080.jpg', 'ticker_bee4c51728a567200476f78176463389', '79c68bff9800d6f2b363e6f55d57e2dd', 131604, 1, 0, 0, 0, 0, 1, 1731792674, 1, NULL, '2024-11-14 20:15:31', '2024-11-16 14:31:14', NULL),
(70877, 'ticker_8d088bf38ec14432bd58b922a07d8b37', 'module', 0, 'tonali-da-italia-celebra-gol-marcado-sobre-a-belgica-em-duelo-da-liga-das-nacoes-1731617117935_v2_1920x1080.jpg', 'ticker_8d088bf38ec14432bd58b922a07d8b37', '3c549b194b55a7f262511173d5c43d4f', 196806, 1, 0, 0, 0, 0, 1, 1731793946, 1, NULL, '2024-11-14 20:23:54', '2024-11-16 14:52:26', NULL),
(70878, 'ticker_19f6af33683475b152d7cc0d131eaffe', 'module', 0, 'sergio-ramos-era-capitao-da-espanha-ate-antes-da-euro-2020-1664708383879_v2_1920x1080.jpg', 'ticker_19f6af33683475b152d7cc0d131eaffe', '29512c89ce6cf3dc787cd7943ab22213', 131030, 1, 0, 0, 0, 0, 1, 1731793946, 1, NULL, '2024-11-14 20:23:54', '2024-11-16 14:52:26', NULL),
(70879, 'ticker_86d5874249eaa824e099ecc7486bde2d', 'module', 0, 'vini-jr-em-acao-durante-venezuela-x-brasil-duelo-das-eliminatorias-1731623141518_v2_1920x1080.jpg', 'ticker_86d5874249eaa824e099ecc7486bde2d', '40f2dd0c7c7850b8c1cd21e0fd6d9dbe', 294139, 1, 0, 0, 0, 0, 1, 1731793946, 1, NULL, '2024-11-14 20:23:54', '2024-11-16 14:52:26', NULL),
(70880, 'ticker_2183ad04a7d894fe88a42dca14d5aa67', 'module', 0, 'roberto-campos-neto-presidente-do-banco-central-1731182480934_v2_1920x1080.jpg', 'ticker_2183ad04a7d894fe88a42dca14d5aa67', '3c95fc709ecbc8104bc799a38e961f8f', 185217, 1, 0, 0, 0, 0, 1, 1731792674, 1, NULL, '2024-11-14 21:45:34', '2024-11-16 14:31:14', NULL),
(70881, 'ticker_2ed82e6282cfa57f45fdf7a768307f2c', 'module', 0, 'robert-f-kennedy-jr-chega-para-acompanhar-o-debate-entre-trump-e-kamala-1726013211924_v2_1920x1080.jpg', 'ticker_2ed82e6282cfa57f45fdf7a768307f2c', 'f62a836286ca1bec0b7fd7ed7a317995', 181373, 1, 0, 0, 0, 0, 1, 1731830799, 1, NULL, '2024-11-14 23:21:59', '2024-11-17 01:06:39', NULL),
(70882, 'ticker_fac00201a27ece62931a158f4b9b61b6', 'module', 0, '2jul2024---o-ditador-da-coreia-do-norte-kim-jong-un-durante-evento-do-partido-dos-trabalhadores-1720891389046_v2_1920x1080.jpg', 'ticker_fac00201a27ece62931a158f4b9b61b6', 'acc0a8e6365ed17c62c5114eaabd8c56', 139065, 1, 0, 0, 0, 0, 1, 1731830799, 1, NULL, '2024-11-14 23:21:59', '2024-11-17 01:06:39', NULL),
(70883, 'ticker_9cc9ce32a1a7df0dd871619fa0bbbdd0', 'module', 0, 'o-presidente-dos-eua-joe-biden-se-encontra-com-o-presidente-eleito-dos-eua-donald-trump-no-salao-oval-da-casa-branca-1731514878754_v2_1920x1080.jpg', 'ticker_9cc9ce32a1a7df0dd871619fa0bbbdd0', '0b0202c6fd12e2fea8ff44b1b5f70506', 252407, 1, 0, 0, 0, 0, 1, 1731830799, 1, NULL, '2024-11-14 23:21:59', '2024-11-17 01:06:39', NULL),
(70884, 'ticker_5d29b8aa472765181849f0b0bce621e4', 'module', 0, 'torcedores-lotaram-sao-januario-em-vasco-x-bahia-duelo-do-campeonato-brasileiro-1682985003101_v2_1920x1080.jpg', 'ticker_5d29b8aa472765181849f0b0bce621e4', '772f486b5e72d132723dd1048b022c73', 385346, 1, 0, 0, 0, 0, 1, 1731793946, 1, NULL, '2024-11-14 23:36:44', '2024-11-16 14:52:26', NULL),
(70885, 'ticker_f1f607c0c189cce22fcf4825a6a13078', 'module', 0, 'estatua-da-justica-na-frente-do-stf-1698506949372_v2_1920x1080.jpg', 'ticker_f1f607c0c189cce22fcf4825a6a13078', 'e6acff219d7aaf41fc98f874e40ae3ee', 305436, 1, 0, 0, 0, 0, 1, 1731794047, 1, NULL, '2024-11-14 23:38:24', '2024-11-16 14:54:07', NULL),
(70886, 'ticker_84b8ef19f3f6e7225656b0538c392b08', 'module', 0, 'o-senador-e-ex-presidente-fernando-collor-de-mello-pros-al-em-entrevista-ao-uol-e-a-folha-em-brasilia-1575658290720_v2_1920x1080.jpg', 'ticker_84b8ef19f3f6e7225656b0538c392b08', '1a9675c62aeb67f353dfec20750c6243', 299270, 1, 0, 0, 0, 0, 1, 1731794047, 1, NULL, '2024-11-14 23:38:24', '2024-11-16 14:54:07', NULL),
(70887, 'ticker_cdede2286ff284a708fd91088b334ca3', 'module', 0, 'hacker-ataque-ciberseguranca-ciber-seguranca-seguranca-eletronica-invasao-1661967287897_v2_1920x1080.jpg', 'ticker_cdede2286ff284a708fd91088b334ca3', 'b1b409fa026c78de7bf733ef39f107c7', 282103, 1, 0, 0, 0, 0, 1, 1731793762, 1, NULL, '2024-11-14 23:46:30', '2024-11-16 14:49:22', NULL),
(70888, 'ticker_7105d6e220e1df77434771e801eb8d7e', 'module', 0, 'o-presidente-da-argentina-javier-milei-com-elon-musk-e-o-presidente-eleito-dos-eua-donald-trump-1731682006420_v2_1920x1080.jpg', 'ticker_7105d6e220e1df77434771e801eb8d7e', '13441a60ace624b679dbddc8dc6c8f6b', 182409, 1, 0, 0, 0, 0, 1, 1731830799, 1, NULL, '2024-11-15 13:03:46', '2024-11-17 01:06:39', NULL),
(70889, 'ticker_859a822eaad43f15d1a4fea401ff1f3f', 'module', 0, 'pesquisadores-encontraram-anforas-no-fundo-do-mar-1731521442269_v2_1920x1080.jpg', 'ticker_859a822eaad43f15d1a4fea401ff1f3f', '568a1a91020fa78ae172bce90b025111', 223818, 1, 0, 0, 0, 0, 1, 1731830799, 1, NULL, '2024-11-15 13:03:46', '2024-11-17 01:06:39', NULL),
(70890, 'ticker_20c29684e19f34b47214647746d3f4e8', 'module', 0, '30jan2021---entrada-do-campus-de-bauru-sp-da-unesp-universidade-estadual-paulista-1612134023868_v2_1920x1080.jpg', 'ticker_20c29684e19f34b47214647746d3f4e8', '06cfe08127fe238e754ebbc501fd58e8', 276853, 1, 0, 0, 0, 0, 1, 1731793762, 1, NULL, '2024-11-15 13:28:16', '2024-11-16 14:49:22', NULL),
(70891, 'ticker_46bac21f1239abc022d1f3a4d2a7da9e', 'module', 0, 'mike-tyson-da-tapa-em-jake-paul-durante-cerimonia-de-pesagem-1731641794295_v2_1920x1080.jpg', 'ticker_46bac21f1239abc022d1f3a4d2a7da9e', 'f3f2856e4d387fd7fd28f414c8704541', 261050, 1, 0, 0, 0, 0, 1, 1731793946, 1, NULL, '2024-11-15 13:31:20', '2024-11-16 14:52:26', NULL),
(70892, 'ticker_26b779536881f2beeff3b657d159e4fa', 'module', 0, 'dorival-junior-tecnico-do-brasil-durante-jogo-contra-a-venezuela-1731620825959_v2_1920x1080.jpg', 'ticker_26b779536881f2beeff3b657d159e4fa', '30447df72571afda1e1371ca46d50329', 243259, 1, 0, 0, 0, 0, 1, 1731793946, 1, NULL, '2024-11-15 13:31:20', '2024-11-16 14:52:26', NULL),
(70893, 'ticker_c711f42c79dcc4d2384f7f12bd71f182', 'module', 0, 'movimento-vat-convocou-atos-pelo-brasil-contra-a-escala-6x1-1731678760055_v2_1920x1080.jpg', 'ticker_c711f42c79dcc4d2384f7f12bd71f182', '51d1a1fcbc55072c7594c037bef2c593', 150100, 1, 0, 0, 0, 0, 1, 1731794047, 1, NULL, '2024-11-15 13:33:01', '2024-11-16 14:54:07', NULL),
(70894, 'ticker_f17923ee8064cd755238abca6b31ff07', 'module', 0, '30jun23---ministro-kassio-nunes-marques-do-tse-em-julgamento-de-jair-bolsonaro-1688141886757_v2_1920x1080.jpg', 'ticker_f17923ee8064cd755238abca6b31ff07', '544eab9be573d24a5bb64119e68ab3ad', 146282, 1, 0, 0, 0, 0, 1, 1731794047, 1, NULL, '2024-11-15 13:33:01', '2024-11-16 14:54:07', NULL),
(70895, 'ticker_17b8f1222986df1dfcffb4c2e89aeb79', 'module', 0, 'piramides-de-gize-no-egito-1539361722580_v2_1920x1080.jpg', 'ticker_17b8f1222986df1dfcffb4c2e89aeb79', '623aabd3f153731df1ad86f32a7ef3f7', 296174, 1, 0, 0, 0, 0, 1, 1731793762, 1, NULL, '2024-11-15 15:11:05', '2024-11-16 14:49:22', NULL),
(70896, 'ticker_1f0ebbb7527939c07b8af46bbf5da7c7', 'module', 0, '18abr2020---fachada-do-hospital-municipal-da-bela-vista-no-centro-de-sao-paulo-onde-instalacoes-dos-novos-leitos-para-paciente-diagnosticados-com-coronavirus-foram-inaugurados-1587221800652_v2_1920x1080.jpg', 'ticker_1f0ebbb7527939c07b8af46bbf5da7c7', 'bd1cb624cd97457af004c7eed4465cf8', 238702, 1, 0, 0, 0, 0, 1, 1731793762, 1, NULL, '2024-11-15 15:11:05', '2024-11-16 14:49:22', NULL),
(70897, 'ticker_e1943d18a03fa99653413b0215659f8a', 'module', 0, 'lionel-messi-durante-a-final-da-copa-america-1721838204678_v2_1920x1080.jpg', 'ticker_e1943d18a03fa99653413b0215659f8a', 'b68dd225e94198b668b65618a6219de4', 161712, 1, 0, 0, 0, 0, 1, 1731793946, 1, NULL, '2024-11-15 15:14:09', '2024-11-16 14:52:26', NULL),
(70898, 'ticker_bd2aa3c3b5c66cd5b914ae312d6d77a4', 'module', 0, 'poster-do-super-mundial-de-clubes-da-fifa-1731684078944_v2_1920x1080.jpg', 'ticker_bd2aa3c3b5c66cd5b914ae312d6d77a4', '105e0cf9985b61866d7756376eee46f3', 284953, 1, 0, 0, 0, 0, 1, 1731793946, 1, NULL, '2024-11-15 15:14:09', '2024-11-16 14:52:26', NULL),
(70899, 'ticker_3aeff8503479e1d93625994b2130b4df', 'module', 0, 'francisco-wanderley-luiz-escreveu-mensagem-em-espelho-se-referindo-a-mulher-que-pichou-estatua-no-stf-1731606267627_v2_1920x1080.jpg', 'ticker_3aeff8503479e1d93625994b2130b4df', '82c3662144a69f5833859467711a7a8a', 189508, 1, 0, 0, 0, 0, 1, 1731794047, 1, NULL, '2024-11-15 15:15:50', '2024-11-16 14:54:07', NULL),
(70900, 'ticker_998714eee1d6845f8e082c44847e21ff', 'module', 0, 'placa-no-castelo-de-exeter-marca-o-local-dos-julgamentos-das-ultimas-bruxas-da-inglaterra-incluindo-alice-molland-que-pode-nunca-ter-ido-a-forca-1731525831298_v2_1920x1080.jpg', 'ticker_998714eee1d6845f8e082c44847e21ff', '10a3a3b2dee8aa8761a3c296469439f0', 259445, 1, 0, 0, 0, 0, 1, 1731830799, 1, NULL, '2024-11-15 16:29:18', '2024-11-17 01:06:39', NULL),
(70901, 'ticker_cc13503f78481c18863838ac7be50ef2', 'module', 0, '22out2021---o-secretario-da-fazenda-de-sao-paulo-henrique-meirelles-na-20-edicao-do-forum-empresarial-lide-1636059374068_v2_1920x1080.jpg', 'ticker_cc13503f78481c18863838ac7be50ef2', '6025db4e4110feb4d5cc7f3a291e19ec', 287388, 1, 0, 0, 0, 0, 1, 1731792674, 1, NULL, '2024-11-15 16:35:41', '2024-11-16 14:31:14', NULL),
(70902, 'ticker_8e4d9cfa94016cdb3cb8c98137bc60d7', 'module', 0, 'carlos-sainz-da-ferrari-celebra-a-vitoria-no-gp-do-mexico-de-f1-1730067937903_v2_1920x1080.jpg', 'ticker_8e4d9cfa94016cdb3cb8c98137bc60d7', 'ba36cbee78e21cfd10a5fad4ef448bb9', 128065, 1, 0, 0, 0, 0, 1, 1731793946, 1, NULL, '2024-11-15 18:39:40', '2024-11-16 14:52:26', NULL),
(70903, 'ticker_ec6b4ef83a05795c6720956fbe2a146f', 'module', 0, 'atleta-comemora-apos-marcar-pelo-corinthians-sobre-o-sao-paulo-na-semi-do-paulistao-feminino-1731256589399_v2_1920x1080.jpg', 'ticker_ec6b4ef83a05795c6720956fbe2a146f', 'd266ef9c15d8b1510c02dc81cd44f077', 130901, 1, 0, 0, 0, 0, 1, 1731793946, 1, NULL, '2024-11-15 18:39:40', '2024-11-16 14:52:26', NULL),
(70904, 'ticker_d7f99bb7a6a9fbb37441e9bcd9f15dce', 'module', 0, 'estudantes-do-ensino-medio-observam-painel-com-imagem-do-presidente-xi-jinping-no-memorial-do-1-congresso-nacional-do-partido-comunista-em-xangai-1683149142046_v2_1920x1080.jpg', 'ticker_d7f99bb7a6a9fbb37441e9bcd9f15dce', '160d780e5380c72543409fd9f5e431ff', 162911, 1, 0, 0, 0, 0, 1, 1731830799, 1, NULL, '2024-11-15 19:42:24', '2024-11-17 01:06:39', NULL),
(70905, 'ticker_4ca4c2ffddce7ce54bd8935ae61d9c73', 'module', 0, '5jun2024---o-presidente-da-argentina-javier-milei-durante-evento-em-buenos-aires-1717689150932_v2_1920x1080.jpg', 'ticker_4ca4c2ffddce7ce54bd8935ae61d9c73', '75dd4e35b9af90495751aedfd6ecb3d3', 145000, 1, 0, 0, 0, 0, 1, 1731830799, 1, NULL, '2024-11-15 19:42:24', '2024-11-17 01:06:39', NULL),
(70906, 'ticker_ce5d03cdd723bc1a5ddb6472a27822ac', 'module', 0, 'crianca-com-febre-febre-crianca-doente-1652472883942_v2_1920x1080.jpg', 'ticker_ce5d03cdd723bc1a5ddb6472a27822ac', 'fdf9563548fb5fa37a1db4954f5dcf1f', 103911, 1, 0, 0, 0, 0, 1, 1731792725, 1, NULL, '2024-11-15 19:49:37', '2024-11-16 14:32:05', NULL),
(70907, 'ticker_7b8eb652504d93357fb980a0a9541cdc', 'module', 0, 'midia-indoor-wap-merenda-escolar-alimentacao-ensino-creche-almoco-sopa-escola-alimento-alimentacao-crianca-1488833382738_1920x1080.jpg', 'ticker_7b8eb652504d93357fb980a0a9541cdc', '8799a6e34b5fb9cea96d49b281284dad', 393463, 1, 0, 0, 0, 0, 1, 1731792725, 1, NULL, '2024-11-15 19:49:37', '2024-11-16 14:32:05', NULL),
(70908, 'ticker_65aeb2653a35101f0a5f8fe65495bbf0', 'module', 0, '2abr2024---vista-de-favela-localizada-em-niteroi-na-regiao-metropolitana-do-rio-de-janeiro-1721327864466_v2_1920x1080.jpg', 'ticker_65aeb2653a35101f0a5f8fe65495bbf0', 'b746936906e30a8acbcda567c88e6d30', 341255, 1, 0, 0, 0, 0, 1, 1731792725, 1, NULL, '2024-11-15 19:49:37', '2024-11-16 14:32:05', NULL),
(70909, 'ticker_87038c73a2f7b26bfa4cb45d1f0bbe7f', 'module', 0, 'retrato-de-jovita-belfort-mae-do-lutador-vitor-belfort-e-de-priscila-desaparecida-em-2004-no-centro-do-rio-de-janeiro-1676396739115_v2_1920x1080.jpg', 'ticker_87038c73a2f7b26bfa4cb45d1f0bbe7f', '23f73f7caf92a8457c2c9b594fef2f80', 147949, 1, 0, 0, 0, 0, 1, 1731792725, 1, NULL, '2024-11-15 19:49:37', '2024-11-16 14:32:05', NULL),
(70910, 'ticker_6b55abc731d8689221e1039cab8b428b', 'module', 0, 'bacteria-causada-da-clamidia-ist-1614000557669_v2_1920x1080.jpg', 'ticker_6b55abc731d8689221e1039cab8b428b', '42faa984e1ba7dea57bac66d55841f06', 177519, 1, 0, 0, 0, 0, 1, 1731792725, 1, NULL, '2024-11-15 19:49:37', '2024-11-16 14:32:05', NULL),
(70911, 'ticker_5351f21c4068cf1440397b811233765b', 'module', 0, 'sala-de-cinema-1502552550634_1920x1080.jpg', 'ticker_5351f21c4068cf1440397b811233765b', '3c5725f7174e537866ef3d027e690703', 288685, 1, 0, 0, 0, 0, 1, 1731792725, 1, NULL, '2024-11-15 19:49:37', '2024-11-16 14:32:05', NULL),
(70912, 'ticker_fa41cd37214b46fb04cd1c7eea9f16cf', 'module', 0, '1ago2023---superlua-surge-sobre-o-pao-de-acucar-no-rio-de-janeiro-por-tras-de-teleferico-1690981460676_v2_1920x1080.jpg', 'ticker_fa41cd37214b46fb04cd1c7eea9f16cf', '6e25a8a6874387a02fed84de1ddb92ed', 252550, 1, 0, 0, 0, 0, 1, 1731793762, 1, NULL, '2024-11-15 20:06:56', '2024-11-16 14:49:22', NULL),
(70913, 'ticker_2aa7bacf70c340c3f49414d7084e8ee8', 'module', 0, 'praca-do-paissandu-vista-da-galeria-do-rock-na-republica-sao-paulo-1731704766502_v2_1920x1080.jpg', 'ticker_2aa7bacf70c340c3f49414d7084e8ee8', '193b0413ccc41462d4458b3b7d56ed6a', 265210, 1, 0, 0, 0, 0, 1, 1731793762, 1, NULL, '2024-11-15 20:06:56', '2024-11-16 14:49:22', NULL),
(70914, 'ticker_4bc687a4e587aae543a6d191bb3f2d98', 'module', 0, 'sao-paulo-sp-19092018---estacao-sumare-do-metro-em-sao-paulo-reconhecimento-facial-deve-funcionar-em-35-anos-foto-alberto-rochafolhapress---nossa---brasileiro---sudeste-1617034871748_v2_1920x1080.jpg', 'ticker_4bc687a4e587aae543a6d191bb3f2d98', 'cb7ceefa4aa6a9683ffcade113a13cdd', 339978, 1, 0, 0, 0, 0, 1, 1731793762, 1, NULL, '2024-11-15 20:06:56', '2024-11-16 14:49:22', NULL),
(70915, 'ticker_cbfa02fc766564d3d76b6eae25b3008b', 'module', 0, 'fernando-pereira-foi-intimado-a-depor-pela-pf-ele-e-dono-da-loja-onde-foram-comprados-fogos-usados-em-ataque-1731704139682_v2_1920x1080.jpg', 'ticker_cbfa02fc766564d3d76b6eae25b3008b', '47ae2b18c5ba2cb593744e7be484f57a', 249797, 1, 0, 0, 0, 0, 1, 1731794047, 1, NULL, '2024-11-15 20:11:42', '2024-11-16 14:54:07', NULL),
(70916, 'ticker_7d73796879db9ee9674ef9b3ac753d35', 'module', 0, 'regiao-da-serra-inacio-zona-rural-de-betania-do-piaui-1710435664813_v2_80x80.jpg', 'ticker_7d73796879db9ee9674ef9b3ac753d35', '51b682603ddda29fd444fa3830e7ea37', 3750, 1, 0, 0, 0, 0, 1, 1731793762, 1, NULL, '2024-11-15 23:32:23', '2024-11-16 14:49:22', NULL),
(70917, 'ticker_e1dbcb46157062f3b6a25c23672a879b', 'module', 0, 'fora-de-serie-sobre-pelos-leonardo-damaceno-depila-todo-o-corpo-com-cera-1558973632035_v2_1920x1080.jpg', 'ticker_e1dbcb46157062f3b6a25c23672a879b', 'f9f52167edcfc2c6818a20dae5ba2881', 116912, 1, 0, 0, 0, 0, 1, 1731793762, 1, NULL, '2024-11-15 23:32:23', '2024-11-16 14:49:22', NULL),
(70918, 'ticker_58cca17ceef2a12b70deab463f1164a2', 'module', 0, 'cristiano-ronaldo-fez-golaco-de-voleio-durante-polonia-x-portugal-1731709319230_v2_1920x1080.jpg', 'ticker_58cca17ceef2a12b70deab463f1164a2', 'd2510e0cfdfb715530e8f805b37375bf', 208512, 1, 0, 0, 0, 0, 1, 1731793946, 1, NULL, '2024-11-15 23:35:27', '2024-11-16 14:52:26', NULL),
(70919, 'ticker_8440e8fc1173aab4ac1ee3dbddeebb21', 'module', 0, 'bia-haddad-tenista-brasileira-1729515990175_v2_1920x1080.jpg', 'ticker_8440e8fc1173aab4ac1ee3dbddeebb21', '3e78b546f2821e4d419803946f88ee98', 286060, 1, 0, 0, 0, 0, 1, 1731793946, 1, NULL, '2024-11-15 23:35:27', '2024-11-16 14:52:26', NULL),
(70920, 'ticker_23564d84fc13cd21184e5fadcff8f9ad', 'module', 0, 'leila-pereira-durante-jogo-entre-palmeiras-e-fortaleza-pelo-brasileirao-1729973224289_v2_1920x1080.jpg', 'ticker_23564d84fc13cd21184e5fadcff8f9ad', '9a92d9f0a993540896a2e6c6de1dbab7', 122195, 1, 0, 0, 0, 0, 1, 1731793946, 1, NULL, '2024-11-15 23:35:27', '2024-11-16 14:52:26', NULL),
(70921, 'ticker_180f52229b2577ea2364081aa1e57d76', 'module', 0, '14--brasilia-df-brasil-25012023-estatua-da-justica-vandalizada-no-dia-08-de-janeiro-na-praca-dos-tres-poderes-e-lavada-por-agente-de-limpeza-foto-gabriela-bilofolhapress-1731696756574_v2_1920x1080.jpg', 'ticker_180f52229b2577ea2364081aa1e57d76', '94f9fd2b6be2a3b8100727c6d7533203', 365102, 1, 0, 0, 0, 0, 1, 1731794047, 1, NULL, '2024-11-15 23:37:09', '2024-11-16 14:54:07', NULL),
(70922, 'ticker_cd57385c4905367288b7f763ced9c062', 'module', 0, 'manifestacao-de-domingo-em-lisboa-convocada-pela-partido-de-ultradireita-chega-contra-a-imigracao-descontrolada-em-portugal-1727698071978_v2_1920x1080.jpg', 'ticker_cd57385c4905367288b7f763ced9c062', '59d20c2c317b85c96be9e5f504a43b84', 302129, 1, 0, 0, 0, 0, 1, 1731830799, 1, NULL, '2024-11-16 12:49:38', '2024-11-17 01:06:39', NULL),
(70923, 'ticker_780afc41dc593b2aff44c3f97662a25f', 'module', 0, 'volodymyr-zelensky-presidente-da-ucrania-1658229638433_v2_1920x1080.jpg', 'ticker_780afc41dc593b2aff44c3f97662a25f', 'eba892b2469a9112393e6f9067db92bd', 177050, 1, 0, 0, 0, 0, 1, 1731830799, 1, NULL, '2024-11-16 12:49:38', '2024-11-17 01:06:39', NULL),
(70924, 'ticker_388d3dee8811731b5c7d83051c0cc308', 'module', 0, 'pessoas-evacuadas-de-areas-alagadas-descansam-em-uma-academia-usada-como-abrigo-em-porto-alegre-rio-grande-do-sul-brasil-10-de-maio-de-2024-1715857399528_v2_1920x1080.jpg', 'ticker_388d3dee8811731b5c7d83051c0cc308', 'fcd663c1915e1b33ae1510315319db27', 392368, 1, 0, 0, 0, 0, 1, 1731793762, 1, NULL, '2024-11-16 13:14:08', '2024-11-16 14:49:22', NULL),
(70925, 'ticker_6b6b9666e39607bdfbe6649d5eeeb2a8', 'module', 0, 'dois-soldados-brasileiros-montam-guarda-na-praia-de-copacabana-como-parte-dos-preparativos-de-seguranca-antes-da-cupula-dos-lideres-do-g20-no-rio-de-janeiro-brasil-em-15-de-novembro-de-2024-1731759658052_v2_1920x1080.jpg', 'ticker_6b6b9666e39607bdfbe6649d5eeeb2a8', '06f4e1274091c30513e5ddd2a1a6722f', 189314, 1, 0, 0, 0, 0, 1, 1731793762, 1, NULL, '2024-11-16 13:14:08', '2024-11-16 14:49:22', NULL),
(70926, 'ticker_f93baee6eab77038b899dfe1923d06b9', 'module', 0, 'lebron-james-e-anthony-davis-durante-vitoria-dos-lakers-sobre-os-spurs-1731759675830_v2_1920x1080.jpg', 'ticker_f93baee6eab77038b899dfe1923d06b9', 'dddbfc22f02573364769ac58304e128a', 174365, 1, 0, 0, 0, 0, 1, 1731793946, 1, NULL, '2024-11-16 13:17:12', '2024-11-16 14:52:26', NULL),
(70927, 'ticker_e72126ba4511c669161f0df388d8503f', 'module', 0, 'o-ex-boxeador-acelino-popo-freitas-transformou-em-franquia-sua-marca-de-academia-de-lutas-popo-fight-club-a-novidade-foi-apresentada-na-abf-franchising-expo-feira-que-acontece-em-sao-paulo-1401912811852_1920x1080.jpg', 'ticker_e72126ba4511c669161f0df388d8503f', 'a56f188f0690caa58d78c96b43e2193f', 626015, 1, 0, 0, 0, 0, 1, 1731793946, 1, NULL, '2024-11-16 13:17:12', '2024-11-16 14:52:26', NULL),
(70928, 'ticker_5452ec86224996f66b035f8adb52f2c9', 'module', 0, 'flavio-dino-ministro-do-stf-1719593511672_v2_1920x1080.jpg', 'ticker_5452ec86224996f66b035f8adb52f2c9', 'a97e303414d26fc63565cb109d7fc41b', 151649, 1, 0, 0, 0, 0, 1, 1731794047, 1, NULL, '2024-11-16 13:18:54', '2024-11-16 14:54:07', NULL),
(70929, 'ticker_49cdbbb213b7cee5efe69eb7bb177297', 'module', 0, 'fumaca-sobre-nabatieh-em-meio-as-hostilidades-transfronteiricas-entre-o-hezbollah-e-as-forcas-israelenses-visto-de-marjayoun-perto-da-fronteira-com-israel-em-25-de-setembro-de-2024-1727265732310_v2_1920x1080.jpg', 'ticker_49cdbbb213b7cee5efe69eb7bb177297', 'c31bc18ac13a5b67288c8ced78cf62b6', 185266, 1, 0, 0, NULL, 0, 1, 1731830799, 1, NULL, '2024-11-17 01:06:39', '2024-11-17 01:06:39', NULL),
(70930, 'ticker_8e4e3367c6a643a4aeb3aef9c7e52cf6', 'module', 0, 'oposicionista-joga-tinta-em-lider-da-comissao-eleitoral-da-georgia-1731798141040_v2_1920x1080.png', 'ticker_8e4e3367c6a643a4aeb3aef9c7e52cf6', '568334e115e732cec505cba87cd34bec', 720685, 1, 0, 0, NULL, 0, 1, 1731830799, 1, NULL, '2024-11-17 01:06:39', '2024-11-17 01:06:39', NULL),
(70931, 'ticker_905b30ecb538c969b1170c2c350ebab6', 'module', 0, 'bruxa-halloween-fantasia-1697744708120_v2_1920x1080.jpg', 'ticker_905b30ecb538c969b1170c2c350ebab6', 'a3035d67f5ab72b5387dfaa977b3ff90', 151808, 1, 0, 0, NULL, 0, 1, 1731830799, 1, NULL, '2024-11-17 01:06:39', '2024-11-17 01:06:39', NULL),
(70932, 'ticker_2ec8852fccf39fe85550647a7521f02d', 'module', 0, 'o-presidente-chines-xi-jinping-acena-enquanto-caminha-com-o-presidente-dos-eua-joe-biden-na-propriedade-filoli-a-margem-da-cupula-da-cooperacao-economica-asia-pacifico-apec-em-woodside-california-eua-1715689411459_v2_1920x1080.jpg', 'ticker_2ec8852fccf39fe85550647a7521f02d', '05e3a24229afc216110ee7500b9daf53', 254782, 1, 0, 0, NULL, 0, 1, 1731830799, 1, NULL, '2024-11-17 01:06:39', '2024-11-17 01:06:39', NULL),
(70933, 'ticker_f1406fc763ba612344715e4ee9994bb1', 'module', 0, 'ativistas-climaticos-sao-condenados-por-jogar-po-em-vitrine-da-constituicao-dos-eua-1731790020012_v2_1920x1080.jpg', 'ticker_f1406fc763ba612344715e4ee9994bb1', '92e9711701c3fb7bc9579ffb0f86c781', 229971, 1, 0, 0, NULL, 0, 1, 1731830799, 1, NULL, '2024-11-17 01:06:39', '2024-11-17 01:06:39', NULL);

-- --------------------------------------------------------

--
-- Estrutura para tabela `module`
--

CREATE TABLE `module` (
  `moduleId` int(11) NOT NULL,
  `module` varchar(50) NOT NULL,
  `name` varchar(50) NOT NULL,
  `enabled` tinyint(4) NOT NULL DEFAULT '0',
  `regionSpecific` tinyint(4) NOT NULL DEFAULT '1',
  `description` varchar(254) DEFAULT NULL,
  `schemaVersion` int(11) NOT NULL DEFAULT '1',
  `validExtensions` varchar(254) DEFAULT NULL,
  `previewEnabled` tinyint(4) NOT NULL DEFAULT '1',
  `assignable` tinyint(4) NOT NULL DEFAULT '1',
  `render_as` varchar(10) DEFAULT NULL,
  `settings` text,
  `viewPath` varchar(254) NOT NULL DEFAULT '../modules',
  `class` varchar(254) NOT NULL,
  `defaultDuration` int(11) NOT NULL,
  `installName` varchar(254) DEFAULT NULL
) ENGINE=InnoDB DEFAULT CHARSET=utf8;

--
-- Despejando dados para a tabela `module`
--

INSERT INTO `module` (`moduleId`, `module`, `name`, `enabled`, `regionSpecific`, `description`, `schemaVersion`, `validExtensions`, `previewEnabled`, `assignable`, `render_as`, `settings`, `viewPath`, `class`, `defaultDuration`, `installName`) VALUES
(1, 'Image', 'Image', 1, 0, 'Upload Image files to assign to Layouts', 1, 'jpg,jpeg,png,bmp,gif', 1, 1, NULL, NULL, '../modules', 'Xibo\\Widget\\Image', 10, NULL),
(2, 'Video', 'Video', 1, 0, 'Upload Video files to assign to Layouts', 1, 'wmv,avi,mpg,mpeg,webm,mp4,m4v,mp3', 0, 1, NULL, '{\"defaultMute\":0}', '../modules', 'Xibo\\Widget\\Video', 0, NULL),
(3, 'Flash', 'Flash', 1, 0, 'Upload SWF files to assign to Layouts', 1, 'swf', 1, 1, NULL, NULL, '../modules', 'Xibo\\Widget\\Flash', 10, NULL),
(4, 'PowerPoint', 'PowerPoint', 1, 0, 'Upload a PowerPoint file to assign to Layouts', 1, 'ppt,pps,pptx', 1, 1, NULL, NULL, '../modules', 'Xibo\\Widget\\PowerPoint', 10, NULL),
(5, 'Webpage', 'Webpage', 1, 1, 'Embed a Webpage', 1, NULL, 1, 1, NULL, NULL, '../modules', 'Xibo\\Widget\\WebPage', 60, NULL),
(6, 'Ticker', 'Ticker', 1, 1, 'Display dynamic feed content', 1, NULL, 1, 1, NULL, '[]', '../modules', 'Xibo\\Widget\\Ticker', 5, NULL),
(7, 'Text', 'Text', 1, 1, 'Add Text directly to a Layout', 1, NULL, 1, 1, NULL, NULL, '../modules', 'Xibo\\Widget\\Text', 5, NULL),
(8, 'Embedded', 'Embedded', 1, 1, 'Embed HTML and JavaScript', 1, NULL, 1, 1, NULL, NULL, '../modules', 'Xibo\\Widget\\Embedded', 60, NULL),
(11, 'datasetview', 'DataSet View', 1, 1, 'Organise and display DataSet data in a tabular format', 1, NULL, 1, 1, NULL, NULL, '../modules', 'Xibo\\Widget\\DataSetView', 60, NULL),
(12, 'shellcommand', 'Shell Command', 1, 1, 'Instruct a Display to execute a command using the operating system shell', 1, NULL, 1, 1, NULL, NULL, '../modules', 'Xibo\\Widget\\ShellCommand', 3, NULL),
(13, 'localvideo', 'Local Video', 1, 1, 'Display Video that only exists on the Display by providing a local file path or URL', 1, NULL, 0, 1, NULL, NULL, '../modules', 'Xibo\\Widget\\LocalVideo', 60, NULL),
(14, 'genericfile', 'Generic File', 1, 0, 'A generic file to be stored in the library', 1, ',js,html,htm', 0, 0, NULL, NULL, '../modules', 'Xibo\\Widget\\GenericFile', 10, NULL),
(15, 'clock', 'Clock', 1, 1, 'Assign a type of Clock or a Countdown', 1, NULL, 1, 1, 'html', '[]', '../modules', 'Xibo\\Widget\\Clock', 5, NULL),
(16, 'font', 'Font', 1, 0, 'A font to use in other Modules', 1, 'ttf,otf,eot,svg,woff', 0, 0, NULL, NULL, '../modules', 'Xibo\\Widget\\Font', 10, NULL),
(17, 'audio', 'Audio', 1, 0, 'Upload Audio files to assign to Layouts', 1, 'mp3,wav', 0, 1, NULL, NULL, '../modules', 'Xibo\\Widget\\Audio', 0, NULL),
(18, 'pdf', 'PDF', 1, 0, 'Upload PDF files to assign to Layouts', 1, 'pdf', 1, 1, 'html', NULL, '../modules', 'Xibo\\Widget\\Pdf', 60, NULL),
(19, 'notificationview', 'Notification', 1, 1, 'Display messages created in the Notification Drawer of the CMS', 1, NULL, 1, 1, 'html', NULL, '../modules', 'Xibo\\Widget\\NotificationView', 10, NULL),
(20, 'subplaylist', 'Sub-Playlist', 1, 1, 'Embed a Sub-Playlist', 1, NULL, 1, 1, 'native', NULL, '../modules', 'Xibo\\Widget\\SubPlaylist', 10, NULL),
(21, 'datasetticker', 'DataSet Ticker', 1, 1, 'Ticker with a DataSet providing the items', 1, NULL, 1, 1, 'html', NULL, '../modules', 'Xibo\\Widget\\DataSetTicker', 10, NULL),
(22, 'playersoftware', 'Player Software', 1, 0, 'A module for managing Player Versions', 1, 'apk,ipk,wgt', 0, 0, NULL, NULL, '../modules', 'Xibo\\Widget\\PlayerSoftware', 10, NULL),
(23, 'htmlpackage', 'HTML Package', 1, 0, 'Upload a complete package to distribute to Players', 1, 'htz', 0, 1, 'native', NULL, '../modules', 'Xibo\\Widget\\HtmlPackage', 60, NULL),
(24, 'videoin', 'Video In', 1, 1, 'Display input from an external source', 1, NULL, 0, 1, 'native', NULL, '../modules', 'Xibo\\Widget\\VideoIn', 60, NULL),
(25, 'hls', 'HLS', 1, 1, 'Display live streamed content', 1, NULL, 1, 1, 'html', NULL, '../modules', 'Xibo\\Widget\\Hls', 60, NULL),
(26, 'calendar', 'Calendar', 1, 1, 'Display events from an iCAL feed', 1, NULL, 1, 1, 'html', NULL, '../modules', 'Xibo\\Widget\\Calendar', 60, NULL),
(27, 'chart', 'Chart', 1, 1, 'Display information held in a DataSet as a type of Chart', 1, NULL, 1, 1, 'html', NULL, '../modules', 'Xibo\\Widget\\Chart', 240, NULL),
(28, 'savedreport', 'Saved Reports', 1, 0, 'A saved report to be stored in the library', 1, 'json', 0, 0, NULL, NULL, '../modules', 'Xibo\\Widget\\SavedReport', 10, 'savedreport'),
(29, 'spacer', 'Spacer', 1, 1, 'Make a Region empty for a specified duration', 1, NULL, 0, 1, 'html', NULL, '../modules', 'Xibo\\Widget\\Spacer', 60, 'spacer'),
(30, 'countdown', 'Countdown', 1, 1, 'Countdown Module', 1, NULL, 1, 1, 'html', NULL, '../modules', 'Xibo\\Widget\\Countdown', 60, 'countdown'),
(31, 'forecastio', 'Weather', 1, 1, 'Weather Powered by DarkSky', 1, NULL, 1, 1, 'html', '{\"apiKey\":\"aee7adc0354c486c14c07d4c09117939\",\"owmApiKey\":null,\"owmIsPaidPlan\":0,\"cachePeriod\":1440}', '../modules', 'Xibo\\Widget\\ForecastIo', 60, 'forecastio');

-- --------------------------------------------------------

--
-- Estrutura para tabela `notification`
--

CREATE TABLE `notification` (
  `notificationId` int(11) NOT NULL,
  `subject` varchar(255) NOT NULL,
  `body` longtext NOT NULL,
  `createDt` int(11) NOT NULL,
  `releaseDt` int(11) NOT NULL,
  `isEmail` tinyint(4) NOT NULL,
  `isInterrupt` tinyint(4) NOT NULL,
  `isSystem` tinyint(4) NOT NULL,
  `userId` int(11) NOT NULL,
  `filename` varchar(1000) DEFAULT NULL,
  `nonusers` varchar(1000) DEFAULT NULL,
  `originalFileName` varchar(254) DEFAULT NULL
) ENGINE=InnoDB DEFAULT CHARSET=utf8;

-- --------------------------------------------------------

--
-- Estrutura para tabela `oauth_access_tokens`
--

CREATE TABLE `oauth_access_tokens` (
  `access_token` varchar(254) NOT NULL,
  `session_id` int(11) NOT NULL,
  `expire_time` int(11) NOT NULL
) ENGINE=InnoDB DEFAULT CHARSET=utf8;

-- --------------------------------------------------------

--
-- Estrutura para tabela `oauth_access_token_scopes`
--

CREATE TABLE `oauth_access_token_scopes` (
  `id` int(11) NOT NULL,
  `access_token` varchar(254) NOT NULL,
  `scope` varchar(254) NOT NULL
) ENGINE=InnoDB DEFAULT CHARSET=utf8;

-- --------------------------------------------------------

--
-- Estrutura para tabela `oauth_auth_codes`
--

CREATE TABLE `oauth_auth_codes` (
  `auth_code` varchar(254) NOT NULL,
  `session_id` int(11) NOT NULL,
  `expire_time` int(11) NOT NULL,
  `client_redirect_uri` varchar(500) NOT NULL
) ENGINE=InnoDB DEFAULT CHARSET=utf8;

-- --------------------------------------------------------

--
-- Estrutura para tabela `oauth_auth_code_scopes`
--

CREATE TABLE `oauth_auth_code_scopes` (
  `id` int(11) NOT NULL,
  `auth_code` varchar(254) NOT NULL,
  `scope` varchar(254) NOT NULL
) ENGINE=InnoDB DEFAULT CHARSET=utf8;

-- --------------------------------------------------------

--
-- Estrutura para tabela `oauth_clients`
--

CREATE TABLE `oauth_clients` (
  `id` varchar(254) NOT NULL,
  `secret` varchar(254) NOT NULL,
  `name` varchar(254) NOT NULL,
  `userId` int(11) NOT NULL,
  `authCode` tinyint(4) NOT NULL,
  `clientCredentials` tinyint(4) NOT NULL
) ENGINE=InnoDB DEFAULT CHARSET=utf8;

--
-- Despejando dados para a tabela `oauth_clients`
--

INSERT INTO `oauth_clients` (`id`, `secret`, `name`, `userId`, `authCode`, `clientCredentials`) VALUES
('ocDfSFVL355873JodMjU6kV1rVBTBsgY2pXFjTkl', 'QTiRBgH9FY4h8DzO1LECkztReSaDkWZHpDtzpKyezsNRMdsqNEhGqKq4iqufzD90AvCKwrZvBrheDEyUanSTi89zY7hOnrXsdHQx94RMLJdV8BWmKzptglEYGDZwSaoRx9S0ngrPScWCpG6GzfkEh6qpzSHpZTfL7e8fGOE5aSq0fppOZMW1tnT2XMV3yNXD3aaC1mj6i2BCWiTMY4gjes86wlG5gA0x1GyaDxEjdONZennltj8agDN6FmJeIN', 'RADIO', 1, 0, 0);

-- --------------------------------------------------------

--
-- Estrutura para tabela `oauth_client_redirect_uris`
--

CREATE TABLE `oauth_client_redirect_uris` (
  `id` int(11) NOT NULL,
  `client_id` varchar(254) NOT NULL,
  `redirect_uri` varchar(500) NOT NULL
) ENGINE=InnoDB DEFAULT CHARSET=utf8;

-- --------------------------------------------------------

--
-- Estrutura para tabela `oauth_client_scopes`
--

CREATE TABLE `oauth_client_scopes` (
  `id` int(11) NOT NULL,
  `clientId` varchar(254) NOT NULL,
  `scopeId` varchar(254) NOT NULL
) ENGINE=InnoDB DEFAULT CHARSET=utf8;

-- --------------------------------------------------------

--
-- Estrutura para tabela `oauth_refresh_tokens`
--

CREATE TABLE `oauth_refresh_tokens` (
  `refresh_token` varchar(254) NOT NULL,
  `expire_time` int(11) NOT NULL,
  `access_token` varchar(254) NOT NULL
) ENGINE=InnoDB DEFAULT CHARSET=utf8;

-- --------------------------------------------------------

--
-- Estrutura para tabela `oauth_scopes`
--

CREATE TABLE `oauth_scopes` (
  `id` varchar(254) NOT NULL,
  `description` varchar(1000) NOT NULL
) ENGINE=InnoDB DEFAULT CHARSET=utf8;

--
-- Despejando dados para a tabela `oauth_scopes`
--

INSERT INTO `oauth_scopes` (`id`, `description`) VALUES
('all', 'All');

-- --------------------------------------------------------

--
-- Estrutura para tabela `oauth_scope_routes`
--

CREATE TABLE `oauth_scope_routes` (
  `id` int(11) NOT NULL,
  `scopeId` varchar(254) NOT NULL,
  `route` varchar(1000) NOT NULL,
  `method` varchar(8) NOT NULL
) ENGINE=InnoDB DEFAULT CHARSET=utf8;

-- --------------------------------------------------------

--
-- Estrutura para tabela `oauth_sessions`
--

CREATE TABLE `oauth_sessions` (
  `id` int(11) NOT NULL,
  `owner_type` varchar(254) NOT NULL,
  `owner_id` varchar(254) NOT NULL,
  `client_id` varchar(254) NOT NULL,
  `client_redirect_uri` varchar(500) DEFAULT NULL
) ENGINE=InnoDB DEFAULT CHARSET=utf8;

-- --------------------------------------------------------

--
-- Estrutura para tabela `oauth_session_scopes`
--

CREATE TABLE `oauth_session_scopes` (
  `id` int(11) NOT NULL,
  `session_id` int(11) NOT NULL,
  `scope` varchar(254) NOT NULL
) ENGINE=InnoDB DEFAULT CHARSET=utf8;

-- --------------------------------------------------------

--
-- Estrutura para tabela `pages`
--

CREATE TABLE `pages` (
  `pageId` int(11) NOT NULL,
  `name` varchar(50) NOT NULL,
  `title` varchar(100) NOT NULL,
  `asHome` tinyint(4) NOT NULL DEFAULT '0'
) ENGINE=InnoDB DEFAULT CHARSET=utf8;

--
-- Despejando dados para a tabela `pages`
--

INSERT INTO `pages` (`pageId`, `name`, `title`, `asHome`) VALUES
(1, 'icondashboard', 'Icon Dashboard', 1),
(2, 'schedule', 'Schedule', 1),
(3, 'mediamanager', 'Media Dashboard', 1),
(4, 'layout', 'Layout', 1),
(5, 'library', 'Library', 1),
(6, 'display', 'Displays', 1),
(7, 'update', 'Update', 0),
(8, 'admin', 'Administration', 0),
(9, 'group', 'User Groups', 1),
(10, 'log', 'Log', 1),
(11, 'user', 'Users', 1),
(12, 'license', 'Licence', 1),
(13, 'index', 'Home', 0),
(14, 'module', 'Modules', 1),
(15, 'template', 'Templates', 1),
(16, 'fault', 'Report Fault', 1),
(17, 'stats', 'Statistics', 1),
(18, 'manual', 'Manual', 0),
(19, 'resolution', 'Resolutions', 1),
(20, 'help', 'Help Links', 1),
(21, 'clock', 'Clock', 0),
(22, 'displaygroup', 'Display Groups', 1),
(23, 'application', 'Applications', 1),
(24, 'dataset', 'DataSets', 1),
(25, 'campaign', 'Campaigns', 1),
(26, 'transition', 'Transitions', 1),
(27, 'sessions', 'Sessions', 1),
(28, 'preview', 'Preview', 0),
(29, 'statusdashboard', 'Status Dashboard', 1),
(30, 'displayprofile', 'Display Profiles', 1),
(31, 'audit', 'Audit Trail', 0),
(32, 'region', 'Regions', 0),
(33, 'playlist', 'Playlist', 1),
(34, 'maintenance', 'Maintenance', 0),
(35, 'command', 'Commands', 1),
(36, 'notification', 'Notifications', 0),
(37, 'drawer', 'Notification Drawer', 0),
(38, 'daypart', 'Dayparting', 0),
(39, 'task', 'Tasks', 1),
(40, 'playersoftware', 'Player Software', 0),
(41, 'schedulenow', 'Schedule Now', 0),
(42, 'report', 'Report', 0),
(43, 'playlistdashboard', 'Playlist Dashboard', 1);

-- --------------------------------------------------------

--
-- Estrutura para tabela `permission`
--

CREATE TABLE `permission` (
  `permissionId` int(11) NOT NULL,
  `entityId` int(11) NOT NULL,
  `groupId` int(11) NOT NULL,
  `objectId` int(11) NOT NULL,
  `view` tinyint(4) NOT NULL,
  `edit` tinyint(4) NOT NULL,
  `delete` tinyint(4) NOT NULL
) ENGINE=InnoDB DEFAULT CHARSET=utf8;

--
-- Despejando dados para a tabela `permission`
--

INSERT INTO `permission` (`permissionId`, `entityId`, `groupId`, `objectId`, `view`, `edit`, `delete`) VALUES
(1, 1, 1, 1, 1, 0, 0),
(2, 1, 1, 13, 1, 0, 0),
(3, 1, 1, 4, 1, 0, 0),
(4, 1, 1, 5, 1, 0, 0),
(5, 1, 1, 3, 1, 0, 0),
(6, 1, 1, 33, 1, 0, 0),
(7, 1, 1, 28, 1, 0, 0),
(8, 1, 1, 32, 1, 0, 0),
(9, 1, 1, 2, 1, 0, 0),
(10, 1, 1, 29, 1, 0, 0),
(11, 1, 1, 11, 1, 0, 0),
(12, 11, 2, 1, 1, 0, 0),
(13, 11, 2, 2, 1, 0, 0),
(15, 1, 1, 41, 1, 0, 0),
(16, 1, 3, 41, 1, 0, 0),
(17, 1, 4, 41, 1, 0, 0),
(18, 1, 5, 43, 1, 0, 0),
(19, 1, 5, 5, 1, 0, 0),
(20, 1, 5, 11, 1, 0, 0),
(21, 3, 2, 12, 1, 0, 0),
(22, 3, 2, 13, 1, 0, 0),
(23, 3, 2, 14, 1, 0, 0),
(24, 3, 2, 15, 1, 0, 0),
(25, 3, 2, 16, 1, 0, 0),
(26, 1, 8, 24, 1, 0, 0),
(27, 1, 8, 4, 1, 0, 0),
(28, 1, 8, 28, 1, 0, 0),
(29, 9, 8, 6, 1, 1, 0),
(30, 9, 8, 15, 1, 1, 0),
(31, 9, 8, 16, 1, 1, 0),
(32, 9, 8, 17, 1, 1, 0),
(33, 9, 8, 18, 1, 1, 0),
(34, 9, 8, 7, 1, 1, 0),
(63, 1, 8, 5, 1, 0, 0),
(64, 1, 8, 32, 1, 0, 0),
(65, 4, 2, 263, 1, 0, 0),
(66, 4, 5, 263, 1, 0, 0),
(67, 4, 4, 263, 1, 0, 0),
(68, 4, 1, 263, 1, 0, 0),
(69, 4, 3, 263, 1, 0, 0),
(70, 4, 8, 263, 1, 0, 0),
(71, 7, 2, 733, 1, 0, 0),
(72, 7, 5, 733, 1, 0, 0),
(73, 7, 4, 733, 1, 0, 0),
(74, 7, 1, 733, 1, 0, 0),
(75, 7, 3, 733, 1, 0, 0),
(76, 7, 8, 733, 1, 0, 0),
(77, 8, 2, 762, 1, 0, 0),
(78, 8, 5, 762, 1, 0, 0),
(79, 8, 4, 762, 1, 0, 0),
(80, 8, 1, 762, 1, 0, 0),
(81, 8, 3, 762, 1, 0, 0),
(82, 8, 8, 762, 1, 0, 0);

-- --------------------------------------------------------

--
-- Estrutura para tabela `permissionentity`
--

CREATE TABLE `permissionentity` (
  `entityId` int(11) NOT NULL,
  `entity` varchar(50) NOT NULL
) ENGINE=InnoDB DEFAULT CHARSET=utf8;

--
-- Despejando dados para a tabela `permissionentity`
--

INSERT INTO `permissionentity` (`entityId`, `entity`) VALUES
(4, 'Xibo\\Entity\\Campaign'),
(12, 'Xibo\\Entity\\Command'),
(9, 'Xibo\\Entity\\DataSet'),
(11, 'Xibo\\Entity\\DayPart'),
(2, 'Xibo\\Entity\\DisplayGroup'),
(3, 'Xibo\\Entity\\Media'),
(10, 'Xibo\\Entity\\Notification'),
(1, 'Xibo\\Entity\\Page'),
(8, 'Xibo\\Entity\\Playlist'),
(7, 'Xibo\\Entity\\Region'),
(5, 'Xibo\\Entity\\Widget');

-- --------------------------------------------------------

--
-- Estrutura para tabela `phinxlog`
--

CREATE TABLE `phinxlog` (
  `version` bigint(20) NOT NULL,
  `migration_name` varchar(100) DEFAULT NULL,
  `start_time` timestamp NULL DEFAULT NULL,
  `end_time` timestamp NULL DEFAULT NULL,
  `breakpoint` tinyint(1) NOT NULL DEFAULT '0'
) ENGINE=InnoDB DEFAULT CHARSET=utf8;

--
-- Despejando dados para a tabela `phinxlog`
--

INSERT INTO `phinxlog` (`version`, `migration_name`, `start_time`, `end_time`, `breakpoint`) VALUES
(20180130073838, 'InstallMigration', '2020-04-22 13:07:57', '2020-04-22 13:07:58', 0),
(20180131113100, 'OldUpgradeStep85Migration', '2020-04-22 13:07:58', '2020-04-22 13:07:58', 0),
(20180131113853, 'OldUpgradeStep86Migration', '2020-04-22 13:07:58', '2020-04-22 13:07:58', 0),
(20180131113941, 'OldUpgradeStep87Migration', '2020-04-22 13:07:58', '2020-04-22 13:07:58', 0),
(20180131113948, 'OldUpgradeStep88Migration', '2020-04-22 13:07:58', '2020-04-22 13:07:58', 0),
(20180131113952, 'OldUpgradeStep92Migration', '2020-04-22 13:07:58', '2020-04-22 13:07:58', 0),
(20180131113957, 'OldUpgradeStep120Migration', '2020-04-22 13:07:58', '2020-04-22 13:07:58', 0),
(20180131114002, 'OldUpgradeStep121Migration', '2020-04-22 13:07:58', '2020-04-22 13:07:58', 0),
(20180131114007, 'OldUpgradeStep122Migration', '2020-04-22 13:07:58', '2020-04-22 13:07:58', 0),
(20180131114013, 'OldUpgradeStep123Migration', '2020-04-22 13:07:58', '2020-04-22 13:07:58', 0),
(20180131114017, 'OldUpgradeStep124Migration', '2020-04-22 13:07:58', '2020-04-22 13:07:58', 0),
(20180131114021, 'OldUpgradeStep125Migration', '2020-04-22 13:07:58', '2020-04-22 13:07:58', 0),
(20180131114025, 'OldUpgradeStep126Migration', '2020-04-22 13:07:58', '2020-04-22 13:07:58', 0),
(20180131114030, 'OldUpgradeStep127Migration', '2020-04-22 13:07:58', '2020-04-22 13:07:58', 0),
(20180131114050, 'OldUpgradeStep128Migration', '2020-04-22 13:07:58', '2020-04-22 13:07:58', 0),
(20180131114058, 'OldUpgradeStep129Migration', '2020-04-22 13:07:58', '2020-04-22 13:07:58', 0),
(20180131114103, 'OldUpgradeStep130Migration', '2020-04-22 13:07:58', '2020-04-22 13:07:58', 0),
(20180131114107, 'OldUpgradeStep131Migration', '2020-04-22 13:07:58', '2020-04-22 13:07:58', 0),
(20180131114110, 'OldUpgradeStep132Migration', '2020-04-22 13:07:58', '2020-04-22 13:07:58', 0),
(20180131114114, 'OldUpgradeStep133Migration', '2020-04-22 13:07:58', '2020-04-22 13:07:58', 0),
(20180131114118, 'OldUpgradeStep134Migration', '2020-04-22 13:07:58', '2020-04-22 13:07:58', 0),
(20180131114123, 'OldUpgradeStep135Migration', '2020-04-22 13:07:58', '2020-04-22 13:07:58', 0),
(20180131122645, 'OneRegionPerPlaylistMigration', '2020-04-22 13:07:58', '2020-04-22 13:07:59', 0),
(20180131123038, 'PlaylistTagsMigration', '2020-04-22 13:07:59', '2020-04-22 13:07:59', 0),
(20180131123248, 'WidgetFromToDtMigration', '2020-04-22 13:07:59', '2020-04-22 13:07:59', 0),
(20180212143336, 'DaypartSystemEntriesAsRecords', '2020-04-22 13:07:59', '2020-04-22 13:07:59', 0),
(20180213173846, 'MailFromNameSettingMigration', '2020-04-22 13:07:59', '2020-04-22 13:07:59', 0),
(20180219141257, 'DisplayGroupClosureIndexToNonUnique', '2020-04-22 13:07:59', '2020-04-22 13:07:59', 0),
(20180223180534, 'DataSetColumnFilterAndSortOptionsMigration', '2020-04-22 13:07:59', '2020-04-22 13:07:59', 0),
(20180302182421, 'WidgetCreatedAndModifiedDtMigration', '2020-04-22 13:07:59', '2020-04-22 13:07:59', 0),
(20180313085749, 'MediaTableEditedIdIndexMigration', '2020-04-22 13:07:59', '2020-04-22 13:07:59', 0),
(20180320154652, 'PlaylistAddDynamicFilterMigration', '2020-04-22 13:07:59', '2020-04-22 13:07:59', 0),
(20180327153325, 'RemoveUserLoggedInMigration', '2020-04-22 13:07:59', '2020-04-22 13:07:59', 0),
(20180514114415, 'FixCaseOnHelpTextFieldMigration', '2020-04-22 13:07:59', '2020-04-22 13:07:59', 0),
(20180515123835, 'LayoutPublishDraftMigration', '2020-04-22 13:07:59', '2020-04-22 13:07:59', 0),
(20180529065816, 'DataSetTruncateFixMigration', '2020-04-22 13:07:59', '2020-04-22 13:07:59', 0),
(20180529073531, 'DisplayAsVncLinkMigration', '2020-04-22 13:07:59', '2020-04-22 13:07:59', 0),
(20180621134013, 'AddWidgetSyncTaskMigration', '2020-04-22 13:07:59', '2020-04-22 13:07:59', 0),
(20180621134250, 'EventLayoutPermissionSettingMigration', '2020-04-22 13:07:59', '2020-04-22 13:07:59', 0),
(20180906115552, 'AddForeignKeysToTagsMigration', '2020-04-22 13:07:59', '2020-04-22 13:07:59', 0),
(20180906115606, 'AddForeignKeysToPermissionsMigration', '2020-04-22 13:07:59', '2020-04-22 13:07:59', 0),
(20180906115712, 'AddForeignKeysToWidgetMediaMigration', '2020-04-22 13:07:59', '2020-04-22 13:07:59', 0),
(20180906131643, 'ForgottenPasswordReminderMigration', '2020-04-22 13:07:59', '2020-04-22 13:08:00', 0),
(20180906131716, 'DataSetRssMigration', '2020-04-22 13:08:00', '2020-04-22 13:08:00', 0),
(20181011160130, 'SimpleSettingsMigration', '2020-04-22 13:08:00', '2020-04-22 13:08:00', 0),
(20181113173310, 'RemoveFinanceModuleMigration', '2020-04-22 13:08:00', '2020-04-22 13:08:00', 0),
(20181113180337, 'SplitTickerModuleMigration', '2020-04-22 13:08:00', '2020-04-22 13:08:00', 0),
(20181126113231, 'Release1812Migration', '2020-04-22 13:08:00', '2020-04-22 13:08:00', 0),
(20181210092443, 'RemoveImageUriModuleMigration', '2020-04-22 13:08:00', '2020-04-22 13:08:00', 0),
(20181212114400, 'CreatePlayerVersionsTableMigration', '2020-04-22 13:08:00', '2020-04-22 13:08:00', 0),
(20181217135044, 'EventSyncMigration', '2020-04-22 13:08:00', '2020-04-22 13:08:00', 0),
(20190121092556, 'PlayerUpgradeAndOverrideConfigMigration', '2020-04-22 13:08:00', '2020-04-22 13:08:00', 0),
(20190125170130, 'PlayerSoftwareVersionFieldMigration', '2020-04-22 13:08:00', '2020-04-22 13:08:00', 0),
(20190129103831, 'AddLinuxDisplayProfileMigration', '2020-04-22 13:08:00', '2020-04-22 13:08:00', 0),
(20190212112534, 'AddProofOfPlayStatsDurationAndCountMigration', '2020-04-22 13:08:00', '2020-04-22 13:08:00', 0),
(20190212115432, 'AddDefaultTransitionDurationSettingMigration', '2020-04-22 13:08:00', '2020-04-22 13:08:00', 0),
(20190213160914, 'AddGlobalStatSettingMigration', '2020-04-22 13:08:00', '2020-04-22 13:08:00', 0),
(20190213162212, 'AddHorizontalMenuSettingMigration', '2020-04-22 13:08:00', '2020-04-22 13:08:00', 0),
(20190214102508, 'AddLayoutEnableStat', '2020-04-22 13:08:00', '2020-04-22 13:08:00', 0),
(20190214102516, 'AddMediaEnableStat', '2020-04-22 13:08:00', '2020-04-22 13:08:00', 0),
(20190220165703, 'AddScheduleRecurrenceMonthlyRepeatsOnMigration', '2020-04-22 13:08:00', '2020-04-22 13:08:00', 0),
(20190227101705, 'MakeDisplayLicenseColumnUniqueMigration', '2020-04-22 13:08:00', '2020-04-22 13:08:00', 0),
(20190228120603, 'AddDynamicCriteriaTagsMigration', '2020-04-22 13:08:00', '2020-04-22 13:08:00', 0),
(20190301115046, 'AdjustGenericfileValidExtensionsMigration', '2020-04-22 13:08:00', '2020-04-22 13:08:00', 0),
(20190315134628, 'AddBandwidthLimitColumnToDisplaygroupMigration', '2020-04-22 13:08:00', '2020-04-22 13:08:00', 0),
(20190322162052, 'AddPublishedDateColumnMigration', '2020-04-22 13:08:00', '2020-04-22 13:08:01', 0),
(20190326163016, 'CreateLayoutHistoryTableMigration', '2020-04-22 13:08:01', '2020-04-22 13:08:01', 0),
(20190328111718, 'AddCampaignStatMigration', '2020-04-22 13:08:01', '2020-04-22 13:08:01', 0),
(20190401150256, 'AddScheduleNowPageMigration', '2020-04-22 13:08:01', '2020-04-22 13:08:01', 0),
(20190509101525, 'CreateReportScheduleTableMigration', '2020-04-22 13:08:01', '2020-04-22 13:08:01', 0),
(20190509102648, 'CreateSavedReportTableMigration', '2020-04-22 13:08:01', '2020-04-22 13:08:01', 0),
(20190509113001, 'AddReportPageMigration', '2020-04-22 13:08:01', '2020-04-22 13:08:01', 0),
(20190510140126, 'TwoFactorAuthMigration', '2020-04-22 13:08:01', '2020-04-22 13:08:01', 0),
(20190514134430, 'NullableTextFieldsMigration', '2020-04-22 13:08:01', '2020-04-22 13:08:01', 0),
(20190515094133, 'AddHtmlDatatypeMigration', '2020-04-22 13:08:01', '2020-04-22 13:08:01', 0),
(20190515105624, 'InstallAdditionalStandardModulesMigration', '2020-04-22 13:08:01', '2020-04-22 13:08:01', 0),
(20190517080033, 'AddForeignKeysToLktagTablesMigration', '2020-04-22 13:08:01', '2020-04-22 13:08:01', 0),
(20190521092700, 'AddReportScheduleTaskMigration', '2020-04-22 13:08:01', '2020-04-22 13:08:01', 0),
(20190521092930, 'AddPreviousRunDateReportScheduleMigration', '2020-04-22 13:08:01', '2020-04-22 13:08:01', 0),
(20190521102635, 'PlaylistDurationUpdateAtTimestamp', '2020-04-22 13:08:01', '2020-04-22 13:08:01', 0),
(20190603083836, 'ChangeStatTableStartEndColumnMigration', '2020-04-22 13:08:01', '2020-04-22 13:08:01', 0),
(20190610150331, 'TagsWithValuesMigration', '2020-04-22 13:08:01', '2020-04-22 13:08:01', 0),
(20190611145607, 'RemoveOldVersionTableMigration', '2020-04-22 13:08:01', '2020-04-22 13:08:01', 0),
(20190612140955, 'DisplayTableDatabaseSchemaAdjustmentsMigration', '2020-04-22 13:08:01', '2020-04-22 13:08:02', 0),
(20190620112611, 'MoveTidyStatsToStatsArchiveTaskMigration', '2020-04-22 13:08:02', '2020-04-22 13:08:02', 0),
(20190620142655, 'AddPlaylistEnableStatMigration', '2020-04-22 13:08:02', '2020-04-22 13:08:02', 0),
(20190626091331, 'WidgetHistoryMigration', '2020-04-22 13:08:02', '2020-04-22 13:08:02', 0),
(20190626110359, 'CreateStatTableMigration', '2020-04-22 13:08:02', '2020-04-22 13:08:02', 0),
(20190628083649, 'AddStatsMigrationTaskMigration', '2020-04-22 13:08:02', '2020-04-22 13:08:02', 0),
(20190710213414, 'AddIsActiveReportScheduleMigration', '2020-04-22 13:08:02', '2020-04-22 13:08:02', 0),
(20190717101342, 'NullableCommandValidationStringMigration', '2020-04-22 13:08:02', '2020-04-22 13:08:02', 0),
(20190719074601, 'MissingDefaultValueMigration', '2020-04-22 13:08:02', '2020-04-22 13:08:02', 0),
(20190725115532, 'AddScheduleReminderTaskMigration', '2020-04-22 13:08:02', '2020-04-22 13:08:02', 0),
(20190801102042, 'DisplayProfileCommandLinkFixMigration', '2020-04-22 13:08:02', '2020-04-22 13:08:02', 0),
(20190801141737, 'DatasetAddCustomHeadersColumnMigration', '2020-04-22 13:08:02', '2020-04-22 13:08:02', 0),
(20190801142302, 'AddDoohUserTypeMigration', '2020-04-22 13:08:02', '2020-04-22 13:08:02', 0),
(20190802145636, 'CreateScheduleReminderTableMigration', '2020-04-22 13:08:02', '2020-04-22 13:08:02', 0),
(20190806144729, 'AddShowContentFromMigration', '2020-04-22 13:08:02', '2020-04-22 13:08:02', 0),
(20190823081448, 'AddImageProcessingTaskMigration', '2020-04-22 13:08:02', '2020-04-22 13:08:02', 0),
(20190828123735, 'AddDefaultSettingResizeLimitResizeThresholdMigration', '2020-04-22 13:08:02', '2020-04-22 13:08:02', 0),
(20190903083314, 'AddGlobalSettingForCascadePermissionsMigration', '2020-04-22 13:08:02', '2020-04-22 13:08:02', 0),
(20190905084201, 'AddSettingForDefaultTransitionTypeMigration', '2020-04-22 13:08:02', '2020-04-22 13:08:02', 0),
(20190905084642, 'AddSettingForAutoLayoutPublishMigration', '2020-04-22 13:08:02', '2020-04-22 13:08:02', 0),
(20190910132520, 'DisplayMoveCmsMigration', '2020-04-22 13:08:02', '2020-04-22 13:08:02', 0),
(20190917093141, 'InterruptLayoutMigration', '2020-04-22 13:08:02', '2020-04-22 13:08:02', 0),
(20190918090608, 'AddDefaultSettingQuickChartMigration', '2020-04-22 13:08:02', '2020-04-22 13:08:02', 0),
(20190919154513, 'AddNotificationAttachmentFilenameNonUsersMigration', '2020-04-22 13:08:02', '2020-04-22 13:08:02', 0),
(20190926135518, 'AddSettingForTransitionAutoApplyToLayoutMigration', '2020-04-22 13:08:02', '2020-04-22 13:08:02', 0),
(20190926140809, 'InstallSavedReportsAndSpacerModulesMigration', '2020-04-22 13:08:02', '2020-04-22 13:08:02', 0),
(20191001092651, 'AddNotificationOriginalFilenameMigration', '2020-04-22 13:08:02', '2020-04-22 13:08:02', 0),
(20191022101141, 'AddCommandEntityToPermissionEntityMigration', '2020-04-22 13:08:02', '2020-04-22 13:08:02', 0),
(20191024152519, 'AddScheduleExclusionsTableMigration', '2020-04-22 13:08:02', '2020-04-22 13:08:02', 0),
(20191122114104, 'FixDuplicateModuleFilesMigration', '2020-04-22 13:08:02', '2020-04-22 13:08:02', 0),
(20191126103120, 'GeoScheduleMigration', '2020-04-22 13:08:02', '2020-04-22 13:08:02', 0),
(20191126141140, 'RemoteDataSetCsvSourceMigration', '2020-04-22 13:08:02', '2020-04-22 13:08:02', 0),
(20191205180116, 'AddPlaylistDashboardPageUserMigration', '2020-04-22 13:08:02', '2020-04-22 13:08:02', 0),
(20200107082625, 'DisplayAddResolutionMigration', '2020-04-22 13:08:02', '2020-04-22 13:08:02', 0),
(20200115115935, 'AddReportScheduleMessageMigration', '2020-04-22 13:08:02', '2020-04-22 13:08:02', 0),
(20200122143630, 'AddReleasedRequiredFileMigration', '2020-04-22 13:08:02', '2020-04-22 13:08:02', 0),
(20200122191232, 'AddCommercialLicenceColumnMigration', '2020-04-22 13:08:02', '2020-04-22 13:08:02', 0),
(20200129104944, 'AddEngagementsStatsMigration', '2020-04-22 13:08:02', '2020-04-22 13:08:02', 0),
(20200130165443, 'CountdownModuleAddMigration', '2020-04-22 13:08:02', '2020-04-22 13:08:02', 0);

-- --------------------------------------------------------

--
-- Estrutura para tabela `player_software`
--

CREATE TABLE `player_software` (
  `versionId` int(11) NOT NULL,
  `player_type` varchar(20) DEFAULT NULL,
  `player_version` varchar(15) DEFAULT NULL,
  `player_code` smallint(6) DEFAULT NULL,
  `mediaId` int(11) NOT NULL,
  `playerShowVersion` varchar(50) NOT NULL
) ENGINE=InnoDB DEFAULT CHARSET=utf8;

-- --------------------------------------------------------

--
-- Estrutura para tabela `playlist`
--

CREATE TABLE `playlist` (
  `playlistId` int(11) NOT NULL,
  `name` varchar(254) NOT NULL,
  `ownerId` int(11) NOT NULL,
  `regionId` int(11) DEFAULT NULL,
  `createdDt` datetime NOT NULL,
  `modifiedDt` datetime NOT NULL,
  `duration` int(11) NOT NULL DEFAULT '0',
  `requiresDurationUpdate` int(11) NOT NULL DEFAULT '0',
  `isDynamic` tinyint(4) NOT NULL DEFAULT '0',
  `filterMediaName` varchar(255) DEFAULT NULL,
  `filterMediaTags` varchar(255) DEFAULT NULL,
  `enableStat` varchar(255) DEFAULT NULL
) ENGINE=InnoDB DEFAULT CHARSET=utf8;

--
-- Despejando dados para a tabela `playlist`
--

INSERT INTO `playlist` (`playlistId`, `name`, `ownerId`, `regionId`, `createdDt`, `modifiedDt`, `duration`, `requiresDurationUpdate`, `isDynamic`, `filterMediaName`, `filterMediaTags`, `enableStat`) VALUES
(106, '1', 1, 78, '2020-12-14 12:34:22', '2021-09-24 13:26:52', 20, 0, 0, NULL, NULL, NULL),
(107, '2', 1, 79, '2020-12-14 12:34:23', '2021-09-24 13:26:52', 10, 0, 0, NULL, NULL, NULL),
(210, 'TABELA AÇOUGUE-1', 1, 182, '2021-01-06 10:46:46', '2021-09-24 13:26:53', 20, 0, 0, NULL, NULL, NULL),
(211, 'TABELA AÇOUGUE-2', 1, 183, '2021-01-06 10:46:46', '2021-09-24 13:26:53', 10, 0, 0, NULL, NULL, NULL),
(212, 'TABELA AÇOUGUE-3', 1, 184, '2021-01-06 10:46:46', '2021-09-24 13:26:53', 5, 0, 0, NULL, NULL, NULL),
(213, 'TABELA AÇOUGUE BOVINOS-4', 1, 185, '2021-01-06 10:46:46', '2023-09-25 07:49:40', 0, 0, 0, NULL, NULL, NULL),
(355, 'VTS-1', 1, 327, '2021-01-22 23:02:12', '2023-09-25 07:49:40', 73, 0, 0, NULL, NULL, NULL),
(366, 'Ponto 01 Padaria Rosa de Saron', 1, NULL, '2021-02-03 17:39:11', '2021-09-24 13:26:52', 70, 0, 0, NULL, NULL, 'On'),
(373, '1', 1, 344, '2021-02-12 20:34:14', '2021-09-24 13:26:52', 15, 0, 0, NULL, NULL, NULL),
(374, '2', 1, 345, '2021-02-12 20:34:15', '2021-09-24 13:26:52', 10, 0, 0, NULL, NULL, NULL),
(387, '1', 1, 358, '2021-02-16 09:35:05', '2021-09-24 13:26:52', 10, 0, 0, NULL, NULL, NULL),
(388, '1', 1, 359, '2021-02-18 19:13:51', '2021-09-24 13:26:52', 10, 0, 0, NULL, NULL, NULL),
(389, '1', 1, 360, '2021-02-18 19:14:44', '2021-09-24 13:26:52', 10, 0, 0, NULL, NULL, NULL),
(390, '1', 1, 361, '2021-02-18 19:15:08', '2021-09-24 13:26:52', 10, 0, 0, NULL, NULL, NULL),
(391, '1', 1, 362, '2021-02-18 19:15:35', '2021-09-24 13:26:52', 10, 0, 0, NULL, NULL, NULL),
(392, '1', 1, 363, '2021-02-18 19:16:03', '2021-09-24 13:26:52', 10, 0, 0, NULL, NULL, NULL),
(393, '1', 1, 364, '2021-02-18 19:16:36', '2021-09-24 13:26:52', 10, 0, 0, NULL, NULL, NULL),
(399, 'AÇAI DICAS-1', 1, 370, '2021-02-27 22:11:41', '2021-09-24 13:26:52', 10, 0, 0, NULL, NULL, NULL),
(407, 'Bem Protege-1', 1, 378, '2021-03-05 02:09:38', '2021-09-24 13:26:52', 20, 0, 0, NULL, NULL, NULL),
(409, 'Anuncie Aqui EmFoco MidiaIndoor-1', 1, 380, '2021-03-05 02:12:58', '2021-09-24 13:26:52', 10, 0, 0, NULL, NULL, NULL),
(411, 'Ensina Mais Curuça-1', 1, 382, '2021-03-05 02:22:53', '2021-09-24 13:26:52', 21, 0, 0, NULL, NULL, NULL),
(413, 'Espaço Curuça Eventos-1', 1, 384, '2021-03-05 02:25:53', '2021-09-24 13:26:52', 31, 0, 0, NULL, NULL, NULL),
(415, 'Lanhouse Emporio Combat-1', 1, 386, '2021-03-05 02:26:53', '2021-09-24 13:26:52', 35, 0, 0, NULL, NULL, NULL),
(417, 'Lili Modas-1', 1, 388, '2021-03-05 02:27:41', '2021-09-24 13:26:52', 38, 0, 0, NULL, NULL, NULL),
(425, 'VTS-1', 1, 396, '2021-03-05 10:16:26', '2023-09-25 07:49:39', 73, 0, 0, NULL, NULL, NULL),
(429, 'VTS02-1', 1, 400, '2021-03-05 10:30:36', '2021-09-24 13:26:53', 0, 0, 0, NULL, NULL, NULL),
(439, '1', 1, 410, '2021-03-05 12:26:26', '2021-09-24 13:26:53', 5, 0, 0, NULL, NULL, NULL),
(440, '1', 1, 411, '2021-03-05 12:26:27', '2021-09-24 13:26:52', 5, 0, 0, NULL, NULL, NULL),
(441, '1', 1, 412, '2021-03-05 12:26:28', '2021-09-24 13:26:53', 5, 0, 0, NULL, NULL, NULL),
(442, '1', 1, 413, '2021-03-05 12:26:29', '2021-09-24 13:26:53', 5, 0, 0, NULL, NULL, NULL),
(443, '1', 1, 414, '2021-03-05 12:26:55', '2021-09-24 13:26:52', 10, 0, 0, NULL, NULL, NULL),
(446, '1', 1, 417, '2021-03-05 12:45:24', '2021-09-24 13:26:52', 10, 0, 0, NULL, NULL, NULL),
(447, 'Bem Protege-1', 1, 418, '2021-03-05 21:09:42', '2021-09-24 13:26:52', 20, 0, 0, NULL, NULL, NULL),
(448, '1', 1, 419, '2021-03-05 21:42:36', '2021-09-24 13:26:52', 10, 0, 0, NULL, NULL, NULL),
(453, 'QLinda Modas-1', 1, 424, '2021-04-23 14:19:11', '2023-09-06 13:14:58', 0, 0, 0, NULL, NULL, NULL),
(459, 'horospoco-1', 1, 430, '2021-04-27 13:35:09', '2021-09-24 13:26:52', 20, 0, 0, NULL, NULL, NULL),
(461, 'UOL - Tecnologia-1', 1, 432, '2021-04-27 18:28:24', '2021-09-24 13:26:53', 10, 0, 0, NULL, NULL, NULL),
(464, 'Rosa de saron_Buffet_001-1', 1, 435, '2021-04-28 01:06:59', '2021-09-24 13:26:53', 29, 0, 0, NULL, NULL, NULL),
(466, 'Rose de Saron_Pizzas_001-1', 1, 437, '2021-04-28 01:44:07', '2021-09-24 13:26:53', 29, 0, 0, NULL, NULL, NULL),
(482, 'CLANOEBEMPROTEGE-1', 1, 453, '2021-05-11 20:34:22', '2021-09-24 13:26:52', 31, 0, 0, NULL, NULL, NULL),
(489, 'StudioG-1', 1, 460, '2021-05-24 13:39:08', '2023-09-06 13:14:58', 0, 0, 0, NULL, NULL, NULL),
(497, 'QLinda Modas Junho21-1', 1, 468, '2021-06-08 14:18:26', '2023-09-06 13:14:58', 0, 0, 0, NULL, NULL, NULL),
(499, 'ROSA DE SARON SAO JOAO-1', 1, 470, '2021-06-16 20:53:25', '2021-09-24 13:26:53', 29, 0, 0, NULL, NULL, NULL),
(506, 'ROSA DE SARON DOCES-1', 1, 477, '2021-08-08 19:20:27', '2021-09-24 13:26:53', 30, 0, 0, NULL, NULL, NULL),
(507, 'ROSA DE SARON DOCES-1', 1, 478, '2021-08-08 19:28:53', '2021-09-24 13:26:53', 0, 0, 0, NULL, NULL, NULL),
(509, 'ROSA DE SARON PORÇÕES-1', 1, 480, '2021-08-08 21:54:30', '2021-09-24 13:26:53', 30, 0, 0, NULL, NULL, NULL),
(510, 'ROSA DE SARON PORÇÕES-1', 1, 481, '2021-08-08 21:55:57', '2021-09-24 13:26:53', 0, 0, 0, NULL, NULL, NULL),
(514, 'STUDIOG AGO21-1', 1, 485, '2021-08-13 10:34:41', '2023-09-06 13:14:58', 0, 0, 0, NULL, NULL, NULL),
(516, 'EAD ANHEMBI MORUMBI AGO21-1', 1, 487, '2021-08-13 17:54:50', '2023-09-25 07:49:40', 0, 0, 0, NULL, NULL, NULL),
(522, 'S&AASSESSORIACONT21-1', 1, 493, '2021-08-24 22:00:18', '2021-09-24 13:26:53', 0, 0, 0, NULL, NULL, NULL),
(526, 'EnsinaMaisSet2021-1', 1, 497, '2021-09-20 11:09:54', '2021-09-24 13:26:52', 30, 0, 0, NULL, NULL, NULL),
(528, 'EAD ANHEMBI MORUMBI SET2021-1', 1, 499, '2021-09-20 11:11:31', '2023-09-25 07:49:40', 0, 0, 0, NULL, NULL, NULL),
(530, 'TamaraTorresMicropigmentação-1', 1, 501, '2021-09-20 20:38:37', '2023-09-06 13:14:59', 0, 0, 0, NULL, NULL, NULL),
(532, 'CamilaMouraOdonto-1', 1, 503, '2021-09-22 11:07:54', '2023-09-06 13:14:58', 0, 0, 0, NULL, NULL, NULL),
(538, 'QLINDA 092021-1', 1, 509, '2021-10-28 14:19:40', '2023-09-06 13:14:58', 0, 0, 0, NULL, NULL, NULL),
(542, 'BOBSATUDIOESTETICA-1', 1, 513, '2021-11-22 18:11:24', '2023-09-06 13:14:58', 0, 0, 0, NULL, NULL, NULL),
(543, 'BOBSATUDIOESTETICA-1', 1, 514, '2021-11-22 18:15:42', '2021-11-23 06:20:25', 0, 0, 0, NULL, NULL, NULL),
(546, 'Rosa de Saron Natal 01-1', 1, 517, '2021-12-01 19:12:01', '2021-12-06 02:41:09', 0, 0, 0, NULL, NULL, NULL),
(549, 'Rosa de Saron_Natal_02-1', 1, 520, '2021-12-04 21:13:49', '2021-12-06 02:41:09', 0, 0, 0, NULL, NULL, NULL),
(551, 'Ano Novo Rosa de Saron Pedidos-1', 1, 522, '2021-12-30 12:28:52', '2021-12-30 22:53:12', 30, 0, 0, NULL, NULL, NULL),
(552, 'Ano Novo Rosa de Saron Pedidos-1', 1, 523, '2021-12-30 12:30:10', '2021-12-30 22:53:12', 0, 0, 0, NULL, NULL, NULL),
(554, 'Rosa de Saron_Ano Novo_2022-1', 1, 525, '2022-01-01 16:15:06', '2022-01-05 01:27:38', 30, 0, 0, NULL, NULL, NULL),
(556, 'ReviewCar-1', 1, 527, '2022-01-08 10:29:23', '2023-09-06 13:14:58', 0, 0, 0, NULL, NULL, NULL),
(557, 'ReviewCar-1', 1, 528, '2022-01-08 10:35:17', '2022-01-13 09:35:22', 0, 0, 0, NULL, NULL, NULL),
(559, 'GABRIELLATHAINA-1', 1, 530, '2022-01-26 11:09:56', '2023-09-06 13:14:58', 0, 0, 0, NULL, NULL, NULL),
(560, 'GABRIELLATHAINA-1', 1, 531, '2022-01-26 11:18:17', '2022-02-14 16:06:28', 0, 0, 0, NULL, NULL, NULL),
(565, 'PlanetaCAR-1', 1, 536, '2022-02-04 14:21:41', '2023-09-25 07:49:40', 0, 0, 0, NULL, NULL, NULL),
(566, 'PlanetaCAR-1', 1, 537, '2022-02-04 14:22:39', '2022-02-14 16:06:28', 0, 0, 0, NULL, NULL, NULL),
(568, 'CLEIDEBARROSPSICOLOGIA-1', 1, 539, '2022-02-15 08:53:48', '2022-02-21 04:59:06', 30, 0, 0, NULL, NULL, NULL),
(569, 'CLEIDEBARROSPSICOLOGIA-1', 1, 540, '2022-02-15 08:54:38', '2022-02-21 04:59:06', 0, 0, 0, NULL, NULL, NULL),
(571, 'SENZACONFINI-1', 1, 542, '2022-03-02 14:18:19', '2023-09-06 13:14:58', 0, 0, 0, NULL, NULL, NULL),
(572, 'SENZACONFINI-1', 1, 543, '2022-03-02 14:19:19', '2022-03-31 13:45:02', 0, 0, 0, NULL, NULL, NULL),
(574, 'Dias das Mulheres - Rosa-1', 1, 545, '2022-03-08 12:11:57', '2022-03-31 13:45:02', 29, 0, 0, NULL, NULL, NULL),
(575, 'Dias das Mulheres - Rosa-1', 1, 546, '2022-03-08 12:12:32', '2022-03-31 13:45:02', 0, 0, 0, NULL, NULL, NULL),
(577, 'BM7EMPREENDIMENTOS-1', 1, 548, '2022-03-10 13:54:12', '2022-03-31 13:45:02', 30, 0, 0, NULL, NULL, NULL),
(578, 'BM7EMPREENDIMENTOS-1', 1, 549, '2022-03-10 13:55:00', '2022-03-31 13:45:02', 0, 0, 0, NULL, NULL, NULL),
(580, 'Academia Brutale-1', 1, 551, '2022-03-15 01:03:43', '2023-09-06 13:14:58', 0, 0, 0, NULL, NULL, NULL),
(582, 'Talita-Tarot-1', 1, 553, '2022-03-15 13:06:08', '2023-09-06 13:14:58', 0, 0, 0, NULL, NULL, NULL),
(584, 'BobStudio-Academia-1', 1, 555, '2022-03-15 13:07:12', '2023-09-06 13:14:58', 0, 0, 0, NULL, NULL, NULL),
(586, 'BobStudio-Academia-1', 1, 557, '2022-03-17 13:38:23', '2022-03-31 13:45:02', 0, 0, 0, NULL, NULL, NULL),
(588, 'Tamara Torres Micropgimentação 032022-1', 1, 559, '2022-03-22 12:54:15', '2023-09-06 13:14:58', 0, 0, 0, NULL, NULL, NULL),
(589, 'Tamara Torres Micropgimentação 032022-1', 1, 560, '2022-03-22 12:55:36', '2022-03-31 13:45:02', 0, 0, 0, NULL, NULL, NULL),
(591, 'RosaAlmoço - 032022-1', 1, 562, '2022-03-22 14:22:12', '2022-03-31 13:45:02', 29, 0, 0, NULL, NULL, NULL),
(592, 'RosaAlmoço - 032022-1', 1, 563, '2022-03-22 14:23:03', '2022-03-31 13:45:02', 0, 0, 0, NULL, NULL, NULL),
(594, 'RosaPorção  -  032022-1', 1, 565, '2022-03-22 14:23:41', '2022-03-31 13:45:02', 30, 0, 0, NULL, NULL, NULL),
(595, 'RosaPorção  -  032022-1', 1, 566, '2022-03-22 14:24:38', '2022-03-31 13:45:02', 0, 0, 0, NULL, NULL, NULL),
(597, 'LanchePernilRosa-1', 1, 568, '2022-03-28 11:18:06', '2022-03-31 13:45:02', 15, 0, 0, NULL, NULL, NULL),
(601, 'WM_Mangueiras-1', 1, 572, '2022-03-28 12:43:45', '2022-03-31 13:45:02', 29, 0, 0, NULL, NULL, NULL),
(603, 'BellaLuz_Cosmeticos-1', 1, 574, '2022-03-28 12:45:14', '2023-09-25 07:49:39', 0, 0, 0, NULL, NULL, NULL),
(604, 'BellaLuz_Cosmeticos-1', 1, 575, '2022-03-28 12:45:45', '2022-03-31 13:45:02', 0, 0, 0, NULL, NULL, NULL),
(605, 'BellaLuzPerfumaria-1', 1, 576, '2022-03-28 12:52:10', '2022-03-31 13:45:02', 0, 0, 0, NULL, NULL, NULL),
(607, 'BOBSTUDIO_Academia2-1', 1, 578, '2022-03-29 09:46:36', '2023-09-06 13:14:58', 0, 0, 0, NULL, NULL, NULL),
(609, 'SKNCONTABILIDADE-1', 1, 580, '2022-03-31 18:11:30', '2022-05-16 06:04:04', 30, 0, 0, NULL, NULL, NULL),
(610, 'SKNCONTABILIDADE-1', 1, 581, '2022-03-31 18:12:03', '2022-05-16 06:04:04', 0, 0, 0, NULL, NULL, NULL),
(613, 'SKNCONTABILIDADE_2-1', 1, 584, '2022-04-03 12:52:07', '2022-05-16 06:04:04', 0, 0, 0, NULL, NULL, NULL),
(615, 'SKNContabilidade editado-1', 1, 586, '2022-04-05 16:59:30', '2022-05-16 06:04:04', 30, 0, 0, NULL, NULL, NULL),
(616, 'SKNContabilidade editado-1', 1, 587, '2022-04-05 17:00:12', '2022-05-16 06:04:04', 0, 0, 0, NULL, NULL, NULL),
(618, 'RosaSaron_Pascoa22-1', 1, 589, '2022-04-10 22:14:30', '2022-05-16 06:04:04', 30, 0, 0, NULL, NULL, NULL),
(619, 'RosaSaron_Pascoa22-1', 1, 590, '2022-04-10 22:15:21', '2022-05-16 06:04:04', 0, 0, 0, NULL, NULL, NULL),
(621, 'Rosa Dia das Mães 2022-1', 1, 592, '2022-05-02 22:23:00', '2022-05-16 06:04:04', 31, 0, 0, NULL, NULL, NULL),
(622, 'Rosa Dia das Mães 2022-1', 1, 593, '2022-05-02 22:25:32', '2022-05-16 06:04:04', 0, 0, 0, NULL, NULL, NULL),
(624, 'Dia da Mães 22-1', 1, 595, '2022-05-08 08:04:20', '2022-05-16 06:04:04', 21, 0, 0, NULL, NULL, NULL),
(625, 'Dia da Mães 22-1', 1, 596, '2022-05-08 08:04:59', '2022-05-16 06:04:04', 0, 0, 0, NULL, NULL, NULL),
(627, 'TerryIPTV-052022-1', 1, 598, '2022-05-09 18:11:25', '2023-09-06 13:14:59', 0, 0, 0, NULL, NULL, NULL),
(628, 'TerryIPTV-052022-1', 1, 599, '2022-05-09 18:12:38', '2022-05-16 06:04:04', 0, 0, 0, NULL, NULL, NULL),
(630, 'Esfihas Rosa de Saron-1', 1, 601, '2022-05-13 21:11:36', '2022-05-16 06:04:04', 30, 0, 0, NULL, NULL, NULL),
(631, 'Esfihas Rosa de Saron-1', 1, 602, '2022-05-13 21:12:16', '2022-05-16 06:04:04', 0, 0, 0, NULL, NULL, NULL),
(633, 'TanakaOdonto052022-1', 1, 604, '2022-05-15 10:01:24', '2023-09-06 13:14:59', 0, 0, 0, NULL, NULL, NULL),
(634, 'TanakaOdonto052022-1', 1, 605, '2022-05-15 10:02:00', '2022-05-16 06:04:04', 0, 0, 0, NULL, NULL, NULL),
(636, 'BM7 - 062022-1', 1, 607, '2022-06-02 21:53:09', '2022-06-06 08:31:11', 29, 0, 0, NULL, NULL, NULL),
(638, 'DiadosNamorados_Rosa-1', 1, 609, '2022-06-04 13:56:35', '2022-06-06 08:31:11', 25, 0, 0, NULL, NULL, NULL),
(652, 'EAD AnhembiMorumbi_062022-1', 1, 623, '2022-06-20 12:31:05', '2022-08-08 02:04:55', 0, 0, 0, NULL, NULL, NULL),
(653, 'EAD AnhembiMorumbi_062022-1', 1, 624, '2022-06-20 12:33:15', '2022-08-08 02:04:55', 27, 0, 0, NULL, NULL, NULL),
(655, 'TanakaOdonto_072022-1', 1, 626, '2022-07-30 21:07:31', '2023-09-06 13:14:59', 0, 0, 0, NULL, NULL, NULL),
(656, 'TanakaOdonto_072022-1', 1, 627, '2022-07-30 21:09:04', '2022-08-08 02:04:55', 0, 0, 0, NULL, NULL, NULL),
(658, 'SenzaConfini_072022-1', 1, 629, '2022-07-30 21:09:38', '2023-09-06 13:14:58', 0, 0, 0, NULL, NULL, NULL),
(659, 'SenzaConfini_072022-1', 1, 630, '2022-07-30 21:10:37', '2022-08-08 02:04:55', 0, 0, 0, NULL, NULL, NULL),
(661, 'Rosa Saron - Dia dos Pais - 2022-1', 1, 632, '2022-07-30 23:09:41', '2022-08-08 02:04:55', 30, 0, 0, NULL, NULL, NULL),
(662, 'Rosa Saron - Dia dos Pais - 2022-1', 1, 633, '2022-07-30 23:16:52', '2022-08-08 02:04:55', 0, 0, 0, NULL, NULL, NULL),
(664, 'StudioMincelaRibeiro_082022-1', 1, 635, '2022-08-01 02:48:37', '2023-09-06 13:14:58', 0, 0, 0, NULL, NULL, NULL),
(666, 'Cleide Barros Psicologia - 082022-1', 1, 637, '2022-08-18 01:27:41', '2022-09-18 04:14:36', 30, 0, 0, NULL, NULL, NULL),
(668, 'Riviera Sta Crisitna_092022-1', 1, 639, '2022-08-30 00:59:58', '2023-09-25 07:49:40', 0, 0, 0, NULL, NULL, NULL),
(670, 'TopLarLaminados_092022-1', 1, 641, '2022-09-02 13:51:10', '2023-09-06 13:14:59', 0, 0, 0, NULL, NULL, NULL),
(671, 'TopLarLaminados_092022-1', 1, 642, '2022-09-02 13:52:00', '2022-09-18 04:14:36', 0, 0, 0, NULL, NULL, NULL),
(673, 'TopLarPlanejados_092022-1', 1, 644, '2022-09-02 13:53:51', '2023-09-06 13:14:59', 0, 0, 0, NULL, NULL, NULL),
(674, 'TopLarPlanejados_092022-1', 1, 645, '2022-09-02 13:54:25', '2022-09-18 04:14:36', 0, 0, 0, NULL, NULL, NULL),
(676, 'StudioMincelaRibeiro-alterado-1', 1, 647, '2022-09-13 10:53:17', '2023-09-06 13:14:58', 0, 0, 0, NULL, NULL, NULL),
(677, 'StudioMincelaRibeiro-alterado-1', 1, 648, '2022-09-13 10:54:05', '2022-09-18 04:14:36', 0, 0, 0, NULL, NULL, NULL),
(681, 'PlanetaCar102022-1', 1, 652, '2022-10-06 13:24:19', '2023-09-25 07:49:40', 0, 0, 0, NULL, NULL, NULL),
(683, 'PlanetaCar-102022-OK-1', 1, 654, '2022-10-13 16:54:56', '2023-09-25 07:49:40', 0, 0, 0, NULL, NULL, NULL),
(685, 'BM7-112022-1', 1, 656, '2022-11-07 13:00:41', '2022-11-07 15:23:47', 27, 0, 0, NULL, NULL, NULL),
(687, 'PlanetaCar-122022-1', 1, 658, '2022-11-30 19:37:55', '2023-09-25 07:49:40', 0, 0, 0, NULL, NULL, NULL),
(688, 'PlanetaCar-122022-1', 1, 659, '2022-11-30 19:38:49', '2022-12-03 17:17:18', 0, 0, 0, NULL, NULL, NULL),
(690, 'Exicredi - 122022-1', 1, 661, '2022-12-20 17:43:54', '2023-09-06 13:14:58', 0, 0, 0, NULL, NULL, NULL),
(692, 'PlanetaCar-2023-1', 1, 663, '2022-12-30 15:27:56', '2023-09-25 07:49:40', 0, 0, 0, NULL, NULL, NULL),
(695, 'Priority Jocelei - 012023-1', 1, 666, '2023-01-04 18:16:19', '2023-02-04 02:04:55', 0, 0, 0, NULL, NULL, NULL),
(697, 'Priority Jocelei - 012023_01-1', 1, 668, '2023-01-04 18:35:41', '2023-09-25 07:49:40', 0, 0, 0, NULL, NULL, NULL),
(698, 'Priority Jocelei - 012023_01-1', 1, 669, '2023-01-04 18:36:23', '2023-02-04 02:04:55', 0, 0, 0, NULL, NULL, NULL),
(700, 'Jocelei_Priority_30seg-1', 1, 671, '2023-01-09 16:31:16', '2023-09-25 07:49:40', 0, 0, 0, NULL, NULL, NULL),
(702, 'BrancoInfoprint-1', 1, 673, '2023-01-09 17:28:24', '2023-02-04 02:04:54', 30, 0, 0, NULL, NULL, NULL),
(703, 'BrancoInfoprint-1', 1, 674, '2023-01-09 17:29:09', '2023-02-04 02:04:54', 0, 0, 0, NULL, NULL, NULL),
(705, 'MBPrint_012023-1', 1, 676, '2023-01-10 15:06:07', '2023-02-04 02:04:54', 30, 0, 0, NULL, NULL, NULL),
(706, 'MBPrint_012023-1', 1, 677, '2023-01-10 15:06:45', '2023-02-04 02:04:54', 0, 0, 0, NULL, NULL, NULL),
(708, 'Pedalese_012023-1', 1, 679, '2023-01-10 15:07:07', '2023-09-25 07:49:40', 0, 0, 0, NULL, NULL, NULL),
(709, 'Pedalese_012023-1', 1, 680, '2023-01-10 15:07:40', '2023-02-04 02:04:54', 0, 0, 0, NULL, NULL, NULL),
(711, 'Cavoa Madeiras_012023-1', 1, 682, '2023-01-13 19:19:15', '2023-02-04 02:04:54', 30, 0, 0, NULL, NULL, NULL),
(712, 'Cavoa Madeiras_012023-1', 1, 683, '2023-01-13 19:20:07', '2023-02-04 02:04:54', 0, 0, 0, NULL, NULL, NULL),
(714, 'BrancoInfoprint_2_012023-1', 1, 685, '2023-01-13 19:20:35', '2023-02-04 02:04:54', 30, 0, 0, NULL, NULL, NULL),
(716, 'AnhembiMorumbi_2023-1', 1, 687, '2023-02-14 09:36:20', '2023-03-17 03:45:51', 30, 0, 0, NULL, NULL, NULL),
(717, 'AnhembiMorumbi_2023-1', 1, 688, '2023-02-14 09:37:11', '2023-03-17 03:45:51', 0, 0, 0, NULL, NULL, NULL),
(719, 'EAD-FMU_2023-1', 1, 690, '2023-02-14 12:03:44', '2023-03-17 03:45:51', 30, 0, 0, NULL, NULL, NULL),
(720, 'EAD-FMU_2023-1', 1, 691, '2023-02-14 12:04:20', '2023-03-17 03:45:51', 0, 0, 0, NULL, NULL, NULL),
(722, 'FiquePorDentro-SubItaim_CadUnico-1', 1, 693, '2023-02-15 21:26:47', '2023-09-06 13:14:58', 0, 0, 0, NULL, NULL, NULL),
(723, 'FiquePorDentro-SubItaim_CadUnico-1', 1, 694, '2023-02-15 21:27:22', '2023-03-17 03:45:51', 0, 0, 0, NULL, NULL, NULL),
(725, 'ColegioAraraAzul-2023-1', 1, 696, '2023-02-16 09:40:23', '2023-03-17 03:45:51', 30, 0, 0, NULL, NULL, NULL),
(726, 'ColegioAraraAzul-2023-1', 1, 697, '2023-02-16 09:41:00', '2023-03-17 03:45:51', 0, 0, 0, NULL, NULL, NULL),
(728, 'RKIphones_032023-1', 1, 699, '2023-03-08 15:09:12', '2023-03-17 03:45:51', 31, 0, 0, NULL, NULL, NULL),
(729, 'RKIphones_032023-1', 1, 700, '2023-03-08 15:09:50', '2023-03-17 03:45:51', 0, 0, 0, NULL, NULL, NULL),
(731, 'CsasRoma_032023-1', 1, 702, '2023-03-11 13:21:54', '2023-03-17 03:45:51', 0, 0, 0, NULL, NULL, NULL),
(737, 'CasaRoma_032023-1', 1, 708, '2023-03-14 00:25:53', '2023-09-06 13:14:58', 0, 0, 0, NULL, NULL, NULL),
(738, 'CasaRoma_032023-1', 1, 709, '2023-03-14 00:26:36', '2023-03-17 03:45:51', 0, 0, 0, NULL, NULL, NULL),
(740, 'EmporioCombat_2023-1', 1, 711, '2023-03-27 01:02:54', '2023-04-07 15:08:55', 30, 0, 0, NULL, NULL, NULL),
(741, 'EmporioCombat_2023-1', 1, 712, '2023-03-27 01:03:37', '2023-04-07 15:08:55', 0, 0, 0, NULL, NULL, NULL),
(743, 'PMSP_mutirao-1', 1, 714, '2023-04-01 09:41:25', '2023-09-06 13:14:58', 0, 0, 0, NULL, NULL, NULL),
(744, 'PMSP_mutirao-1', 1, 715, '2023-04-01 09:42:08', '2023-04-07 15:08:55', 0, 0, 0, NULL, NULL, NULL),
(746, 'PlanetaCar_052023-1', 1, 717, '2023-04-26 00:15:48', '2023-06-27 12:21:55', 30, 0, 0, NULL, NULL, NULL),
(747, 'PlanetaCar_052023-1', 1, 718, '2023-04-26 00:16:31', '2023-06-27 12:21:55', 0, 0, 0, NULL, NULL, NULL),
(749, 'BM7_052023-1', 1, 720, '2023-04-26 00:17:07', '2023-06-27 12:21:55', 35, 0, 0, NULL, NULL, NULL),
(750, 'BM7_052023-1', 1, 721, '2023-04-26 00:18:01', '2023-06-27 12:21:55', 0, 0, 0, NULL, NULL, NULL),
(752, 'SKNPrime_052023-1', 1, 723, '2023-05-11 10:14:46', '2023-06-27 12:21:55', 29, 0, 0, NULL, NULL, NULL),
(753, 'SKNPrime_052023-1', 1, 724, '2023-05-11 10:15:38', '2023-06-27 12:21:55', 0, 0, 0, NULL, NULL, NULL),
(755, 'DespachanteSM_052023-1', 1, 726, '2023-05-11 11:19:36', '2023-09-25 07:49:40', 0, 0, 0, NULL, NULL, NULL),
(756, 'DespachanteSM_052023-1', 1, 727, '2023-05-11 11:20:11', '2023-06-27 12:21:55', 0, 0, 0, NULL, NULL, NULL),
(758, 'AliomarMatConstr_052023-1', 1, 729, '2023-05-18 13:33:29', '2023-06-27 12:21:55', 0, 0, 0, NULL, NULL, NULL),
(759, 'AliomarMatConstr_052023-1', 1, 730, '2023-05-18 13:34:18', '2023-06-27 12:21:55', 0, 0, 0, NULL, NULL, NULL),
(761, 'AliomarMatConstr_OK_052023-1', 1, 732, '2023-05-19 10:52:36', '2023-06-27 12:21:55', 36, 0, 0, NULL, NULL, NULL),
(762, 'AliomarMatConstr_OK_052023-1', 1, 733, '2023-05-19 10:56:12', '2023-06-27 12:21:55', 0, 0, 0, NULL, NULL, NULL),
(764, 'BemProtege_OK_062023-1', 1, 735, '2023-06-14 22:30:40', '2023-06-27 12:21:55', 30, 0, 0, NULL, NULL, NULL),
(765, 'BemProtege_OK_062023-1', 1, 736, '2023-06-14 22:31:20', '2023-06-27 12:21:55', 0, 0, 0, NULL, NULL, NULL),
(767, 'NordestinaMoveis_072023-1', 1, 738, '2023-07-13 00:35:46', '2023-09-06 13:14:58', 31, 0, 0, NULL, NULL, NULL),
(768, 'NordestinaMoveis_072023-1', 1, 739, '2023-07-13 00:36:21', '2023-09-06 13:14:58', 0, 0, 0, NULL, NULL, NULL),
(770, 'NordestinaMoveis_072023_OK-1', 1, 741, '2023-07-13 12:47:11', '2023-09-06 13:14:58', 30, 0, 0, NULL, NULL, NULL),
(771, 'NordestinaMoveis_072023_OK-1', 1, 742, '2023-07-13 12:49:02', '2023-09-06 13:14:58', 0, 0, 0, NULL, NULL, NULL),
(773, 'ModelPlus_072023-1', 1, 744, '2023-07-18 13:30:04', '2023-09-06 13:14:58', 0, 0, 0, NULL, NULL, NULL),
(774, 'ModelPlus_072023-1', 1, 745, '2023-07-18 13:32:39', '2023-09-06 13:14:58', 0, 0, 0, NULL, NULL, NULL),
(776, 'BPMed_072023-1', 1, 747, '2023-07-18 22:34:49', '2023-09-06 13:14:58', 30, 0, 0, NULL, NULL, NULL),
(777, 'BPMed_072023-1', 1, 748, '2023-07-18 22:35:35', '2023-09-06 13:14:58', 0, 0, 0, NULL, NULL, NULL),
(783, 'ConsuloriodaVila-Unid.2_082023-1', 1, 754, '2023-08-15 10:26:02', '2023-09-06 13:14:58', 0, 0, 0, NULL, NULL, NULL),
(791, 'ConsultoriodaVila_Uni01_082023-1', 1, 762, '2023-08-17 17:25:55', '2023-09-06 13:14:58', 30, 0, 0, NULL, NULL, NULL),
(793, 'ConsultoriodaVila-Uni02_082023-1', 1, 764, '2023-08-17 17:27:08', '2023-09-06 13:14:58', 30, 0, 0, NULL, NULL, NULL),
(795, 'Colegio24deMaio_082023-1', 1, 766, '2023-08-18 18:47:06', '2023-09-06 13:14:58', 30, 0, 0, NULL, NULL, NULL),
(797, 'FestaNaçoes_Itaim_2023-1', 1, 768, '2023-08-24 19:27:49', '2023-09-25 07:49:40', 0, 0, 0, NULL, NULL, NULL),
(799, 'SENAC_082023-1', 1, 770, '2023-08-29 13:58:21', '2023-09-06 13:14:58', 30, 0, 0, NULL, NULL, NULL),
(801, 'TESTE-1', 1, 772, '2023-09-08 21:19:24', '2023-09-25 07:49:39', 0, 0, 0, NULL, NULL, NULL),
(803, 'EAD_FMU_092023-1', 1, 774, '2023-09-10 11:21:47', '2023-09-25 07:49:39', 29, 0, 0, NULL, NULL, NULL),
(805, 'EAD_Anhembi_092023-1', 1, 776, '2023-09-10 11:22:51', '2023-09-25 07:49:39', 29, 0, 0, NULL, NULL, NULL),
(806, 'PREVISÃO DO TEMPO-1', 1, 777, '2023-09-11 07:49:38', '2023-09-11 07:49:38', 0, 0, 0, NULL, NULL, NULL),
(808, 'AudioVoz-1', 1, 779, '2023-09-23 15:30:08', '2023-09-25 07:49:39', 29, 0, 0, NULL, NULL, NULL),
(810, 'FMU_092023_OK-1', 1, 781, '2023-09-29 20:42:30', '2023-10-06 19:23:43', 29, 0, 0, NULL, NULL, NULL),
(812, 'QuintalDecoraFestas-1', 1, 783, '2023-10-24 10:04:18', '2023-10-27 15:25:23', 30, 0, 0, NULL, NULL, NULL),
(814, 'KatiaMatosPsicopedagoga-1', 1, 785, '2023-10-24 10:05:26', '2023-10-27 15:25:23', 30, 0, 0, NULL, NULL, NULL),
(816, 'Lupe Pilates-1', 1, 787, '2023-11-03 13:36:44', '2023-11-08 07:51:41', 0, 0, 0, NULL, NULL, NULL),
(818, 'LupePilates_102023-1', 1, 789, '2023-11-03 17:16:37', '2023-11-08 07:51:41', 30, 0, 0, NULL, NULL, NULL),
(820, 'Natal 2023 - Rosa de Saron-1', 1, 791, '2023-12-04 13:25:54', '2024-01-10 01:15:22', 30, 0, 0, NULL, NULL, NULL),
(822, 'Jetta Digital-1', 1, 793, '2023-12-21 13:24:25', '2024-01-10 01:15:22', 30, 0, 0, NULL, NULL, NULL),
(824, 'FelizAnoNovo_2024-1', 1, 795, '2024-01-02 02:31:57', '2024-01-10 01:15:22', 30, 0, 0, NULL, NULL, NULL),
(829, 'BianchiAutomoveis_012024-1', 1, 800, '2024-01-16 12:42:44', '2024-01-17 10:45:09', 0, 0, 0, NULL, NULL, NULL),
(831, 'CleideBarrosPsico_012024-1', 1, 802, '2024-01-17 20:00:23', '2024-02-07 06:10:47', 30, 0, 0, NULL, NULL, NULL),
(832, 'CleideBarrosPsico_012024-1', 1, 803, '2024-01-17 20:01:02', '2024-02-07 06:10:47', 0, 0, 0, NULL, NULL, NULL),
(834, 'Bianchi Automoveis_012024-1', 1, 805, '2024-01-17 22:01:22', '2024-02-07 06:10:47', 30, 0, 0, NULL, NULL, NULL),
(835, 'Bianchi Automoveis_012024-1', 1, 806, '2024-01-17 22:02:40', '2024-02-07 06:10:47', 0, 0, 0, NULL, NULL, NULL),
(837, 'WagnerVogadoConsorcios_032024-1', 1, 808, '2024-03-11 13:38:42', '2024-03-13 20:55:55', 30, 0, 0, NULL, NULL, NULL),
(838, 'WagnerVogadoConsorcios_032024-1', 1, 809, '2024-03-11 13:39:24', '2024-03-13 20:55:55', 0, 0, 0, NULL, NULL, NULL),
(840, 'MemoriasNegras-1', 1, 811, '2024-04-04 20:06:42', '2024-04-07 07:10:21', 29, 0, 0, NULL, NULL, NULL),
(841, 'MemoriasNegras-1', 1, 812, '2024-04-04 20:07:20', '2024-04-07 07:10:21', 0, 0, 0, NULL, NULL, NULL),
(843, 'RHIphones_042024-1', 1, 814, '2024-04-13 10:26:49', '2024-04-18 09:58:24', 32, 0, 0, NULL, NULL, NULL),
(844, 'RHIphones_042024-1', 1, 815, '2024-04-13 10:27:55', '2024-04-18 09:58:24', 0, 0, 0, NULL, NULL, NULL),
(846, 'CrossLeste_042024-1', 1, 817, '2024-04-18 19:44:52', '2024-04-19 03:35:01', 32, 0, 0, NULL, NULL, NULL),
(847, 'CrossLeste_042024-1', 1, 818, '2024-04-18 19:45:24', '2024-04-19 03:35:01', 0, 0, 0, NULL, NULL, NULL),
(849, 'Grupo Willians_052024-1', 1, 820, '2024-05-16 18:00:34', '2024-05-17 02:41:15', 28, 0, 0, NULL, NULL, NULL),
(850, 'Grupo Willians_052024-1', 1, 821, '2024-05-16 18:01:17', '2024-05-17 02:41:15', 0, 0, 0, NULL, NULL, NULL),
(852, 'FMU_062024-1', 1, 823, '2024-06-11 15:19:08', '2024-06-11 21:51:52', 30, 0, 0, NULL, NULL, NULL),
(853, 'FMU_062024-1', 1, 824, '2024-06-11 15:19:59', '2024-06-11 21:51:52', 0, 0, 0, NULL, NULL, NULL),
(855, 'Anhembi-Morumbi_062024-1', 1, 826, '2024-06-11 15:20:30', '2024-06-11 21:51:52', 25, 0, 0, NULL, NULL, NULL),
(856, 'Anhembi-Morumbi_062024-1', 1, 827, '2024-06-11 15:21:01', '2024-06-11 21:51:52', 0, 0, 0, NULL, NULL, NULL),
(858, 'QuintalDecoraFestas_062024-1', 1, 829, '2024-06-18 13:32:13', '2024-06-24 22:48:16', 30, 0, 0, NULL, NULL, NULL),
(859, 'QuintalDecoraFestas_062024-1', 1, 830, '2024-06-18 13:32:49', '2024-06-24 22:48:16', 0, 0, 0, NULL, NULL, NULL),
(861, 'Brutale_062024-1', 1, 832, '2024-06-27 19:44:40', '2024-07-01 04:25:26', 30, 0, 0, NULL, NULL, NULL),
(863, 'Gratus_Eventos-1', 1, 834, '2024-08-09 16:17:45', '2024-08-11 00:04:44', 35, 0, 0, NULL, NULL, NULL),
(864, 'Gratus_Eventos-1', 1, 835, '2024-08-09 16:18:30', '2024-08-11 00:04:44', 0, 0, 0, NULL, NULL, NULL),
(866, 'Loja SS_Curuça_092024-1', 1, 837, '2024-09-02 11:54:42', '2024-09-05 18:04:21', 30, 0, 0, NULL, NULL, NULL),
(867, 'Loja SS_Curuça_092024-1', 1, 838, '2024-09-02 11:55:15', '2024-09-05 18:04:21', 0, 0, 0, NULL, NULL, NULL),
(869, 'Marechal Auto-Vidros_092024-1', 1, 840, '2024-09-11 16:20:32', '2024-09-12 14:20:37', 30, 0, 0, NULL, NULL, NULL),
(870, 'Marechal Auto-Vidros_092024-1', 1, 841, '2024-09-11 16:21:06', '2024-09-12 14:20:37', 0, 0, 0, NULL, NULL, NULL);

-- --------------------------------------------------------

--
-- Estrutura para tabela `region`
--

CREATE TABLE `region` (
  `regionId` int(11) NOT NULL,
  `layoutId` int(11) NOT NULL,
  `ownerId` int(11) NOT NULL,
  `name` varchar(254) DEFAULT NULL,
  `width` decimal(10,0) NOT NULL,
  `height` decimal(10,0) NOT NULL,
  `top` decimal(10,0) NOT NULL,
  `left` decimal(10,0) NOT NULL,
  `zIndex` smallint(6) NOT NULL,
  `duration` int(11) NOT NULL DEFAULT '0'
) ENGINE=InnoDB DEFAULT CHARSET=utf8;

--
-- Despejando dados para a tabela `region`
--

INSERT INTO `region` (`regionId`, `layoutId`, `ownerId`, `name`, `width`, `height`, `top`, `left`, `zIndex`, `duration`) VALUES
(78, 41, 1, '1', 1920, 936, 0, 0, 0, 20),
(79, 41, 1, '2', 432, 129, 941, 1470, 0, 10),
(182, 72, 1, 'TABELA AÇOUGUE-1', 955, 923, 157, 10, 3, 20),
(183, 72, 1, 'TABELA AÇOUGUE-2', 938, 898, 157, 972, 3, 10),
(184, 72, 1, 'TABELA AÇOUGUE-3', 1118, 127, 0, 328, 4, 5),
(185, 72, 1, 'TABELA AÇOUGUE BOVINOS-4', 410, 166, 0, 1495, 0, 0),
(327, 119, 1, 'VTS-1', 1920, 1080, 0, 0, 0, 73),
(344, 131, 1, '1', 1920, 936, 0, 0, 0, 15),
(345, 131, 1, '2', 432, 129, 941, 1470, 0, 10),
(358, 144, 1, '1', 1920, 1080, 0, 0, 0, 10),
(359, 145, 1, '1', 1920, 1080, 0, 0, 0, 10),
(360, 146, 1, '1', 1920, 1080, 0, 0, 0, 10),
(361, 147, 1, '1', 1920, 1080, 0, 0, 0, 10),
(362, 148, 1, '1', 1920, 1080, 0, 0, 0, 10),
(363, 149, 1, '1', 1920, 1080, 0, 0, 0, 10),
(364, 150, 1, '1', 1920, 1080, 0, 0, 0, 10),
(370, 155, 1, 'AÇAI DICAS-1', 1920, 1080, 0, 0, 0, 10),
(378, 162, 1, 'Bem Protege-1', 1920, 1080, 0, 0, 0, 20),
(380, 164, 1, 'Anuncie Aqui EmFoco MidiaIndoor-1', 1920, 1080, 0, 0, 0, 10),
(382, 166, 1, 'Ensina Mais Curuça-1', 1920, 1080, 0, 0, 0, 21),
(384, 168, 1, 'Espaço Curuça Eventos-1', 1920, 1080, 0, 0, 0, 31),
(386, 170, 1, 'Lanhouse Emporio Combat-1', 1920, 1080, 0, 0, 0, 35),
(388, 172, 1, 'Lili Modas-1', 1920, 1080, 0, 0, 0, 38),
(396, 177, 1, 'VTS-1', 1920, 1080, 0, 0, 0, 0),
(400, 179, 1, 'VTS02-1', 1920, 1080, 0, 0, 0, 0),
(410, 189, 1, '1', 1920, 1080, 0, 0, 0, 5),
(411, 190, 1, '1', 1920, 1080, 0, 0, 0, 5),
(412, 191, 1, '1', 1920, 1080, 0, 0, 0, 5),
(413, 192, 1, '1', 1920, 1080, 0, 0, 0, 5),
(414, 193, 1, '1', 1920, 1080, 0, 0, 0, 10),
(417, 196, 1, '1', 1920, 1080, 0, 0, 0, 10),
(418, 197, 1, 'Bem Protege-1', 1920, 1080, 0, 0, 0, 0),
(419, 198, 1, '1', 1920, 1080, 0, 0, 0, 10),
(424, 203, 1, 'QLinda Modas-1', 1920, 1080, 0, 0, 0, 0),
(430, 209, 1, 'horospoco-1', 1920, 1080, 0, 0, 0, 20),
(432, 211, 1, 'UOL - Tecnologia-1', 1920, 1080, 0, 0, 0, 10),
(435, 213, 1, 'Rosa de saron_Buffet_001-1', 1920, 1080, 0, 0, 0, 29),
(437, 215, 1, 'Rose de Saron_Pizzas_001-1', 1920, 1080, 0, 0, 0, 29),
(453, 231, 1, 'CLANOEBEMPROTEGE-1', 1920, 1080, 0, 0, 0, 31),
(460, 238, 1, 'StudioG-1', 1920, 1080, 0, 0, 0, 0),
(468, 246, 1, 'QLinda Modas Junho21-1', 1920, 1080, 0, 0, 0, 0),
(470, 248, 1, 'ROSA DE SARON SAO JOAO-1', 1920, 1080, 0, 0, 0, 29),
(477, 255, 1, 'ROSA DE SARON DOCES-1', 1920, 1080, 0, 0, 0, 30),
(478, 256, 1, 'ROSA DE SARON DOCES-1', 1920, 1080, 0, 0, 0, 0),
(480, 258, 1, 'ROSA DE SARON PORÇÕES-1', 1920, 1080, 0, 0, 0, 30),
(481, 259, 1, 'ROSA DE SARON PORÇÕES-1', 1920, 1080, 0, 0, 0, 0),
(485, 263, 1, 'STUDIOG AGO21-1', 1920, 1080, 0, 0, 0, 0),
(487, 265, 1, 'EAD ANHEMBI MORUMBI AGO21-1', 1920, 1080, 0, 0, 0, 0),
(493, 271, 1, 'S&AASSESSORIACONT21-1', 1920, 1080, 0, 0, 0, 0),
(497, 275, 1, 'EnsinaMaisSet2021-1', 1920, 1080, 0, 0, 0, 30),
(499, 277, 1, 'EAD ANHEMBI MORUMBI SET2021-1', 1920, 1080, 0, 0, 0, 0),
(501, 279, 1, 'TamaraTorresMicropigmentação-1', 1920, 1080, 0, 0, 0, 0),
(503, 281, 1, 'CamilaMouraOdonto-1', 1920, 1080, 0, 0, 0, 0),
(509, 287, 1, 'QLINDA 092021-1', 1920, 1080, 0, 0, 0, 0),
(513, 291, 1, 'BOBSATUDIOESTETICA-1', 1920, 1080, 0, 0, 0, 0),
(514, 292, 1, 'BOBSATUDIOESTETICA-1', 1920, 1080, 0, 0, 0, 0),
(517, 295, 1, 'Rosa de Saron Natal 01-1', 1920, 1080, 0, 0, 0, 0),
(520, 298, 1, 'Rosa de Saron_Natal_02-1', 1920, 1080, 0, 0, 0, 0),
(522, 300, 1, 'Ano Novo Rosa de Saron Pedidos-1', 1920, 1080, 0, 0, 0, 30),
(523, 301, 1, 'Ano Novo Rosa de Saron Pedidos-1', 1920, 1080, 0, 0, 0, 0),
(525, 303, 1, 'Rosa de Saron_Ano Novo_2022-1', 1920, 1080, 0, 0, 0, 30),
(527, 305, 1, 'ReviewCar-1', 1920, 1080, 0, 0, 0, 0),
(528, 306, 1, 'ReviewCar-1', 1920, 1080, 0, 0, 0, 0),
(530, 308, 1, 'GABRIELLATHAINA-1', 1920, 1080, 0, 0, 0, 0),
(531, 309, 1, 'GABRIELLATHAINA-1', 1920, 1080, 0, 0, 0, 0),
(536, 314, 1, 'PlanetaCAR-1', 1920, 1080, 0, 0, 0, 0),
(537, 315, 1, 'PlanetaCAR-1', 1920, 1080, 0, 0, 0, 0),
(539, 317, 1, 'CLEIDEBARROSPSICOLOGIA-1', 1920, 1080, 0, 0, 0, 30),
(540, 318, 1, 'CLEIDEBARROSPSICOLOGIA-1', 1920, 1080, 0, 0, 0, 0),
(542, 320, 1, 'SENZACONFINI-1', 1920, 1080, 0, 0, 0, 0),
(543, 321, 1, 'SENZACONFINI-1', 1920, 1080, 0, 0, 0, 0),
(545, 323, 1, 'Dias das Mulheres - Rosa-1', 1920, 1080, 0, 0, 0, 29),
(546, 324, 1, 'Dias das Mulheres - Rosa-1', 1920, 1080, 0, 0, 0, 0),
(548, 326, 1, 'BM7EMPREENDIMENTOS-1', 1920, 1080, 0, 0, 0, 30),
(549, 327, 1, 'BM7EMPREENDIMENTOS-1', 1920, 1080, 0, 0, 0, 0),
(551, 329, 1, 'Academia Brutale-1', 1920, 1080, 0, 0, 0, 0),
(553, 331, 1, 'Talita-Tarot-1', 1920, 1080, 0, 0, 0, 0),
(555, 333, 1, 'BobStudio-Academia-1', 1920, 1080, 0, 0, 0, 0),
(557, 335, 1, 'BobStudio-Academia-1', 1920, 1080, 0, 0, 0, 0),
(559, 337, 1, 'Tamara Torres Micropgimentação 032022-1', 1920, 1080, 0, 0, 0, 0),
(560, 338, 1, 'Tamara Torres Micropgimentação 032022-1', 1920, 1080, 0, 0, 0, 0),
(562, 340, 1, 'RosaAlmoço - 032022-1', 1920, 1080, 0, 0, 0, 29),
(563, 341, 1, 'RosaAlmoço - 032022-1', 1920, 1080, 0, 0, 0, 0),
(565, 343, 1, 'RosaPorção  -  032022-1', 1920, 1080, 0, 0, 0, 30),
(566, 344, 1, 'RosaPorção  -  032022-1', 1920, 1080, 0, 0, 0, 0),
(568, 346, 1, 'LanchePernilRosa-1', 1920, 1080, 0, 0, 0, 15),
(572, 350, 1, 'WM_Mangueiras-1', 1920, 1080, 0, 0, 0, 29),
(574, 352, 1, 'BellaLuz_Cosmeticos-1', 1920, 1080, 0, 0, 0, 0),
(575, 353, 1, 'BellaLuz_Cosmeticos-1', 1920, 1080, 0, 0, 0, 0),
(576, 354, 1, 'BellaLuzPerfumaria-1', 1920, 1080, 0, 0, 0, 0),
(578, 356, 1, 'BOBSTUDIO_Academia2-1', 1920, 1080, 0, 0, 0, 0),
(580, 358, 1, 'SKNCONTABILIDADE-1', 1920, 1080, 0, 0, 0, 30),
(581, 359, 1, 'SKNCONTABILIDADE-1', 1920, 1080, 0, 0, 0, 0),
(584, 362, 1, 'SKNCONTABILIDADE_2-1', 1920, 1080, 0, 0, 0, 0),
(586, 364, 1, 'SKNContabilidade editado-1', 1920, 1080, 0, 0, 0, 30),
(587, 365, 1, 'SKNContabilidade editado-1', 1920, 1080, 0, 0, 0, 0),
(589, 367, 1, 'RosaSaron_Pascoa22-1', 1920, 1080, 0, 0, 0, 30),
(590, 368, 1, 'RosaSaron_Pascoa22-1', 1920, 1080, 0, 0, 0, 0),
(592, 370, 1, 'Rosa Dia das Mães 2022-1', 1920, 1080, 0, 0, 0, 31),
(593, 371, 1, 'Rosa Dia das Mães 2022-1', 1920, 1080, 0, 0, 0, 0),
(595, 373, 1, 'Dia da Mães 22-1', 1920, 1080, 0, 0, 0, 21),
(596, 374, 1, 'Dia da Mães 22-1', 1920, 1080, 0, 0, 0, 0),
(598, 376, 1, 'TerryIPTV-052022-1', 1920, 1080, 0, 0, 0, 0),
(599, 377, 1, 'TerryIPTV-052022-1', 1920, 1080, 0, 0, 0, 0),
(601, 379, 1, 'Esfihas Rosa de Saron-1', 1920, 1080, 0, 0, 0, 30),
(602, 380, 1, 'Esfihas Rosa de Saron-1', 1920, 1080, 0, 0, 0, 0),
(604, 382, 1, 'TanakaOdonto052022-1', 1920, 1080, 0, 0, 0, 0),
(605, 383, 1, 'TanakaOdonto052022-1', 1920, 1080, 0, 0, 0, 0),
(607, 385, 1, 'BM7 - 062022-1', 1920, 1080, 0, 0, 0, 29),
(609, 387, 1, 'DiadosNamorados_Rosa-1', 1920, 1080, 0, 0, 0, 25),
(623, 401, 1, 'EAD AnhembiMorumbi_062022-1', 1920, 1080, 0, 0, 0, 0),
(624, 402, 1, 'EAD AnhembiMorumbi_062022-1', 1920, 1080, 0, 0, 0, 27),
(626, 404, 1, 'TanakaOdonto_072022-1', 1920, 1080, 0, 0, 0, 0),
(627, 405, 1, 'TanakaOdonto_072022-1', 1920, 1080, 0, 0, 0, 0),
(629, 407, 1, 'SenzaConfini_072022-1', 1920, 1080, 0, 0, 0, 0),
(630, 408, 1, 'SenzaConfini_072022-1', 1920, 1080, 0, 0, 0, 0),
(632, 410, 1, 'Rosa Saron - Dia dos Pais - 2022-1', 1920, 1080, 0, 0, 0, 30),
(633, 411, 1, 'Rosa Saron - Dia dos Pais - 2022-1', 1920, 1080, 0, 0, 0, 0),
(635, 413, 1, 'StudioMincelaRibeiro_082022-1', 1920, 1080, 0, 0, 0, 0),
(637, 415, 1, 'Cleide Barros Psicologia - 082022-1', 1920, 1080, 0, 0, 0, 30),
(639, 417, 1, 'Riviera Sta Crisitna_092022-1', 1920, 1080, 0, 0, 0, 0),
(641, 419, 1, 'TopLarLaminados_092022-1', 1920, 1080, 0, 0, 0, 0),
(642, 420, 1, 'TopLarLaminados_092022-1', 1920, 1080, 0, 0, 0, 0),
(644, 422, 1, 'TopLarPlanejados_092022-1', 1920, 1080, 0, 0, 0, 0),
(645, 423, 1, 'TopLarPlanejados_092022-1', 1920, 1080, 0, 0, 0, 0),
(647, 425, 1, 'StudioMincelaRibeiro-alterado-1', 1920, 1080, 0, 0, 0, 0),
(648, 426, 1, 'StudioMincelaRibeiro-alterado-1', 1920, 1080, 0, 0, 0, 0),
(652, 430, 1, 'PlanetaCar102022-1', 1920, 1080, 0, 0, 0, 0),
(654, 432, 1, 'PlanetaCar-102022-OK-1', 1920, 1080, 0, 0, 0, 0),
(656, 434, 1, 'BM7-112022-1', 1920, 1080, 0, 0, 0, 27),
(658, 436, 1, 'PlanetaCar-122022-1', 1920, 1080, 0, 0, 0, 0),
(659, 437, 1, 'PlanetaCar-122022-1', 1920, 1080, 0, 0, 0, 0),
(661, 439, 1, 'Exicredi - 122022-1', 1920, 1080, 0, 0, 0, 0),
(663, 441, 1, 'PlanetaCar-2023-1', 1920, 1080, 0, 0, 0, 0),
(666, 444, 1, 'Priority Jocelei - 012023-1', 1920, 1080, 0, 0, 0, 0),
(668, 446, 1, 'Priority Jocelei - 012023_01-1', 1920, 1080, 0, 0, 0, 0),
(669, 447, 1, 'Priority Jocelei - 012023_01-1', 1920, 1080, 0, 0, 0, 0),
(671, 449, 1, 'Jocelei_Priority_30seg-1', 1920, 1080, 0, 0, 0, 0),
(673, 451, 1, 'BrancoInfoprint-1', 1920, 1080, 0, 0, 0, 30),
(674, 452, 1, 'BrancoInfoprint-1', 1920, 1080, 0, 0, 0, 0),
(676, 454, 1, 'MBPrint_012023-1', 1920, 1080, 0, 0, 0, 30),
(677, 455, 1, 'MBPrint_012023-1', 1920, 1080, 0, 0, 0, 0),
(679, 457, 1, 'Pedalese_012023-1', 1920, 1080, 0, 0, 0, 0),
(680, 458, 1, 'Pedalese_012023-1', 1920, 1080, 0, 0, 0, 0),
(682, 460, 1, 'Cavoa Madeiras_012023-1', 1920, 1080, 0, 0, 0, 30),
(683, 461, 1, 'Cavoa Madeiras_012023-1', 1920, 1080, 0, 0, 0, 0),
(685, 463, 1, 'BrancoInfoprint_2_012023-1', 1920, 1080, 0, 0, 0, 30),
(687, 465, 1, 'AnhembiMorumbi_2023-1', 1920, 1080, 0, 0, 0, 30),
(688, 466, 1, 'AnhembiMorumbi_2023-1', 1920, 1080, 0, 0, 0, 0),
(690, 468, 1, 'EAD-FMU_2023-1', 1920, 1080, 0, 0, 0, 30),
(691, 469, 1, 'EAD-FMU_2023-1', 1920, 1080, 0, 0, 0, 0),
(693, 471, 1, 'FiquePorDentro-SubItaim_CadUnico-1', 1920, 1080, 0, 0, 0, 0),
(694, 472, 1, 'FiquePorDentro-SubItaim_CadUnico-1', 1920, 1080, 0, 0, 0, 0),
(696, 474, 1, 'ColegioAraraAzul-2023-1', 1920, 1080, 0, 0, 0, 30),
(697, 475, 1, 'ColegioAraraAzul-2023-1', 1920, 1080, 0, 0, 0, 0),
(699, 477, 1, 'RKIphones_032023-1', 1920, 1080, 0, 0, 0, 31),
(700, 478, 1, 'RKIphones_032023-1', 1920, 1080, 0, 0, 0, 0),
(702, 480, 1, 'CsasRoma_032023-1', 1920, 1080, 0, 0, 0, 0),
(708, 486, 1, 'CasaRoma_032023-1', 1920, 1080, 0, 0, 0, 0),
(709, 487, 1, 'CasaRoma_032023-1', 1920, 1080, 0, 0, 0, 0),
(711, 489, 1, 'EmporioCombat_2023-1', 1920, 1080, 0, 0, 0, 30),
(712, 490, 1, 'EmporioCombat_2023-1', 1920, 1080, 0, 0, 0, 0),
(714, 492, 1, 'PMSP_mutirao-1', 1920, 1080, 0, 0, 0, 0),
(715, 493, 1, 'PMSP_mutirao-1', 1920, 1080, 0, 0, 0, 0),
(717, 495, 1, 'PlanetaCar_052023-1', 1920, 1080, 0, 0, 0, 30),
(718, 496, 1, 'PlanetaCar_052023-1', 1920, 1080, 0, 0, 0, 0),
(720, 498, 1, 'BM7_052023-1', 1920, 1080, 0, 0, 0, 35),
(721, 499, 1, 'BM7_052023-1', 1920, 1080, 0, 0, 0, 0),
(723, 501, 1, 'SKNPrime_052023-1', 1920, 1080, 0, 0, 0, 29),
(724, 502, 1, 'SKNPrime_052023-1', 1920, 1080, 0, 0, 0, 0),
(726, 504, 1, 'DespachanteSM_052023-1', 1920, 1080, 0, 0, 0, 0),
(727, 505, 1, 'DespachanteSM_052023-1', 1920, 1080, 0, 0, 0, 0),
(729, 507, 1, 'AliomarMatConstr_052023-1', 1920, 1080, 0, 0, 0, 0),
(730, 508, 1, 'AliomarMatConstr_052023-1', 1920, 1080, 0, 0, 0, 0),
(732, 510, 1, 'AliomarMatConstr_OK_052023-1', 1920, 1080, 0, 0, 0, 36),
(733, 511, 1, 'AliomarMatConstr_OK_052023-1', 1920, 1080, 0, 0, 0, 0),
(735, 513, 1, 'BemProtege_OK_062023-1', 1920, 1080, 0, 0, 0, 30),
(736, 514, 1, 'BemProtege_OK_062023-1', 1920, 1080, 0, 0, 0, 0),
(738, 516, 1, 'NordestinaMoveis_072023-1', 1920, 1080, 0, 0, 0, 31),
(739, 517, 1, 'NordestinaMoveis_072023-1', 1920, 1080, 0, 0, 0, 0),
(741, 519, 1, 'NordestinaMoveis_072023_OK-1', 1920, 1080, 0, 0, 0, 30),
(742, 520, 1, 'NordestinaMoveis_072023_OK-1', 1920, 1080, 0, 0, 0, 0),
(744, 522, 1, 'ModelPlus_072023-1', 1920, 1080, 0, 0, 0, 0),
(745, 523, 1, 'ModelPlus_072023-1', 1920, 1080, 0, 0, 0, 0),
(747, 525, 1, 'BPMed_072023-1', 1920, 1080, 0, 0, 0, 30),
(748, 526, 1, 'BPMed_072023-1', 1920, 1080, 0, 0, 0, 0),
(754, 532, 1, 'ConsuloriodaVila-Unid.2_082023-1', 1920, 1080, 0, 0, 0, 0),
(762, 540, 1, 'ConsultoriodaVila_Uni01_082023-1', 1920, 1080, 0, 0, 0, 30),
(764, 542, 1, 'ConsultoriodaVila-Uni02_082023-1', 1920, 1080, 0, 0, 0, 30),
(766, 544, 1, 'Colegio24deMaio_082023-1', 1920, 1080, 0, 0, 0, 30),
(768, 546, 1, 'FestaNaçoes_Itaim_2023-1', 1920, 1080, 0, 0, 0, 0),
(770, 548, 1, 'SENAC_082023-1', 1920, 1080, 0, 0, 0, 30),
(772, 550, 1, 'TESTE-1', 1920, 1080, 0, 0, 0, 0),
(774, 552, 1, 'EAD_FMU_092023-1', 1920, 1080, 0, 0, 0, 29),
(776, 554, 1, 'EAD_Anhembi_092023-1', 1920, 1080, 0, 0, 0, 29),
(777, 555, 1, 'PREVISÃO DO TEMPO-1', 1920, 1080, 0, 0, 0, 10),
(779, 557, 1, 'AudioVoz-1', 1920, 1080, 0, 0, 0, 29),
(781, 559, 1, 'FMU_092023_OK-1', 1920, 1080, 0, 0, 0, 29),
(783, 561, 1, 'QuintalDecoraFestas-1', 1920, 1080, 0, 0, 0, 30),
(785, 563, 1, 'KatiaMatosPsicopedagoga-1', 1920, 1080, 0, 0, 0, 30),
(787, 565, 1, 'Lupe Pilates-1', 1920, 1080, 0, 0, 0, 0),
(789, 567, 1, 'LupePilates_102023-1', 1920, 1080, 0, 0, 0, 30),
(791, 569, 1, 'Natal 2023 - Rosa de Saron-1', 1920, 1080, 0, 0, 0, 30),
(793, 571, 1, 'Jetta Digital-1', 1920, 1080, 0, 0, 0, 30),
(795, 573, 1, 'FelizAnoNovo_2024-1', 1920, 1080, 0, 0, 0, 30),
(800, 578, 1, 'BianchiAutomoveis_012024-1', 1920, 1080, 0, 0, 0, 0),
(802, 580, 1, 'CleideBarrosPsico_012024-1', 1920, 1080, 0, 0, 0, 30),
(803, 581, 1, 'CleideBarrosPsico_012024-1', 1920, 1080, 0, 0, 0, 0),
(805, 583, 1, 'Bianchi Automoveis_012024-1', 1920, 1080, 0, 0, 0, 30),
(806, 584, 1, 'Bianchi Automoveis_012024-1', 1920, 1080, 0, 0, 0, 0),
(808, 586, 1, 'WagnerVogadoConsorcios_032024-1', 1920, 1080, 0, 0, 0, 30),
(809, 587, 1, 'WagnerVogadoConsorcios_032024-1', 1920, 1080, 0, 0, 0, 0),
(811, 589, 1, 'MemoriasNegras-1', 1920, 1080, 0, 0, 0, 29),
(812, 590, 1, 'MemoriasNegras-1', 1920, 1080, 0, 0, 0, 0),
(814, 592, 1, 'RHIphones_042024-1', 1920, 1080, 0, 0, 0, 32),
(815, 593, 1, 'RHIphones_042024-1', 1920, 1080, 0, 0, 0, 0),
(817, 595, 1, 'CrossLeste_042024-1', 1920, 1080, 0, 0, 0, 32),
(818, 596, 1, 'CrossLeste_042024-1', 1920, 1080, 0, 0, 0, 0),
(820, 598, 1, 'Grupo Willians_052024-1', 1920, 1080, 0, 0, 0, 28),
(821, 599, 1, 'Grupo Willians_052024-1', 1920, 1080, 0, 0, 0, 0),
(823, 601, 1, 'FMU_062024-1', 1920, 1080, 0, 0, 0, 30),
(824, 602, 1, 'FMU_062024-1', 1920, 1080, 0, 0, 0, 0),
(826, 604, 1, 'Anhembi-Morumbi_062024-1', 1920, 1080, 0, 0, 0, 25),
(827, 605, 1, 'Anhembi-Morumbi_062024-1', 1920, 1080, 0, 0, 0, 0),
(829, 607, 1, 'QuintalDecoraFestas_062024-1', 1920, 1080, 0, 0, 0, 30),
(830, 608, 1, 'QuintalDecoraFestas_062024-1', 1920, 1080, 0, 0, 0, 0),
(832, 610, 1, 'Brutale_062024-1', 1920, 1080, 0, 0, 0, 30),
(834, 612, 1, 'Gratus_Eventos-1', 1920, 1080, 0, 0, 0, 35),
(835, 613, 1, 'Gratus_Eventos-1', 1920, 1080, 0, 0, 0, 0),
(837, 615, 1, 'Loja SS_Curuça_092024-1', 1920, 1080, 0, 0, 0, 30),
(838, 616, 1, 'Loja SS_Curuça_092024-1', 1920, 1080, 0, 0, 0, 0),
(840, 618, 1, 'Marechal Auto-Vidros_092024-1', 1920, 1080, 0, 0, 0, 30),
(841, 619, 1, 'Marechal Auto-Vidros_092024-1', 1920, 1080, 0, 0, 0, 0);

-- --------------------------------------------------------

--
-- Estrutura para tabela `regionoption`
--

CREATE TABLE `regionoption` (
  `regionId` int(11) NOT NULL,
  `option` varchar(50) NOT NULL,
  `value` text
) ENGINE=InnoDB DEFAULT CHARSET=utf8;

--
-- Despejando dados para a tabela `regionoption`
--

INSERT INTO `regionoption` (`regionId`, `option`, `value`) VALUES
(182, 'loop', '0'),
(182, 'transitionDirection', 'N'),
(182, 'transitionDuration', NULL),
(182, 'transitionType', NULL),
(432, 'loop', '0'),
(432, 'transitionDirection', 'N'),
(432, 'transitionDuration', NULL),
(432, 'transitionType', NULL);

-- --------------------------------------------------------

--
-- Estrutura para tabela `reportschedule`
--

CREATE TABLE `reportschedule` (
  `reportScheduleId` int(11) NOT NULL,
  `name` varchar(255) NOT NULL,
  `reportName` varchar(255) NOT NULL,
  `filterCriteria` text,
  `schedule` varchar(255) NOT NULL,
  `lastSavedReportId` int(11) NOT NULL DEFAULT '0',
  `lastRunDt` int(11) NOT NULL DEFAULT '0',
  `previousRunDt` int(11) NOT NULL DEFAULT '0',
  `userId` int(11) NOT NULL,
  `isActive` int(11) NOT NULL DEFAULT '1',
  `createdDt` int(11) NOT NULL,
  `message` varchar(255) DEFAULT NULL
) ENGINE=InnoDB DEFAULT CHARSET=utf8;

-- --------------------------------------------------------

--
-- Estrutura para tabela `requiredfile`
--

CREATE TABLE `requiredfile` (
  `rfId` int(11) NOT NULL,
  `displayId` int(11) NOT NULL,
  `type` varchar(1) NOT NULL,
  `itemId` int(11) DEFAULT NULL,
  `bytesRequested` bigint(20) NOT NULL,
  `complete` tinyint(4) NOT NULL DEFAULT '0',
  `path` varchar(255) DEFAULT NULL,
  `size` bigint(20) NOT NULL DEFAULT '0',
  `released` tinyint(4) NOT NULL DEFAULT '1'
) ENGINE=InnoDB DEFAULT CHARSET=utf8;

--
-- Despejando dados para a tabela `requiredfile`
--

INSERT INTO `requiredfile` (`rfId`, `displayId`, `type`, `itemId`, `bytesRequested`, `complete`, `path`, `size`, `released`) VALUES
(89609, 18, 'M', 9, 0, 1, 'jquery.marquee.min.js', 2248, 1),
(89610, 18, 'M', 24, 0, 1, 'font-awesome.min.css', 23739, 1),
(89611, 18, 'M', 7, 0, 1, 'flipclock.min.js', 21107, 1),
(89612, 18, 'M', 39, 0, 1, 'wi-snow.jpg', 782263, 1),
(89613, 18, 'M', 22, 0, 1, 'WeatherIcons-Regular.otf', 40668, 1),
(89614, 18, 'M', 5, 0, 1, 'Chart.min.js', 159638, 1),
(89615, 18, 'M', 37, 0, 1, 'wi-night-partly-cloudy.jpg', 220168, 1),
(89616, 18, 'M', 20, 0, 1, 'xibo-webpage-render.js', 4832, 1),
(89617, 18, 'M', 3, 0, 1, 'xibo-layout-scaler.js', 3694, 1),
(89618, 18, 'M', 35, 0, 1, 'wi-hail.jpg', 827270, 1),
(89619, 18, 'M', 18, 0, 1, 'pdf.worker.js', 1337459, 1),
(89620, 18, 'M', 33, 0, 1, 'wi-day-sunny.jpg', 1445897, 1),
(89621, 18, 'M', 1, 0, 1, 'jquery-1.11.1.min.js', 95785, 1),
(89622, 18, 'M', 16, 0, 1, '16.otf', 19684, 1),
(89623, 18, 'M', 31, 0, 1, 'wi-cloudy.jpg', 379804, 1),
(89624, 18, 'M', 14, 0, 1, '14.ttf', 116580, 1),
(89625, 18, 'M', 29, 0, 1, 'weathericons-regular-webfont.woff', 40408, 1),
(89626, 18, 'M', 12, 0, 1, '12.otf', 30060, 1),
(89627, 18, 'M', 27, 0, 1, 'weathericons-regular-webfont.svg', 127706, 1),
(89628, 18, 'M', 10, 0, 1, 'xibo-image-render.js', 2988, 1),
(89629, 18, 'M', 25, 0, 1, 'weather-icons.min.css', 26633, 1),
(89630, 18, 'M', 8, 0, 1, 'xibo-countdown-render.js', 6744, 1),
(89631, 18, 'M', 40, 0, 1, 'wi-windy.jpg', 339716, 1),
(89632, 18, 'M', 23, 0, 1, 'animate.css', 72259, 1),
(89633, 18, 'M', 6, 0, 1, 'jquery-cycle-2.1.6.min.js', 28876, 1),
(89634, 18, 'M', 38, 0, 1, 'wi-rain.jpg', 655983, 1),
(89635, 18, 'M', 21, 0, 1, 'bootstrap.min.css', 121200, 1),
(89636, 18, 'M', 4, 0, 1, 'xibo-text-render.js', 12150, 1),
(89637, 18, 'M', 36, 0, 1, 'wi-night-clear.jpg', 738913, 1),
(89638, 18, 'M', 19, 0, 1, 'compatibility.js', 18126, 1),
(89639, 18, 'M', 34, 0, 1, 'wi-fog.jpg', 597609, 1),
(89640, 18, 'M', 2, 0, 1, 'moment.js', 160251, 1),
(89641, 18, 'M', 17, 0, 1, 'pdf.js', 333388, 1),
(89642, 18, 'M', 32, 0, 1, 'wi-day-cloudy.jpg', 2628732, 1),
(89643, 18, 'M', 15, 0, 1, '15.ttf', 45884, 1),
(89644, 18, 'M', 30, 0, 1, 'weathericons-regular-webfont.woff2', 44720, 1),
(89645, 18, 'M', 13, 0, 1, '13.otf', 27644, 1),
(89646, 18, 'M', 28, 0, 1, 'weathericons-regular-webfont.ttf', 67016, 1),
(89647, 18, 'M', 11, 0, 1, 'xibo-dataset-render.js', 1687, 1),
(89648, 18, 'M', 26, 0, 1, 'weathericons-regular-webfont.eot', 35151, 1),
(89652, 18, 'M', 966, 0, 1, '966.mp4', 16464717, 1),
(89661, 18, 'M', 449, 0, 1, '449.mp4', 2406962, 1),
(89669, 18, 'M', 967, 0, 1, '967.mp4', 5421592, 1),
(89682, 18, 'M', 19618, 0, 1, '19618.mp4', 9125346, 1),
(89691, 18, 'M', 19332, 0, 1, '19332.mp4', 21331947, 1),
(89701, 18, 'M', 8201, 0, 1, '8201.mp4', 13260836, 1),
(89720, 18, 'M', 918, 0, 1, '918.mp4', 19807041, 1),
(89729, 18, 'M', 914, 0, 1, '914.mp4', 10298671, 1),
(89737, 18, 'M', 980, 0, 1, '980.mp4', 8248548, 1),
(89742, 18, 'M', 22501, 0, 1, '22501.mp4', 32783194, 1),
(89757, 18, 'M', 19653, 0, 1, '19653.mp4', 9296388, 1),
(89766, 18, 'M', 19331, 0, 1, '19331.mp4', 18292722, 1),
(89784, 18, 'M', 916, 0, 1, '916.mp4', 41501154, 1),
(89792, 18, 'L', 144, 0, 1, '144.xlf', 2083, 1),
(89793, 18, 'W', 592, 0, 1, NULL, 0, 1),
(89794, 18, 'L', 145, 0, 1, '145.xlf', 2094, 1),
(89795, 18, 'W', 593, 0, 1, NULL, 0, 1),
(89796, 18, 'L', 146, 0, 1, '146.xlf', 2076, 1),
(89797, 18, 'W', 594, 0, 1, NULL, 0, 1),
(89798, 18, 'L', 147, 0, 1, '147.xlf', 2082, 1),
(89799, 18, 'W', 595, 0, 1, NULL, 0, 1),
(89800, 18, 'L', 148, 0, 1, '148.xlf', 2099, 1),
(89801, 18, 'W', 596, 0, 1, NULL, 0, 1),
(89802, 18, 'L', 149, 0, 1, '149.xlf', 2088, 1),
(89803, 18, 'W', 597, 13443, 1, NULL, 0, 1),
(89804, 18, 'L', 155, 0, 1, '155.xlf', 535, 1),
(89805, 18, 'L', 162, 0, 1, '162.xlf', 535, 1),
(89806, 18, 'L', 164, 0, 1, '164.xlf', 535, 1),
(89807, 18, 'L', 166, 0, 1, '166.xlf', 461, 1),
(89808, 18, 'L', 168, 0, 1, '168.xlf', 535, 1),
(89809, 18, 'L', 170, 0, 1, '170.xlf', 535, 1),
(89810, 18, 'L', 172, 0, 1, '172.xlf', 535, 1),
(89813, 18, 'L', 343, 0, 1, '343.xlf', 539, 1),
(89816, 18, 'L', 346, 0, 1, '346.xlf', 539, 1),
(89817, 18, 'L', 340, 0, 1, '340.xlf', 539, 1),
(89820, 18, 'L', 275, 0, 1, '275.xlf', 537, 1),
(89821, 18, 'L', 350, 0, 1, '350.xlf', 539, 1),
(89828, 18, 'L', 379, 0, 1, '379.xlf', 539, 1),
(92396, 18, 'M', 33926, 0, 1, '33926.mp4', 5676258, 1),
(92401, 18, 'L', 460, 0, 1, '460.xlf', 539, 1),
(96847, 18, 'M', 35784, 0, 1, '35784.mp4', 26595614, 1),
(96848, 18, 'L', 474, 0, 1, '474.xlf', 539, 1),
(101277, 18, 'M', 37638, 0, 1, '37638.mp4', 24744684, 1),
(101278, 18, 'L', 489, 0, 1, '489.xlf', 539, 1),
(115482, 18, 'M', 44669, 0, 1, '44669.mp4', 71942627, 1),
(115485, 18, 'M', 44674, 0, 1, '44674.mp4', 72280766, 1),
(115488, 18, 'L', 540, 0, 1, '540.xlf', 539, 1),
(115489, 18, 'L', 542, 0, 1, '542.xlf', 539, 1),
(115490, 25, 'M', 31, 0, 1, 'wi-cloudy.jpg', 379804, 1),
(115491, 25, 'M', 14, 0, 1, '14.ttf', 116580, 1),
(115492, 25, 'M', 29, 0, 1, 'weathericons-regular-webfont.woff', 40408, 1),
(115493, 25, 'M', 12, 0, 1, '12.otf', 30060, 1),
(115494, 25, 'M', 27, 0, 1, 'weathericons-regular-webfont.svg', 127706, 1),
(115495, 25, 'M', 10, 0, 0, 'xibo-image-render.js', 2988, 1),
(115496, 25, 'M', 25, 0, 1, 'weather-icons.min.css', 26633, 1),
(115497, 25, 'M', 8, 0, 0, 'xibo-countdown-render.js', 6744, 1),
(115498, 25, 'M', 40, 0, 1, 'wi-windy.jpg', 339716, 1),
(115499, 25, 'M', 23, 0, 1, 'animate.css', 72259, 1),
(115500, 25, 'M', 6, 0, 0, 'jquery-cycle-2.1.6.min.js', 28876, 1),
(115501, 25, 'M', 38, 0, 1, 'wi-rain.jpg', 655983, 1),
(115502, 25, 'M', 21, 0, 1, 'bootstrap.min.css', 121200, 1),
(115503, 25, 'M', 4, 0, 0, 'xibo-text-render.js', 12150, 1),
(115504, 25, 'M', 36, 0, 1, 'wi-night-clear.jpg', 738913, 1),
(115505, 25, 'M', 19, 0, 0, 'compatibility.js', 18126, 1),
(115506, 25, 'M', 2, 0, 0, 'moment.js', 160251, 1),
(115507, 25, 'M', 34, 0, 1, 'wi-fog.jpg', 597609, 1),
(115508, 25, 'M', 17, 0, 0, 'pdf.js', 333388, 1),
(115509, 25, 'M', 32, 0, 1, 'wi-day-cloudy.jpg', 2628732, 1),
(115510, 25, 'M', 15, 0, 1, '15.ttf', 45884, 1),
(115511, 25, 'M', 30, 0, 1, 'weathericons-regular-webfont.woff2', 44720, 1),
(115512, 25, 'M', 13, 0, 1, '13.otf', 27644, 1),
(115513, 25, 'M', 28, 0, 1, 'weathericons-regular-webfont.ttf', 67016, 1),
(115514, 25, 'M', 11, 0, 0, 'xibo-dataset-render.js', 1687, 1),
(115515, 25, 'M', 26, 0, 1, 'weathericons-regular-webfont.eot', 35151, 1),
(115516, 25, 'M', 9, 0, 0, 'jquery.marquee.min.js', 2248, 1),
(115517, 25, 'M', 24, 0, 1, 'font-awesome.min.css', 23739, 1),
(115518, 25, 'M', 7, 0, 0, 'flipclock.min.js', 21107, 1),
(115519, 25, 'M', 39, 0, 1, 'wi-snow.jpg', 782263, 1),
(115520, 25, 'M', 22, 0, 1, 'WeatherIcons-Regular.otf', 40668, 1),
(115521, 25, 'M', 5, 0, 0, 'Chart.min.js', 159638, 1),
(115522, 25, 'M', 37, 0, 1, 'wi-night-partly-cloudy.jpg', 220168, 1),
(115523, 25, 'M', 20, 0, 0, 'xibo-webpage-render.js', 4832, 1),
(115524, 25, 'M', 3, 0, 0, 'xibo-layout-scaler.js', 3694, 1),
(115525, 25, 'M', 35, 0, 1, 'wi-hail.jpg', 827270, 1),
(115526, 25, 'M', 18, 0, 1, 'pdf.worker.js', 1337459, 1),
(115527, 25, 'M', 1, 0, 0, 'jquery-1.11.1.min.js', 95785, 1),
(115528, 25, 'M', 33, 0, 1, 'wi-day-sunny.jpg', 1445897, 1),
(115529, 25, 'M', 16, 0, 1, '16.otf', 19684, 1),
(115532, 25, 'M', 916, 0, 1, '916.mp4', 41501154, 1),
(115538, 25, 'M', 449, 0, 1, '449.mp4', 2406962, 1),
(115555, 25, 'M', 33926, 0, 1, '33926.mp4', 5676258, 1),
(115556, 25, 'M', 44674, 0, 1, '44674.mp4', 72280766, 1),
(115560, 25, 'M', 19653, 0, 1, '19653.mp4', 9296388, 1),
(115565, 25, 'M', 19331, 0, 1, '19331.mp4', 18292722, 1),
(115571, 25, 'M', 6483, 0, 1, '6483.mp4', 19146095, 1),
(115577, 25, 'M', 966, 0, 1, '966.mp4', 16464717, 1),
(115583, 25, 'M', 967, 0, 1, '967.mp4', 5421592, 1),
(115585, 25, 'M', 37638, 0, 1, '37638.mp4', 24744684, 1),
(115590, 25, 'M', 35784, 0, 1, '35784.mp4', 26595614, 1),
(115599, 25, 'M', 22501, 0, 1, '22501.mp4', 32783194, 1),
(115600, 25, 'M', 44669, 0, 1, '44669.mp4', 71942627, 1),
(115604, 25, 'M', 19332, 0, 1, '19332.mp4', 21331947, 1),
(115609, 25, 'M', 8201, 0, 1, '8201.mp4', 13260836, 1),
(115613, 25, 'L', 275, 0, 1, '275.xlf', 537, 1),
(115614, 25, 'L', 340, 0, 1, '340.xlf', 539, 1),
(115615, 25, 'L', 146, 0, 1, '146.xlf', 2076, 1),
(115616, 25, 'W', 594, 0, 1, NULL, 0, 1),
(115618, 25, 'L', 168, 0, 1, '168.xlf', 535, 1),
(115619, 25, 'L', 147, 0, 1, '147.xlf', 2082, 1),
(115620, 25, 'W', 595, 0, 1, NULL, 0, 1),
(115621, 25, 'L', 343, 0, 1, '343.xlf', 539, 1),
(115622, 25, 'L', 145, 0, 1, '145.xlf', 2094, 1),
(115623, 25, 'W', 593, 0, 1, NULL, 0, 1),
(115624, 25, 'L', 155, 0, 1, '155.xlf', 535, 1),
(115625, 25, 'L', 172, 0, 1, '172.xlf', 535, 1),
(115626, 25, 'L', 489, 0, 1, '489.xlf', 539, 1),
(115630, 25, 'L', 346, 0, 1, '346.xlf', 539, 1),
(115632, 25, 'L', 540, 0, 1, '540.xlf', 539, 1),
(115634, 25, 'L', 164, 0, 1, '164.xlf', 535, 1),
(115635, 25, 'L', 255, 0, 1, '255.xlf', 537, 1),
(115636, 25, 'L', 460, 0, 1, '460.xlf', 539, 1),
(115639, 25, 'L', 474, 0, 1, '474.xlf', 539, 1),
(115640, 25, 'L', 379, 0, 1, '379.xlf', 539, 1),
(115644, 25, 'L', 542, 0, 1, '542.xlf', 539, 1),
(115693, 25, 'M', 918, 0, 1, '918.mp4', 19807041, 1),
(115698, 25, 'M', 914, 0, 1, '914.mp4', 10298671, 1),
(115702, 25, 'M', 980, 0, 1, '980.mp4', 8248548, 1),
(115714, 25, 'L', 144, 0, 1, '144.xlf', 2083, 1),
(115715, 25, 'W', 592, 0, 1, NULL, 0, 1),
(115716, 25, 'L', 148, 0, 1, '148.xlf', 2099, 1),
(115717, 25, 'W', 596, 0, 1, NULL, 0, 1),
(115718, 25, 'L', 149, 0, 1, '149.xlf', 2088, 1),
(115719, 25, 'W', 597, 13428, 1, NULL, 0, 1),
(115720, 25, 'L', 162, 0, 1, '162.xlf', 535, 1),
(115721, 25, 'L', 166, 0, 1, '166.xlf', 461, 1),
(115722, 25, 'L', 170, 0, 1, '170.xlf', 535, 1),
(118058, 26, 'M', 7, 74481, 0, 'flipclock.min.js', 21107, 1),
(118059, 26, 'M', 39, 0, 1, 'wi-snow.jpg', 782263, 1),
(118060, 26, 'M', 22, 0, 1, 'WeatherIcons-Regular.otf', 40668, 1),
(118061, 26, 'M', 5, 490074, 0, 'Chart.min.js', 159638, 1),
(118062, 26, 'M', 37, 0, 1, 'wi-night-partly-cloudy.jpg', 220168, 1),
(118063, 26, 'M', 20, 25656, 0, 'xibo-webpage-render.js', 4832, 1),
(118064, 26, 'M', 3, 22242, 0, 'xibo-layout-scaler.js', 3694, 1),
(118065, 26, 'M', 35, 0, 1, 'wi-hail.jpg', 827270, 1),
(118066, 26, 'M', 18, 0, 1, 'pdf.worker.js', 1337459, 1),
(118067, 26, 'M', 1, 298515, 0, 'jquery-1.11.1.min.js', 95785, 1),
(118068, 26, 'M', 33, 0, 1, 'wi-day-sunny.jpg', 1445897, 1),
(118069, 26, 'M', 16, 19684, 1, '16.otf', 19684, 1),
(118070, 26, 'M', 31, 379804, 1, 'wi-cloudy.jpg', 379804, 1),
(118071, 26, 'M', 14, 116580, 1, '14.ttf', 116580, 1),
(118072, 26, 'M', 29, 40408, 1, 'weathericons-regular-webfont.woff', 40408, 1),
(118073, 26, 'M', 12, 30060, 1, '12.otf', 30060, 1),
(118074, 26, 'M', 27, 127706, 1, 'weathericons-regular-webfont.svg', 127706, 1),
(118075, 26, 'M', 10, 20124, 0, 'xibo-image-render.js', 2988, 1),
(118076, 26, 'M', 25, 26633, 1, 'weather-icons.min.css', 26633, 1),
(118077, 26, 'M', 8, 31392, 0, 'xibo-countdown-render.js', 6744, 1),
(118078, 26, 'M', 40, 339716, 1, 'wi-windy.jpg', 339716, 1),
(118079, 26, 'M', 23, 72259, 1, 'animate.css', 72259, 1),
(118080, 26, 'M', 6, 97788, 0, 'jquery-cycle-2.1.6.min.js', 28876, 1),
(118081, 26, 'M', 38, 655983, 1, 'wi-rain.jpg', 655983, 1),
(118082, 26, 'M', 21, 121200, 1, 'bootstrap.min.css', 121200, 1),
(118083, 26, 'M', 4, 47610, 0, 'xibo-text-render.js', 12150, 1),
(118084, 26, 'M', 36, 0, 1, 'wi-night-clear.jpg', 738913, 1),
(118085, 26, 'M', 19, 65538, 0, 'compatibility.js', 18126, 1),
(118086, 26, 'M', 2, 491913, 0, 'moment.js', 160251, 1),
(118087, 26, 'M', 34, 0, 1, 'wi-fog.jpg', 597609, 1),
(118088, 26, 'M', 17, 1011324, 0, 'pdf.js', 333388, 1),
(118089, 26, 'M', 32, 0, 1, 'wi-day-cloudy.jpg', 2628732, 1),
(118090, 26, 'M', 15, 0, 1, '15.ttf', 45884, 1),
(118091, 26, 'M', 30, 0, 1, 'weathericons-regular-webfont.woff2', 44720, 1),
(118092, 26, 'M', 13, 0, 1, '13.otf', 27644, 1),
(118093, 26, 'M', 28, 0, 1, 'weathericons-regular-webfont.ttf', 67016, 1),
(118094, 26, 'M', 11, 16221, 0, 'xibo-dataset-render.js', 1687, 1),
(118095, 26, 'M', 26, 0, 1, 'weathericons-regular-webfont.eot', 35151, 1),
(118096, 26, 'M', 9, 17904, 0, 'jquery.marquee.min.js', 2248, 1),
(118097, 26, 'M', 24, 0, 1, 'font-awesome.min.css', 23739, 1),
(118098, 26, 'M', 43903, 0, 1, 'ticker_7cf0be8f1ff5356d78aa99a9c1ec8e2d', 395326, 1),
(118099, 26, 'M', 6483, 0, 1, '6483.mp4', 19146095, 1),
(118100, 26, 'M', 45268, 0, 1, 'ticker_adcdcb6e3362d6d5e543781ceb1eb2b9', 271113, 1),
(118101, 26, 'M', 45548, 0, 1, 'ticker_1d3205fe0cbc09454ae4d41175cd8cf7', 202924, 1),
(118102, 26, 'M', 45524, 0, 1, 'ticker_a583f697d5e17cac1c62b88c279d2a68', 263899, 1),
(118103, 26, 'M', 45515, 0, 1, 'ticker_fe586c4f44512e032543f83d7f9f1cad', 250872, 1),
(118104, 26, 'M', 41940, 0, 1, '41940.mp4', 39101354, 1),
(118106, 26, 'M', 45510, 0, 1, 'ticker_c2b35205a24288cec9ddf2802a6ef93e', 716871, 1),
(118107, 26, 'M', 916, 0, 1, '916.mp4', 41501154, 1),
(118108, 26, 'M', 45255, 0, 1, 'ticker_cec1607b406e5c85f6a2cd4ad9cd914d', 212116, 1),
(118109, 26, 'M', 45539, 0, 1, 'ticker_887f028e986a176132cb2dd85834805f', 540096, 1),
(118110, 26, 'M', 41939, 0, 1, 'ticker_798e4d2f30da0b2c9f55313c8d1fdd71', 211529, 1),
(118111, 26, 'M', 45504, 0, 1, 'ticker_97c8602d6f19a252709525d6c98824f1', 111480, 1),
(118112, 26, 'M', 45512, 0, 1, 'ticker_abb1981ae66f37caaa26a0d732e7ffbc', 85102, 1),
(118113, 26, 'M', 40173, 0, 1, '40173.mp4', 29846879, 1),
(118115, 26, 'M', 45508, 0, 1, 'ticker_69db2fca3ac1f3bc15344b2b6f6f42dc', 202995, 1),
(118116, 26, 'M', 966, 0, 1, '966.mp4', 16464717, 1),
(118117, 26, 'M', 45234, 0, 1, 'ticker_20d9dc4df7b6a8cb2223aa80c6f0590b', 375873, 1),
(118118, 26, 'M', 45536, 0, 1, 'ticker_1a194111334eb7a676b561e1cadabef0', 189500, 1),
(118119, 26, 'M', 45557, 0, 1, 'ticker_7cc4985f2ce612469e1f06968a712926', 423801, 1),
(118120, 26, 'M', 45488, 0, 1, 'ticker_89a8c3a23cbad6c796b98d8cdd489eb7', 96390, 1),
(118121, 26, 'M', 37638, 0, 1, '37638.mp4', 24744684, 1),
(118122, 26, 'M', 45526, 0, 1, 'ticker_dca4dfed7f5bfc37aa4f5384ae81fcd5', 192024, 1),
(118123, 26, 'M', 45496, 0, 1, 'ticker_cda123c0ead30444d83751aca85d27d2', 227692, 1),
(118124, 26, 'M', 45464, 0, 1, 'ticker_da6ff851680681a1585c9bc4b835a40b', 121861, 1),
(118125, 26, 'M', 449, 0, 1, '449.mp4', 2406962, 1),
(118126, 26, 'M', 45449, 0, 1, 'ticker_265d2ba5a1e8c09e9c28af04683c25a4', 250602, 1),
(118127, 26, 'M', 45190, 0, 1, 'ticker_ece80e13c3858b9f16ed41c06e0ef8dc', 283131, 1),
(118128, 26, 'M', 45521, 0, 1, 'ticker_48918362bd2e70592562c684e7337c79', 171010, 1),
(118129, 26, 'M', 45475, 0, 1, 'ticker_12f8daf10ad6c6df7868291a03116f90', 274729, 1),
(118130, 26, 'M', 35784, 0, 1, '35784.mp4', 26595614, 1),
(118131, 26, 'M', 43224, 0, 1, 'ticker_88883c5eef8623bdc2664d9133f48b9b', 322844, 1),
(118132, 26, 'M', 45494, 0, 1, 'ticker_203908f757623dec3b88cd05606459c6', 105826, 1),
(118133, 26, 'M', 45417, 0, 1, 'ticker_b97fe89605b4ef37f9bf5b798c6ea382', 126706, 1),
(118134, 26, 'M', 967, 0, 1, '967.mp4', 5421592, 1),
(118135, 26, 'M', 45444, 0, 1, 'ticker_958df0b03c20c7399e4df2c4c5855b0a', 244806, 1),
(118136, 26, 'M', 45130, 0, 1, 'ticker_a0c1198a2dbf1b3187c9a5196955d873', 69202, 1),
(118137, 26, 'M', 45519, 0, 1, 'ticker_12472875a47b2bde002e7f49869eb913', 144746, 1),
(118138, 26, 'M', 45473, 0, 1, 'ticker_c4ecbebd428eb4837c388147f8ea326e', 910234, 1),
(118140, 26, 'M', 42579, 0, 1, 'ticker_bc5fea80334414075fb0ae71d8f2c04b', 208617, 1),
(118141, 26, 'M', 45278, 0, 1, 'ticker_5e101c938b6d392bc2bff12d796e1d15', 114068, 1),
(118142, 26, 'M', 44698, 0, 1, 'ticker_47e0ed74b91a65cbcc23a463fdbeffac', 133349, 1),
(118143, 26, 'M', 45556, 0, 1, 'ticker_918268d48237b31edd7c145afa03f5ee', 159991, 1),
(118144, 26, 'M', 44753, 0, 1, 'ticker_16fac3bd5c329bf6dd8db43e97e12e2b', 164851, 1),
(118145, 26, 'M', 45099, 0, 1, 'ticker_49c283ec4381b2e20d02f94ea42ed15f', 121486, 1),
(118146, 26, 'M', 45516, 0, 1, 'ticker_f3e8bf345146717af7bc8552c975093b', 176108, 1),
(118147, 26, 'M', 45463, 0, 1, 'ticker_b9ce5550b9d6aec15e4f3e9461d14938', 409420, 1),
(118148, 26, 'M', 22501, 0, 1, '22501.mp4', 32783194, 1),
(118149, 26, 'M', 45400, 0, 1, 'ticker_e15e4cf216bba0ee4c7ccb86cd297385', 277384, 1),
(118150, 26, 'M', 43132, 0, 1, 'ticker_e89004b52700bd5e8b41ae6b54400705', 237102, 1),
(118151, 26, 'M', 44452, 0, 1, 'ticker_865d77b256cf7505987cc1417a78e1df', 108562, 1),
(118152, 26, 'M', 45547, 0, 1, 'ticker_356bca21d3b1c5dc653da010699dc474', 314977, 1),
(118153, 26, 'M', 45553, 0, 1, 'ticker_8f0a68fb1662349cd807171e28aebae6', 187732, 1),
(118154, 26, 'M', 45077, 0, 1, 'ticker_629b317bcccc107f175c0abe8fc58d80', 135753, 1),
(118155, 26, 'M', 44734, 0, 1, '44734.mp4', 37463772, 1),
(118156, 26, 'M', 45493, 0, 1, 'ticker_48155bb96f4776bbe71980f8e17c7f05', 158873, 1),
(118157, 26, 'M', 45447, 0, 1, 'ticker_a3409fb24c570ef0ad6b7d4906f8b049', 84074, 1),
(118158, 26, 'M', 19332, 0, 1, '19332.mp4', 21331947, 1),
(118159, 26, 'M', 45398, 0, 1, 'ticker_553432eed8b9a2cdfd2e2876991ba831', 115682, 1),
(118160, 26, 'M', 45551, 0, 1, 'ticker_3dba873bd65e6abd5285d1cec6e5636e', 772069, 1),
(118161, 26, 'M', 43401, 0, 1, 'ticker_4f3cbac1d74db2020b564ce6d32c1801', 161704, 1),
(118162, 26, 'M', 45542, 0, 1, 'ticker_a1ca2e6bd7677d599a66935e3010891f', 305718, 1),
(118163, 26, 'M', 44144, 0, 1, 'ticker_b24bc85eb167b825144d2ba4e3e2f3e9', 310414, 1),
(118164, 26, 'M', 44669, 0, 1, '44669.mp4', 71942627, 1),
(118165, 26, 'M', 45466, 0, 1, 'ticker_ac152a8005c10d2329e337180a9d3f1d', 229463, 1),
(118166, 26, 'M', 45544, 0, 1, 'ticker_04191c243c0c8b19f464db36c294b9ee', 175524, 1),
(118167, 26, 'M', 45357, 0, 1, 'ticker_7e6a8aa2eca9e142336730086e357860', 145434, 1),
(118168, 26, 'M', 8201, 0, 1, '8201.mp4', 13260836, 1),
(118169, 26, 'M', 45396, 0, 1, 'ticker_e59494e8f4c00fee21f841c8f64f2623', 113853, 1),
(118170, 26, 'M', 45549, 0, 1, 'ticker_6bfd2a46e984efe76f7278cd885334c8', 215663, 1),
(118171, 26, 'M', 45525, 0, 1, 'ticker_ab67654eb83f0a56bce43c140d8bb669', 137076, 1),
(118172, 26, 'M', 45546, 0, 1, 'ticker_d009a40796d0cb24978d035c132e4a0c', 212910, 1),
(118173, 26, 'M', 42824, 0, 1, '42824.mp4', 38876611, 1),
(118174, 26, 'M', 45535, 0, 1, 'ticker_045539cea5433672f5f0737db2918d8a', 347483, 1),
(118175, 26, 'M', 45460, 0, 1, 'ticker_b47269fbefd0f2a6d3d9e757114e8c64', 170595, 1),
(118176, 26, 'M', 45518, 0, 1, 'ticker_a9c514a96627866a2d331a9e7659d0e3', 342627, 1),
(118177, 26, 'M', 43083, 0, 1, 'ticker_7ea53876847262626a0fc6d73fecdc05', 167994, 1),
(118178, 26, 'M', 2012, 0, 1, '2012.mp4', 14851370, 1),
(118179, 26, 'M', 45263, 0, 1, 'ticker_ded6563f4ac55e283fb6dbb10ae17798', 121515, 1),
(118180, 26, 'M', 45541, 0, 1, 'ticker_856d281d86864596edcf9f562cad881d', 310803, 1),
(118181, 26, 'M', 45511, 0, 1, 'ticker_ffc069981265d1a3fa55201df5068aa5', 224430, 1),
(118182, 26, 'M', 45514, 0, 1, 'ticker_58530a2eaa5344909a322a89b747ae70', 305690, 1),
(118183, 26, 'M', 40670, 0, 1, '40670.mp4', 36963519, 1),
(118185, 26, 'M', 45509, 0, 1, 'ticker_5a934d448f3ad9b5dce7f739704f0ab3', 250249, 1),
(118186, 26, 'M', 918, 0, 1, '918.mp4', 19807041, 1),
(118187, 26, 'M', 45245, 0, 1, 'ticker_4993de916f1a9e85fd06d3dd8d2891fc', 184374, 1),
(118188, 26, 'M', 45538, 0, 1, 'ticker_650a998cb61928385bebf629e8f6f1b0', 307444, 1),
(118189, 26, 'M', 45558, 0, 1, 'ticker_199e04a89daba7665bbc930f410a75a8', 148945, 1),
(118190, 26, 'M', 45503, 0, 1, 'ticker_acb8b3bff1a35e11a139c28935521969', 208384, 1),
(118191, 26, 'M', 39314, 0, 1, '39314.mp4', 83023612, 1),
(118192, 26, 'M', 45527, 0, 1, 'ticker_40fc102f90fc3609390b4a7d01cd83d7', 279280, 1),
(118193, 26, 'M', 45502, 0, 1, 'ticker_051d61c9bc57509829c8eff9d75075c8', 355571, 1),
(118194, 26, 'M', 45489, 0, 1, 'ticker_0c4f2f8a4a8fac466594b2c38a48beba', 89558, 1),
(118195, 26, 'M', 914, 0, 1, '914.mp4', 10298671, 1),
(118196, 26, 'M', 45233, 0, 1, 'ticker_63e56d5a66408b9ba78fe0cd2d298827', 248419, 1),
(118197, 26, 'M', 45540, 0, 1, 'ticker_2d980ce667a863e41ed03c17f1f9dd3c', 169512, 1),
(118198, 26, 'M', 45487, 0, 1, 'ticker_c7ac698ac57fb29f7dce0dd557186b1c', 140551, 1),
(118199, 26, 'M', 36669, 0, 1, '36669.mp4', 8879109, 1),
(118200, 26, 'M', 43242, 0, 1, 'ticker_73ba14871fbef0c7b49bb15d0cc4d14f', 242342, 1),
(118201, 26, 'M', 45495, 0, 1, 'ticker_46a5884f3310002f1d4abf9d25e0a294', 505158, 1),
(118203, 26, 'M', 980, 0, 1, '980.mp4', 8248548, 1),
(118204, 26, 'M', 45448, 0, 1, 'ticker_3c5af4c3d11c77fd2fb7025c30b5558a', 163673, 1),
(118205, 26, 'M', 45167, 0, 1, 'ticker_4632dd5e82bf23da78dc5b1b69f075a8', 220439, 1),
(118206, 26, 'M', 45520, 0, 1, 'ticker_30136259301111806aa8ce73384c6597', 254942, 1),
(118207, 26, 'M', 45474, 0, 1, 'ticker_2956abb4a8bb1c8c19bfdce17f40055f', 101317, 1),
(118209, 26, 'M', 42682, 0, 1, 'ticker_af372e25c592661e6ad69bc5a16529a5', 258795, 1),
(118211, 26, 'M', 44980, 0, 1, 'ticker_8824e58f8d51cad14bbb49089ca0298b', 293110, 1),
(118212, 26, 'M', 45560, 0, 1, 'ticker_8f3f6a495a9b41cbd386f58cfd5f7575', 154564, 1),
(118214, 26, 'M', 45116, 0, 1, 'ticker_8019c705349c0dcb79407df46fe4f118', 183653, 1),
(118215, 26, 'M', 45517, 0, 1, 'ticker_2edde8505b1a479218b4b12ec9efc81c', 237388, 1),
(118216, 26, 'M', 45468, 0, 1, 'ticker_01386918c6a0290c9b404889e22c5693', 64042, 1),
(118217, 26, 'M', 33926, 0, 1, '33926.mp4', 5676258, 1),
(118218, 26, 'M', 42186, 0, 1, 'ticker_de097f4389e5fca394402d8c6b685740', 262374, 1),
(118219, 26, 'M', 43505, 0, 1, 'ticker_7375469336a95a7fbc4e2161d994b342', 165679, 1),
(118220, 26, 'M', 44610, 0, 1, 'ticker_da89ebfb948bd37e08f227d88fa4007a', 193632, 1),
(118221, 26, 'M', 45555, 0, 1, 'ticker_35a454d548ac6fe25bb0d2dcd392527d', 565333, 1),
(118222, 26, 'M', 44461, 0, 1, 'ticker_77d46f86931c7702a021468547cd8ec8', 113260, 1),
(118223, 26, 'M', 45086, 0, 1, 'ticker_6e44a080eefeb27b2e1c1f5b18ab069e', 490142, 1),
(118224, 26, 'M', 45208, 0, 1, '45208.mp4', 24363362, 1),
(118225, 26, 'M', 45501, 0, 1, 'ticker_9512186e674d7e7a43446ee1dd109512', 230672, 1),
(118226, 26, 'M', 45452, 0, 1, 'ticker_021e80b3852f1d016c37308fecc943b9', 69166, 1),
(118227, 26, 'M', 19653, 0, 1, '19653.mp4', 9296388, 1),
(118228, 26, 'M', 45399, 0, 1, 'ticker_a6f5f7461925c5ebd0a44708742162b5', 171247, 1),
(118229, 26, 'M', 45559, 0, 1, 'ticker_e6c446b4b941e2c3f727ea560afe9653', 589551, 1),
(118230, 26, 'M', 43431, 0, 1, 'ticker_200c2333d464ba39dcf13bac289cf290', 139321, 1),
(118231, 26, 'M', 45552, 0, 1, 'ticker_6e9388b577c66826a571cfd9684af9ec', 192690, 1),
(118232, 26, 'M', 44949, 0, 1, 'ticker_32c4b37a1ed2c5f6465a596c42d54459', 86939, 1),
(118233, 26, 'M', 44674, 0, 1, '44674.mp4', 72280766, 1),
(118234, 26, 'M', 45471, 0, 1, 'ticker_9fdbf67aa7bfd311149a6fbde4842eb6', 248038, 1),
(118235, 26, 'M', 45545, 0, 1, 'ticker_3d3d9dd5fad6bf9073f5c71a1ec19a43', 358827, 1),
(118237, 26, 'M', 19331, 0, 1, '19331.mp4', 18292722, 1),
(118238, 26, 'M', 45397, 0, 1, 'ticker_c85ac449be5b9c73ca61caf1bb13d4ff', 201318, 1),
(118239, 26, 'M', 45550, 0, 1, 'ticker_6f4ad8642fccad49946a865b7c8a789d', 685934, 1),
(118240, 26, 'M', 42794, 0, 1, 'ticker_380732145320469f83b3bc23fb8a6e69', 178253, 1),
(118241, 26, 'M', 45537, 0, 1, 'ticker_0102349bf91f2e4e5a313723c8a861d3', 406734, 1),
(118242, 26, 'M', 45554, 0, 1, 'ticker_0dc747e104367189a8b750c80559060a', 314813, 1),
(118243, 26, 'M', 43089, 0, 1, '43089.mp4', 9230808, 1),
(118244, 26, 'M', 45461, 0, 1, 'ticker_ed6bc3aebfbb8972a3534c055663bf68', 274405, 1),
(118245, 26, 'M', 45543, 0, 1, 'ticker_78e69443848c5ea92d2ac33bc85df98f', 148797, 1),
(118246, 26, 'L', 144, 0, 1, '144.xlf', 2083, 1),
(118247, 26, 'W', 592, 13340, 1, NULL, 0, 1),
(118248, 26, 'L', 145, 0, 1, '145.xlf', 2094, 1),
(118249, 26, 'W', 593, 13192, 1, NULL, 0, 1),
(118250, 26, 'L', 146, 0, 1, '146.xlf', 2076, 1),
(118251, 26, 'W', 594, 13193, 1, NULL, 0, 1),
(118252, 26, 'L', 147, 0, 1, '147.xlf', 2082, 1),
(118253, 26, 'W', 595, 13365, 1, NULL, 0, 1),
(118254, 26, 'L', 148, 0, 1, '148.xlf', 2099, 1),
(118255, 26, 'W', 596, 13318, 1, NULL, 0, 1),
(118256, 26, 'L', 149, 0, 1, '149.xlf', 2088, 1),
(118257, 26, 'W', 597, 13403, 1, NULL, 0, 1),
(118258, 26, 'L', 155, 0, 1, '155.xlf', 535, 1),
(118259, 26, 'L', 162, 0, 1, '162.xlf', 535, 1),
(118260, 26, 'L', 164, 0, 1, '164.xlf', 535, 1),
(118261, 26, 'L', 166, 0, 1, '166.xlf', 461, 1),
(118262, 26, 'L', 168, 0, 1, '168.xlf', 535, 1),
(118263, 26, 'L', 170, 0, 1, '170.xlf', 535, 1),
(118264, 26, 'L', 172, 0, 1, '172.xlf', 535, 1),
(118265, 26, 'L', 203, 0, 1, '203.xlf', 537, 1),
(118266, 26, 'L', 275, 0, 1, '275.xlf', 537, 1),
(118267, 26, 'L', 340, 0, 1, '340.xlf', 539, 1),
(118268, 26, 'L', 513, 0, 1, '513.xlf', 539, 1),
(118269, 26, 'L', 343, 0, 1, '343.xlf', 539, 1),
(118270, 26, 'L', 489, 0, 1, '489.xlf', 539, 1),
(118272, 26, 'L', 498, 0, 1, '498.xlf', 539, 1),
(118273, 26, 'L', 346, 0, 1, '346.xlf', 539, 1),
(118274, 26, 'L', 501, 0, 1, '501.xlf', 539, 1),
(118275, 26, 'L', 540, 0, 1, '540.xlf', 539, 1),
(118276, 26, 'L', 255, 0, 1, '255.xlf', 537, 1),
(118277, 26, 'L', 460, 0, 1, '460.xlf', 539, 1),
(118278, 26, 'L', 477, 0, 1, '477.xlf', 539, 1),
(118280, 26, 'L', 548, 0, 1, '548.xlf', 539, 1),
(118281, 26, 'L', 474, 0, 1, '474.xlf', 539, 1),
(118282, 26, 'L', 379, 0, 1, '379.xlf', 539, 1),
(118283, 26, 'L', 510, 0, 1, '510.xlf', 539, 1),
(118284, 26, 'L', 519, 0, 1, '519.xlf', 539, 1),
(118285, 26, 'L', 525, 0, 1, '525.xlf', 539, 1),
(118286, 26, 'L', 542, 0, 1, '542.xlf', 539, 1),
(118287, 26, 'L', 544, 0, 1, '544.xlf', 539, 1),
(118300, 26, 'M', 45561, 107859, 1, 'ticker_4c39911e68d7672772cd00853e27200f', 107859, 1),
(118301, 26, 'M', 45565, 4208, 1, 'ticker_cfb580872e15b70a7ebc474b726e212a', 4208, 1),
(118302, 26, 'M', 45563, 261902, 1, 'ticker_debd4582e0150062fa5f3720ca06b905', 261902, 1),
(118303, 26, 'M', 45564, 310092, 1, 'ticker_34c634968048e8039841dbfd90b99e99', 310092, 1),
(118304, 26, 'M', 44199, 159553, 1, 'ticker_dd575384551d4b458ef563d21400b2b6', 159553, 1),
(118305, 26, 'M', 45562, 113853, 1, 'ticker_61648f455f7b321b9477fd25dea7a4c8', 113853, 1),
(125700, 18, 'M', 48835, 0, 1, '48835.mp4', 34206480, 1),
(125709, 18, 'L', 567, 0, 1, '567.xlf', 538, 1),
(125710, 25, 'M', 48835, 0, 1, '48835.mp4', 34206480, 1),
(125719, 25, 'L', 567, 0, 1, '567.xlf', 538, 1),
(132683, 25, 'M', 52530, 0, 1, '52530.mp4', 9346075, 1),
(132686, 25, 'L', 580, 0, 1, '580.xlf', 538, 1),
(132693, 18, 'M', 52530, 0, 1, '52530.mp4', 9346075, 1),
(132694, 18, 'L', 580, 0, 1, '580.xlf', 538, 1),
(149729, 25, 'M', 60883, 0, 1, '60883.mp4', 12634442, 1),
(149733, 25, 'M', 60884, 0, 1, '60884.mp4', 30451084, 1),
(149735, 25, 'L', 604, 0, 1, '604.xlf', 538, 1),
(149736, 25, 'L', 601, 0, 1, '601.xlf', 538, 1),
(149738, 18, 'M', 60884, 0, 1, '60884.mp4', 30451084, 1),
(149741, 18, 'M', 60883, 0, 1, '60883.mp4', 12634442, 1),
(149744, 18, 'L', 601, 0, 1, '601.xlf', 538, 1),
(149745, 18, 'L', 604, 0, 1, '604.xlf', 538, 1),
(152180, 18, 'M', 61937, 0, 1, '61937.mp4', 36398888, 1),
(152183, 18, 'L', 610, 0, 1, '610.xlf', 538, 1),
(152188, 25, 'M', 61937, 0, 1, '61937.mp4', 36398888, 1),
(152195, 25, 'L', 610, 0, 1, '610.xlf', 538, 1),
(159836, 18, 'M', 64918, 0, 1, '64918.mp4', 41605786, 1),
(159840, 18, 'L', 612, 0, 1, '612.xlf', 538, 1),
(159845, 25, 'M', 64918, 0, 1, '64918.mp4', 41605786, 1),
(159850, 25, 'L', 612, 0, 1, '612.xlf', 538, 1),
(163480, 25, 'M', 66414, 0, 1, '66414.mp4', 8989408, 1),
(163485, 25, 'L', 615, 0, 1, '615.xlf', 538, 1),
(163490, 18, 'M', 66414, 0, 1, '66414.mp4', 8989408, 1),
(163493, 18, 'L', 615, 0, 1, '615.xlf', 538, 1),
(165512, 25, 'M', 67022, 0, 1, '67022.mp4', 7234155, 1),
(165515, 25, 'L', 618, 0, 1, '618.xlf', 538, 1),
(165518, 18, 'M', 67022, 0, 1, '67022.mp4', 7234155, 1),
(165521, 18, 'L', 618, 0, 1, '618.xlf', 538, 1),
(166088, 25, 'M', 19618, 0, 1, '19618.mp4', 9125346, 1),
(166091, 25, 'L', 350, 0, 1, '350.xlf', 539, 1),
(166123, 18, 'M', 6483, 0, 1, '6483.mp4', 19146095, 1),
(166124, 18, 'L', 255, 0, 1, '255.xlf', 537, 1),
(172713, 25, 'M', 70387, 0, 1, 'ticker_0ad0d8c63372311433e6fa583ff9481b', 376706, 1),
(172741, 18, 'M', 70387, 0, 1, 'ticker_0ad0d8c63372311433e6fa583ff9481b', 376706, 1),
(173218, 18, 'M', 70799, 0, 1, 'ticker_e3a5cc7faabe37ffb21301b966334f2c', 278506, 1),
(173219, 18, 'M', 70797, 0, 1, 'ticker_9a863de58ce7a2c8162bb7204841c296', 693049, 1),
(173221, 18, 'M', 70798, 0, 1, 'ticker_90043d26741769c76d5173f9dfb49d8a', 168795, 1),
(173223, 25, 'M', 70798, 0, 1, 'ticker_90043d26741769c76d5173f9dfb49d8a', 168795, 1),
(173226, 25, 'M', 70799, 0, 1, 'ticker_e3a5cc7faabe37ffb21301b966334f2c', 278506, 1),
(173227, 25, 'M', 70797, 0, 1, 'ticker_9a863de58ce7a2c8162bb7204841c296', 693049, 1),
(173234, 18, 'M', 70803, 0, 1, 'ticker_7d7ea14478a0e105ebe191637eec2550', 244642, 1),
(173236, 25, 'M', 70803, 0, 1, 'ticker_7d7ea14478a0e105ebe191637eec2550', 244642, 1),
(173240, 18, 'M', 70808, 0, 1, 'ticker_30e6447fa5ff5d5cd6411a7ae420dc3c', 142199, 1),
(173247, 25, 'M', 70808, 0, 1, 'ticker_30e6447fa5ff5d5cd6411a7ae420dc3c', 142199, 1),
(173258, 18, 'M', 70810, 0, 1, 'ticker_1bf9746fec6788931d565eafcf4ef561', 122001, 1),
(173263, 25, 'M', 70810, 0, 0, 'ticker_1bf9746fec6788931d565eafcf4ef561', 122001, 1),
(173276, 18, 'M', 70821, 0, 1, 'ticker_1f3c9354cef8d3fe2a2db75686e81524', 124786, 1),
(173277, 18, 'M', 70822, 0, 1, 'ticker_fe6be3a415bbd3b389f019961b174676', 127197, 1),
(173278, 25, 'M', 70821, 0, 1, 'ticker_1f3c9354cef8d3fe2a2db75686e81524', 124786, 1),
(173279, 25, 'M', 70822, 0, 1, 'ticker_fe6be3a415bbd3b389f019961b174676', 127197, 1),
(173286, 18, 'M', 70828, 0, 1, 'ticker_294ecbc3097ae559681f5a4cd9a65931', 233463, 1),
(173291, 25, 'M', 70831, 0, 1, 'ticker_28d7151a30f715f5a02c9c469279e5c8', 142160, 1),
(173292, 25, 'M', 70829, 0, 1, 'ticker_421ee4498ee3d7dbd9ef59d35a9fb5e2', 172556, 1),
(173295, 25, 'M', 70832, 0, 1, 'ticker_d0b4921dd69f52cec7907fd407c3e783', 147488, 1),
(173296, 25, 'M', 70830, 0, 1, 'ticker_842119e3596b9616f561648d03027c2f', 82014, 1),
(173297, 25, 'M', 70828, 0, 1, 'ticker_294ecbc3097ae559681f5a4cd9a65931', 233463, 1),
(173298, 18, 'M', 70832, 0, 1, 'ticker_d0b4921dd69f52cec7907fd407c3e783', 147488, 1),
(173299, 18, 'M', 70830, 0, 1, 'ticker_842119e3596b9616f561648d03027c2f', 82014, 1),
(173300, 18, 'M', 70831, 0, 1, 'ticker_28d7151a30f715f5a02c9c469279e5c8', 142160, 1),
(173301, 18, 'M', 70829, 0, 1, 'ticker_421ee4498ee3d7dbd9ef59d35a9fb5e2', 172556, 1),
(173303, 18, 'M', 70834, 0, 1, 'ticker_076835458bf8425efb142b7485ec90a9', 128177, 1),
(173305, 25, 'M', 70834, 0, 1, 'ticker_076835458bf8425efb142b7485ec90a9', 128177, 1),
(173306, 18, 'M', 70838, 0, 1, 'ticker_f93fdf82d88a668982697c2babc7611e', 228420, 1),
(173307, 18, 'M', 70580, 0, 1, 'ticker_9e2af46cdbd68efa4ee3c49b598bf5f4', 144414, 1),
(173309, 18, 'M', 70837, 0, 1, 'ticker_98d933874a15f623d0ebbc0699d1b117', 220402, 1),
(173311, 18, 'M', 70835, 0, 1, 'ticker_b5360c5726b535d844ff5423481f1214', 152043, 1),
(173313, 18, 'M', 70683, 0, 1, 'ticker_6c1bd7575c46d73924123e7c564ee2fc', 163599, 1),
(173316, 18, 'M', 70836, 0, 1, 'ticker_5840eeceb1a2fc7c1c4a5e1739229fc1', 116147, 1),
(173319, 25, 'M', 70580, 0, 1, 'ticker_9e2af46cdbd68efa4ee3c49b598bf5f4', 144414, 1),
(173321, 25, 'M', 70838, 0, 1, 'ticker_f93fdf82d88a668982697c2babc7611e', 228420, 1),
(173323, 25, 'M', 70837, 0, 1, 'ticker_98d933874a15f623d0ebbc0699d1b117', 220402, 1),
(173325, 25, 'M', 70835, 0, 1, 'ticker_b5360c5726b535d844ff5423481f1214', 152043, 1),
(173327, 25, 'M', 70683, 0, 1, 'ticker_6c1bd7575c46d73924123e7c564ee2fc', 163599, 1),
(173330, 25, 'M', 70836, 0, 1, 'ticker_5840eeceb1a2fc7c1c4a5e1739229fc1', 116147, 1),
(173333, 25, 'M', 70848, 0, 1, 'ticker_0b8bfe78b8e20aa181be793249d5f9e4', 64422, 1),
(173335, 18, 'M', 70851, 0, 1, 'ticker_a2c1c32d3dcea3e1bbb54e88b6a300e8', 196941, 1),
(173336, 18, 'M', 70847, 0, 1, 'ticker_5d6b9a5c2992bca8acff45ab95c37aa0', 169290, 1),
(173337, 18, 'M', 70852, 0, 1, 'ticker_a07d0ef57d1aabef22e207c9c30bedc4', 192424, 1),
(173338, 18, 'M', 70850, 0, 1, 'ticker_e582b51ed8e78c8c99ca3c19bc13d22c', 347778, 1),
(173339, 18, 'M', 70848, 0, 1, 'ticker_0b8bfe78b8e20aa181be793249d5f9e4', 64422, 1),
(173340, 18, 'M', 70846, 0, 1, 'ticker_28acf45faf3e3273b258d25eceaa3230', 222366, 1),
(173341, 18, 'M', 70849, 0, 1, 'ticker_de86f445a39313b23b9d72ca17b6e898', 219725, 1),
(173342, 25, 'M', 70851, 0, 1, 'ticker_a2c1c32d3dcea3e1bbb54e88b6a300e8', 196941, 1),
(173343, 25, 'M', 70849, 0, 1, 'ticker_de86f445a39313b23b9d72ca17b6e898', 219725, 1),
(173344, 25, 'M', 70852, 0, 1, 'ticker_a07d0ef57d1aabef22e207c9c30bedc4', 192424, 1),
(173345, 25, 'M', 70850, 0, 1, 'ticker_e582b51ed8e78c8c99ca3c19bc13d22c', 347778, 1),
(173346, 18, 'M', 70853, 0, 1, 'ticker_6025f78e9f5a44b79b5f2ac73fac25dd', 121508, 1),
(173347, 18, 'M', 70854, 0, 1, 'ticker_c93ad6ecab5061d157dcdd8ba72e42e1', 328875, 1),
(173349, 25, 'M', 70854, 0, 1, 'ticker_c93ad6ecab5061d157dcdd8ba72e42e1', 328875, 1),
(173350, 18, 'M', 70857, 0, 1, 'ticker_2276f534d69b8a2ce0e40420f8f7225a', 96602, 1),
(173352, 18, 'M', 70705, 0, 1, 'ticker_c66cde1d3992790723114169fae9a73e', 225718, 1),
(173355, 25, 'M', 70857, 0, 1, 'ticker_2276f534d69b8a2ce0e40420f8f7225a', 96602, 1),
(173357, 25, 'M', 70705, 0, 1, 'ticker_c66cde1d3992790723114169fae9a73e', 225718, 1),
(173358, 18, 'M', 70700, 0, 1, 'ticker_3678966f2224c7ebdd55c1e4423340af', 164239, 1),
(173359, 18, 'M', 70858, 0, 1, 'ticker_ee328d8f5fa8ee2a20b72b268ac47d6f', 169242, 1),
(173360, 18, 'M', 70862, 0, 1, 'ticker_8835f5d97a0a48c820328d8d2dcffe11', 278977, 1),
(173361, 18, 'M', 70860, 0, 1, 'ticker_58caa51505b2e0c0e3a6ce47e9a8c399', 667834, 1),
(173362, 18, 'M', 70859, 0, 1, 'ticker_49c3dba8c3feb115d407b0c8cab61820', 146435, 1),
(173363, 18, 'M', 70861, 0, 1, 'ticker_59fe2d60d95d7d1d49c5f37a968399aa', 5031, 1),
(173364, 25, 'M', 70861, 0, 1, 'ticker_59fe2d60d95d7d1d49c5f37a968399aa', 5031, 1),
(173365, 25, 'M', 70860, 0, 1, 'ticker_58caa51505b2e0c0e3a6ce47e9a8c399', 667834, 1),
(173366, 25, 'M', 70863, 0, 1, 'ticker_644565040bc6d9ce85cf259b40d7fce5', 73697, 1),
(173367, 25, 'M', 70858, 0, 1, 'ticker_ee328d8f5fa8ee2a20b72b268ac47d6f', 169242, 1),
(173368, 25, 'M', 70862, 0, 1, 'ticker_8835f5d97a0a48c820328d8d2dcffe11', 278977, 1),
(173369, 25, 'M', 70700, 0, 1, 'ticker_3678966f2224c7ebdd55c1e4423340af', 164239, 1),
(173370, 25, 'M', 70859, 0, 1, 'ticker_49c3dba8c3feb115d407b0c8cab61820', 146435, 1),
(173371, 18, 'M', 70863, 0, 1, 'ticker_644565040bc6d9ce85cf259b40d7fce5', 73697, 1),
(173373, 18, 'M', 70865, 0, 1, 'ticker_7b4ef614496160f0631422ede4421478', 121756, 1),
(173374, 18, 'M', 70869, 0, 1, 'ticker_232b44131a637da1b2624bc94b7bd767', 133454, 1),
(173375, 18, 'M', 70866, 0, 1, 'ticker_3deacb0761af08c13c15494e84d0dc35', 272494, 1),
(173376, 18, 'M', 70864, 0, 1, 'ticker_ac0d246a561c6ec954dcb5be668ecf4b', 186427, 1),
(173377, 18, 'M', 70867, 0, 1, 'ticker_6d96925bedb05c744cc377711dd57bb8', 201620, 1),
(173378, 18, 'M', 70870, 0, 1, 'ticker_d040518a2dd4f3214a19a98b273d7fa3', 111709, 1),
(173379, 18, 'M', 70868, 0, 1, 'ticker_8b0c244d39fba88aeefdd65e8ea84f74', 193023, 1),
(173380, 25, 'M', 70865, 0, 1, 'ticker_7b4ef614496160f0631422ede4421478', 121756, 1),
(173381, 25, 'M', 70869, 0, 1, 'ticker_232b44131a637da1b2624bc94b7bd767', 133454, 1),
(173382, 25, 'M', 70867, 0, 1, 'ticker_6d96925bedb05c744cc377711dd57bb8', 201620, 1),
(173383, 25, 'M', 70866, 0, 1, 'ticker_3deacb0761af08c13c15494e84d0dc35', 272494, 1),
(173384, 25, 'M', 70868, 0, 1, 'ticker_8b0c244d39fba88aeefdd65e8ea84f74', 193023, 1),
(173385, 25, 'M', 70870, 0, 1, 'ticker_d040518a2dd4f3214a19a98b273d7fa3', 111709, 1),
(173386, 18, 'M', 70874, 0, 1, 'ticker_877e4b6b8117057e4a28405109f68833', 133588, 1),
(173387, 18, 'M', 70872, 0, 1, 'ticker_bfc144c6b4f85f21eaed140e7bdcd207', 122007, 1),
(173388, 18, 'M', 70876, 0, 1, 'ticker_bee4c51728a567200476f78176463389', 131604, 1),
(173389, 18, 'M', 70875, 0, 1, 'ticker_ccdb0b1fb4d4c8e8bae971a42b63b284', 175429, 1),
(173390, 18, 'M', 70873, 0, 1, 'ticker_3fd57e1c4154893b1956488e820046bd', 308228, 1),
(173391, 18, 'M', 70871, 0, 1, 'ticker_cbdffb5c848591b082a67afd80bae18a', 272042, 1),
(173392, 25, 'M', 70876, 0, 1, 'ticker_bee4c51728a567200476f78176463389', 131604, 1),
(173394, 25, 'M', 70873, 0, 1, 'ticker_3fd57e1c4154893b1956488e820046bd', 308228, 1),
(173395, 25, 'M', 70878, 0, 1, 'ticker_19f6af33683475b152d7cc0d131eaffe', 131030, 1),
(173396, 25, 'M', 70871, 0, 1, 'ticker_cbdffb5c848591b082a67afd80bae18a', 272042, 1),
(173397, 25, 'M', 70874, 0, 1, 'ticker_877e4b6b8117057e4a28405109f68833', 133588, 1),
(173398, 25, 'M', 70879, 0, 1, 'ticker_86d5874249eaa824e099ecc7486bde2d', 294139, 1),
(173399, 25, 'M', 70872, 0, 1, 'ticker_bfc144c6b4f85f21eaed140e7bdcd207', 122007, 1),
(173400, 25, 'M', 70877, 0, 1, 'ticker_8d088bf38ec14432bd58b922a07d8b37', 196806, 1),
(173401, 18, 'M', 70879, 0, 1, 'ticker_86d5874249eaa824e099ecc7486bde2d', 294139, 1),
(173402, 18, 'M', 70877, 0, 1, 'ticker_8d088bf38ec14432bd58b922a07d8b37', 196806, 1),
(173403, 18, 'M', 70878, 0, 1, 'ticker_19f6af33683475b152d7cc0d131eaffe', 131030, 1),
(173404, 25, 'M', 70880, 0, 1, 'ticker_2183ad04a7d894fe88a42dca14d5aa67', 185217, 1),
(173405, 18, 'M', 70880, 0, 1, 'ticker_2183ad04a7d894fe88a42dca14d5aa67', 185217, 1),
(173406, 25, 'M', 70886, 0, 1, 'ticker_84b8ef19f3f6e7225656b0538c392b08', 299270, 1),
(173407, 25, 'M', 70884, 0, 1, 'ticker_5d29b8aa472765181849f0b0bce621e4', 385346, 1),
(173408, 25, 'M', 70882, 0, 1, 'ticker_fac00201a27ece62931a158f4b9b61b6', 139065, 1),
(173409, 25, 'M', 70887, 0, 1, 'ticker_cdede2286ff284a708fd91088b334ca3', 282103, 1),
(173410, 25, 'M', 70885, 0, 1, 'ticker_f1f607c0c189cce22fcf4825a6a13078', 305436, 1),
(173411, 25, 'M', 70883, 0, 1, 'ticker_9cc9ce32a1a7df0dd871619fa0bbbdd0', 252407, 1),
(173412, 25, 'M', 70881, 0, 1, 'ticker_2ed82e6282cfa57f45fdf7a768307f2c', 181373, 1),
(173413, 18, 'M', 70882, 0, 1, 'ticker_fac00201a27ece62931a158f4b9b61b6', 139065, 1),
(173414, 18, 'M', 70887, 0, 1, 'ticker_cdede2286ff284a708fd91088b334ca3', 282103, 1),
(173415, 18, 'M', 70885, 0, 1, 'ticker_f1f607c0c189cce22fcf4825a6a13078', 305436, 1),
(173416, 18, 'M', 70883, 0, 1, 'ticker_9cc9ce32a1a7df0dd871619fa0bbbdd0', 252407, 1),
(173417, 18, 'M', 70881, 0, 1, 'ticker_2ed82e6282cfa57f45fdf7a768307f2c', 181373, 1),
(173418, 18, 'M', 70886, 0, 1, 'ticker_84b8ef19f3f6e7225656b0538c392b08', 299270, 1),
(173419, 18, 'M', 70884, 0, 1, 'ticker_5d29b8aa472765181849f0b0bce621e4', 385346, 1),
(173420, 18, 'M', 70888, 0, 1, 'ticker_7105d6e220e1df77434771e801eb8d7e', 182409, 1),
(173421, 18, 'M', 70889, 0, 1, 'ticker_859a822eaad43f15d1a4fea401ff1f3f', 223818, 1),
(173422, 25, 'M', 70888, 0, 1, 'ticker_7105d6e220e1df77434771e801eb8d7e', 182409, 1),
(173423, 25, 'M', 70890, 0, 1, 'ticker_20c29684e19f34b47214647746d3f4e8', 276853, 1),
(173424, 25, 'M', 70893, 0, 1, 'ticker_c711f42c79dcc4d2384f7f12bd71f182', 150100, 1),
(173425, 25, 'M', 70892, 0, 1, 'ticker_26b779536881f2beeff3b657d159e4fa', 243259, 1),
(173426, 25, 'M', 70889, 0, 1, 'ticker_859a822eaad43f15d1a4fea401ff1f3f', 223818, 1),
(173427, 25, 'M', 70894, 0, 1, 'ticker_f17923ee8064cd755238abca6b31ff07', 146282, 1),
(173428, 25, 'M', 70891, 0, 1, 'ticker_46bac21f1239abc022d1f3a4d2a7da9e', 261050, 1),
(173429, 18, 'M', 70893, 0, 1, 'ticker_c711f42c79dcc4d2384f7f12bd71f182', 150100, 1),
(173430, 18, 'M', 70892, 0, 1, 'ticker_26b779536881f2beeff3b657d159e4fa', 243259, 1),
(173431, 18, 'M', 70894, 0, 1, 'ticker_f17923ee8064cd755238abca6b31ff07', 146282, 1),
(173432, 18, 'M', 70891, 0, 1, 'ticker_46bac21f1239abc022d1f3a4d2a7da9e', 261050, 1),
(173433, 18, 'M', 70890, 0, 1, 'ticker_20c29684e19f34b47214647746d3f4e8', 276853, 1),
(173434, 18, 'M', 70897, 0, 1, 'ticker_e1943d18a03fa99653413b0215659f8a', 161712, 1),
(173435, 18, 'M', 70895, 0, 1, 'ticker_17b8f1222986df1dfcffb4c2e89aeb79', 296174, 1),
(173436, 18, 'M', 70898, 0, 1, 'ticker_bd2aa3c3b5c66cd5b914ae312d6d77a4', 284953, 1),
(173437, 18, 'M', 70896, 0, 1, 'ticker_1f0ebbb7527939c07b8af46bbf5da7c7', 238702, 1),
(173438, 18, 'M', 70899, 0, 1, 'ticker_3aeff8503479e1d93625994b2130b4df', 189508, 1),
(173439, 25, 'M', 70896, 0, 1, 'ticker_1f0ebbb7527939c07b8af46bbf5da7c7', 238702, 1),
(173440, 25, 'M', 70899, 0, 1, 'ticker_3aeff8503479e1d93625994b2130b4df', 189508, 1),
(173441, 25, 'M', 70897, 0, 1, 'ticker_e1943d18a03fa99653413b0215659f8a', 161712, 1),
(173442, 25, 'M', 70895, 0, 1, 'ticker_17b8f1222986df1dfcffb4c2e89aeb79', 296174, 1),
(173443, 25, 'M', 70898, 0, 1, 'ticker_bd2aa3c3b5c66cd5b914ae312d6d77a4', 284953, 1),
(173444, 25, 'M', 70901, 0, 1, 'ticker_cc13503f78481c18863838ac7be50ef2', 287388, 1),
(173445, 25, 'M', 70900, 0, 1, 'ticker_998714eee1d6845f8e082c44847e21ff', 259445, 1),
(173446, 18, 'M', 70900, 0, 1, 'ticker_998714eee1d6845f8e082c44847e21ff', 259445, 1),
(173447, 18, 'M', 70901, 0, 1, 'ticker_cc13503f78481c18863838ac7be50ef2', 287388, 1),
(173448, 25, 'M', 70902, 0, 1, 'ticker_8e4d9cfa94016cdb3cb8c98137bc60d7', 128065, 1),
(173449, 25, 'M', 70903, 0, 1, 'ticker_ec6b4ef83a05795c6720956fbe2a146f', 130901, 1),
(173450, 18, 'M', 70903, 0, 1, 'ticker_ec6b4ef83a05795c6720956fbe2a146f', 130901, 1),
(173451, 18, 'M', 70902, 0, 1, 'ticker_8e4d9cfa94016cdb3cb8c98137bc60d7', 128065, 1),
(173452, 25, 'M', 70540, 0, 1, 'ticker_1780768bcafccd0abc0c3235da3d2f84', 118963, 1),
(173453, 25, 'M', 70908, 0, 1, 'ticker_65aeb2653a35101f0a5f8fe65495bbf0', 341255, 1),
(173454, 25, 'M', 70906, 0, 1, 'ticker_ce5d03cdd723bc1a5ddb6472a27822ac', 103911, 1),
(173455, 25, 'M', 70688, 0, 1, 'ticker_12cf699619a3ddf077843004ac24f0a4', 195024, 1),
(173456, 25, 'M', 70905, 0, 1, 'ticker_4ca4c2ffddce7ce54bd8935ae61d9c73', 145000, 1),
(173457, 25, 'M', 70680, 0, 1, 'ticker_989e93f8f9b6e572092c23c2bc0a0e98', 179511, 1),
(173458, 25, 'M', 70550, 0, 1, 'ticker_e4696e8330cbcda3854e61e7612104d2', 344980, 1),
(173459, 25, 'M', 70652, 0, 1, 'ticker_d733b250743874525acacf8d9eb156d6', 399450, 1),
(173460, 25, 'M', 70630, 0, 1, 'ticker_67dfabf2c535d29d9fac2beba0ce7386', 98395, 1),
(173461, 25, 'M', 70609, 0, 1, 'ticker_12ea0d789284c41993e202feda9e98b5', 198039, 1),
(173462, 25, 'M', 70911, 0, 1, 'ticker_5351f21c4068cf1440397b811233765b', 288685, 1),
(173463, 25, 'M', 70909, 0, 1, 'ticker_87038c73a2f7b26bfa4cb45d1f0bbe7f', 147949, 1),
(173464, 25, 'M', 70534, 0, 1, 'ticker_c7f911c6e6cffa6ee214aebd347db80a', 618122, 1),
(173465, 25, 'M', 70907, 0, 1, 'ticker_7b8eb652504d93357fb980a0a9541cdc', 393463, 1),
(173466, 25, 'M', 70711, 0, 1, 'ticker_f4619760a962e7dad734d26f48f4808a', 96954, 1),
(173467, 25, 'M', 70904, 0, 1, 'ticker_d7f99bb7a6a9fbb37441e9bcd9f15dce', 162911, 1),
(173468, 25, 'M', 70674, 0, 1, 'ticker_62b85a9d40c3eab591d9cc47e64870d6', 214028, 1),
(173469, 25, 'M', 70634, 0, 1, 'ticker_9217fd7382e8f4c7fa3441fdc7338124', 147354, 1),
(173470, 25, 'M', 70610, 0, 1, 'ticker_af604782cb8118ed10d7079d4cf93172', 702682, 1),
(173471, 25, 'M', 70600, 0, 1, 'ticker_dd99d5f5fd8bad014310f6b2df0ee8cb', 121488, 1),
(173472, 25, 'M', 70910, 0, 1, 'ticker_6b55abc731d8689221e1039cab8b428b', 177519, 1),
(173473, 18, 'M', 70600, 0, 1, 'ticker_dd99d5f5fd8bad014310f6b2df0ee8cb', 121488, 1),
(173474, 18, 'M', 70910, 0, 1, 'ticker_6b55abc731d8689221e1039cab8b428b', 177519, 1),
(173475, 18, 'M', 70540, 0, 1, 'ticker_1780768bcafccd0abc0c3235da3d2f84', 118963, 1),
(173476, 18, 'M', 70908, 0, 1, 'ticker_65aeb2653a35101f0a5f8fe65495bbf0', 341255, 1),
(173477, 18, 'M', 70906, 0, 1, 'ticker_ce5d03cdd723bc1a5ddb6472a27822ac', 103911, 1),
(173478, 18, 'M', 70688, 0, 1, 'ticker_12cf699619a3ddf077843004ac24f0a4', 195024, 1),
(173479, 18, 'M', 70905, 0, 1, 'ticker_4ca4c2ffddce7ce54bd8935ae61d9c73', 145000, 1),
(173480, 18, 'M', 70680, 0, 1, 'ticker_989e93f8f9b6e572092c23c2bc0a0e98', 179511, 1),
(173481, 18, 'M', 70652, 0, 1, 'ticker_d733b250743874525acacf8d9eb156d6', 399450, 1),
(173482, 18, 'M', 70550, 0, 1, 'ticker_e4696e8330cbcda3854e61e7612104d2', 344980, 1),
(173483, 18, 'M', 70630, 0, 1, 'ticker_67dfabf2c535d29d9fac2beba0ce7386', 98395, 1),
(173484, 18, 'M', 70623, 0, 1, 'ticker_9c3d0514c5e5214bc28c017615bc7d3b', 106453, 1),
(173485, 18, 'M', 70913, 0, 1, 'ticker_2aa7bacf70c340c3f49414d7084e8ee8', 265210, 1),
(173486, 18, 'M', 70609, 0, 1, 'ticker_12ea0d789284c41993e202feda9e98b5', 198039, 1),
(173487, 18, 'M', 70911, 0, 1, 'ticker_5351f21c4068cf1440397b811233765b', 288685, 1),
(173488, 18, 'M', 70915, 0, 1, 'ticker_cbfa02fc766564d3d76b6eae25b3008b', 249797, 1),
(173489, 18, 'M', 70909, 0, 1, 'ticker_87038c73a2f7b26bfa4cb45d1f0bbe7f', 147949, 1),
(173490, 18, 'M', 70534, 0, 1, 'ticker_c7f911c6e6cffa6ee214aebd347db80a', 618122, 1),
(173491, 18, 'M', 70907, 0, 1, 'ticker_7b8eb652504d93357fb980a0a9541cdc', 393463, 1),
(173492, 18, 'M', 70711, 0, 1, 'ticker_f4619760a962e7dad734d26f48f4808a', 96954, 1),
(173493, 18, 'M', 70904, 0, 1, 'ticker_d7f99bb7a6a9fbb37441e9bcd9f15dce', 162911, 1),
(173494, 18, 'M', 70674, 0, 1, 'ticker_62b85a9d40c3eab591d9cc47e64870d6', 214028, 1),
(173495, 18, 'M', 70634, 0, 1, 'ticker_9217fd7382e8f4c7fa3441fdc7338124', 147354, 1),
(173496, 18, 'M', 70914, 0, 1, 'ticker_4bc687a4e587aae543a6d191bb3f2d98', 339978, 1),
(173497, 18, 'M', 70610, 0, 1, 'ticker_af604782cb8118ed10d7079d4cf93172', 702682, 1),
(173498, 18, 'M', 70912, 0, 1, 'ticker_fa41cd37214b46fb04cd1c7eea9f16cf', 252550, 1),
(173499, 25, 'M', 70914, 0, 1, 'ticker_4bc687a4e587aae543a6d191bb3f2d98', 339978, 1),
(173500, 25, 'M', 70912, 0, 1, 'ticker_fa41cd37214b46fb04cd1c7eea9f16cf', 252550, 1),
(173501, 25, 'M', 70915, 0, 1, 'ticker_cbfa02fc766564d3d76b6eae25b3008b', 249797, 1),
(173502, 25, 'M', 70623, 0, 1, 'ticker_9c3d0514c5e5214bc28c017615bc7d3b', 106453, 1),
(173503, 25, 'M', 70913, 0, 1, 'ticker_2aa7bacf70c340c3f49414d7084e8ee8', 265210, 1),
(173504, 25, 'M', 70917, 0, 1, 'ticker_e1dbcb46157062f3b6a25c23672a879b', 116912, 1),
(173505, 25, 'M', 70920, 0, 1, 'ticker_23564d84fc13cd21184e5fadcff8f9ad', 122195, 1),
(173506, 25, 'M', 70918, 0, 1, 'ticker_58cca17ceef2a12b70deab463f1164a2', 208512, 1),
(173507, 25, 'M', 70921, 0, 1, 'ticker_180f52229b2577ea2364081aa1e57d76', 365102, 1),
(173508, 25, 'M', 70916, 0, 1, 'ticker_7d73796879db9ee9674ef9b3ac753d35', 3750, 1),
(173509, 25, 'M', 70919, 0, 1, 'ticker_8440e8fc1173aab4ac1ee3dbddeebb21', 286060, 1),
(173510, 18, 'M', 70919, 0, 1, 'ticker_8440e8fc1173aab4ac1ee3dbddeebb21', 286060, 1),
(173511, 18, 'M', 70916, 0, 1, 'ticker_7d73796879db9ee9674ef9b3ac753d35', 3750, 1),
(173512, 18, 'M', 70920, 0, 1, 'ticker_23564d84fc13cd21184e5fadcff8f9ad', 122195, 1),
(173513, 18, 'M', 70921, 0, 1, 'ticker_180f52229b2577ea2364081aa1e57d76', 365102, 1),
(173514, 18, 'M', 70918, 0, 1, 'ticker_58cca17ceef2a12b70deab463f1164a2', 208512, 1),
(173515, 18, 'M', 70917, 0, 1, 'ticker_e1dbcb46157062f3b6a25c23672a879b', 116912, 1),
(173516, 25, 'M', 70922, 0, 1, 'ticker_cd57385c4905367288b7f763ced9c062', 302129, 1),
(173517, 25, 'M', 70923, 0, 1, 'ticker_780afc41dc593b2aff44c3f97662a25f', 177050, 1),
(173518, 18, 'M', 70922, 0, 1, 'ticker_cd57385c4905367288b7f763ced9c062', 302129, 1),
(173519, 18, 'M', 70925, 0, 1, 'ticker_6b6b9666e39607bdfbe6649d5eeeb2a8', 189314, 1),
(173520, 18, 'M', 70926, 0, 1, 'ticker_f93baee6eab77038b899dfe1923d06b9', 174365, 1),
(173521, 18, 'M', 70923, 0, 1, 'ticker_780afc41dc593b2aff44c3f97662a25f', 177050, 1),
(173522, 18, 'M', 70927, 0, 1, 'ticker_e72126ba4511c669161f0df388d8503f', 626015, 1),
(173523, 18, 'M', 70924, 0, 1, 'ticker_388d3dee8811731b5c7d83051c0cc308', 392368, 1),
(173524, 18, 'M', 70928, 0, 1, 'ticker_5452ec86224996f66b035f8adb52f2c9', 151649, 1),
(173525, 25, 'M', 70926, 0, 1, 'ticker_f93baee6eab77038b899dfe1923d06b9', 174365, 1),
(173526, 25, 'M', 70924, 0, 1, 'ticker_388d3dee8811731b5c7d83051c0cc308', 392368, 1),
(173527, 25, 'M', 70927, 0, 1, 'ticker_e72126ba4511c669161f0df388d8503f', 626015, 1),
(173528, 25, 'M', 70925, 0, 1, 'ticker_6b6b9666e39607bdfbe6649d5eeeb2a8', 189314, 1),
(173529, 25, 'M', 70928, 0, 1, 'ticker_5452ec86224996f66b035f8adb52f2c9', 151649, 1),
(173530, 25, 'M', 70932, 254782, 1, 'ticker_2ec8852fccf39fe85550647a7521f02d', 254782, 1),
(173531, 25, 'M', 70930, 720685, 1, 'ticker_8e4e3367c6a643a4aeb3aef9c7e52cf6', 720685, 1),
(173532, 25, 'M', 70933, 229971, 1, 'ticker_f1406fc763ba612344715e4ee9994bb1', 229971, 1),
(173533, 25, 'M', 70931, 151808, 1, 'ticker_905b30ecb538c969b1170c2c350ebab6', 151808, 1),
(173534, 25, 'M', 70929, 185266, 1, 'ticker_49cdbbb213b7cee5efe69eb7bb177297', 185266, 1);

-- --------------------------------------------------------

--
-- Estrutura para tabela `resolution`
--

CREATE TABLE `resolution` (
  `resolutionId` int(11) NOT NULL,
  `resolution` varchar(254) NOT NULL,
  `width` smallint(6) NOT NULL,
  `height` smallint(6) NOT NULL,
  `intended_width` smallint(6) NOT NULL,
  `intended_height` smallint(6) NOT NULL,
  `version` tinyint(4) NOT NULL DEFAULT '1',
  `enabled` tinyint(4) NOT NULL DEFAULT '1',
  `userId` int(11) NOT NULL
) ENGINE=InnoDB DEFAULT CHARSET=utf8;

--
-- Despejando dados para a tabela `resolution`
--

INSERT INTO `resolution` (`resolutionId`, `resolution`, `width`, `height`, `intended_width`, `intended_height`, `version`, `enabled`, `userId`) VALUES
(1, '1080p HD Landscape', 800, 450, 1920, 1080, 2, 1, 1),
(2, '720p HD Landscape', 800, 450, 1280, 720, 2, 1, 1),
(3, '1080p HD Portrait', 450, 800, 1080, 1920, 2, 1, 1),
(4, '720p HD Portrait', 450, 800, 720, 1280, 2, 1, 1),
(5, '4k cinema', 800, 450, 4096, 2304, 2, 1, 1),
(6, 'Common PC Monitor 4:3', 800, 600, 1024, 768, 2, 1, 1),
(7, '4k UHD Landscape', 450, 800, 3840, 2160, 2, 1, 1),
(8, '4k UHD Portrait', 800, 450, 2160, 3840, 2, 1, 1);

-- --------------------------------------------------------

--
-- Estrutura para tabela `saved_report`
--

CREATE TABLE `saved_report` (
  `savedReportId` int(11) NOT NULL,
  `saveAs` varchar(255) NOT NULL,
  `reportName` varchar(255) NOT NULL,
  `mediaId` int(11) NOT NULL,
  `reportScheduleId` int(11) NOT NULL,
  `generatedOn` int(11) NOT NULL,
  `userId` int(11) NOT NULL
) ENGINE=InnoDB DEFAULT CHARSET=utf8;

-- --------------------------------------------------------

--
-- Estrutura para tabela `schedule`
--

CREATE TABLE `schedule` (
  `eventId` int(11) NOT NULL,
  `eventTypeId` int(11) NOT NULL,
  `campaignId` int(11) DEFAULT NULL,
  `commandId` int(11) DEFAULT NULL,
  `dayPartId` int(11) NOT NULL DEFAULT '0',
  `userId` int(11) NOT NULL,
  `fromDt` bigint(20) DEFAULT NULL,
  `toDt` bigint(20) DEFAULT NULL,
  `is_priority` tinyint(4) NOT NULL,
  `displayOrder` int(11) NOT NULL DEFAULT '0',
  `lastRecurrenceWatermark` bigint(20) DEFAULT NULL,
  `syncTimezone` tinyint(4) NOT NULL DEFAULT '0',
  `recurrence_type` enum('Minute','Hour','Day','Week','Month','Year') DEFAULT NULL,
  `recurrence_detail` int(11) DEFAULT NULL,
  `recurrence_range` bigint(20) DEFAULT NULL,
  `recurrenceRepeatsOn` varchar(14) DEFAULT NULL,
  `syncEvent` int(11) NOT NULL DEFAULT '0',
  `recurrenceMonthlyRepeatsOn` tinyint(4) NOT NULL DEFAULT '0',
  `shareOfVoice` tinyint(4) DEFAULT NULL,
  `isGeoAware` tinyint(4) NOT NULL DEFAULT '0',
  `geoLocation` text
) ENGINE=InnoDB DEFAULT CHARSET=utf8;

--
-- Despejando dados para a tabela `schedule`
--

INSERT INTO `schedule` (`eventId`, `eventTypeId`, `campaignId`, `commandId`, `dayPartId`, `userId`, `fromDt`, `toDt`, `is_priority`, `displayOrder`, `lastRecurrenceWatermark`, `syncTimezone`, `recurrence_type`, `recurrence_detail`, `recurrence_range`, `recurrenceRepeatsOn`, `syncEvent`, `recurrenceMonthlyRepeatsOn`, `shareOfVoice`, `isGeoAware`, `geoLocation`) VALUES
(37, 1, 60, NULL, 2, 1, 0, 2147483647, 0, 0, NULL, 1, NULL, NULL, NULL, NULL, 0, 0, NULL, 0, NULL),
(46, 1, 89, NULL, 2, 1, 0, 2147483647, 0, 0, NULL, 1, NULL, NULL, NULL, NULL, 0, 0, NULL, 0, NULL),
(47, 1, 89, NULL, 2, 1, 0, 2147483647, 0, 0, NULL, 1, NULL, NULL, NULL, NULL, 0, 0, NULL, 0, NULL);

-- --------------------------------------------------------

--
-- Estrutura para tabela `scheduleexclusions`
--

CREATE TABLE `scheduleexclusions` (
  `scheduleExclusionId` int(11) NOT NULL,
  `eventId` int(11) NOT NULL,
  `fromDt` int(11) NOT NULL,
  `toDt` int(11) NOT NULL
) ENGINE=InnoDB DEFAULT CHARSET=utf8;

-- --------------------------------------------------------

--
-- Estrutura para tabela `schedulereminder`
--

CREATE TABLE `schedulereminder` (
  `scheduleReminderId` int(11) NOT NULL,
  `eventId` int(11) NOT NULL,
  `value` int(11) NOT NULL,
  `type` int(11) NOT NULL,
  `option` int(11) NOT NULL,
  `reminderDt` int(11) NOT NULL,
  `lastReminderDt` int(11) NOT NULL,
  `isEmail` tinyint(4) NOT NULL
) ENGINE=InnoDB DEFAULT CHARSET=utf8;

-- --------------------------------------------------------

--
-- Estrutura para tabela `session`
--

CREATE TABLE `session` (
  `session_id` varchar(160) NOT NULL,
  `session_data` longtext NOT NULL,
  `session_expiration` int(10) UNSIGNED NOT NULL DEFAULT '0',
  `lastAccessed` datetime DEFAULT NULL,
  `userId` int(11) DEFAULT NULL,
  `isExpired` tinyint(4) NOT NULL DEFAULT '1',
  `userAgent` varchar(255) DEFAULT NULL,
  `remoteAddr` varchar(50) DEFAULT NULL
) ENGINE=InnoDB DEFAULT CHARSET=utf8;

--
-- Despejando dados para a tabela `session`
--

INSERT INTO `session` (`session_id`, `session_data`, `session_expiration`, `lastAccessed`, `userId`, `isExpired`, `userAgent`, `remoteAddr`) VALUES
('0057226db87d7babf423c776a36073a0', 'init|s:1:\"1\";csrfToken|s:40:\"4e493ebfd26ad2756c10dc765b685dba79f54be8\";slim.flash|a:0:{}', 1729252268, '2024-10-18 08:27:08', 0, 0, 'Mozilla/5.0 AppleWebKit/537.36 (KHTML, like Gecko; compatible; ClaudeBot/1.0; +claudebot@anthropic.com)', '3.149.236.131'),
('02c0e8f61735820d7aecf2847b1e172a', 'init|s:1:\"1\";slim.flash|a:0:{}', 1729666611, '2024-10-23 03:32:51', 0, 0, 'okhttp/3.12.1', '186.220.43.14'),
('05007a4517b714a9328378689a9834f3', 'init|s:1:\"1\";slim.flash|a:0:{}', 1729601671, '2024-10-22 09:30:31', 0, 0, 'okhttp/3.12.1', '186.220.43.14'),
('0517466686217018f55ca37e4391d5f0', 'init|s:1:\"1\";slim.flash|a:0:{}', 1729468157, '2024-10-20 20:25:17', 0, 0, 'okhttp/3.12.1', '186.220.43.14'),
('05bfb07dcfc93f84c69faab3ecef1f3d', 'init|s:1:\"1\";csrfToken|s:40:\"a0dd5620b7539aeea8b9317c9ea8bfb89c5ef2fd\";slim.flash|a:1:{s:10:\"priorRoute\";s:14:\"/edurocha/web/\";}', 1728178325, '2024-10-05 22:08:05', 0, 0, 'Mozilla/5.0 (Windows NT 10.0; rv:78.0) Gecko/20100101 Firefox/78.0', '35.205.220.223'),
('05f981cd85fb2ce3c98ad93646ec6b43', 'init|s:1:\"1\";csrfToken|s:40:\"afcf24ee197d690efb5cb00ffbf011db57208cb3\";slim.flash|a:0:{}', 1730911915, '2024-11-06 13:27:55', 0, 0, 'Mozilla/5.0 (compatible; SemrushBot/7~bl; +http://www.semrush.com/bot.html)', '185.191.171.14'),
('068562d291f4c4ddfbec90f716b2d435', 'init|s:1:\"1\";slim.flash|a:0:{}', 1729518665, '2024-10-21 10:27:05', 0, 0, 'okhttp/3.12.1', '186.220.43.14'),
('06b8c3382b583f86aee6fd0ffc80a6dd', 'init|s:1:\"1\";csrfToken|s:40:\"5cbbb0b38d83a9ec610fac271aec95c8be0e1993\";slim.flash|a:0:{}', 1732116353, '2024-11-20 12:01:53', 0, 0, 'Mozilla/5.0 (compatible; SemrushBot-BA; +http://www.semrush.com/bot.html)', '85.208.98.22'),
('087e2af41599f8b7134b1a7cb49a3126', 'init|s:1:\"1\";csrfToken|s:40:\"c48e2482d617f1ef09347bc5570498ef0a48ee62\";slim.flash|a:0:{}', 1726509832, '2024-09-16 14:39:52', 0, 1, 'Mozilla/5.0 (Macintosh; Intel Mac OS X 10_10_1) AppleWebKit/600.2.5 (KHTML, like Gecko) Version/8.0.2 Safari/600.2.5 (Amazonbot/0.1; +https://developer.amazon.com/support/amazonbot)', '52.70.240.171'),
('08c981bbe53704fba3e40f60e8d0bd0e', 'init|s:1:\"1\";slim.flash|a:0:{}', 1729874692, '2024-10-25 13:20:52', 0, 0, 'okhttp/3.12.1', '186.220.43.14'),
('0d9b23eb476a92dc3a38a41ae9a85960', 'init|s:1:\"1\";csrfToken|s:40:\"eade53d1f441fbde9644d858c644cf7023f4c287\";slim.flash|a:0:{}', 1726508404, '2024-09-16 14:16:04', 0, 1, 'Mozilla/5.0 (Macintosh; Intel Mac OS X 10_10_1) AppleWebKit/600.2.5 (KHTML, like Gecko) Version/8.0.2 Safari/600.2.5 (Amazonbot/0.1; +https://developer.amazon.com/support/amazonbot)', '3.224.220.101'),
('0db7877d48decdf33b79d2157a52ae43', 'init|s:1:\"1\";slim.flash|a:0:{}', 1729806121, '2024-10-24 18:18:01', 0, 0, 'okhttp/3.12.1', '186.220.43.14'),
('0f80f4195e407f8b69401beeb32af3a6', 'init|s:1:\"1\";slim.flash|a:0:{}', 1729881892, '2024-10-25 15:20:52', 0, 0, 'okhttp/3.12.1', '186.220.43.14'),
('0f9b470a094396895ab2797269cc01d3', 'init|s:1:\"1\";csrfToken|s:40:\"6b1894bec05b2c6a169d0e13f4b5f7c46431d16f\";slim.flash|a:0:{}', 1726818843, '2024-09-20 04:30:03', 0, 1, 'Mozilla/5.0 (compatible; SemrushBot-BA; +http://www.semrush.com/bot.html)', '85.208.98.20'),
('0fc8ff8133594da779bb7b3b7e6097ea', 'init|s:1:\"1\";slim.flash|a:0:{}', 1729776993, '2024-10-24 10:12:33', 0, 0, 'okhttp/3.12.1', '186.220.43.14'),
('103dfd028587f1bb9e1c046435a6416b', 'init|s:1:\"1\";slim.flash|a:0:{}', 1729735198, '2024-10-23 22:35:58', 0, 0, 'okhttp/3.12.1', '186.220.43.14'),
('10db433817a09125fc79045aad161cb1', 'init|s:1:\"1\";slim.flash|a:0:{}', 1729355882, '2024-10-19 13:14:02', 0, 0, 'okhttp/3.12.1', '186.220.43.14'),
('116bedf302c02e03a4f264f27955aa86', 'init|s:1:\"1\";slim.flash|a:0:{}', 1729619716, '2024-10-22 14:31:16', 0, 0, 'okhttp/3.12.1', '186.220.43.14'),
('1399efe11c94472383c05b9c089b23eb', 'init|s:1:\"1\";csrfToken|s:40:\"08c524b4e61634c589ee50552826cc29b7d08869\";slim.flash|a:1:{s:10:\"priorRoute\";s:45:\"/edurocha/web/index.php/user/form/preferences\";}', 1732705362, '2024-11-27 07:38:42', 0, 0, 'Mozilla/5.0 (Macintosh; Intel Mac OS X 10_10_1) AppleWebKit/600.2.5 (KHTML, like Gecko) Version/8.0.2 Safari/600.2.5 (Amazonbot/0.1; +https://developer.amazon.com/support/amazonbot)', '52.204.253.129'),
('13a5f693bab5ab2eebb42e801dc437e6', 'init|s:1:\"1\";csrfToken|s:40:\"c38d2bb1f19e67aa7611c843889eaf30d9cf051b\";slim.flash|a:0:{}', 1732020309, '2024-11-19 09:21:09', 0, 0, 'Mozilla/5.0 (compatible; SemrushBot/7~bl; +http://www.semrush.com/bot.html)', '85.208.96.193'),
('14bcee49cdc1ccd30286c052ec9a74ef', 'init|s:1:\"1\";slim.flash|a:0:{}', 1729691889, '2024-10-23 10:34:09', 0, 0, 'okhttp/3.12.1', '186.220.43.14'),
('1525b4044c99914f82df30b69340bff0', 'init|s:1:\"1\";slim.flash|a:0:{}', 1729251167, '2024-10-18 08:08:47', 0, 0, 'okhttp/3.12.1', '186.220.43.14'),
('155acb30b1c45bbabfe0ce62b9542f7c', 'init|s:1:\"1\";csrfToken|s:40:\"d563158c1ee11cb13c927b32d754995e3dd09a44\";slim.flash|a:0:{}', 1726613366, '2024-09-17 19:25:26', 0, 1, 'Mozilla/5.0 (compatible; DotBot/1.2; +https://opensiteexplorer.org/dotbot; help@moz.com)', '216.244.66.244'),
('15bdf9655c5ba29b2ed67119c62ea092', 'init|s:1:\"1\";slim.flash|a:0:{}', 1728822956, '2024-10-13 09:11:56', 0, 0, 'Mozilla/5.0 (compatible; YandexFavicons/1.0; +http://yandex.com/bots)', '5.255.231.178'),
('163040bb2e422fb33a4f472a8d667c24', 'init|s:1:\"1\";slim.flash|a:0:{}', 1729352251, '2024-10-19 12:13:31', 0, 0, 'okhttp/3.12.1', '186.220.43.14'),
('178a9d2f9c02f39b22519c3df0d8f4d5', 'init|s:1:\"1\";csrfToken|s:40:\"da8aa69cb859abceb75ebdb9c28b2ab46be0d60c\";slim.flash|a:0:{}', 1728921388, '2024-10-14 12:32:28', 0, 0, 'Mozilla/5.0 (compatible; SemrushBot-BA; +http://www.semrush.com/bot.html)', '85.208.98.29'),
('17c03d905c3b46982798e17580009f80', 'init|s:1:\"1\";csrfToken|s:40:\"e324ff7b61bd6aa9bb49459dd5150bf2c58f1eb6\";slim.flash|a:0:{}', 1728188674, '2024-10-06 01:00:34', 0, 0, 'Mozilla/5.0 (compatible; SemrushBot/7~bl; +http://www.semrush.com/bot.html)', '85.208.96.210'),
('1854f3440908220a686cbbe1fdc182a5', 'init|s:1:\"1\";csrfToken|s:40:\"329e2509637c76166259296132b0774b6defbda2\";slim.flash|a:0:{}', 1727193747, '2024-09-24 12:38:27', 0, 1, 'Mozilla/5.0 (Windows NT 10.0; Win64; x64) AppleWebKit/537.36 (KHTML, like Gecko) Chrome/107.0.0.0 Safari/537.36', '111.119.201.77'),
('18a5a7a94e0a9eb88a3eabca74e03b70', 'init|s:1:\"1\";slim.flash|a:0:{}', 1729670222, '2024-10-23 04:33:02', 0, 0, 'okhttp/3.12.1', '186.220.43.14'),
('18dfad936d8920e6765620ca3f4bbba8', 'init|s:1:\"1\";slim.flash|a:0:{}', 1729831416, '2024-10-25 01:19:36', 0, 0, 'okhttp/3.12.1', '186.220.43.14'),
('19218edc9ba6a51fddba4bec7bddaf07', 'init|s:1:\"1\";csrfToken|s:40:\"e3a1d3601179d236ff1d0044e2e9dca299f29f8e\";slim.flash|a:1:{s:10:\"priorRoute\";s:24:\"/edurocha/web/index.php/\";}', 1732705378, '2024-11-27 07:38:58', 0, 0, 'Mozilla/5.0 (Macintosh; Intel Mac OS X 10_10_1) AppleWebKit/600.2.5 (KHTML, like Gecko) Version/8.0.2 Safari/600.2.5 (Amazonbot/0.1; +https://developer.amazon.com/support/amazonbot)', '44.195.145.102'),
('198f787df1bd8612c053fc6c36e3481c', 'init|s:1:\"1\";csrfToken|s:40:\"d495da73b35b63f14f8352f414962a7c6745ec95\";slim.flash|a:1:{s:10:\"priorRoute\";s:14:\"/edurocha/web/\";}', 1726508404, '2024-09-16 14:16:04', 0, 1, 'Mozilla/5.0 (Macintosh; Intel Mac OS X 10_10_1) AppleWebKit/600.2.5 (KHTML, like Gecko) Version/8.0.2 Safari/600.2.5 (Amazonbot/0.1; +https://developer.amazon.com/support/amazonbot)', '3.224.220.101'),
('19b5f511322a221b2bd2914d94d800c3', 'init|s:1:\"1\";slim.flash|a:0:{}', 1729551157, '2024-10-21 19:28:37', 0, 0, 'okhttp/3.12.1', '186.220.43.14'),
('1b53805815f3acaa2307f4113c6412d3', 'init|s:1:\"1\";slim.flash|a:0:{}', 1729863837, '2024-10-25 10:19:57', 0, 0, 'okhttp/3.12.1', '186.220.43.14'),
('1bc6f8d5c8b25a48ff6d867871177a34', 'init|s:1:\"1\";csrfToken|s:40:\"fdcc7778c2dddbf0dcb71acd52de92bc0de4480b\";slim.flash|a:0:{}', 1728921758, '2024-10-14 12:38:38', 0, 0, 'Mozilla/5.0 (compatible; SemrushBot-BA; +http://www.semrush.com/bot.html)', '85.208.98.24'),
('1de23c1e5edef4be870027a296ea4374', 'init|s:1:\"1\";csrfToken|s:40:\"c5477560a5850e1cd13c70f4d23356c4a6c60482\";slim.flash|a:0:{}', 1732114984, '2024-11-20 11:39:04', 0, 0, 'Mozilla/5.0 (compatible; SemrushBot-BA; +http://www.semrush.com/bot.html)', '85.208.98.20'),
('1de31a499d2126991508cee27d25f926', 'init|s:1:\"1\";slim.flash|a:0:{}', 1729816943, '2024-10-24 21:18:23', 0, 0, 'okhttp/3.12.1', '186.220.43.14'),
('1f6b631c1768e84eb429b663a384a527', 'init|s:1:\"1\";slim.flash|a:0:{}', 1729842224, '2024-10-25 04:19:44', 0, 0, 'okhttp/3.12.1', '186.220.43.14'),
('201b5ed1d672498e536057e5240b5220', 'init|s:1:\"1\";slim.flash|a:0:{}', 1729791393, '2024-10-24 14:12:33', 0, 0, 'okhttp/3.12.1', '186.220.43.14'),
('2131dff50f61d0a3440427cdd533b0da', 'init|s:1:\"1\";slim.flash|a:0:{}', 1729312601, '2024-10-19 01:12:41', 0, 0, 'okhttp/3.12.1', '186.220.43.14'),
('21a44b1e5275b1cf5687d3eec6872bb1', 'init|s:1:\"1\";slim.flash|a:0:{}', 1729663004, '2024-10-23 02:32:44', 0, 0, 'okhttp/3.12.1', '186.220.43.14'),
('21aae2f5bfef49f9a9ec14b0cbc42c48', 'init|s:1:\"1\";csrfToken|s:40:\"1cdb9f4b34fd2d81b9cf3c74a221f61ad6dda787\";slim.flash|a:0:{}', 1731300847, '2024-11-11 01:30:07', 0, 0, 'Mozilla/5.0 (Macintosh; Intel Mac OS X 10_10_1) AppleWebKit/600.2.5 (KHTML, like Gecko) Version/8.0.2 Safari/600.2.5 (Amazonbot/0.1; +https://developer.amazon.com/support/amazonbot)', '35.174.253.85'),
('21bf1942bb8803207f4cd6c79c2c13a1', 'init|s:1:\"1\";csrfToken|s:40:\"cefe1cd536ea5769f49acc341d3828545dc59116\";slim.flash|a:0:{}', 1726508412, '2024-09-16 14:16:12', 0, 1, 'Mozilla/5.0 (Macintosh; Intel Mac OS X 10_10_1) AppleWebKit/600.2.5 (KHTML, like Gecko) Version/8.0.2 Safari/600.2.5 (Amazonbot/0.1; +https://developer.amazon.com/support/amazonbot)', '23.22.35.162'),
('224dd0828a7ec59d12ba4b481851d718', 'init|s:1:\"1\";csrfToken|s:40:\"3ca9a35ea475131630a4fc20f71d9d3863fcbaea\";slim.flash|a:0:{}', 1729847020, '2024-10-25 05:39:40', 0, 0, 'Mozilla/5.0 (compatible; SemrushBot-BA; +http://www.semrush.com/bot.html)', '85.208.98.31'),
('2279cfe728bc1a829c77ec7d7882c84d', 'init|s:1:\"1\";csrfToken|s:40:\"4d1d55319ebf3af02c6375e3e467d6b7069c8dee\";slim.flash|a:0:{}', 1731330155, '2024-11-11 09:38:35', 0, 0, 'Mozilla/5.0 (Macintosh; Intel Mac OS X 10_10_1) AppleWebKit/600.2.5 (KHTML, like Gecko) Version/8.0.2 Safari/600.2.5 (Amazonbot/0.1; +https://developer.amazon.com/support/amazonbot)', '3.213.46.222'),
('235f5f6e0961a05268261793bfd89e5a', 'init|s:1:\"1\";slim.flash|a:0:{}', 1729547547, '2024-10-21 18:28:27', 0, 0, 'okhttp/3.12.1', '186.220.43.14'),
('2363460305f4e47b9742f6f358b4f2f7', 'init|s:1:\"1\";slim.flash|a:0:{}', 1729695535, '2024-10-23 11:34:55', 0, 0, 'okhttp/3.12.1', '186.220.43.14'),
('24adab099cddba0e2b29e16b642af5db', 'init|s:1:\"1\";slim.flash|a:0:{}', 1729319813, '2024-10-19 03:12:53', 0, 0, 'okhttp/3.12.1', '186.220.43.14'),
('2656ba53f5c9e3f336457c768f1b612e', 'init|s:1:\"1\";slim.flash|a:0:{}', 1729835024, '2024-10-25 02:19:44', 0, 0, 'okhttp/3.12.1', '186.220.43.14'),
('26edfa055fadb26cb9bb8f580432ef2e', 'init|s:1:\"1\";csrfToken|s:40:\"3d46969d2f0250b3fe94702db2e51362eb3a88e3\";slim.flash|a:0:{}', 1728922486, '2024-10-14 12:50:46', 0, 0, 'Mozilla/5.0 (compatible; SemrushBot-BA; +http://www.semrush.com/bot.html)', '85.208.98.16'),
('27f2e535bfd0d408c860a10127e9fe2f', 'init|s:1:\"1\";slim.flash|a:0:{}', 1729243969, '2024-10-18 06:08:49', 0, 0, 'okhttp/3.12.1', '186.220.43.14'),
('2851480d7d2305621b6f5743df826a03', 'init|s:1:\"1\";slim.flash|a:0:{}', 1729435500, '2024-10-20 11:21:00', 0, 0, 'okhttp/3.12.1', '186.220.43.14'),
('2ac9a8c9d59d2d1a30c99418cd6d943c', 'init|s:1:\"1\";csrfToken|s:40:\"60f68506305a8f429c710054a2b961cf19b71af4\";slim.flash|a:0:{}', 1728039150, '2024-10-04 07:28:30', 0, 0, 'Mozilla/5.0 (compatible; AhrefsBot/7.0; +http://ahrefs.com/robot/)', '51.222.253.5'),
('2c648d17c0bab031c6c62597e76ad3ad', 'init|s:1:\"1\";csrfToken|s:40:\"0103500fb3313d8eaff6a181284775f116d0432b\";slim.flash|a:0:{}', 1729038567, '2024-10-15 21:05:27', 0, 0, 'Mozilla/5.0 (Macintosh; Intel Mac OS X 10_7_5) AppleWebKit/537.71 (KHTML, like Gecko) Version/6.1 Safari/537.71', '82.80.244.53'),
('2d167c3cecf0cfc44dc62c2ac57ff5ea', 'init|s:1:\"1\";csrfToken|s:40:\"80523d56b646878ea5080affb8edeff296c9317e\";slim.flash|a:0:{}', 1726819596, '2024-09-20 04:42:36', 0, 1, 'Mozilla/5.0 (compatible; SemrushBot-BA; +http://www.semrush.com/bot.html)', '85.208.98.22'),
('2d5776e1d2c4fbbd4e87ab12b114696b', 'init|s:1:\"1\";csrfToken|s:40:\"8200995ba25addb46802412ef8a805d9f1183960\";slim.flash|a:0:{}', 1732676558, '2024-11-26 23:38:38', 0, 0, 'Mozilla/5.0 AppleWebKit/537.36 (KHTML, like Gecko; compatible; ClaudeBot/1.0; +claudebot@anthropic.com)', '3.15.145.50'),
('2e29aae86eef54c22b319e4b205a5d10', 'init|s:1:\"1\";slim.flash|a:0:{}', 1729773388, '2024-10-24 09:12:28', 0, 0, 'okhttp/3.12.1', '186.220.43.14'),
('2ed3c06d729655c3ab755e51916cfab8', 'init|s:1:\"1\";slim.flash|a:0:{}', 1729713568, '2024-10-23 16:35:28', 0, 0, 'okhttp/3.12.1', '186.220.43.14'),
('2f054463182d2cef040c5b42feb8d17c', 'init|s:1:\"1\";slim.flash|a:0:{}', 1729446440, '2024-10-20 14:23:20', 0, 0, 'okhttp/3.12.1', '186.220.43.14'),
('2f3cedd534333263630acaf5e2b957c2', 'init|s:1:\"1\";slim.flash|a:0:{}', 1729377620, '2024-10-19 19:16:20', 0, 0, 'okhttp/3.12.1', '186.220.43.14'),
('307fdf74c2aff92eccc7d2ddf01a59b8', 'init|s:1:\"1\";slim.flash|a:0:{}', 1729413720, '2024-10-20 05:18:00', 0, 0, 'okhttp/3.12.1', '186.220.43.14'),
('32674a55e8bbe532229c4c9d91504dae', 'init|s:1:\"1\";slim.flash|a:0:{}', 1729536676, '2024-10-21 15:27:16', 0, 0, 'okhttp/3.12.1', '186.220.43.14'),
('33eec591f1983986ede9048ac270271d', 'init|s:1:\"1\";csrfToken|s:40:\"67430ab0eb476737b75b19ec5b8e9b5c82cd2a4f\";slim.flash|a:1:{s:10:\"priorRoute\";s:14:\"/edurocha/web/\";}', 1726502290, '2024-09-16 12:34:10', 0, 1, 'Mozilla/5.0 (Macintosh; Intel Mac OS X 10_10_1) AppleWebKit/600.2.5 (KHTML, like Gecko) Version/8.0.2 Safari/600.2.5 (Amazonbot/0.1; +https://developer.amazon.com/support/amazonbot)', '52.70.240.171'),
('34ad069e00c32c99ff8f86650c0e22b4', 'init|s:1:\"1\";csrfToken|s:40:\"8d4366e031484527d8f854fc19afd8d633277ff9\";slim.flash|a:0:{}', 1729236799, '2024-10-18 04:09:19', 0, 0, 'Mozilla/5.0 AppleWebKit/537.36 (KHTML, like Gecko; compatible; ClaudeBot/1.0; +claudebot@anthropic.com)', '3.129.26.204'),
('36cc69878fe3d0b22ef54a0f26c9f6b8', 'init|s:1:\"1\";csrfToken|s:40:\"3d2e87ad39f0b7c80558f0b046da18b622f3ea48\";slim.flash|a:0:{}', 1726505246, '2024-09-16 13:23:26', 0, 1, 'Mozilla/5.0 (Macintosh; Intel Mac OS X 10_10_1) AppleWebKit/600.2.5 (KHTML, like Gecko) Version/8.0.2 Safari/600.2.5 (Amazonbot/0.1; +https://developer.amazon.com/support/amazonbot)', '23.22.35.162'),
('37b80254181522f74ca30acbd5e06774', 'init|s:1:\"1\";slim.flash|a:0:{}', 1729504235, '2024-10-21 06:26:35', 0, 0, 'okhttp/3.12.1', '186.220.43.14'),
('382df799f6a03e772756345c4cb0aab5', 'init|s:1:\"1\";slim.flash|a:0:{}', 1729258412, '2024-10-18 10:09:32', 0, 0, 'okhttp/3.12.1', '186.220.43.14'),
('396b95ee9b6475852a3e784522a9e4ef', 'init|s:1:\"1\";slim.flash|a:0:{}', 1729330617, '2024-10-19 06:12:57', 0, 0, 'okhttp/3.12.1', '186.220.43.14'),
('3a2ff061e7f63291706a6837e49fe3a4', 'init|s:1:\"1\";csrfToken|s:40:\"180024985687d9dc4eeef843c5e40c5955beb977\";slim.flash|a:0:{}', 1732115151, '2024-11-20 11:41:51', 0, 0, 'Mozilla/5.0 (compatible; SemrushBot-BA; +http://www.semrush.com/bot.html)', '85.208.98.19'),
('3ae3211eca86b53324612f6195669166', 'init|s:1:\"1\";slim.flash|a:0:{}', 1729475361, '2024-10-20 22:25:21', 0, 0, 'okhttp/3.12.1', '186.220.43.14'),
('3d2afbc14d05d0d076dca5ea4cab7890', 'init|s:1:\"1\";csrfToken|s:40:\"0295064f2d36d0ca6e8dc7555bf5bf286c115aee\";slim.flash|a:0:{}', 1727649232, '2024-09-29 19:09:52', 0, 0, 'Mozilla/5.0 (compatible; SemrushBot-BA; +http://www.semrush.com/bot.html)', '85.208.98.19'),
('3d35cedb69431435c26512992c06d628', 'init|s:1:\"1\";csrfToken|s:40:\"05ad0b701fbee471edbdf28f930c0b5b7e1fcb62\";slim.flash|a:1:{s:10:\"priorRoute\";s:31:\"/edurocha/web/user/form/profile\";}', 1726509856, '2024-09-16 14:40:16', 0, 1, 'Mozilla/5.0 (Macintosh; Intel Mac OS X 10_10_1) AppleWebKit/600.2.5 (KHTML, like Gecko) Version/8.0.2 Safari/600.2.5 (Amazonbot/0.1; +https://developer.amazon.com/support/amazonbot)', '52.70.240.171'),
('3d6e59fc8a28fbce5e1ad8a999a7e6ae', 'init|s:1:\"1\";slim.flash|a:0:{}', 1729457346, '2024-10-20 17:25:06', 0, 0, 'okhttp/3.12.1', '186.220.43.14'),
('3e048e9b0d8a82ec5b13b0745b7cbcc0', 'init|s:1:\"1\";slim.flash|a:0:{}', 1729813342, '2024-10-24 20:18:22', 0, 0, 'okhttp/3.12.1', '186.220.43.14'),
('402bfcf8251b198d873fa6494e4f0c7f', 'init|s:1:\"1\";csrfToken|s:40:\"fa129c8858b17c4666f637da6344b5adebe0795b\";slim.flash|a:1:{s:10:\"priorRoute\";s:14:\"/edurocha/web/\";}', 1731300847, '2024-11-11 01:30:07', 0, 0, 'Mozilla/5.0 (Macintosh; Intel Mac OS X 10_10_1) AppleWebKit/600.2.5 (KHTML, like Gecko) Version/8.0.2 Safari/600.2.5 (Amazonbot/0.1; +https://developer.amazon.com/support/amazonbot)', '100.24.149.244'),
('42331f178f23208f25a9c564febdc0dd', 'init|s:1:\"1\";csrfToken|s:40:\"a1aa93d8b2789fdf25c634e8e6eb9047fc39ead3\";slim.flash|a:0:{}', 1732539787, '2024-11-25 09:39:07', 0, 0, 'Mozilla/5.0 (compatible; SemrushBot-BA; +http://www.semrush.com/bot.html)', '85.208.98.20'),
('43079e1fd4112bdc001049e65c2bf7b2', 'init|s:1:\"1\";slim.flash|a:0:{}', 1729724383, '2024-10-23 19:35:43', 0, 0, 'okhttp/3.12.1', '186.220.43.14'),
('43731c323ad711450b9907b07217e732', 'init|s:1:\"1\";csrfToken|s:40:\"33c84d677479d84f15493841db0c5055977c8263\";slim.flash|a:0:{}', 1727947612, '2024-10-03 06:02:52', 0, 0, 'Mozilla/5.0 (compatible; SemrushBot-BA; +http://www.semrush.com/bot.html)', '85.208.98.29'),
('43d85df8bc152167690274dbaa50f180', 'init|s:1:\"1\";slim.flash|a:0:{}', 1729493409, '2024-10-21 03:26:09', 0, 0, 'okhttp/3.12.1', '186.220.43.14'),
('4540019bd31e2ab6ca31dd5e841f0aa8', 'init|s:1:\"1\";slim.flash|a:0:{}', 1729290966, '2024-10-18 19:12:06', 0, 0, 'okhttp/3.12.1', '186.220.43.14'),
('46cb54f98fadc3aad64a721244e963d1', 'init|s:1:\"1\";csrfToken|s:40:\"fc4cfb9e7a27e2dfeece3ebe473b66018560e32f\";slim.flash|a:0:{}', 1730630171, '2024-11-03 07:12:11', 0, 0, 'Mozilla/5.0 (compatible; SemrushBot/7~bl; +http://www.semrush.com/bot.html)', '85.208.96.200'),
('47bd5f50d66d2f05d285ceb126e8f31e', 'init|s:1:\"1\";slim.flash|a:0:{}', 1729608886, '2024-10-22 11:30:46', 0, 0, 'okhttp/3.12.1', '186.220.43.14'),
('47becd7a32bfb773576a43088972e02a', 'init|s:1:\"1\";slim.flash|a:0:{}', 1729702768, '2024-10-23 13:35:28', 0, 0, 'okhttp/3.12.1', '186.220.43.14'),
('487476c3a3aa93f42cff318158ed80c7', 'init|s:1:\"1\";csrfToken|s:40:\"d9bcb136dfaa05f034a015ab295ff0c8e0baf8ec\";slim.flash|a:1:{s:10:\"priorRoute\";s:14:\"/edurocha/web/\";}', 1729820716, '2024-10-24 22:21:16', 0, 0, 'Mozilla/5.0 (iPhone; CPU iPhone OS 17_5_1 like Mac OS X) AppleWebKit/605.1.15 (KHTML, like Gecko) Version/17.5 Mobile/15E148 Safari/604.1', '149.78.184.101'),
('48a1d34a513554e069db8a07e79cc178', 'init|s:1:\"1\";csrfToken|s:40:\"291f4647e31da69c4e9fe5d105e9c2804571d713\";slim.flash|a:0:{}', 1727336752, '2024-09-26 04:21:52', 0, 1, 'Mozilla/5.0 (compatible; SemrushBot-BA; +http://www.semrush.com/bot.html)', '85.208.98.24'),
('492d1adf1d46901f0d70b6580ed8107c', 'init|s:1:\"1\";slim.flash|a:0:{}', 1730895751, '2024-11-06 08:58:31', 0, 0, 'Mozilla/5.0 (compatible; YandexFavicons/1.0; +http://yandex.com/bots)', '95.108.213.112'),
('49e40be489729602b228af90493f8d57', 'init|s:1:\"1\";csrfToken|s:40:\"a63d48c168312dc6ae8efb11f830cbd9abd3fae6\";slim.flash|a:0:{}', 1730974088, '2024-11-07 06:44:08', 0, 0, 'Mozilla/5.0 (compatible; SemrushBot-BA; +http://www.semrush.com/bot.html)', '85.208.98.19'),
('4bddfe93ecc9384cfa01f33b2d23078e', 'init|s:1:\"1\";slim.flash|a:0:{}', 1729442830, '2024-10-20 13:23:10', 0, 0, 'okhttp/3.12.1', '186.220.43.14'),
('4bee4c921f3b09b29256359a45dd0f7d', 'init|s:1:\"1\";csrfToken|s:40:\"1260b32ea6541320b39ffefef9789f10ae86cefb\";slim.flash|a:0:{}', 1727337986, '2024-09-26 04:42:26', 0, 1, 'Mozilla/5.0 (compatible; SemrushBot-BA; +http://www.semrush.com/bot.html)', '85.208.98.16'),
('4c8e55345c86e5332efddcf4d210853e', 'init|s:1:\"1\";csrfToken|s:40:\"cc2154efc63e6b2ec74fd306541d6b7b8f1958b4\";slim.flash|a:0:{}', 1729252009, '2024-10-18 08:22:49', 0, 0, 'Mozilla/5.0 AppleWebKit/537.36 (KHTML, like Gecko; compatible; ClaudeBot/1.0; +claudebot@anthropic.com)', '3.147.63.199'),
('4ca76186d949746df17ea1c128c3ddf3', 'init|s:1:\"1\";csrfToken|s:40:\"757cb27670f736c7db1e07ff8bf35908aca7c1f6\";slim.flash|a:0:{}', 1729846928, '2024-10-25 05:38:08', 0, 0, 'Mozilla/5.0 (compatible; SemrushBot-BA; +http://www.semrush.com/bot.html)', '85.208.98.22'),
('4f35a425a4aa6b73d54a224925980ba6', 'init|s:1:\"1\";slim.flash|a:0:{}', 1729820544, '2024-10-24 22:18:24', 0, 0, 'okhttp/3.12.1', '186.220.43.14'),
('4f5af9c6cc165656c63f79e9f752d25a', 'init|s:1:\"1\";csrfToken|s:40:\"7d6dbaccf542ff95ede9ce5757074931b1d80811\";slim.flash|a:1:{s:10:\"priorRoute\";s:20:\"/edurocha/web/logout\";}', 1730978844, '2024-11-07 08:03:24', 0, 0, 'Mozilla/5.0 (compatible; AhrefsBot/7.0; +http://ahrefs.com/robot/)', '51.222.253.14'),
('4f8af42f2c4b539030494884f0869ee4', 'init|s:1:\"1\";slim.flash|a:0:{}', 1729637728, '2024-10-22 19:31:28', 0, 0, 'okhttp/3.12.1', '186.220.43.14'),
('4fa146c83fd9ec9d49ae3f0c4b7e9a28', 'init|s:1:\"1\";slim.flash|a:0:{}', 1729406461, '2024-10-20 03:17:01', 0, 0, 'okhttp/3.12.1', '186.220.43.14'),
('5004fe131b4d4b77dd97da472f1e4906', 'init|s:1:\"1\";slim.flash|a:0:{}', 1729316209, '2024-10-19 02:12:49', 0, 0, 'okhttp/3.12.1', '186.220.43.14'),
('501b58eb48fcabe7c179325b63afb419', 'init|s:1:\"1\";slim.flash|a:0:{}', 1729497013, '2024-10-21 04:26:13', 0, 0, 'okhttp/3.12.1', '186.220.43.14'),
('505efe3f0ae1e500f870659f3842a404', 'init|s:1:\"1\";csrfToken|s:40:\"3163cd1813d98932e2c685bd6f6d3876d21b3817\";slim.flash|a:0:{}', 1730974089, '2024-11-07 06:44:09', 0, 0, 'Mozilla/5.0 (compatible; SemrushBot-BA; +http://www.semrush.com/bot.html)', '85.208.98.16'),
('506b71d48a749efd458f1cdc8f0aeca3', 'init|s:1:\"1\";slim.flash|a:0:{}', 1729569192, '2024-10-22 00:29:12', 0, 0, 'okhttp/3.12.1', '186.220.43.14'),
('507d339c5ca891f55b3463df0194433f', 'init|s:1:\"1\";slim.flash|a:0:{}', 1729388454, '2024-10-19 22:16:54', 0, 0, 'okhttp/3.12.1', '186.220.43.14'),
('514109c2a5a93b901068c0bc95ae1fbe', 'init|s:1:\"1\";csrfToken|s:40:\"a32855c354570100436f3739a41849f9ee8bfb3f\";slim.flash|a:0:{}', 1728697466, '2024-10-11 22:20:26', 0, 0, 'Mozilla/5.0 (compatible; SemrushBot/7~bl; +http://www.semrush.com/bot.html)', '85.208.96.193'),
('5141a4eff405f03d78585102d75d198a', 'init|s:1:\"1\";slim.flash|a:0:{}', 1729878293, '2024-10-25 14:20:53', 0, 0, 'okhttp/3.12.1', '186.220.43.14'),
('5273027bc17df25157a06964ba7c35a5', 'init|s:1:\"1\";csrfToken|s:40:\"a44682231d584453ac34c556e31e2ef8a8aff100\";slim.flash|a:0:{}userid|i:1;', 1731517619, '2024-11-13 13:42:59', 1, 0, 'Mozilla/5.0 (Windows NT 10.0; Win64; x64) AppleWebKit/537.36 (KHTML, like Gecko) Chrome/130.0.0.0 Safari/537.36', '177.140.105.215'),
('52e03e0fd214db53762ad9d11495e149', 'init|s:1:\"1\";slim.flash|a:0:{}', 1729533073, '2024-10-21 14:27:13', 0, 0, 'okhttp/3.12.1', '186.220.43.14'),
('5357929cb15821172ea882ac240826d5', 'init|s:1:\"1\";csrfToken|s:40:\"d8c2dd98c2932f2f429e30efc6bfb2313a1fe5ae\";slim.flash|a:0:{}', 1732675431, '2024-11-26 23:19:51', 0, 0, 'Mozilla/5.0 AppleWebKit/537.36 (KHTML, like Gecko; compatible; ClaudeBot/1.0; +claudebot@anthropic.com)', '18.190.219.178'),
('5557a8bf030fe448e0eeeefd1aa819ff', 'init|s:1:\"1\";csrfToken|s:40:\"dd71675e136b8a0f6889ceec86240623d99aaa46\";slim.flash|a:0:{}userid|i:1;', 1732751907, '2024-11-27 20:34:27', 1, 0, 'Mozilla/5.0 (Windows NT 10.0; Win64; x64; rv:132.0) Gecko/20100101 Firefox/132.0', '177.140.105.215'),
('55c7dbe1710093f9ac5a573328614b46', 'init|s:1:\"1\";slim.flash|a:0:{}', 1729753226, '2024-10-24 03:36:26', 0, 0, 'okhttp/3.12.1', '186.220.43.14'),
('55e7bc216ecc27857265cfa1d313e20e', 'init|s:1:\"1\";csrfToken|s:40:\"5f0e0d7847a544742b4bb46f60c07c92926c6a3f\";slim.flash|a:0:{}', 1730456762, '2024-11-01 07:02:02', 0, 0, 'Mozilla/5.0 (compatible; SemrushBot-BA; +http://www.semrush.com/bot.html)', '85.208.98.20'),
('5641f16d9ff976514c07416e22339901', 'init|s:1:\"1\";slim.flash|a:0:{}', 1729334217, '2024-10-19 07:12:57', 0, 0, 'okhttp/3.12.1', '186.220.43.14'),
('5773543521583a159e3d4303f4bef37b', 'init|s:1:\"1\";slim.flash|a:0:{}', 1729798731, '2024-10-24 16:14:51', 0, 0, 'okhttp/3.12.1', '186.220.43.14'),
('57d67bb78981f775799646759cae2bc0', 'init|s:1:\"1\";csrfToken|s:40:\"8b9f961f454fcb9faa19b478f8ef8ff5c79dd964\";slim.flash|a:1:{s:10:\"priorRoute\";s:14:\"/edurocha/web/\";}', 1730256245, '2024-10-29 23:20:05', 0, 0, 'Go-http-client/1.1', '57.129.16.41'),
('5824b34d9c1e316c21ac231b75269ce5', 'init|s:1:\"1\";csrfToken|s:40:\"294b8cdec5ea955b3792c1f590c29edb9c0a635e\";slim.flash|a:1:{s:10:\"priorRoute\";s:14:\"/edurocha/web/\";}', 1732021426, '2024-11-19 09:39:46', 0, 0, 'Mozilla/5.0 (compatible; SemrushBot/7~bl; +http://www.semrush.com/bot.html)', '85.208.96.194'),
('599a47c748db6bc28e65ca0c8d8c95b9', 'init|s:1:\"1\";csrfToken|s:40:\"ae7adf86fc066deccb3b204c00d6095cfa981a52\";slim.flash|a:1:{s:10:\"priorRoute\";s:14:\"/edurocha/web/\";}', 1727531112, '2024-09-28 10:21:12', 0, 1, 'Mozilla/5.0 (Macintosh; Intel Mac OS X 10_10_1) AppleWebKit/600.2.5 (KHTML, like Gecko) Version/8.0.2 Safari/600.2.5 (Amazonbot/0.1; +https://developer.amazon.com/support/amazonbot)', '52.2.58.41'),
('59a045cb9a37cbf232861e59a6b81ad2', 'init|s:1:\"1\";csrfToken|s:40:\"036f8bcd1bb774520e391939a43f6c5adb935777\";slim.flash|a:1:{s:10:\"priorRoute\";s:41:\"/edurocha/web/index.php/user/form/profile\";}', 1732705374, '2024-11-27 07:38:54', 0, 0, 'Mozilla/5.0 (Macintosh; Intel Mac OS X 10_10_1) AppleWebKit/600.2.5 (KHTML, like Gecko) Version/8.0.2 Safari/600.2.5 (Amazonbot/0.1; +https://developer.amazon.com/support/amazonbot)', '34.224.9.144'),
('59aa2b7c8167cd19ea20e899a4369f87', 'init|s:1:\"1\";slim.flash|a:0:{}', 1729648547, '2024-10-22 22:31:47', 0, 0, 'okhttp/3.12.1', '186.220.43.14'),
('5d99febae2d3d0c304ce6f5f16cb0cb6', 'init|s:1:\"1\";slim.flash|a:0:{}', 1729392055, '2024-10-19 23:16:55', 0, 0, 'okhttp/3.12.1', '186.220.43.14'),
('5dfc75b51a1312f1597807465d408b42', 'init|s:1:\"1\";slim.flash|a:0:{}', 1729769735, '2024-10-24 08:11:35', 0, 0, 'okhttp/3.12.1', '186.220.43.14'),
('5f7ae79179397e03d626f8df36fff0f1', 'init|s:1:\"1\";csrfToken|s:40:\"d44b10f171f255c4e3743efca3ff79869ba8c184\";slim.flash|a:1:{s:10:\"priorRoute\";s:35:\"/edurocha/web/user/form/preferences\";}', 1726505258, '2024-09-16 13:23:38', 0, 1, 'Mozilla/5.0 (Macintosh; Intel Mac OS X 10_10_1) AppleWebKit/600.2.5 (KHTML, like Gecko) Version/8.0.2 Safari/600.2.5 (Amazonbot/0.1; +https://developer.amazon.com/support/amazonbot)', '52.70.240.171'),
('609420939e6accbfe4dab4f936006f68', 'init|s:1:\"1\";csrfToken|s:40:\"6870454e59129d490de27a32678e33e3ed608857\";slim.flash|a:1:{s:10:\"priorRoute\";s:35:\"/edurocha/web/user/form/preferences\";}', 1730585583, '2024-11-02 18:49:03', 0, 0, 'Mozilla/5.0 (Macintosh; Intel Mac OS X 10_10_1) AppleWebKit/600.2.5 (KHTML, like Gecko) Version/8.0.2 Safari/600.2.5 (Amazonbot/0.1; +https://developer.amazon.com/support/amazonbot)', '52.0.105.244'),
('60fe594ef9de73799a0d27cc96159416', 'init|s:1:\"1\";csrfToken|s:40:\"dff4ee86d7f72fbba77324ed6c9cc4227e663470\";slim.flash|a:0:{}', 1727558481, '2024-09-28 17:57:21', 0, 1, 'Mozilla/5.0 (Windows NT 10.0; Win64; x64) AppleWebKit/537.36 (KHTML, like Gecko) Chrome/107.0.0.0 Safari/537.36', '124.243.188.144'),
('620145c284f9e39bfbd4fe3b970d2a01', 'init|s:1:\"1\";csrfToken|s:40:\"ab87825a40e29f2c354b97b6b622596e4ce0e8cd\";slim.flash|a:0:{}', 1726502291, '2024-09-16 12:34:11', 0, 1, 'Mozilla/5.0 (Macintosh; Intel Mac OS X 10_10_1) AppleWebKit/600.2.5 (KHTML, like Gecko) Version/8.0.2 Safari/600.2.5 (Amazonbot/0.1; +https://developer.amazon.com/support/amazonbot)', '52.70.240.171'),
('6242def910fe62a521667f416b36c210', 'init|s:1:\"1\";slim.flash|a:0:{}', 1729515048, '2024-10-21 09:26:48', 0, 0, 'okhttp/3.12.1', '186.220.43.14'),
('62febdb9722f4ff3d9141896e0cf2083', 'init|s:1:\"1\";csrfToken|s:40:\"cf28f1e4bfd401d095caaf9a8e04ae08ef66808c\";slim.flash|a:1:{s:10:\"priorRoute\";s:31:\"/edurocha/web/user/form/profile\";}', 1731358387, '2024-11-11 17:29:07', 0, 0, 'Mozilla/5.0 (Macintosh; Intel Mac OS X 10_10_1) AppleWebKit/600.2.5 (KHTML, like Gecko) Version/8.0.2 Safari/600.2.5 (Amazonbot/0.1; +https://developer.amazon.com/support/amazonbot)', '98.82.66.172'),
('634684d5373969ba5797944108e7613e', 'init|s:1:\"1\";slim.flash|a:0:{}', 1729540283, '2024-10-21 16:27:23', 0, 0, 'okhttp/3.12.1', '186.220.43.14'),
('6375fb9c96d65907a95c1cfd1bc39bcc', 'init|s:1:\"1\";csrfToken|s:40:\"687df780c9143bf871a995f8e3f5e0ce8520acd9\";slim.flash|a:0:{}', 1732115891, '2024-11-20 11:54:11', 0, 0, 'Mozilla/5.0 (compatible; SemrushBot-BA; +http://www.semrush.com/bot.html)', '85.208.98.16'),
('64847603a21e3f3d8d31fd814d535314', 'init|s:1:\"1\";slim.flash|a:0:{}', 1729853026, '2024-10-25 07:19:46', 0, 0, 'okhttp/3.12.1', '186.220.43.14'),
('6539a8eaf4284556816e51fd566d4581', 'init|s:1:\"1\";csrfToken|s:40:\"aeda7ba49d6f02e75352bdac8b9abdecd1f2ed47\";slim.flash|a:0:{}', 1727337966, '2024-09-26 04:42:06', 0, 1, 'Mozilla/5.0 (compatible; SemrushBot-BA; +http://www.semrush.com/bot.html)', '85.208.98.19'),
('65922a12fde7227946825c8cba6e384e', 'init|s:1:\"1\";csrfToken|s:40:\"32f60972e7dddb0f043aed8df9ba9a05a98af359\";slim.flash|a:0:{}', 1732021428, '2024-11-19 09:39:48', 0, 0, 'Mozilla/5.0 (compatible; SemrushBot/7~bl; +http://www.semrush.com/bot.html)', '185.191.171.12'),
('66325f68b6f46804f23424f971dc3875', 'init|s:1:\"1\";csrfToken|s:40:\"27962e77d3af8cac442fe164b375fa47081b25b3\";slim.flash|a:1:{s:10:\"priorRoute\";s:14:\"/edurocha/web/\";}', 1726509832, '2024-09-16 14:39:52', 0, 1, 'Mozilla/5.0 (Macintosh; Intel Mac OS X 10_10_1) AppleWebKit/600.2.5 (KHTML, like Gecko) Version/8.0.2 Safari/600.2.5 (Amazonbot/0.1; +https://developer.amazon.com/support/amazonbot)', '52.70.240.171'),
('67201366d77beac2f3892030f3b7ccb8', 'init|s:1:\"1\";slim.flash|a:0:{}', 1729309001, '2024-10-19 00:12:41', 0, 0, 'okhttp/3.12.1', '186.220.43.14'),
('678bb8faee8f0270e4a14e5ea27b9258', 'init|s:1:\"1\";slim.flash|a:0:{}', 1729254798, '2024-10-18 09:09:18', 0, 0, 'okhttp/3.12.1', '186.220.43.14'),
('67dd21bce7f6ea1e18535d5dc16685af', 'init|s:1:\"1\";slim.flash|a:0:{}', 1729298188, '2024-10-18 21:12:29', 0, 0, 'okhttp/3.12.1', '186.220.43.14'),
('69b7d364244a06745038f1df6cb4cd96', 'init|s:1:\"1\";slim.flash|a:0:{}', 1729341437, '2024-10-19 09:13:17', 0, 0, 'okhttp/3.12.1', '186.220.43.14'),
('69edc4fd91c7b036e8550b9d374e56ea', 'init|s:1:\"1\";slim.flash|a:0:{}', 1729616117, '2024-10-22 13:31:17', 0, 0, 'okhttp/3.12.1', '186.220.43.14'),
('6a0c1e077f41bf824014d88b8e11c9ad', 'init|s:1:\"1\";csrfToken|s:40:\"d2d60050cac6f3870e782d2aed4509392b2dc47d\";slim.flash|a:1:{s:10:\"priorRoute\";s:14:\"/edurocha/web/\";}', 1729820628, '2024-10-24 22:19:48', 0, 0, 'Mozilla/5.0 (Windows NT 10.0; Win64; x64) AppleWebKit/537.36 (KHTML, like Gecko) Chrome/121.0.0.0 Safari/537.36 Edg/121.0.0.0', '149.78.184.101'),
('6afb29852e9bba6f428c41c227af088f', 'init|s:1:\"1\";csrfToken|s:40:\"e7424d5ddac98587f6e2c160979288dda7529486\";slim.flash|a:1:{s:10:\"priorRoute\";s:20:\"/edurocha/web/logout\";}', 1726508420, '2024-09-16 14:16:20', 0, 1, 'Mozilla/5.0 (Macintosh; Intel Mac OS X 10_10_1) AppleWebKit/600.2.5 (KHTML, like Gecko) Version/8.0.2 Safari/600.2.5 (Amazonbot/0.1; +https://developer.amazon.com/support/amazonbot)', '23.22.35.162'),
('6c23d6cc4db0ddadf2b4ae745d7b1748', 'init|s:1:\"1\";csrfToken|s:40:\"a372ccccac21d6c1d874e32739bcebe6e5917aa5\";slim.flash|a:1:{s:10:\"priorRoute\";s:24:\"/edurocha/web/index.php/\";}', 1732705346, '2024-11-27 07:38:26', 0, 0, 'Mozilla/5.0 (Macintosh; Intel Mac OS X 10_10_1) AppleWebKit/600.2.5 (KHTML, like Gecko) Version/8.0.2 Safari/600.2.5 (Amazonbot/0.1; +https://developer.amazon.com/support/amazonbot)', '44.221.105.234'),
('6d9db689478c8d028bc72487852131a7', 'init|s:1:\"1\";slim.flash|a:0:{}', 1729731602, '2024-10-23 21:36:02', 0, 0, 'okhttp/3.12.1', '186.220.43.14'),
('6edd776e22ab3ccdcdb4ea1922b4d51a', 'init|s:1:\"1\";slim.flash|a:0:{}', 1729489809, '2024-10-21 02:26:09', 0, 0, 'okhttp/3.12.1', '186.220.43.14'),
('6ef2b3e98a521238f5fc49c0c68beade', 'init|s:1:\"1\";slim.flash|a:0:{}', 1729399261, '2024-10-20 01:17:01', 0, 0, 'okhttp/3.12.1', '186.220.43.14'),
('6fd5d008adce297eece22bf2f9dd4ace', 'init|s:1:\"1\";csrfToken|s:40:\"75a7d4a97e16712fe913c0d7856a3df89f781585\";slim.flash|a:1:{s:10:\"priorRoute\";s:35:\"/edurocha/web/user/form/preferences\";}', 1726509852, '2024-09-16 14:40:12', 0, 1, 'Mozilla/5.0 (Macintosh; Intel Mac OS X 10_10_1) AppleWebKit/600.2.5 (KHTML, like Gecko) Version/8.0.2 Safari/600.2.5 (Amazonbot/0.1; +https://developer.amazon.com/support/amazonbot)', '52.70.240.171'),
('70a4f6c03d971ae230890bb18b09b488', 'init|s:1:\"1\";csrfToken|s:40:\"d185ff87b348352f8123026615146dca04433006\";slim.flash|a:0:{}', 1728922661, '2024-10-14 12:53:41', 0, 0, 'Mozilla/5.0 (compatible; SemrushBot-BA; +http://www.semrush.com/bot.html)', '85.208.98.16'),
('7154731d2c7fc1fa6b8fe069bf68e8ee', 'init|s:1:\"1\";slim.flash|a:0:{}', 1729464557, '2024-10-20 19:25:17', 0, 0, 'okhttp/3.12.1', '186.220.43.14'),
('71780164eb49c746144e5783fac8b7a6', 'init|s:1:\"1\";slim.flash|a:0:{}', 1729594465, '2024-10-22 07:30:25', 0, 0, 'okhttp/3.12.1', '186.220.43.14'),
('7190b761af27e72e17ebb5354599e977', 'init|s:1:\"1\";csrfToken|s:40:\"1f057f0fd82adb7a4abb8a7fcce47fb0283ed292\";slim.flash|a:0:{}', 1730456076, '2024-11-01 06:50:36', 0, 0, 'Mozilla/5.0 (compatible; SemrushBot-BA; +http://www.semrush.com/bot.html)', '85.208.98.31'),
('7213f1bee4afea501cf76232ee8a1fe9', 'init|s:1:\"1\";slim.flash|a:0:{}', 1729283761, '2024-10-18 17:12:01', 0, 0, 'okhttp/3.12.1', '186.220.43.14'),
('72166573730be5352eecbe7059b1b8f8', 'init|s:1:\"1\";slim.flash|a:0:{}', 1729784193, '2024-10-24 12:12:33', 0, 0, 'okhttp/3.12.1', '186.220.43.14'),
('7230ab9be8538b0ba0ab030ab3c2a082', 'init|s:1:\"1\";csrfToken|s:40:\"1677ae0ccdb0c1924bd9c990319e149977378161\";slim.flash|a:0:{}', 1726502298, '2024-09-16 12:34:18', 0, 1, 'Mozilla/5.0 (Macintosh; Intel Mac OS X 10_10_1) AppleWebKit/600.2.5 (KHTML, like Gecko) Version/8.0.2 Safari/600.2.5 (Amazonbot/0.1; +https://developer.amazon.com/support/amazonbot)', '52.70.240.171'),
('727091459529241c8e238cc2e5a241ee', 'init|s:1:\"1\";csrfToken|s:40:\"f87bac2937af21e0b05e9cb051cf826684591f88\";slim.flash|a:0:{}', 1730585575, '2024-11-02 18:48:55', 0, 0, 'Mozilla/5.0 (Macintosh; Intel Mac OS X 10_10_1) AppleWebKit/600.2.5 (KHTML, like Gecko) Version/8.0.2 Safari/600.2.5 (Amazonbot/0.1; +https://developer.amazon.com/support/amazonbot)', '3.229.95.193'),
('72a50df2be64fd9376ae4e770b12fb62', 'init|s:1:\"1\";slim.flash|a:0:{}', 1729402861, '2024-10-20 02:17:01', 0, 0, 'okhttp/3.12.1', '186.220.43.14'),
('740f881cf890debb4d821919c0c68479', 'init|s:1:\"1\";slim.flash|a:0:{}', 1729706368, '2024-10-23 14:35:28', 0, 0, 'okhttp/3.12.1', '186.220.43.14'),
('74658772c61c447d29126ddd47920c63', 'init|s:1:\"1\";slim.flash|a:0:{}', 1729717188, '2024-10-23 17:35:48', 0, 0, 'okhttp/3.12.1', '186.220.43.14'),
('74b82492ebf8e90619df81f189323ca0', 'init|s:1:\"1\";slim.flash|a:0:{}', 1729431900, '2024-10-20 10:21:00', 0, 0, 'okhttp/3.12.1', '186.220.43.14'),
('758f0dd36778fd399579f7dd59ef2807', 'init|s:1:\"1\";csrfToken|s:40:\"aa6966f4476b69e5fbb1af9a694a4b33f9a0d180\";slim.flash|a:0:{}', 1732705354, '2024-11-27 07:38:34', 0, 0, 'Mozilla/5.0 (Macintosh; Intel Mac OS X 10_10_1) AppleWebKit/600.2.5 (KHTML, like Gecko) Version/8.0.2 Safari/600.2.5 (Amazonbot/0.1; +https://developer.amazon.com/support/amazonbot)', '52.2.83.227'),
('77d11db99aedb565ff9699d2e4571aba', 'init|s:1:\"1\";slim.flash|a:0:{}', 1729543909, '2024-10-21 17:27:49', 0, 0, 'okhttp/3.12.1', '186.220.43.14'),
('77e0bf19de58de587d2cf5e3b7d2aff0', 'init|s:1:\"1\";csrfToken|s:40:\"03a4ab2978aca036035e07b40433508392610110\";slim.flash|a:0:{}', 1727161792, '2024-09-24 03:45:52', 0, 1, 'Mozilla/5.0 AppleWebKit/537.36 (KHTML, like Gecko; compatible; bingbot/2.0; +http://www.bing.com/bingbot.htm) Chrome/116.0.1938.76 Safari/537.36', '40.77.167.235'),
('77f97e1f95b0a9d6c869eea8e331dfc3', 'init|s:1:\"1\";slim.flash|a:0:{}', 1729749617, '2024-10-24 02:36:17', 0, 0, 'okhttp/3.12.1', '186.220.43.14'),
('78b729b52d955b8d51fa57cd7702501f', 'init|s:1:\"1\";slim.flash|a:0:{}', 1729720779, '2024-10-23 18:35:39', 0, 0, 'okhttp/3.12.1', '186.220.43.14'),
('79054a338385f4ddab6bfb27be3329b7', 'init|s:1:\"1\";csrfToken|s:40:\"a12d1e26ebb506b86f79c678abe7fd45b34f8517\";slim.flash|a:1:{s:10:\"priorRoute\";s:35:\"/edurocha/web/user/form/preferences\";}', 1730979327, '2024-11-07 08:11:27', 0, 0, 'Mozilla/5.0 (compatible; AhrefsBot/7.0; +http://ahrefs.com/robot/)', '51.222.253.3'),
('7cbb9f17d01306bfac141faf9240d69c', 'init|s:1:\"1\";slim.flash|a:0:{}', 1729395655, '2024-10-20 00:16:55', 0, 0, 'okhttp/3.12.1', '186.220.43.14'),
('7d154e00cab34fb583bf270a7a0c0065', 'init|s:1:\"1\";csrfToken|s:40:\"b38e6cbe6e0b72094c9db895de23023d55eb2634\";slim.flash|a:0:{}', 1727246615, '2024-09-25 03:19:35', 0, 1, 'Mozilla/5.0 (compatible; SemrushBot/7~bl; +http://www.semrush.com/bot.html)', '85.208.96.198'),
('7d4bd8b1fe779f601b4693ca5c8ebd2c', 'init|s:1:\"1\";csrfToken|s:40:\"720641ffb201e38b3ba74834d32bba092a4af617\";slim.flash|a:0:{}', 1727947290, '2024-10-03 05:57:30', 0, 0, 'Mozilla/5.0 (compatible; SemrushBot-BA; +http://www.semrush.com/bot.html)', '85.208.98.20'),
('7d6c5e05973b7ce898591f286b9ba8b8', 'init|s:1:\"1\";csrfToken|s:40:\"e837cefdbf48bceb37ca6038d1cdc61e89089456\";slim.flash|a:1:{s:10:\"priorRoute\";s:35:\"/edurocha/web/user/form/preferences\";}', 1726502311, '2024-09-16 12:34:31', 0, 1, 'Mozilla/5.0 (Macintosh; Intel Mac OS X 10_10_1) AppleWebKit/600.2.5 (KHTML, like Gecko) Version/8.0.2 Safari/600.2.5 (Amazonbot/0.1; +https://developer.amazon.com/support/amazonbot)', '3.224.220.101'),
('7f457647077621f2cea58f9a4dd71b6e', 'init|s:1:\"1\";csrfToken|s:40:\"7694b7cd542d755ad67791fdf7384e2e64762303\";slim.flash|a:0:{}userid|i:1;', 1731695225, '2024-11-15 15:03:05', 1, 0, 'Mozilla/5.0 (Windows NT 10.0; Win64; x64) AppleWebKit/537.36 (KHTML, like Gecko) Chrome/130.0.0.0 Safari/537.36', '177.140.105.215'),
('7fb4010b958fe7bfa807b18aa620daab', 'init|s:1:\"1\";slim.flash|a:0:{}', 1729247565, '2024-10-18 07:08:45', 0, 0, 'okhttp/3.12.1', '186.220.43.14'),
('7fee5086796dc105c955cf743b19829b', 'init|s:1:\"1\";slim.flash|a:0:{}', 1729294562, '2024-10-18 20:12:02', 0, 0, 'okhttp/3.12.1', '186.220.43.14'),
('80ed9759771a8ad0c99ae2bd94a2ab5d', 'init|s:1:\"1\";csrfToken|s:40:\"9ccf8e61b1c0c810a876e73bf467af2d9ea12fd2\";slim.flash|a:0:{}', 1730456754, '2024-11-01 07:01:54', 0, 0, 'Mozilla/5.0 (compatible; SemrushBot-BA; +http://www.semrush.com/bot.html)', '85.208.98.31'),
('818f374d927a0aff9f13b6cac506fbe8', 'init|s:1:\"1\";slim.flash|a:0:{}', 1729641345, '2024-10-22 20:31:45', 0, 0, 'okhttp/3.12.1', '186.220.43.14'),
('842026a1f8c211235806a64bf2f46cd2', 'init|s:1:\"1\";slim.flash|a:0:{}', 1729612517, '2024-10-22 12:31:17', 0, 0, 'okhttp/3.12.1', '186.220.43.14'),
('84e73777290092d1f3fe6d2e9f9d0767', 'init|s:1:\"1\";slim.flash|a:0:{}', 1729348641, '2024-10-19 11:13:21', 0, 0, 'okhttp/3.12.1', '186.220.43.14'),
('852217189c259056c927ac160e125eb7', 'init|s:1:\"1\";csrfToken|s:40:\"4bc2605cab68a9304e2655f92667bf2ee1d383e1\";slim.flash|a:1:{s:10:\"priorRoute\";s:24:\"/edurocha/web/index.php/\";}', 1732584250, '2024-11-25 22:00:10', 0, 0, 'Mozilla/5.0 (Macintosh; Intel Mac OS X 10_10_1) AppleWebKit/600.2.5 (KHTML, like Gecko) Version/8.0.2 Safari/600.2.5 (Amazonbot/0.1; +https://developer.amazon.com/support/amazonbot)', '54.85.109.140'),
('87cc2d29f9ef8525d67020cdaaaba6c0', 'init|s:1:\"1\";slim.flash|a:0:{}', 1727144368, '2024-09-23 22:55:28', 0, 1, 'Mozilla/5.0 (compatible; YandexFavicons/1.0; +http://yandex.com/bots)', '213.180.203.172'),
('8872edca12a02d6524d922289aaeedbd', 'init|s:1:\"1\";slim.flash|a:0:{}', 1729359487, '2024-10-19 14:14:07', 0, 0, 'okhttp/3.12.1', '186.220.43.14'),
('8a88040638026e8132c3a01c9d719b81', 'init|s:1:\"1\";slim.flash|a:0:{}', 1729626924, '2024-10-22 16:31:24', 0, 0, 'okhttp/3.12.1', '186.220.43.14'),
('8ac0336bf7d995165a3f260bcfb2c75f', 'init|s:1:\"1\";csrfToken|s:40:\"d7eff1b28bf0fdff03d4f33d24266e788fc83c47\";slim.flash|a:1:{s:10:\"priorRoute\";s:14:\"/edurocha/web/\";}', 1729820628, '2024-10-24 22:19:48', 0, 0, 'Mozilla/5.0 (Macintosh; Intel Mac OS X 10.15; rv:125.0) Gecko/20100101 Firefox/125.0', '68.183.245.101'),
('8ac1a96a197de7ec2bd2da4ca5b8009c', 'init|s:1:\"1\";csrfToken|s:40:\"118fc568b77b7bcee5a4d5ad700111e6f2f0700e\";slim.flash|a:0:{}', 1726593183, '2024-09-17 13:49:03', 0, 1, 'Mozilla/5.0 (Windows NT 10.0; Win64; x64) AppleWebKit/537.36 (KHTML, like Gecko) Chrome/107.0.0.0 Safari/537.36', '111.119.192.199'),
('8b7fddc2ca419a1be28cb83a4fb9b736', 'init|s:1:\"1\";slim.flash|a:0:{}', 1729590854, '2024-10-22 06:30:14', 0, 0, 'okhttp/3.12.1', '186.220.43.14'),
('8c5962b3de0fe4d3ef7b0114903bd22e', 'init|s:1:\"1\";csrfToken|s:40:\"6fa9a55f8a1e1b16f12b11add61fd0b942ae7659\";slim.flash|a:1:{s:10:\"priorRoute\";s:20:\"/edurocha/web/logout\";}', 1726505254, '2024-09-16 13:23:34', 0, 1, 'Mozilla/5.0 (Macintosh; Intel Mac OS X 10_10_1) AppleWebKit/600.2.5 (KHTML, like Gecko) Version/8.0.2 Safari/600.2.5 (Amazonbot/0.1; +https://developer.amazon.com/support/amazonbot)', '52.70.240.171'),
('8dafd230bb03c31c53c56f86e2d78ec8', 'init|s:1:\"1\";csrfToken|s:40:\"480072a1411a10514bb65571c56705963af4e0b1\";slim.flash|a:0:{}', 1730585571, '2024-11-02 18:48:51', 0, 0, 'Mozilla/5.0 (Macintosh; Intel Mac OS X 10_10_1) AppleWebKit/600.2.5 (KHTML, like Gecko) Version/8.0.2 Safari/600.2.5 (Amazonbot/0.1; +https://developer.amazon.com/support/amazonbot)', '50.19.102.70'),
('8db07fadbd7a8bcfdee70b2ba671656e', 'init|s:1:\"1\";slim.flash|a:0:{}', 1729265632, '2024-10-18 12:09:52', 0, 0, 'okhttp/3.12.1', '186.220.43.14'),
('8df15631cc3f2f791ca5ce33e82297d2', 'init|s:1:\"1\";slim.flash|a:0:{}', 1729482586, '2024-10-21 00:25:46', 0, 0, 'okhttp/3.12.1', '186.220.43.14'),
('8edb9171d83e32234a63ca0403f24738', 'init|s:1:\"1\";csrfToken|s:40:\"a935c4e4e865f6a62e7b7ec594b7c1a1db1fe61f\";slim.flash|a:1:{s:10:\"priorRoute\";s:14:\"/edurocha/web/\";}', 1729231564, '2024-10-18 02:42:04', 0, 0, 'Mozilla/5.0 (Windows NT 10.0; rv:78.0) Gecko/20100101 Firefox/78.0', '35.240.82.98'),
('8fd3492d9af0adffe27ab2ca9fdb7bdc', 'init|s:1:\"1\";csrfToken|s:40:\"a6e33238b894f80d13013d47923d4cc92cb6e257\";slim.flash|a:0:{}', 1727731574, '2024-09-30 18:02:14', 0, 0, 'Mozilla/5.0 AppleWebKit/537.36 (KHTML, like Gecko; compatible; bingbot/2.0; +http://www.bing.com/bingbot.htm) Chrome/116.0.1938.76 Safari/537.36', '52.167.144.173'),
('8ffca494d1f3cf6bf3b1b3369045c1db', 'init|s:1:\"1\";csrfToken|s:40:\"e27f942a2353c6675079e4840f9df5dbd8464edf\";slim.flash|a:1:{s:10:\"priorRoute\";s:14:\"/edurocha/web/\";}', 1729231558, '2024-10-18 02:41:58', 0, 0, 'Mozilla/5.0 (Windows NT 10.0; rv:78.0) Gecko/20100101 Firefox/78.0', '35.195.157.58'),
('917db513971673cb3602e8c006e5e0a7', 'init|s:1:\"1\";csrfToken|s:40:\"5b618126433c01edfc897745e2ebe4d63fad81bf\";slim.flash|a:0:{}', 1726818885, '2024-09-20 04:30:45', 0, 1, 'Mozilla/5.0 (compatible; SemrushBot-BA; +http://www.semrush.com/bot.html)', '85.208.98.19'),
('91848cb0933f7c142160fa3bd3a1b92d', 'init|s:1:\"1\";csrfToken|s:40:\"7d292a81b9bb080b12aa9a454b65238804355f26\";slim.flash|a:1:{s:10:\"priorRoute\";s:24:\"/edurocha/web/index.php/\";}', 1732584282, '2024-11-25 22:00:42', 0, 0, 'Mozilla/5.0 (Macintosh; Intel Mac OS X 10_10_1) AppleWebKit/600.2.5 (KHTML, like Gecko) Version/8.0.2 Safari/600.2.5 (Amazonbot/0.1; +https://developer.amazon.com/support/amazonbot)', '34.204.150.196'),
('9262621124aa642c3843d7017e574d15', 'init|s:1:\"1\";csrfToken|s:40:\"c00db3ef8ff65a1f6ba54d56800d76644c0e0638\";slim.flash|a:1:{s:10:\"priorRoute\";s:20:\"/edurocha/web/logout\";}', 1726509848, '2024-09-16 14:40:08', 0, 1, 'Mozilla/5.0 (Macintosh; Intel Mac OS X 10_10_1) AppleWebKit/600.2.5 (KHTML, like Gecko) Version/8.0.2 Safari/600.2.5 (Amazonbot/0.1; +https://developer.amazon.com/support/amazonbot)', '52.70.240.171'),
('9281ac64e8015e2eefc9b73948300251', 'init|s:1:\"1\";slim.flash|a:0:{}', 1729460957, '2024-10-20 18:25:17', 0, 0, 'okhttp/3.12.1', '186.220.43.14'),
('93cca7d1b520867542e16d9ec5c8a3b6', 'init|s:1:\"1\";slim.flash|a:0:{}', 1729305402, '2024-10-18 23:12:42', 0, 0, 'okhttp/3.12.1', '186.220.43.14'),
('942bb1c84737eccfcc8d2e048f6a34b4', 'init|s:1:\"1\";slim.flash|a:0:{}', 1729652161, '2024-10-22 23:32:01', 0, 0, 'okhttp/3.12.1', '186.220.43.14'),
('9464095956e7fb233ce83a31d3002165', 'init|s:1:\"1\";csrfToken|s:40:\"0f9229b504846fee11629f753f816bf035e8db17\";slim.flash|a:0:{}', 1728660627, '2024-10-11 12:06:27', 0, 0, 'Mozilla/5.0 (compatible; SemrushBot/7~bl; +http://www.semrush.com/bot.html)', '185.191.171.11'),
('94a9829a9ed3e3731ecdd603eba0d227', 'init|s:1:\"1\";csrfToken|s:40:\"3519c62562751f9b3e82744358e56e679726e4f2\";slim.flash|a:0:{}', 1726509841, '2024-09-16 14:40:01', 0, 1, 'Mozilla/5.0 (Macintosh; Intel Mac OS X 10_10_1) AppleWebKit/600.2.5 (KHTML, like Gecko) Version/8.0.2 Safari/600.2.5 (Amazonbot/0.1; +https://developer.amazon.com/support/amazonbot)', '52.70.240.171'),
('94bb2081b692e2e63ad9b646ead29fbf', 'init|s:1:\"1\";csrfToken|s:40:\"527c7b8006ff3efd8cd95dc2a2f6f5e9fed311f3\";slim.flash|a:0:{}', 1727947129, '2024-10-03 05:54:49', 0, 0, 'Mozilla/5.0 (compatible; SemrushBot-BA; +http://www.semrush.com/bot.html)', '85.208.98.16'),
('95a68dd99a502a1de8d91cae5759e0c1', 'init|s:1:\"1\";csrfToken|s:40:\"dde5adc5123fe34becc2b11bc8d704cc8cfd77eb\";slim.flash|a:0:{}', 1726819818, '2024-09-20 04:46:18', 0, 1, 'Mozilla/5.0 (compatible; SemrushBot-BA; +http://www.semrush.com/bot.html)', '85.208.98.19'),
('9619f07b9aca5ed8838e41ecc5358be8', 'init|s:1:\"1\";slim.flash|a:0:{}', 1729439111, '2024-10-20 12:21:11', 0, 0, 'okhttp/3.12.1', '186.220.43.14'),
('98ad7f97b198fd996679497796201128', 'init|s:1:\"1\";csrfToken|s:40:\"2f20a4f26a36d09ec3b8030192fced4e08d5ae8b\";slim.flash|a:0:{}', 1732669227, '2024-11-26 21:36:27', 0, 0, 'Mozilla/5.0 AppleWebKit/537.36 (KHTML, like Gecko; compatible; ClaudeBot/1.0; +claudebot@anthropic.com)', '3.21.46.24'),
('98b59aa8834e7b7c8f83a6a197565b17', 'init|s:1:\"1\";csrfToken|s:40:\"24cdaf548d71c1811e70032394a8b1c32295d6d7\";slim.flash|a:0:{}', 1727731843, '2024-09-30 18:06:43', 0, 0, 'Mozilla/5.0 (compatible; Barkrowler/0.9; +https://babbar.tech/crawler)', '217.113.194.59'),
('99087ef6cac17d34f9e0e5bfbc67d7ce', 'init|s:1:\"1\";slim.flash|a:0:{}', 1729795130, '2024-10-24 15:14:50', 0, 0, 'okhttp/3.12.1', '186.220.43.14'),
('9a60547b57ff564903a4ed34b38a6e52', 'init|s:1:\"1\";csrfToken|s:40:\"441376ef253185e0cf7548aeb16463505c9e0727\";slim.flash|a:1:{s:10:\"priorRoute\";s:14:\"/edurocha/web/\";}', 1730304571, '2024-10-30 12:45:31', 0, 0, 'Go-http-client/1.1', '57.129.16.41'),
('9a8602fac5c35978f553c19bf78e19d3', 'init|s:1:\"1\";slim.flash|a:0:{}', 1729856625, '2024-10-25 08:19:45', 0, 0, 'okhttp/3.12.1', '186.220.43.14'),
('9ab68cf25c8aa2f01540f9873640b6a5', 'init|s:1:\"1\";slim.flash|a:0:{}', 1729605286, '2024-10-22 10:30:46', 0, 0, 'okhttp/3.12.1', '186.220.43.14'),
('9acb1c0a40748e429f96bcd25b11d3ad', 'init|s:1:\"1\";slim.flash|a:0:{}', 1729699167, '2024-10-23 12:35:27', 0, 0, 'okhttp/3.12.1', '186.220.43.14'),
('9b2570f73a25f18659f9eaf0abc7e299', 'init|s:1:\"1\";csrfToken|s:40:\"b7daeb8820cc6afd80b654c75e6aacce7f97048e\";slim.flash|a:1:{s:10:\"priorRoute\";s:20:\"/edurocha/web/logout\";}', 1730585579, '2024-11-02 18:48:59', 0, 0, 'Mozilla/5.0 (Macintosh; Intel Mac OS X 10_10_1) AppleWebKit/600.2.5 (KHTML, like Gecko) Version/8.0.2 Safari/600.2.5 (Amazonbot/0.1; +https://developer.amazon.com/support/amazonbot)', '18.214.138.148'),
('9d1d9d2396ce55dd80593a6974deee41', 'init|s:1:\"1\";slim.flash|a:0:{}', 1729453700, '2024-10-20 16:24:20', 0, 0, 'okhttp/3.12.1', '186.220.43.14'),
('9d798d549f2f0f5781ef4595a843b523', 'init|s:1:\"1\";slim.flash|a:0:{}', 1729583604, '2024-10-22 04:29:24', 0, 0, 'okhttp/3.12.1', '186.220.43.14'),
('9f416829b2d9d16702f7d40c81da4a7a', 'init|s:1:\"1\";slim.flash|a:0:{}', 1729373978, '2024-10-19 18:15:38', 0, 0, 'okhttp/3.12.1', '186.220.43.14'),
('9f90c6310d1126e3c98c5971f8ad2981', 'init|s:1:\"1\";csrfToken|s:40:\"3a61bcfee0c0c99616cafd76fee736e3a10cb6ac\";slim.flash|a:0:{}', 1729846563, '2024-10-25 05:32:03', 0, 0, 'Mozilla/5.0 (compatible; SemrushBot-BA; +http://www.semrush.com/bot.html)', '85.208.98.29'),
('9fdf7348a6e4de88571ac8c33d5b6953', 'init|s:1:\"1\";slim.flash|a:0:{}', 1729644948, '2024-10-22 21:31:48', 0, 0, 'okhttp/3.12.1', '186.220.43.14'),
('a00c542c3962b5d04a6b663cb4928241', 'init|s:1:\"1\";slim.flash|a:0:{}', 1729554760, '2024-10-21 20:28:40', 0, 0, 'okhttp/3.12.1', '186.220.43.14'),
('a0bfab45f4d3a726bd1d5a5bfca9d1fb', 'init|s:1:\"1\";slim.flash|a:0:{}', 1729529469, '2024-10-21 13:27:09', 0, 0, 'okhttp/3.12.1', '186.220.43.14'),
('a10d2ff6b06fec70492752e2965a6bc0', 'init|s:1:\"1\";csrfToken|s:40:\"770dbd3fc86b6b92836d83995db3be97420a375c\";slim.flash|a:1:{s:10:\"priorRoute\";s:35:\"/edurocha/web/user/form/preferences\";}', 1731357487, '2024-11-11 17:14:07', 0, 0, 'Mozilla/5.0 (Macintosh; Intel Mac OS X 10_10_1) AppleWebKit/600.2.5 (KHTML, like Gecko) Version/8.0.2 Safari/600.2.5 (Amazonbot/0.1; +https://developer.amazon.com/support/amazonbot)', '54.86.59.155'),
('a10e2bacfcc1f95087c7efb9c096472c', 'init|s:1:\"1\";csrfToken|s:40:\"788a556d6009ce4eb49e19ccf136fa2439d15366\";slim.flash|a:0:{}', 1732539489, '2024-11-25 09:34:09', 0, 0, 'Mozilla/5.0 (compatible; SemrushBot-BA; +http://www.semrush.com/bot.html)', '85.208.98.22'),
('a1cab1f195e767109cd6a9059054ac6b', 'init|s:1:\"1\";csrfToken|s:40:\"0cf9288533fb86e33d09e13c4307f40570e7b728\";slim.flash|a:0:{}', 1731164481, '2024-11-09 11:37:21', 0, 0, 'Mozilla/5.0 AppleWebKit/537.36 (KHTML, like Gecko; compatible; bingbot/2.0; +http://www.bing.com/bingbot.htm) Chrome/116.0.1938.76 Safari/537.36', '40.77.167.37');
INSERT INTO `session` (`session_id`, `session_data`, `session_expiration`, `lastAccessed`, `userId`, `isExpired`, `userAgent`, `remoteAddr`) VALUES
('a1f52083a538e7c99aadba4b2cdacfff', 'init|s:1:\"1\";csrfToken|s:40:\"9152de41df6d58a82147d899c08d15035f91d826\";slim.flash|a:1:{s:10:\"priorRoute\";s:14:\"/edurocha/web/\";}', 1730511475, '2024-11-01 22:13:55', 0, 0, 'Mozilla/5.0 (Windows NT 10.0; rv:78.0) Gecko/20100101 Firefox/78.0', '34.78.26.243'),
('a3e09addac6cd3f635a49617680119e3', 'init|s:1:\"1\";slim.flash|a:0:{}', 1729345041, '2024-10-19 10:13:21', 0, 0, 'okhttp/3.12.1', '186.220.43.14'),
('a4a77e252466ea744753e7c505bc49aa', 'init|s:1:\"1\";csrfToken|s:40:\"387c21b5b3c4f39e6b46f7dea4c351400e9e3c09\";slim.flash|a:0:{}', 1727337844, '2024-09-26 04:40:04', 0, 1, 'Mozilla/5.0 (compatible; SemrushBot-BA; +http://www.semrush.com/bot.html)', '85.208.98.19'),
('a50f188b721e3510e6d28d313135ca40', 'init|s:1:\"1\";slim.flash|a:0:{}', 1729262013, '2024-10-18 11:09:33', 0, 0, 'okhttp/3.12.1', '186.220.43.14'),
('a62f69ab05c80a21daa7f5d04e908656', 'init|s:1:\"1\";slim.flash|a:0:{}', 1729630524, '2024-10-22 17:31:24', 0, 0, 'okhttp/3.12.1', '186.220.43.14'),
('a6664792d91869b9dd23c4afa59f395c', 'init|s:1:\"1\";csrfToken|s:40:\"c1d3b8774576857f3feb9f151622215aa1ba50b5\";slim.flash|a:1:{s:10:\"priorRoute\";s:14:\"/edurocha/web/\";}', 1726762730, '2024-09-19 12:54:50', 0, 1, 'Mozilla/5.0 (compatible; DotBot/1.2; +https://opensiteexplorer.org/dotbot; help@moz.com)', '216.244.66.244'),
('a6902a5c92a85a333e743b73c05e25df', 'init|s:1:\"1\";csrfToken|s:40:\"858386db609296ea6a92fffd7bfdb5a3abb69f9e\";slim.flash|a:0:{}', 1729039082, '2024-10-15 21:14:02', 0, 0, 'Mozilla/5.0 (compatible; MSIE 10.0; Windows NT 6.2; WOW64; Trident/6.0)', '82.80.244.53'),
('a76eae74133b17c8e4368f6f67c9d6af', 'init|s:1:\"1\";slim.flash|a:0:{}', 1729867437, '2024-10-25 11:19:57', 0, 0, 'okhttp/3.12.1', '186.220.43.14'),
('a9a0a85fce0d6ce1cc8a539ce5c8415f', 'init|s:1:\"1\";slim.flash|a:0:{}', 1729384830, '2024-10-19 21:16:30', 0, 0, 'okhttp/3.12.1', '186.220.43.14'),
('aa1287985309afae84a1fb0e46559115', 'init|s:1:\"1\";slim.flash|a:0:{}', 1729500635, '2024-10-21 05:26:35', 0, 0, 'okhttp/3.12.1', '186.220.43.14'),
('aa27f5ea4c4048c2b7ec38e8953a6e37', 'init|s:1:\"1\";slim.flash|a:0:{}', 1729507835, '2024-10-21 07:26:35', 0, 0, 'okhttp/3.12.1', '186.220.43.14'),
('aa89528d7824e986e9922ebec9019c46', 'init|s:1:\"1\";slim.flash|a:0:{}', 1729424683, '2024-10-20 08:20:43', 0, 0, 'okhttp/3.12.1', '186.220.43.14'),
('ac725e56c478756860e5537c8b3aacf2', 'init|s:1:\"1\";csrfToken|s:40:\"bce62a5d4ca6149467f922fe797fad6f68739045\";slim.flash|a:1:{s:10:\"priorRoute\";s:14:\"/edurocha/web/\";}', 1730511880, '2024-11-01 22:20:40', 0, 0, 'Mozilla/5.0 (Windows NT 10.0; rv:78.0) Gecko/20100101 Firefox/78.0', '34.76.133.13'),
('ac73c7f6a6e6e9e7e6f47d351eb9e25e', 'init|s:1:\"1\";slim.flash|a:0:{}', 1729280135, '2024-10-18 16:11:35', 0, 0, 'okhttp/3.12.1', '186.220.43.14'),
('ad047e8b6141eef763d8fa71d917d640', 'init|s:1:\"1\";slim.flash|a:0:{}', 1729272888, '2024-10-18 14:10:48', 0, 0, 'okhttp/3.12.1', '186.220.43.14'),
('ad90c5aff7143af5c0f1b08ad7f7adfa', 'init|s:1:\"1\";slim.flash|a:0:{}', 1729760460, '2024-10-24 05:37:00', 0, 0, 'okhttp/3.12.1', '186.220.43.14'),
('adeee29ce98e3b3999a1a8150f0efa59', 'init|s:1:\"1\";csrfToken|s:40:\"87ebbab4696b3d3e4a0ecec0fd0155c37da7b756\";slim.flash|a:1:{s:10:\"priorRoute\";s:45:\"/edurocha/web/index.php/user/form/preferences\";}', 1732584266, '2024-11-25 22:00:26', 0, 0, 'Mozilla/5.0 (Macintosh; Intel Mac OS X 10_10_1) AppleWebKit/600.2.5 (KHTML, like Gecko) Version/8.0.2 Safari/600.2.5 (Amazonbot/0.1; +https://developer.amazon.com/support/amazonbot)', '52.54.15.103'),
('ae375ce808f9b2ca4aadfd5636feebe1', 'init|s:1:\"1\";slim.flash|a:0:{}', 1729558360, '2024-10-21 21:28:40', 0, 0, 'okhttp/3.12.1', '186.220.43.14'),
('b00278a31786fbe3617ea62d882b41d4', 'init|s:1:\"1\";csrfToken|s:40:\"27d47cac02e14220feb94df2b5e33982656537d7\";slim.flash|a:0:{}', 1727649327, '2024-09-29 19:11:27', 0, 0, 'Mozilla/5.0 (compatible; SemrushBot-BA; +http://www.semrush.com/bot.html)', '85.208.98.20'),
('b0d481adb332cae75cec076feb702df6', 'init|s:1:\"1\";slim.flash|a:0:{}', 1729511435, '2024-10-21 08:26:35', 0, 0, 'okhttp/3.12.1', '186.220.43.14'),
('b156e25d55f8103a4723890a74255d57', 'init|s:1:\"1\";slim.flash|a:0:{}', 1729486190, '2024-10-21 01:25:50', 0, 0, 'okhttp/3.12.1', '186.220.43.14'),
('b24abba88ac3db9a93ee71d9d779667c', 'init|s:1:\"1\";slim.flash|a:0:{}', 1729323409, '2024-10-19 04:12:49', 0, 0, 'okhttp/3.12.1', '186.220.43.14'),
('b2af1bea2280a4959fb44b4b7acb933e', 'init|s:1:\"1\";slim.flash|a:0:{}', 1729522264, '2024-10-21 11:27:04', 0, 0, 'okhttp/3.12.1', '186.220.43.14'),
('b2cad4c641f41233f6a25e1664890814', 'init|s:1:\"1\";csrfToken|s:40:\"101cdc5eccf73c6ffc2c522482e2ea32c12b7d73\";slim.flash|a:0:{}', 1730975398, '2024-11-07 07:05:58', 0, 0, 'Mozilla/5.0 (compatible; SemrushBot-BA; +http://www.semrush.com/bot.html)', '85.208.98.20'),
('b3d518a444492fbf24d4ffc512fe64a0', 'init|s:1:\"1\";slim.flash|a:0:{}', 1729802483, '2024-10-24 17:17:23', 0, 0, 'okhttp/3.12.1', '186.220.43.14'),
('b3f7006dccf0e821db9554a168dbca8f', 'init|s:1:\"1\";csrfToken|s:40:\"40e907dd45957bd5e764f98fe075f15d94c04da0\";slim.flash|a:0:{}', 1729244663, '2024-10-18 06:20:23', 0, 0, 'Mozilla/5.0 AppleWebKit/537.36 (KHTML, like Gecko; compatible; ClaudeBot/1.0; +claudebot@anthropic.com)', '3.133.108.103'),
('b46103447a4811c42451dcd187835aa9', 'init|s:1:\"1\";slim.flash|a:0:{}', 1729525873, '2024-10-21 12:27:13', 0, 0, 'okhttp/3.12.1', '186.220.43.14'),
('b4bb3f2cd355660a85e8764446d1557e', 'init|s:1:\"1\";csrfToken|s:40:\"6772d561c14330e5f997112d674afaf9299a2770\";slim.flash|a:0:{}', 1728921658, '2024-10-14 12:36:58', 0, 0, 'Mozilla/5.0 (compatible; SemrushBot-BA; +http://www.semrush.com/bot.html)', '85.208.98.16'),
('b5afb85b22b196854e5091e417afad47', 'init|s:1:\"1\";csrfToken|s:40:\"8a5927995fa649f7b0b7e01f4b8952bb4be886ff\";slim.flash|a:1:{s:10:\"priorRoute\";s:14:\"/edurocha/web/\";}', 1728178319, '2024-10-05 22:07:59', 0, 0, 'Mozilla/5.0 (Windows NT 10.0; rv:78.0) Gecko/20100101 Firefox/78.0', '34.76.82.242'),
('b604fe7853e3646edb28063d333cf240', 'init|s:1:\"1\";csrfToken|s:40:\"f8ab3c77238cae97923d74b06530988828fcfb41\";slim.flash|a:0:{}', 1730974095, '2024-11-07 06:44:15', 0, 0, 'Mozilla/5.0 (compatible; SemrushBot-BA; +http://www.semrush.com/bot.html)', '85.208.98.31'),
('b6c75a2e859fe0677dc57c0e8807327b', 'init|s:1:\"1\";csrfToken|s:40:\"0e607ec38a2b9b6ac197ab65d04936060e064ff7\";slim.flash|a:0:{}', 1732675835, '2024-11-26 23:26:35', 0, 0, 'Mozilla/5.0 AppleWebKit/537.36 (KHTML, like Gecko; compatible; ClaudeBot/1.0; +claudebot@anthropic.com)', '18.226.226.151'),
('b7c6c009e53eb1d3a0c52b1604024d02', 'init|s:1:\"1\";csrfToken|s:40:\"892f2f18d20b0ed1bcfb9fc197f8e22749e672b7\";slim.flash|a:1:{s:10:\"priorRoute\";s:31:\"/edurocha/web/user/form/profile\";}', 1726508428, '2024-09-16 14:16:28', 0, 1, 'Mozilla/5.0 (Macintosh; Intel Mac OS X 10_10_1) AppleWebKit/600.2.5 (KHTML, like Gecko) Version/8.0.2 Safari/600.2.5 (Amazonbot/0.1; +https://developer.amazon.com/support/amazonbot)', '23.22.35.162'),
('b9646c56580f5e0218aec22bc9172fda', 'init|s:1:\"1\";slim.flash|a:0:{}', 1729598065, '2024-10-22 08:30:25', 0, 0, 'okhttp/3.12.1', '186.220.43.14'),
('b9b76be3de39f28ae25281177ec22ee1', 'init|s:1:\"1\";csrfToken|s:40:\"7e0f6e7cdc1842fb66c95a2f61331ee7d4679fb0\";slim.flash|a:0:{}', 1729252006, '2024-10-18 08:22:46', 0, 0, 'Mozilla/5.0 AppleWebKit/537.36 (KHTML, like Gecko; compatible; ClaudeBot/1.0; +claudebot@anthropic.com)', '3.135.192.141'),
('ba97a724fc5bad30d8bebffd5403eefa', 'init|s:1:\"1\";slim.flash|a:0:{}', 1729572803, '2024-10-22 01:29:23', 0, 0, 'okhttp/3.12.1', '186.220.43.14'),
('bcbb0e4b7580329857b2e18039470416', 'init|s:1:\"1\";csrfToken|s:40:\"eedd73d373c22c48a97956ba9c716f42010131ab\";slim.flash|a:1:{s:10:\"priorRoute\";s:20:\"/edurocha/web/logout\";}', 1726502306, '2024-09-16 12:34:26', 0, 1, 'Mozilla/5.0 (Macintosh; Intel Mac OS X 10_10_1) AppleWebKit/600.2.5 (KHTML, like Gecko) Version/8.0.2 Safari/600.2.5 (Amazonbot/0.1; +https://developer.amazon.com/support/amazonbot)', '52.70.240.171'),
('bcf514191b2fb7762f9c4ad3b3990019', 'init|s:1:\"1\";csrfToken|s:40:\"44f408e6b9a3531862273f90ccdb134a026b28ac\";slim.flash|a:1:{s:10:\"priorRoute\";s:31:\"/edurocha/web/user/form/profile\";}', 1726502314, '2024-09-16 12:34:34', 0, 1, 'Mozilla/5.0 (Macintosh; Intel Mac OS X 10_10_1) AppleWebKit/600.2.5 (KHTML, like Gecko) Version/8.0.2 Safari/600.2.5 (Amazonbot/0.1; +https://developer.amazon.com/support/amazonbot)', '3.224.220.101'),
('be338640e2113e0240b68506b0fd0e41', 'init|s:1:\"1\";slim.flash|a:0:{}', 1729634125, '2024-10-22 18:31:25', 0, 0, 'okhttp/3.12.1', '186.220.43.14'),
('be7b68f0f5997ce358942babd0c05088', 'init|s:1:\"1\";csrfToken|s:40:\"99ddf858312f6bbf9232f0f40beb35cc4dd074d6\";slim.flash|a:1:{s:10:\"priorRoute\";s:41:\"/edurocha/web/index.php/user/form/profile\";}', 1732584278, '2024-11-25 22:00:38', 0, 0, 'Mozilla/5.0 (Macintosh; Intel Mac OS X 10_10_1) AppleWebKit/600.2.5 (KHTML, like Gecko) Version/8.0.2 Safari/600.2.5 (Amazonbot/0.1; +https://developer.amazon.com/support/amazonbot)', '3.216.86.144'),
('bee6619de8ed849ef350ccdfb3f5cafb', 'init|s:1:\"1\";csrfToken|s:40:\"4ca9a263c99d89823bc6149d2aced4de0af427b1\";slim.flash|a:0:{}', 1730119907, '2024-10-28 09:27:47', 0, 0, 'Mozilla/5.0 (compatible; SemrushBot-BA; +http://www.semrush.com/bot.html)', '85.208.98.19'),
('bf08e1ca7573dc6b410b69155414e15a', 'init|s:1:\"1\";slim.flash|a:0:{}', 1729849425, '2024-10-25 06:19:45', 0, 0, 'okhttp/3.12.1', '186.220.43.14'),
('bf929b251e8a68ac3f4e546fe5aaf9e3', 'init|s:1:\"1\";slim.flash|a:0:{}', 1729366774, '2024-10-19 16:15:34', 0, 0, 'okhttp/3.12.1', '186.220.43.14'),
('c339950e6bf4f0de5a7f03c46031fdfc', 'init|s:1:\"1\";slim.flash|a:0:{}', 1729623317, '2024-10-22 15:31:17', 0, 0, 'okhttp/3.12.1', '186.220.43.14'),
('c50d87006745bd319ea4d79e62b1d8b1', 'init|s:1:\"1\";csrfToken|s:40:\"32dc724a31ab84d14adf81fd9f4752d2ac1a1796\";slim.flash|a:1:{s:10:\"priorRoute\";s:14:\"/edurocha/web/\";}', 1730256130, '2024-10-29 23:18:10', 0, 0, 'Go-http-client/1.1', '57.129.16.41'),
('c68b75b079f638a715803338f9978fed', 'init|s:1:\"1\";slim.flash|a:0:{}', 1729576403, '2024-10-22 02:29:23', 0, 0, 'okhttp/3.12.1', '186.220.43.14'),
('c762e73a76ac926a88168931b3bae8e3', 'init|s:1:\"1\";csrfToken|s:40:\"09e56a62372e8c68f1a47c2451ac40a4ce2910a0\";slim.flash|a:0:{}', 1732705346, '2024-11-27 07:38:26', 0, 0, 'Mozilla/5.0 (Macintosh; Intel Mac OS X 10_10_1) AppleWebKit/600.2.5 (KHTML, like Gecko) Version/8.0.2 Safari/600.2.5 (Amazonbot/0.1; +https://developer.amazon.com/support/amazonbot)', '18.208.11.93'),
('c7864bdb84e32746f3fff85c89073282', 'init|s:1:\"1\";slim.flash|a:0:{}', 1729587230, '2024-10-22 05:29:50', 0, 0, 'okhttp/3.12.1', '186.220.43.14'),
('c78d5f27f63ff66cfbd9e0d295674340', 'init|s:1:\"1\";slim.flash|a:0:{}', 1729677477, '2024-10-23 06:33:57', 0, 0, 'okhttp/3.12.1', '186.220.43.14'),
('c7a8a122ce458d0bdd69517a546ebda3', 'init|s:1:\"1\";csrfToken|s:40:\"905f5ce605cfe026c331882e2ba71d039b1743c0\";slim.flash|a:1:{s:10:\"priorRoute\";s:30:\"/edurocha/web/index.php/logout\";}', 1732584262, '2024-11-25 22:00:22', 0, 0, 'Mozilla/5.0 (Macintosh; Intel Mac OS X 10_10_1) AppleWebKit/600.2.5 (KHTML, like Gecko) Version/8.0.2 Safari/600.2.5 (Amazonbot/0.1; +https://developer.amazon.com/support/amazonbot)', '52.73.6.26'),
('c8040630fc8c03425a859979b7665c20', 'init|s:1:\"1\";slim.flash|a:0:{}', 1729370373, '2024-10-19 17:15:33', 0, 0, 'okhttp/3.12.1', '186.220.43.14'),
('c8411cf73f821d8de1c13fd527044d7b', 'init|s:1:\"1\";csrfToken|s:40:\"b621acef2ba55bb2df3d051664efe7609d13eac6\";slim.flash|a:0:{}', 1727649157, '2024-09-29 19:08:37', 0, 0, 'Mozilla/5.0 (compatible; SemrushBot-BA; +http://www.semrush.com/bot.html)', '85.208.98.16'),
('c8a9da7024587af099223893b8cc8a1e', 'init|s:1:\"1\";slim.flash|a:0:{}', 1727994069, '2024-10-03 18:57:09', 0, 0, 'Mozilla/5.0 (compatible; YandexFavicons/1.0; +http://yandex.com/bots)', '87.250.224.40'),
('c9d4d6e51d06290b259d96b7507a6ddb', 'init|s:1:\"1\";slim.flash|a:0:{}', 1729276496, '2024-10-18 15:10:56', 0, 0, 'okhttp/3.12.1', '186.220.43.14'),
('ca9be5237ff0a0d6ac46cb6a3765a154', 'init|s:1:\"1\";csrfToken|s:40:\"7fc4cbd9cccfca0230cc3898d8fbc8968bc53e04\";slim.flash|a:1:{s:10:\"priorRoute\";s:31:\"/edurocha/web/user/form/profile\";}', 1730979811, '2024-11-07 08:19:31', 0, 0, 'Mozilla/5.0 (compatible; AhrefsBot/7.0; +http://ahrefs.com/robot/)', '51.222.253.2'),
('cac10c981a1840acaecb30583fc12ca0', 'init|s:1:\"1\";slim.flash|a:0:{}', 1729561961, '2024-10-21 22:28:41', 0, 0, 'okhttp/3.12.1', '186.220.43.14'),
('cd03b5782c9946cf76cc34521d7e3e19', 'init|s:1:\"1\";csrfToken|s:40:\"ce60e138619f3535c22a6251c559311d7802403b\";slim.flash|a:0:{}', 1732539587, '2024-11-25 09:35:47', 0, 0, 'Mozilla/5.0 (compatible; SemrushBot-BA; +http://www.semrush.com/bot.html)', '85.208.98.24'),
('cd184c72d85e8419c072cbbfab2e844d', 'init|s:1:\"1\";slim.flash|a:0:{}', 1729410120, '2024-10-20 04:18:00', 0, 0, 'okhttp/3.12.1', '186.220.43.14'),
('ceae9670932b68177804e6c401800566', 'init|s:1:\"1\";csrfToken|s:40:\"6dfed1f834ce78664cf63718d98ac9f897b63996\";slim.flash|a:0:{}', 1730119132, '2024-10-28 09:14:52', 0, 0, 'Mozilla/5.0 (compatible; SemrushBot-BA; +http://www.semrush.com/bot.html)', '85.208.98.20'),
('cf981aef191cbeb1fd50fa3def9e904c', 'init|s:1:\"1\";csrfToken|s:40:\"f6e18e4ec2d02f738924de11be30dcc8877d3609\";slim.flash|a:1:{s:10:\"priorRoute\";s:31:\"/edurocha/web/user/form/profile\";}', 1730585587, '2024-11-02 18:49:07', 0, 0, 'Mozilla/5.0 (Macintosh; Intel Mac OS X 10_10_1) AppleWebKit/600.2.5 (KHTML, like Gecko) Version/8.0.2 Safari/600.2.5 (Amazonbot/0.1; +https://developer.amazon.com/support/amazonbot)', '44.217.177.142'),
('d20f423208737b8b569a48ba6b9dd792', 'init|s:1:\"1\";slim.flash|a:0:{}', 1729471757, '2024-10-20 21:25:17', 0, 0, 'okhttp/3.12.1', '186.220.43.14'),
('d24ef73b7ef73f93d675a4f5a248999c', 'init|s:1:\"1\";csrfToken|s:40:\"a0275835ba5a234bb247481c99584b621fe0aafe\";slim.flash|a:0:{}', 1732584258, '2024-11-25 22:00:18', 0, 0, 'Mozilla/5.0 (Macintosh; Intel Mac OS X 10_10_1) AppleWebKit/600.2.5 (KHTML, like Gecko) Version/8.0.2 Safari/600.2.5 (Amazonbot/0.1; +https://developer.amazon.com/support/amazonbot)', '18.210.58.238'),
('d3a5ec40a8ce207b21f092ff4f220df4', 'init|s:1:\"1\";csrfToken|s:40:\"e62df6d0d6f7de4f766bc66454ffdb018c8d5d8d\";slim.flash|a:1:{s:10:\"priorRoute\";s:14:\"/edurocha/web/\";}', 1730289024, '2024-10-30 08:26:24', 0, 0, 'Go-http-client/1.1', '51.89.167.1'),
('d43aba087a510d19fb0be51b7500fd9a', 'init|s:1:\"1\";slim.flash|a:0:{}', 1729746009, '2024-10-24 01:36:09', 0, 0, 'okhttp/3.12.1', '186.220.43.14'),
('d483aaee05993a9c20a977d86364b2ff', 'init|s:1:\"1\";slim.flash|a:0:{}', 1729287363, '2024-10-18 18:12:03', 0, 0, 'okhttp/3.12.1', '186.220.43.14'),
('d49802191c930729beb9f0eeeca85d5c', 'init|s:1:\"1\";csrfToken|s:40:\"24df4ee5c844bb9a116ac277744d84ff25038185\";slim.flash|a:0:{}', 1726505239, '2024-09-16 13:23:19', 0, 1, 'Mozilla/5.0 (Macintosh; Intel Mac OS X 10_10_1) AppleWebKit/600.2.5 (KHTML, like Gecko) Version/8.0.2 Safari/600.2.5 (Amazonbot/0.1; +https://developer.amazon.com/support/amazonbot)', '52.70.240.171'),
('d4bb77a4a7ece5cc661554cec0393497', 'init|s:1:\"1\";slim.flash|a:0:{}', 1729838625, '2024-10-25 03:19:45', 0, 0, 'okhttp/3.12.1', '186.220.43.14'),
('d519aa8ee644ceb80b53c5e6861a5041', 'init|s:1:\"1\";slim.flash|a:0:{}', 1729269261, '2024-10-18 13:10:21', 0, 0, 'okhttp/3.12.1', '186.220.43.14'),
('d5658fafd04a70453e2ea184586ae154', 'init|s:1:\"1\";csrfToken|s:40:\"dbcb378b4027295d7998372109ca0e608ed5ea4f\";slim.flash|a:0:{}', 1729614673, '2024-10-22 13:07:13', 0, 0, 'Mozilla/5.0 (compatible; SemrushBot/7~bl; +http://www.semrush.com/bot.html)', '185.191.171.6'),
('d783c1c4049d4b2501ec33042ee8a501', 'init|s:1:\"1\";slim.flash|a:0:{}', 1729709968, '2024-10-23 15:35:28', 0, 0, 'okhttp/3.12.1', '186.220.43.14'),
('d8ddc4e94138f1522d11ce3531c6b60f', 'init|s:1:\"1\";slim.flash|a:0:{}', 1729742403, '2024-10-24 00:36:03', 0, 0, 'okhttp/3.12.1', '186.220.43.14'),
('dab76a1d9630b486e37f322c431545ee', 'init|s:1:\"1\";slim.flash|a:0:{}', 1729659407, '2024-10-23 01:32:47', 0, 0, 'okhttp/3.12.1', '186.220.43.14'),
('db29f361b96d81925138a405eeff8146', 'init|s:1:\"1\";csrfToken|s:40:\"f6bcf1e393ad341bee30e77603fd58c9ba766fef\";slim.flash|a:0:{}', 1727649047, '2024-09-29 19:06:47', 0, 0, 'Mozilla/5.0 (compatible; SemrushBot-BA; +http://www.semrush.com/bot.html)', '85.208.98.20'),
('db424a836395f871af63122f2ab6d069', 'init|s:1:\"1\";csrfToken|s:40:\"3c40dc33ec2f73aead2fda210cd0b4b50ce810d5\";slim.flash|a:1:{s:10:\"priorRoute\";s:14:\"/edurocha/web/\";}', 1726505238, '2024-09-16 13:23:18', 0, 1, 'Mozilla/5.0 (Macintosh; Intel Mac OS X 10_10_1) AppleWebKit/600.2.5 (KHTML, like Gecko) Version/8.0.2 Safari/600.2.5 (Amazonbot/0.1; +https://developer.amazon.com/support/amazonbot)', '52.70.240.171'),
('dbc3b89e096d9293f124b62274cac033', 'init|s:1:\"1\";csrfToken|s:40:\"9710ed76431f676966325ceeb055f3a430c50f9e\";slim.flash|a:1:{s:10:\"priorRoute\";s:14:\"/edurocha/web/\";}', 1728049144, '2024-10-04 10:15:04', 0, 0, 'Go-http-client/1.1', '57.129.16.41'),
('dc1bef2bab1ade2701f184ea439b43b0', 'init|s:1:\"1\";slim.flash|a:0:{}', 1729337836, '2024-10-19 08:13:16', 0, 0, 'okhttp/3.12.1', '186.220.43.14'),
('dc31bd1f93e09c227f5836c603283d71', 'init|s:1:\"1\";csrfToken|s:40:\"666d171b744e5631a20da686662158907ebd5f88\";slim.flash|a:1:{s:10:\"priorRoute\";s:20:\"/edurocha/web/logout\";}', 1731357471, '2024-11-11 17:13:51', 0, 0, 'Mozilla/5.0 (Macintosh; Intel Mac OS X 10_10_1) AppleWebKit/600.2.5 (KHTML, like Gecko) Version/8.0.2 Safari/600.2.5 (Amazonbot/0.1; +https://developer.amazon.com/support/amazonbot)', '52.5.242.243'),
('dddfd3319b2626bba8c7790f46a72e2d', 'init|s:1:\"1\";slim.flash|a:0:{}', 1729871083, '2024-10-25 12:20:43', 0, 0, 'okhttp/3.12.1', '186.220.43.14'),
('de0c9bb6a68a7b4401f424994e2ec399', 'init|s:1:\"1\";slim.flash|a:0:{}', 1729381228, '2024-10-19 20:16:28', 0, 0, 'okhttp/3.12.1', '186.220.43.14'),
('de11b5a399a74a872d28d6bc38fe17e8', 'init|s:1:\"1\";slim.flash|a:0:{}', 1729301785, '2024-10-18 22:12:25', 0, 0, 'okhttp/3.12.1', '186.220.43.14'),
('df37d5d99f57b755af4334257f3cb054', 'init|s:1:\"1\";csrfToken|s:40:\"adcce6e68e83accc8d27a0a1ef4e3dbf67b19533\";slim.flash|a:1:{s:10:\"priorRoute\";s:14:\"/edurocha/web/\";}', 1728049164, '2024-10-04 10:15:24', 0, 0, 'Go-http-client/1.1', '57.129.16.41'),
('df41c3da571821f170e4ab79b438eed6', 'init|s:1:\"1\";slim.flash|a:0:{}', 1729738802, '2024-10-23 23:36:02', 0, 0, 'okhttp/3.12.1', '186.220.43.14'),
('dfa3c297bfc48ffb25504e7ca7fc68bf', 'init|s:1:\"1\";csrfToken|s:40:\"cc74170a431c160fea8217fe0655bba20ac8c80b\";slim.flash|a:1:{s:10:\"priorRoute\";s:35:\"/edurocha/web/user/form/preferences\";}', 1726508424, '2024-09-16 14:16:24', 0, 1, 'Mozilla/5.0 (Macintosh; Intel Mac OS X 10_10_1) AppleWebKit/600.2.5 (KHTML, like Gecko) Version/8.0.2 Safari/600.2.5 (Amazonbot/0.1; +https://developer.amazon.com/support/amazonbot)', '3.224.220.101'),
('dfed0ac21dd337e02c1b95f049aab273', 'init|s:1:\"1\";slim.flash|a:0:{}', 1729421072, '2024-10-20 07:20:32', 0, 0, 'okhttp/3.12.1', '186.220.43.14'),
('e0d6e1217b4b53dedd29cfca6067eb5a', 'init|s:1:\"1\";slim.flash|a:0:{}', 1729845825, '2024-10-25 05:19:45', 0, 0, 'okhttp/3.12.1', '186.220.43.14'),
('e1e846a9578b5bb7c3e24fddf873fda4', 'init|s:1:\"1\";slim.flash|a:0:{}', 1729681077, '2024-10-23 07:33:57', 0, 0, 'okhttp/3.12.1', '186.220.43.14'),
('e2b751097ac910eef2854f906208b588', 'init|s:1:\"1\";slim.flash|a:0:{}', 1729684681, '2024-10-23 08:34:01', 0, 0, 'okhttp/3.12.1', '186.220.43.14'),
('e52fa22393f914361ec6b37a49f3a0d4', 'init|s:1:\"1\";slim.flash|a:0:{}', 1729673840, '2024-10-23 05:33:20', 0, 0, 'okhttp/3.12.1', '186.220.43.14'),
('e71faf0cd3a5a3d962dfd9af917e107d', 'init|s:1:\"1\";csrfToken|s:40:\"47174fd5e77c3291dcb76c87250d1ece69730212\";slim.flash|a:1:{s:10:\"priorRoute\";s:31:\"/edurocha/web/user/form/profile\";}', 1726505262, '2024-09-16 13:23:42', 0, 1, 'Mozilla/5.0 (Macintosh; Intel Mac OS X 10_10_1) AppleWebKit/600.2.5 (KHTML, like Gecko) Version/8.0.2 Safari/600.2.5 (Amazonbot/0.1; +https://developer.amazon.com/support/amazonbot)', '23.22.35.162'),
('e7532e3227f082ce7dc1b1661cd4f5ad', 'init|s:1:\"1\";slim.flash|a:0:{}', 1729428292, '2024-10-20 09:20:52', 0, 0, 'okhttp/3.12.1', '186.220.43.14'),
('e81e32a7de1af0f8c33d5d0157821979', 'init|s:1:\"1\";slim.flash|a:0:{}', 1729756850, '2024-10-24 04:36:50', 0, 0, 'okhttp/3.12.1', '186.220.43.14'),
('e89802e8ad9d9854810cbc8701ec59d2', 'init|s:1:\"1\";slim.flash|a:0:{}', 1729787794, '2024-10-24 13:12:34', 0, 0, 'okhttp/3.12.1', '186.220.43.14'),
('e8ae1295ce0c47e9aa4ed634c5098897', 'init|s:1:\"1\";csrfToken|s:40:\"2c0520a4f315dfe4b2816b2ec73e7585c6fa4ca1\";slim.flash|a:0:{}', 1732662210, '2024-11-26 19:39:30', 0, 0, 'Mozilla/5.0 AppleWebKit/537.36 (KHTML, like Gecko; compatible; ClaudeBot/1.0; +claudebot@anthropic.com)', '18.221.175.48'),
('e9ba1f9a496850a6dd8092deda8cf185', 'init|s:1:\"1\";slim.flash|a:0:{}', 1729450084, '2024-10-20 15:24:04', 0, 0, 'okhttp/3.12.1', '186.220.43.14'),
('e9d4f0171a952476325b3395e0c3c8e7', 'init|s:1:\"1\";slim.flash|a:0:{}', 1729580004, '2024-10-22 03:29:24', 0, 0, 'okhttp/3.12.1', '186.220.43.14'),
('ea20f49ce911d6c5be97e7327cb94a44', 'init|s:1:\"1\";csrfToken|s:40:\"8ae19f93ab48bf93dbf110af30eb42600ff4e20a\";slim.flash|a:0:{}', 1730456728, '2024-11-01 07:01:28', 0, 0, 'Mozilla/5.0 (compatible; SemrushBot-BA; +http://www.semrush.com/bot.html)', '85.208.98.31'),
('ebe9b816454521bfc1379a9a242cbb29', 'init|s:1:\"1\";csrfToken|s:40:\"26987338b39ac273a00b96746f82248c05297f45\";slim.flash|a:0:{}', 1732584251, '2024-11-25 22:00:11', 0, 0, 'Mozilla/5.0 (Macintosh; Intel Mac OS X 10_10_1) AppleWebKit/600.2.5 (KHTML, like Gecko) Version/8.0.2 Safari/600.2.5 (Amazonbot/0.1; +https://developer.amazon.com/support/amazonbot)', '18.204.152.114'),
('ec25abc81cf137920dfb4eb971f4cc44', 'init|s:1:\"1\";csrfToken|s:40:\"42079ea3af3be09153a861bb2ee68f27904f89f6\";slim.flash|a:0:{}', 1728447636, '2024-10-09 00:56:36', 0, 0, 'Mozilla/5.0 (compatible; AhrefsBot/7.0; +http://ahrefs.com/robot/)', '51.222.253.3'),
('ede39fec99e296d868efcf096ff03e7d', 'init|s:1:\"1\";slim.flash|a:0:{}', 1729809729, '2024-10-24 19:18:09', 0, 0, 'okhttp/3.12.1', '186.220.43.14'),
('ef13bf648db1a6d680f7bbf01c83528b', 'init|s:1:\"1\";csrfToken|s:40:\"bc7273a93fcdaf1d9b525e4e126d7c2ae843d660\";slim.flash|a:0:{}', 1728412441, '2024-10-08 15:10:01', 0, 0, 'Mozilla/5.0 AppleWebKit/537.36 (KHTML, like Gecko; compatible; bingbot/2.0; +http://www.bing.com/bingbot.htm) Chrome/116.0.1938.76 Safari/537.36', '157.55.39.12'),
('efa2b9e9257749bdbb247ac088fee83e', 'init|s:1:\"1\";csrfToken|s:40:\"c95a6b25a30949b1e0321fd9040bdd14030a5673\";slim.flash|a:0:{}', 1729252158, '2024-10-18 08:25:18', 0, 0, 'Mozilla/5.0 AppleWebKit/537.36 (KHTML, like Gecko; compatible; ClaudeBot/1.0; +claudebot@anthropic.com)', '3.147.28.107'),
('f038c6bb5a786c8be2509bd26a02bf12', 'init|s:1:\"1\";csrfToken|s:40:\"0846a7a4a04c97e4ee6d0aecbbb1889e72c16987\";slim.flash|a:0:{}', 1727495836, '2024-09-28 00:33:16', 0, 1, 'Mozilla/5.0 (Linux; Android 6.0.1; Nexus 5X Build/MMB29P) AppleWebKit/537.36 (KHTML, like Gecko) Chrome/128.0.6613.137 Mobile Safari/537.36 (compatible; Googlebot/2.1; +http://www.google.com/bot.html)', '66.249.66.41'),
('f10092cbf94708e75cbace5690eb341b', 'init|s:1:\"1\";slim.flash|a:0:{}', 1729860233, '2024-10-25 09:19:53', 0, 0, 'okhttp/3.12.1', '186.220.43.14'),
('f13a970483aecea569d513d1f71dc967', 'init|s:1:\"1\";slim.flash|a:0:{}', 1729478963, '2024-10-20 23:25:23', 0, 0, 'okhttp/3.12.1', '186.220.43.14'),
('f2fa351e26e882162e9a295c91ab0203', 'init|s:1:\"1\";slim.flash|a:0:{}', 1729827799, '2024-10-25 00:19:19', 0, 0, 'okhttp/3.12.1', '186.220.43.14'),
('f30dc003f9cb828fd8165d9cdde2e9ab', 'init|s:1:\"1\";slim.flash|a:0:{}', 1729417319, '2024-10-20 06:17:59', 0, 0, 'okhttp/3.12.1', '186.220.43.14'),
('f3e6c0f083e306d86b8fb3baf120af56', 'init|s:1:\"1\";slim.flash|a:0:{}', 1729565561, '2024-10-21 23:28:41', 0, 0, 'okhttp/3.12.1', '186.220.43.14'),
('f5e42738a3db1578d047adb5df0b55ac', 'init|s:1:\"1\";csrfToken|s:40:\"d9fe900ac8458cbd20981b564fcdd5b230cd18d0\";slim.flash|a:1:{s:10:\"priorRoute\";s:30:\"/edurocha/web/index.php/logout\";}', 1732705358, '2024-11-27 07:38:38', 0, 0, 'Mozilla/5.0 (Macintosh; Intel Mac OS X 10_10_1) AppleWebKit/600.2.5 (KHTML, like Gecko) Version/8.0.2 Safari/600.2.5 (Amazonbot/0.1; +https://developer.amazon.com/support/amazonbot)', '52.73.6.26'),
('f708df2bcc312a1e67b8ab88257582f7', 'init|s:1:\"1\";slim.flash|a:0:{}', 1729655802, '2024-10-23 00:32:42', 0, 0, 'okhttp/3.12.1', '186.220.43.14'),
('f871ed35be7db08e2450f7ace9c2b291', 'init|s:1:\"1\";slim.flash|a:0:{}', 1729363117, '2024-10-19 15:14:37', 0, 0, 'okhttp/3.12.1', '186.220.43.14'),
('f8f24640c8cc84e263b6b296d7540a6a', 'init|s:1:\"1\";slim.flash|a:0:{}', 1729780593, '2024-10-24 11:12:33', 0, 0, 'okhttp/3.12.1', '186.220.43.14'),
('f900b91239a858920eb2c0b346e5b0c2', 'init|s:1:\"1\";slim.flash|a:0:{}', 1729764066, '2024-10-24 06:37:06', 0, 0, 'okhttp/3.12.1', '186.220.43.14'),
('fa866caf8fda22fc81662416cd73a842', 'init|s:1:\"1\";slim.flash|a:0:{}', 1729767674, '2024-10-24 07:37:14', 0, 0, 'okhttp/3.12.1', '186.220.43.14'),
('fb858254ad5b8a62616cf9d0ec47895e', 'init|s:1:\"1\";csrfToken|s:40:\"92bd36833b3e4db026ba4dd0b41fb9d17062b89c\";slim.flash|a:1:{s:10:\"priorRoute\";s:14:\"/edurocha/web/\";}', 1730585571, '2024-11-02 18:48:51', 0, 0, 'Mozilla/5.0 (Macintosh; Intel Mac OS X 10_10_1) AppleWebKit/600.2.5 (KHTML, like Gecko) Version/8.0.2 Safari/600.2.5 (Amazonbot/0.1; +https://developer.amazon.com/support/amazonbot)', '44.212.232.231'),
('fba23321bb5af434f5e87913c0d1fe80', 'init|s:1:\"1\";csrfToken|s:40:\"579d184a412f25ccf6025f200f6ece3d6eaf83dc\";slim.flash|a:0:{}', 1732539728, '2024-11-25 09:38:08', 0, 0, 'Mozilla/5.0 (compatible; SemrushBot-BA; +http://www.semrush.com/bot.html)', '85.208.98.31'),
('fce65257697da93fa318bcb0d4002de4', 'init|s:1:\"1\";csrfToken|s:40:\"8edc272a734b99d66d129939b590ef3a7abd3722\";slim.flash|a:0:{}', 1729845605, '2024-10-25 05:16:05', 0, 0, 'Mozilla/5.0 (compatible; SemrushBot-BA; +http://www.semrush.com/bot.html)', '85.208.98.22'),
('fe161865c5c9ae0c17f403e90beb7dad', 'init|s:1:\"1\";slim.flash|a:0:{}', 1729327009, '2024-10-19 05:12:49', 0, 0, 'okhttp/3.12.1', '186.220.43.14'),
('fe334049ba8c5057daa4a89561c14325', 'init|s:1:\"1\";csrfToken|s:40:\"506444b176df3e24ed7ecb19edd6fb432b47583c\";slim.flash|a:0:{}userid|i:1;', 1732796798, '2024-11-28 09:02:38', 1, 0, 'Mozilla/5.0 (Windows NT 10.0; Win64; x64) AppleWebKit/537.36 (KHTML, like Gecko) Chrome/131.0.0.0 Safari/537.36 Edg/131.0.0.0', '179.221.227.113'),
('ff1ac9526fb26ba2c122c91b25db3119', 'init|s:1:\"1\";csrfToken|s:40:\"01dfd1dd5b43372d58e51dc344e3921c001af5cc\";slim.flash|a:0:{}', 1730933322, '2024-11-06 19:24:42', 0, 0, 'Mozilla/5.0 (compatible; SemrushBot/7~bl; +http://www.semrush.com/bot.html)', '85.208.96.206'),
('fff3be063e1880aeb985768617dc5319', 'init|s:1:\"1\";slim.flash|a:0:{}', 1729727998, '2024-10-23 20:35:58', 0, 0, 'okhttp/3.12.1', '186.220.43.14');

-- --------------------------------------------------------

--
-- Estrutura para tabela `setting`
--

CREATE TABLE `setting` (
  `settingId` int(11) NOT NULL,
  `setting` varchar(50) NOT NULL,
  `value` varchar(1000) NOT NULL,
  `userSee` tinyint(4) NOT NULL DEFAULT '1',
  `userChange` tinyint(4) NOT NULL DEFAULT '0'
) ENGINE=InnoDB DEFAULT CHARSET=utf8;

--
-- Despejando dados para a tabela `setting`
--

INSERT INTO `setting` (`settingId`, `setting`, `value`, `userSee`, `userChange`) VALUES
(1, 'MEDIA_DEFAULT', 'private', 1, 1),
(2, 'LAYOUT_DEFAULT', 'private', 1, 1),
(3, 'defaultUsertype', 'User', 1, 1),
(7, 'userModule', 'module_user_general.php', 0, 0),
(11, 'defaultTimezone', 'America/Sao_Paulo', 1, 1),
(18, 'mail_to', 'mail@yoursite.com', 1, 1),
(19, 'mail_from', 'mail@yoursite.com', 1, 1),
(30, 'audit', 'emergency', 1, 1),
(33, 'LIBRARY_LOCATION', 'media/', 1, 1),
(34, 'SERVER_KEY', 'abcd1234', 1, 1),
(35, 'HELP_BASE', 'http://www.xibo.org.uk/manual/en/', 1, 1),
(36, 'PHONE_HOME', '0', 1, 1),
(37, 'PHONE_HOME_KEY', '44b9d800dfcf48a1e0c270648ee7867b', 0, 0),
(38, 'PHONE_HOME_URL', 'http://www.xibo.org.uk/stats/track.php', 0, 0),
(39, 'PHONE_HOME_DATE', '0', 0, 0),
(40, 'SERVER_MODE', 'Production', 1, 1),
(41, 'MAINTENANCE_ENABLED', 'Off', 1, 1),
(42, 'MAINTENANCE_EMAIL_ALERTS', '1', 1, 1),
(43, 'MAINTENANCE_KEY', 'changeme', 1, 1),
(44, 'MAINTENANCE_LOG_MAXAGE', '30', 1, 1),
(45, 'MAINTENANCE_STAT_MAXAGE', '30', 1, 1),
(46, 'MAINTENANCE_ALERT_TOUT', '12', 1, 1),
(47, 'SHOW_DISPLAY_AS_VNCLINK', '', 1, 1),
(48, 'SHOW_DISPLAY_AS_VNC_TGT', '_top', 1, 1),
(49, 'MAINTENANCE_ALWAYS_ALERT', '0', 1, 1),
(50, 'SCHEDULE_LOOKAHEAD', '1', 1, 0),
(51, 'REQUIRED_FILES_LOOKAHEAD', '172800', 1, 1),
(52, 'REGION_OPTIONS_COLOURING', 'Media Colouring', 1, 1),
(53, 'LAYOUT_COPY_MEDIA_CHECKB', '0', 1, 1),
(54, 'MAX_LICENSED_DISPLAYS', '0', 0, 0),
(55, 'LIBRARY_MEDIA_UPDATEINALL_CHECKB', '1', 1, 1),
(56, 'USER_PASSWORD_POLICY', '', 1, 1),
(57, 'USER_PASSWORD_ERROR', '', 1, 1),
(58, 'MODULE_CONFIG_LOCKED_CHECKB', '0', 0, 0),
(59, 'LIBRARY_SIZE_LIMIT_KB', '0', 1, 0),
(60, 'MONTHLY_XMDS_TRANSFER_LIMIT_KB', '0', 1, 0),
(61, 'DEFAULT_LANGUAGE', 'pt_BR', 1, 1),
(62, 'TRANSITION_CONFIG_LOCKED_CHECKB', '0', 1, 0),
(63, 'GLOBAL_THEME_NAME', 'default', 1, 1),
(64, 'DEFAULT_LAT', '51.504', 1, 1),
(65, 'DEFAULT_LONG', '-0.104', 1, 1),
(66, 'SCHEDULE_WITH_VIEW_PERMISSION', '0', 1, 1),
(67, 'SETTING_IMPORT_ENABLED', '1', 1, 1),
(68, 'SETTING_LIBRARY_TIDY_ENABLED', '1', 1, 1),
(69, 'SENDFILE_MODE', 'Off', 1, 1),
(70, 'EMBEDDED_STATUS_WIDGET', '', 1, 0),
(71, 'PROXY_HOST', '', 1, 1),
(72, 'PROXY_PORT', '0', 1, 1),
(73, 'PROXY_AUTH', '', 1, 1),
(74, 'DATE_FORMAT', 'd-m-Y H:i', 1, 1),
(75, 'DETECT_LANGUAGE', '0', 1, 1),
(76, 'DEFAULTS_IMPORTED', '1', 0, 0),
(77, 'FORCE_HTTPS', '0', 1, 1),
(78, 'ISSUE_STS', '0', 1, 1),
(79, 'STS_TTL', '600', 1, 1),
(81, 'CALENDAR_TYPE', 'Gregorian', 1, 1),
(82, 'DASHBOARD_LATEST_NEWS_ENABLED', '1', 1, 1),
(83, 'LIBRARY_MEDIA_DELETEOLDVER_CHECKB', '1', 1, 1),
(84, 'PROXY_EXCEPTIONS', '', 1, 1),
(85, 'INSTANCE_SUSPENDED', '0', 0, 0),
(86, 'INHERIT_PARENT_PERMISSIONS', '1', 1, 1),
(87, 'XMR_ADDRESS', 'tcp://localhost:5555', 1, 1),
(88, 'XMR_PUB_ADDRESS', '', 1, 1),
(89, 'CDN_URL', '', 0, 0),
(90, 'ELEVATE_LOG_UNTIL', '1587564540', 1, 1),
(91, 'RESTING_LOG_LEVEL', 'emergency', 1, 1),
(92, 'TASK_CONFIG_LOCKED_CHECKB', '0', 0, 0),
(93, 'WHITELIST_LOAD_BALANCERS', '', 1, 1),
(94, 'DEFAULT_LAYOUT', '', 1, 1),
(95, 'DISPLAY_PROFILE_STATS_DEFAULT', '0', 1, 1),
(96, 'DISPLAY_PROFILE_CURRENT_LAYOUT_STATUS_ENABLED', '1', 1, 1),
(97, 'DISPLAY_PROFILE_SCREENSHOT_INTERVAL_ENABLED', '1', 1, 1),
(98, 'DISPLAY_PROFILE_SCREENSHOT_SIZE_DEFAULT', '200', 1, 1),
(99, 'LATEST_NEWS_URL', 'http://xibo.org.uk/feed', 0, 0),
(100, 'DISPLAY_LOCK_NAME_TO_DEVICENAME', '0', 1, 1),
(101, 'mail_from_name', '', 1, 1),
(102, 'SCHEDULE_SHOW_LAYOUT_NAME', '0', 1, 1),
(103, 'DEFAULT_USERGROUP', '1', 1, 1),
(104, 'PASSWORD_REMINDER_ENABLED', 'Off', 1, 1),
(105, 'DISPLAY_AUTO_AUTH', '0', 0, 0),
(106, 'EVENT_SYNC', '0', 0, 0),
(107, 'DEFAULT_TRANSITION_DURATION', '1000', 1, 1),
(108, 'LAYOUT_STATS_ENABLED_DEFAULT', '0', 1, 1),
(109, 'DISPLAY_PROFILE_AGGREGATION_LEVEL_DEFAULT', 'Individual', 1, 1),
(110, 'MEDIA_STATS_ENABLED_DEFAULT', 'Inherit', 1, 1),
(111, 'WIDGET_STATS_ENABLED_DEFAULT', 'Inherit', 1, 1),
(112, 'NAVIGATION_MENU_POSITION', 'vertical', 1, 1),
(113, 'TWOFACTOR_ISSUER', '', 1, 1),
(114, 'PLAYLIST_STATS_ENABLED_DEFAULT', 'Inherit', 1, 1),
(115, 'DEFAULT_RESIZE_LIMIT', '6000', 1, 1),
(116, 'DEFAULT_RESIZE_THRESHOLD', '1920', 1, 1),
(117, 'DEFAULT_CASCADE_PERMISSION_CHECKB', '1', 1, 1),
(118, 'DEFAULT_TRANSITION_IN', 'fadeIn', 1, 1),
(119, 'DEFAULT_TRANSITION_OUT', 'fadeOut', 1, 1),
(120, 'DEFAULT_LAYOUT_AUTO_PUBLISH_CHECKB', '1', 1, 1),
(121, 'QUICK_CHART_URL', 'https://quickchart.io', 1, 1),
(122, 'DEFAULT_TRANSITION_AUTO_APPLY', '0', 1, 1);

-- --------------------------------------------------------

--
-- Estrutura para tabela `stat`
--

CREATE TABLE `stat` (
  `statId` int(11) NOT NULL,
  `type` varchar(20) NOT NULL,
  `statDate` int(11) NOT NULL,
  `scheduleId` int(11) NOT NULL,
  `displayId` int(11) NOT NULL,
  `campaignId` int(11) DEFAULT NULL,
  `layoutId` int(11) DEFAULT NULL,
  `mediaId` int(11) DEFAULT NULL,
  `widgetId` int(11) DEFAULT NULL,
  `start` int(11) NOT NULL,
  `end` int(11) NOT NULL,
  `tag` varchar(254) DEFAULT NULL,
  `duration` int(11) NOT NULL,
  `count` int(11) NOT NULL,
  `engagements` text
) ENGINE=InnoDB DEFAULT CHARSET=utf8;

-- --------------------------------------------------------

--
-- Estrutura para tabela `status`
--

CREATE TABLE `status` (
  `id` int(11) NOT NULL,
  `status` varchar(254) NOT NULL
) ENGINE=InnoDB DEFAULT CHARSET=utf8;

--
-- Despejando dados para a tabela `status`
--

INSERT INTO `status` (`id`, `status`) VALUES
(1, 'Published'),
(2, 'Draft'),
(3, 'Pending Approval');

-- --------------------------------------------------------

--
-- Estrutura para tabela `tag`
--

CREATE TABLE `tag` (
  `tagId` int(11) NOT NULL,
  `tag` varchar(50) NOT NULL,
  `isSystem` int(11) NOT NULL DEFAULT '0',
  `options` text,
  `isRequired` int(11) NOT NULL DEFAULT '0'
) ENGINE=InnoDB DEFAULT CHARSET=utf8;

--
-- Despejando dados para a tabela `tag`
--

INSERT INTO `tag` (`tagId`, `tag`, `isSystem`, `options`, `isRequired`) VALUES
(1, 'template', 1, NULL, 0),
(2, 'background', 1, NULL, 0),
(3, 'thumbnail', 1, NULL, 0),
(4, 'default', 0, NULL, 0),
(5, 'imported', 0, NULL, 0),
(6, '', 0, NULL, 0),
(7, 'RosaDESaron', 0, NULL, 0),
(8, 'RosaDeSaron_02', 0, NULL, 0),
(9, 'Academia Brutale', 0, NULL, 0);

-- --------------------------------------------------------

--
-- Estrutura para tabela `task`
--

CREATE TABLE `task` (
  `taskId` int(11) NOT NULL,
  `name` varchar(254) NOT NULL,
  `class` varchar(254) NOT NULL,
  `status` tinyint(4) NOT NULL DEFAULT '2',
  `pid` int(11) DEFAULT NULL,
  `options` text,
  `schedule` varchar(254) NOT NULL,
  `lastRunDt` int(11) NOT NULL DEFAULT '0',
  `lastRunStartDt` int(11) DEFAULT NULL,
  `lastRunMessage` varchar(255) DEFAULT NULL,
  `lastRunStatus` tinyint(4) NOT NULL DEFAULT '0',
  `lastRunDuration` smallint(6) NOT NULL DEFAULT '0',
  `lastRunExitCode` smallint(6) NOT NULL DEFAULT '0',
  `isActive` tinyint(4) NOT NULL,
  `runNow` tinyint(4) NOT NULL DEFAULT '0',
  `configFile` varchar(254) NOT NULL
) ENGINE=InnoDB DEFAULT CHARSET=utf8;

--
-- Despejando dados para a tabela `task`
--

INSERT INTO `task` (`taskId`, `name`, `class`, `status`, `pid`, `options`, `schedule`, `lastRunDt`, `lastRunStartDt`, `lastRunMessage`, `lastRunStatus`, `lastRunDuration`, `lastRunExitCode`, `isActive`, `runNow`, `configFile`) VALUES
(1, 'Daily Maintenance', '\\Xibo\\XTR\\MaintenanceDailyTask', 2, 0, '[]', '0 0 * * * *', 1732667945, 1732667945, '# Manutenção Diária\n\n## Importar Layouts\n - Não requer.\n\n## Limpar registros\n - Concluído.\n\n## Tidy Cache\n - Concluído.\n\n## Purge Expired API Tokens\n - Concluído.\n\n', 4, 0, 0, 1, 0, '/tasks/maintenance-daily.task'),
(2, 'Regular Maintenance', '\\Xibo\\XTR\\MaintenanceRegularTask', 2, 0, '[]', '*/5 * * * * *', 1732706862, 1732706862, '# Ligar pela Rede\n - Done\n\n## Playlist Duration Updates\n - Done\n\n## Criar Layouts\n - Done\n\n## Avançado\n - Done\n\n## Publishing layouts with set publish dates\n - Done\n\n', 4, 0, 0, 1, 0, '/tasks/maintenance-regular.task'),
(3, 'Email Notifications', '\\Xibo\\XTR\\EmailNotificationsTask', 2, 0, '[]', '*/5 * * * * *', 1732706862, 1732706862, '# Notificações por Email\n\n## Notificações por Email\n - Done\n', 4, 0, 0, 1, 0, '/tasks/email-notifications.task'),
(4, 'Stats Archive', '\\Xibo\\XTR\\StatsArchiveTask', 2, 0, '{\"periodSizeInDays\":\"7\",\"maxPeriods\":\"4\",\"archiveStats\":\"On\"}', '0 0 * * Mon', 1732667945, 1732667945, 'Nada para arquivar## Estatísicas do Tidy\n - Done - 0 deleted.\n\n', 4, 0, 0, 1, 0, '/tasks/stats-archiver.task'),
(5, 'Remove old Notifications', '\\Xibo\\XTR\\NotificationTidyTask', 2, 0, '{\"maxAgeDays\":\"7\",\"systemOnly\":\"1\",\"readOnly\":\"0\"}', '15 0 * * *', 1732667945, 1732667945, '# Notification Tidy\n\nConcluído\n\n', 4, 0, 0, 1, 0, '/tasks/notification-tidy.task'),
(6, 'Fetch Remote DataSets', '\\Xibo\\XTR\\RemoteDataSetFetchTask', 2, 0, '[]', '30 * * * * *', 1732706862, 1732706862, '# Fetching Remote-DataSets\n\nConcluído\n', 4, 0, 0, 1, 0, '/tasks/remote-dataset.task'),
(7, 'Drop Player Cache', '\\Xibo\\XTR\\DropPlayerCacheTask', 2, NULL, '[]', '0 0 1 1 *', 0, NULL, NULL, 0, 0, 0, 0, 0, '/tasks/drop-player-cache.task'),
(8, 'Sync Dynamic Playlists', '\\Xibo\\XTR\\DynamicPlaylistSyncTask', 2, 0, '[]', '* * * * * *', 1732706862, 1732706862, 'No library media/playlist updates since we last ran\n', 4, 0, 0, 1, 0, '/tasks/dynamic-playlist-sync.task'),
(9, 'Widget Sync', '\\Xibo\\XTR\\WidgetSyncTask', 2, 0, '[]', '*/3 * * * *', 1732706862, 1732706862, 'Synced 0 widgets across 0 layouts.\n', 4, 0, 0, 1, 0, '/tasks/widget-sync.task'),
(10, 'Report Schedule', '\\Xibo\\XTR\\ReportScheduleTask', 2, 0, '[]', '*/5 * * * * *', 1732706862, 1732706862, '# Report schedule\n\n', 4, 0, 0, 1, 0, '/tasks/report-schedule.task'),
(11, 'Statistics Migration', '\\Xibo\\XTR\\StatsMigrationTask', 2, 0, '{\"killSwitch\":\"0\",\"numberOfRecords\":\"5000\",\"numberOfLoops\":\"10\",\"pauseBetweenLoops\":\"1\",\"optimiseOnComplete\":\"1\"}', '*/10 * * * * *', 1632500845, 1632500845, '## Moving from stat_archive to stat (MySQL)\nDisabling Stats Archive Task.\n- Initial watermark is 1\n\n# End of records.\n- Dropping stat_archive.\nDone.\n\n# Disabling task.\nDone.\n\nEnabling Stats Archive Task.\n', 4, 0, 0, 0, 0, '/tasks/stats-migration.task'),
(12, 'Schedule Reminder', '\\Xibo\\XTR\\ScheduleReminderTask', 2, 0, '[]', '*/5 * * * * *', 1732706862, 1732706862, '# Schedule reminder\n\n', 4, 0, 0, 1, 0, '/tasks/schedule-reminder.task'),
(13, 'Image Processing', '\\Xibo\\XTR\\ImageProcessingTask', 2, 0, '[]', '*/5 * * * * *', 1732706862, 1732706862, '# Image Processing\n\nReleased and modified image count. 0\n', 4, 0, 0, 1, 0, '/tasks/image-processing.task');

-- --------------------------------------------------------

--
-- Estrutura para tabela `transition`
--

CREATE TABLE `transition` (
  `transitionId` int(11) NOT NULL,
  `transition` varchar(254) NOT NULL,
  `code` varchar(254) NOT NULL,
  `hasDuration` tinyint(4) NOT NULL,
  `hasDirection` tinyint(4) NOT NULL,
  `availableAsIn` tinyint(4) NOT NULL,
  `availableAsOut` tinyint(4) NOT NULL
) ENGINE=InnoDB DEFAULT CHARSET=utf8;

--
-- Despejando dados para a tabela `transition`
--

INSERT INTO `transition` (`transitionId`, `transition`, `code`, `hasDuration`, `hasDirection`, `availableAsIn`, `availableAsOut`) VALUES
(1, 'Fade In', 'fadeIn', 1, 0, 1, 0),
(2, 'Fade Out', 'fadeOut', 1, 0, 0, 1),
(3, 'Fly', 'fly', 1, 1, 1, 1);

-- --------------------------------------------------------

--
-- Estrutura para tabela `user`
--

CREATE TABLE `user` (
  `userId` int(11) NOT NULL,
  `userTypeId` int(11) NOT NULL,
  `userName` varchar(50) NOT NULL,
  `userPassword` varchar(255) NOT NULL,
  `lastAccessed` datetime DEFAULT NULL,
  `email` varchar(255) DEFAULT NULL,
  `homePageId` tinyint(4) NOT NULL DEFAULT '1',
  `retired` tinyint(4) NOT NULL DEFAULT '0',
  `csprng` tinyint(4) NOT NULL DEFAULT '0',
  `newUserWizard` tinyint(4) NOT NULL DEFAULT '0',
  `firstName` varchar(254) DEFAULT NULL,
  `lastName` varchar(254) DEFAULT NULL,
  `phone` varchar(254) DEFAULT NULL,
  `ref1` varchar(254) DEFAULT NULL,
  `ref2` varchar(254) DEFAULT NULL,
  `ref3` varchar(254) DEFAULT NULL,
  `ref4` varchar(254) DEFAULT NULL,
  `ref5` varchar(254) DEFAULT NULL,
  `isPasswordChangeRequired` tinyint(4) NOT NULL DEFAULT '0',
  `twoFactorTypeId` int(11) NOT NULL DEFAULT '0',
  `twoFactorSecret` text,
  `twoFactorRecoveryCodes` text,
  `showContentFrom` tinyint(4) NOT NULL DEFAULT '1'
) ENGINE=InnoDB DEFAULT CHARSET=utf8;

--
-- Despejando dados para a tabela `user`
--

INSERT INTO `user` (`userId`, `userTypeId`, `userName`, `userPassword`, `lastAccessed`, `email`, `homePageId`, `retired`, `csprng`, `newUserWizard`, `firstName`, `lastName`, `phone`, `ref1`, `ref2`, `ref3`, `ref4`, `ref5`, `isPasswordChangeRequired`, `twoFactorTypeId`, `twoFactorSecret`, `twoFactorRecoveryCodes`, `showContentFrom`) VALUES
(1, 1, 'admin', '$2y$10$Nw7zFDAOPFwmaEfWprv6pOHbAlevwErV8GmlGvip6zZMos7MHIh7S', '2024-11-28 09:01:03', NULL, 29, 0, 2, 1, NULL, NULL, NULL, NULL, NULL, NULL, NULL, NULL, 0, 0, NULL, NULL, 1),
(4, 3, 'tabela', '$2y$10$dl6vQSDMZrhBNaGjQZ3/6.MkX6AlzSq4n5FhcGbrvzokHTb1A1jG6', '2021-01-14 19:24:19', NULL, 24, 0, 2, 1, NULL, NULL, NULL, NULL, NULL, NULL, NULL, NULL, 0, 0, NULL, NULL, 1);

-- --------------------------------------------------------

--
-- Estrutura para tabela `useroption`
--

CREATE TABLE `useroption` (
  `userId` int(11) NOT NULL,
  `option` varchar(50) NOT NULL,
  `value` text
) ENGINE=InnoDB DEFAULT CHARSET=utf8;

--
-- Despejando dados para a tabela `useroption`
--

INSERT INTO `useroption` (`userId`, `option`, `value`) VALUES
(1, 'applicationsGrid', '{\"time\":1620157635431,\"start\":0,\"length\":10,\"order\":[[0,\"asc\"]],\"search\":{\"search\":\"\",\"smart\":true,\"regex\":false,\"caseInsensitive\":true},\"columns\":[{\"visible\":true,\"search\":{\"search\":\"\",\"smart\":true,\"regex\":false,\"caseInsensitive\":true}},{\"visible\":true,\"search\":{\"search\":\"\",\"smart\":true,\"regex\":false,\"caseInsensitive\":true}},{\"visible\":true,\"search\":{\"search\":\"\",\"smart\":true,\"regex\":false,\"caseInsensitive\":true}}]}'),
(1, 'campaignGrid', '{\"time\":1728581204110,\"start\":0,\"length\":10,\"order\":[[0,\"asc\"]],\"search\":{\"search\":\"\",\"smart\":true,\"regex\":false,\"caseInsensitive\":true},\"columns\":[{\"visible\":true,\"search\":{\"search\":\"\",\"smart\":true,\"regex\":false,\"caseInsensitive\":true}},{\"visible\":true,\"search\":{\"search\":\"\",\"smart\":true,\"regex\":false,\"caseInsensitive\":true}},{\"visible\":true,\"search\":{\"search\":\"\",\"smart\":true,\"regex\":false,\"caseInsensitive\":true}},{\"visible\":true,\"search\":{\"search\":\"\",\"smart\":true,\"regex\":false,\"caseInsensitive\":true}},{\"visible\":true,\"search\":{\"search\":\"\",\"smart\":true,\"regex\":false,\"caseInsensitive\":true}}]}'),
(1, 'campaignLayoutAssignGrid', '{\"time\":1728581208770,\"start\":0,\"length\":5,\"order\":[[0,\"asc\"]],\"search\":{\"search\":\"\",\"smart\":true,\"regex\":false,\"caseInsensitive\":true},\"columns\":[{\"visible\":true,\"search\":{\"search\":\"\",\"smart\":true,\"regex\":false,\"caseInsensitive\":true}},{\"visible\":true,\"search\":{\"search\":\"\",\"smart\":true,\"regex\":false,\"caseInsensitive\":true}},{\"visible\":true,\"search\":{\"search\":\"\",\"smart\":true,\"regex\":false,\"caseInsensitive\":true}},{\"visible\":true,\"search\":{\"search\":\"\",\"smart\":true,\"regex\":false,\"caseInsensitive\":true}}]}'),
(1, 'commandGrid', '{\"time\":1705332649750,\"start\":0,\"length\":10,\"order\":[[1,\"asc\"]],\"search\":{\"search\":\"\",\"smart\":true,\"regex\":false,\"caseInsensitive\":true},\"columns\":[{\"visible\":true,\"search\":{\"search\":\"\",\"smart\":true,\"regex\":false,\"caseInsensitive\":true}},{\"visible\":true,\"search\":{\"search\":\"\",\"smart\":true,\"regex\":false,\"caseInsensitive\":true}},{\"visible\":true,\"search\":{\"search\":\"\",\"smart\":true,\"regex\":false,\"caseInsensitive\":true}},{\"visible\":true,\"search\":{\"search\":\"\",\"smart\":true,\"regex\":false,\"caseInsensitive\":true}},{\"visible\":true,\"search\":{\"search\":\"\",\"smart\":true,\"regex\":false,\"caseInsensitive\":true}}]}'),
(1, 'dataSetColumnGrid', '{\"time\":1620157605947,\"start\":0,\"length\":10,\"order\":[[0,\"asc\"]],\"search\":{\"search\":\"\",\"smart\":true,\"regex\":false,\"caseInsensitive\":true},\"columns\":[{\"visible\":true,\"search\":{\"search\":\"\",\"smart\":true,\"regex\":false,\"caseInsensitive\":true}},{\"visible\":true,\"search\":{\"search\":\"\",\"smart\":true,\"regex\":false,\"caseInsensitive\":true}},{\"visible\":true,\"search\":{\"search\":\"\",\"smart\":true,\"regex\":false,\"caseInsensitive\":true}},{\"visible\":true,\"search\":{\"search\":\"\",\"smart\":true,\"regex\":false,\"caseInsensitive\":true}},{\"visible\":true,\"search\":{\"search\":\"\",\"smart\":true,\"regex\":false,\"caseInsensitive\":true}},{\"visible\":true,\"search\":{\"search\":\"\",\"smart\":true,\"regex\":false,\"caseInsensitive\":true}}]}'),
(1, 'dataSetGrid', '{\"time\":1705332657682,\"start\":0,\"length\":25,\"order\":[[0,\"asc\"]],\"search\":{\"search\":\"\",\"smart\":true,\"regex\":false,\"caseInsensitive\":true},\"columns\":[{\"visible\":true,\"search\":{\"search\":\"\",\"smart\":true,\"regex\":false,\"caseInsensitive\":true}},{\"visible\":true,\"search\":{\"search\":\"\",\"smart\":true,\"regex\":false,\"caseInsensitive\":true}},{\"visible\":true,\"search\":{\"search\":\"\",\"smart\":true,\"regex\":false,\"caseInsensitive\":true}},{\"visible\":true,\"search\":{\"search\":\"\",\"smart\":true,\"regex\":false,\"caseInsensitive\":true}},{\"visible\":true,\"search\":{\"search\":\"\",\"smart\":true,\"regex\":false,\"caseInsensitive\":true}},{\"visible\":true,\"search\":{\"search\":\"\",\"smart\":true,\"regex\":false,\"caseInsensitive\":true}},{\"visible\":true,\"search\":{\"search\":\"\",\"smart\":true,\"regex\":false,\"caseInsensitive\":true}},{\"visible\":true,\"search\":{\"search\":\"\",\"smart\":true,\"regex\":false,\"caseInsensitive\":true}},{\"visible\":true,\"search\":{\"search\":\"\",\"smart\":true,\"regex\":false,\"caseInsensitive\":true}}]}'),
(1, 'daypartGrid', '{\"time\":1614461439990,\"start\":0,\"length\":10,\"order\":[[1,\"asc\"]],\"search\":{\"search\":\"\",\"smart\":true,\"regex\":false,\"caseInsensitive\":true},\"columns\":[{\"visible\":true,\"search\":{\"search\":\"\",\"smart\":true,\"regex\":false,\"caseInsensitive\":true}},{\"visible\":true,\"search\":{\"search\":\"\",\"smart\":true,\"regex\":false,\"caseInsensitive\":true}},{\"visible\":true,\"search\":{\"search\":\"\",\"smart\":true,\"regex\":false,\"caseInsensitive\":true}},{\"visible\":true,\"search\":{\"search\":\"\",\"smart\":true,\"regex\":false,\"caseInsensitive\":true}},{\"visible\":true,\"search\":{\"search\":\"\",\"smart\":true,\"regex\":false,\"caseInsensitive\":true}}]}'),
(1, 'displayGrid', '{\"time\":1726503646471,\"start\":0,\"length\":10,\"order\":[[1,\"asc\"]],\"search\":{\"search\":\"\",\"smart\":true,\"regex\":false,\"caseInsensitive\":true},\"columns\":[{\"visible\":true,\"search\":{\"search\":\"\",\"smart\":true,\"regex\":false,\"caseInsensitive\":true}},{\"visible\":true,\"search\":{\"search\":\"\",\"smart\":true,\"regex\":false,\"caseInsensitive\":true}},{\"visible\":true,\"search\":{\"search\":\"\",\"smart\":true,\"regex\":false,\"caseInsensitive\":true}},{\"visible\":true,\"search\":{\"search\":\"\",\"smart\":true,\"regex\":false,\"caseInsensitive\":true}},{\"visible\":false,\"search\":{\"search\":\"\",\"smart\":true,\"regex\":false,\"caseInsensitive\":true}},{\"visible\":false,\"search\":{\"search\":\"\",\"smart\":true,\"regex\":false,\"caseInsensitive\":true}},{\"visible\":false,\"search\":{\"search\":\"\",\"smart\":true,\"regex\":false,\"caseInsensitive\":true}},{\"visible\":false,\"search\":{\"search\":\"\",\"smart\":true,\"regex\":false,\"caseInsensitive\":true}},{\"visible\":false,\"search\":{\"search\":\"\",\"smart\":true,\"regex\":false,\"caseInsensitive\":true}},{\"visible\":false,\"search\":{\"search\":\"\",\"smart\":true,\"regex\":false,\"caseInsensitive\":true}},{\"visible\":false,\"search\":{\"search\":\"\",\"smart\":true,\"regex\":false,\"caseInsensitive\":true}},{\"visible\":false,\"search\":{\"search\":\"\",\"smart\":true,\"regex\":false,\"caseInsensitive\":true}},{\"visible\":false,\"search\":{\"search\":\"\",\"smart\":true,\"regex\":false,\"caseInsensitive\":true}},{\"visible\":false,\"search\":{\"search\":\"\",\"smart\":true,\"regex\":false,\"caseInsensitive\":true}},{\"visible\":false,\"search\":{\"search\":\"\",\"smart\":true,\"regex\":false,\"caseInsensitive\":true}},{\"visible\":true,\"search\":{\"search\":\"\",\"smart\":true,\"regex\":false,\"caseInsensitive\":true}},{\"visible\":true,\"search\":{\"search\":\"\",\"smart\":true,\"regex\":false,\"caseInsensitive\":true}},{\"visible\":false,\"search\":{\"search\":\"\",\"smart\":true,\"regex\":false,\"caseInsensitive\":true}},{\"visible\":false,\"search\":{\"search\":\"\",\"smart\":true,\"regex\":false,\"caseInsensitive\":true}},{\"visible\":false,\"search\":{\"search\":\"\",\"smart\":true,\"regex\":false,\"caseInsensitive\":true}},{\"visible\":false,\"search\":{\"search\":\"\",\"smart\":true,\"regex\":false,\"caseInsensitive\":true}},{\"visible\":true,\"search\":{\"search\":\"\",\"smart\":true,\"regex\":false,\"caseInsensitive\":true}},{\"visible\":false,\"search\":{\"search\":\"\",\"smart\":true,\"regex\":false,\"caseInsensitive\":true}},{\"visible\":false,\"search\":{\"search\":\"\",\"smart\":true,\"regex\":false,\"caseInsensitive\":true}},{\"visible\":false,\"search\":{\"search\":\"\",\"smart\":true,\"regex\":false,\"caseInsensitive\":true}},{\"visible\":false,\"search\":{\"search\":\"\",\"smart\":true,\"regex\":false,\"caseInsensitive\":true}},{\"visible\":false,\"search\":{\"search\":\"\",\"smart\":true,\"regex\":false,\"caseInsensitive\":true}},{\"visible\":false,\"search\":{\"search\":\"\",\"smart\":true,\"regex\":false,\"caseInsensitive\":true}},{\"visible\":false,\"search\":{\"search\":\"\",\"smart\":true,\"regex\":false,\"caseInsensitive\":true}},{\"visible\":false,\"search\":{\"search\":\"\",\"smart\":true,\"regex\":false,\"caseInsensitive\":true}},{\"visible\":false,\"search\":{\"search\":\"\",\"smart\":true,\"regex\":false,\"caseInsensitive\":true}},{\"visible\":false,\"search\":{\"search\":\"\",\"smart\":true,\"regex\":false,\"caseInsensitive\":true}},{\"visible\":true,\"search\":{\"search\":\"\",\"smart\":true,\"regex\":false,\"caseInsensitive\":true}},{\"visible\":true,\"search\":{\"search\":\"\",\"smart\":true,\"regex\":false,\"caseInsensitive\":true}}]}'),
(1, 'displayGroupGrid', '{\"time\":1705332630490,\"start\":0,\"length\":10,\"order\":[[1,\"asc\"]],\"search\":{\"search\":\"\",\"smart\":true,\"regex\":false,\"caseInsensitive\":true},\"columns\":[{\"visible\":true,\"search\":{\"search\":\"\",\"smart\":true,\"regex\":false,\"caseInsensitive\":true}},{\"visible\":true,\"search\":{\"search\":\"\",\"smart\":true,\"regex\":false,\"caseInsensitive\":true}},{\"visible\":true,\"search\":{\"search\":\"\",\"smart\":true,\"regex\":false,\"caseInsensitive\":true}},{\"visible\":true,\"search\":{\"search\":\"\",\"smart\":true,\"regex\":false,\"caseInsensitive\":true}},{\"visible\":true,\"search\":{\"search\":\"\",\"smart\":true,\"regex\":false,\"caseInsensitive\":true}},{\"visible\":true,\"search\":{\"search\":\"\",\"smart\":true,\"regex\":false,\"caseInsensitive\":true}},{\"visible\":true,\"search\":{\"search\":\"\",\"smart\":true,\"regex\":false,\"caseInsensitive\":true}},{\"visible\":true,\"search\":{\"search\":\"\",\"smart\":true,\"regex\":false,\"caseInsensitive\":true}}]}'),
(1, 'displayProfileGrid', '{\"time\":1705332646452,\"start\":0,\"length\":10,\"order\":[[1,\"asc\"]],\"search\":{\"search\":\"\",\"smart\":true,\"regex\":false,\"caseInsensitive\":true},\"columns\":[{\"visible\":true,\"search\":{\"search\":\"\",\"smart\":true,\"regex\":false,\"caseInsensitive\":true}},{\"visible\":true,\"search\":{\"search\":\"\",\"smart\":true,\"regex\":false,\"caseInsensitive\":true}},{\"visible\":true,\"search\":{\"search\":\"\",\"smart\":true,\"regex\":false,\"caseInsensitive\":true}},{\"visible\":true,\"search\":{\"search\":\"\",\"smart\":true,\"regex\":false,\"caseInsensitive\":true}}]}'),
(1, 'displaysGrid', '{\"time\":1694429339082,\"start\":0,\"length\":10,\"order\":[[1,\"asc\"]],\"search\":{\"search\":\"\",\"smart\":true,\"regex\":false,\"caseInsensitive\":true},\"columns\":[{\"visible\":true,\"search\":{\"search\":\"\",\"smart\":true,\"regex\":false,\"caseInsensitive\":true}},{\"visible\":true,\"search\":{\"search\":\"\",\"smart\":true,\"regex\":false,\"caseInsensitive\":true}},{\"visible\":true,\"search\":{\"search\":\"\",\"smart\":true,\"regex\":false,\"caseInsensitive\":true}},{\"visible\":true,\"search\":{\"search\":\"\",\"smart\":true,\"regex\":false,\"caseInsensitive\":true}},{\"visible\":false,\"search\":{\"search\":\"\",\"smart\":true,\"regex\":false,\"caseInsensitive\":true}},{\"visible\":false,\"search\":{\"search\":\"\",\"smart\":true,\"regex\":false,\"caseInsensitive\":true}},{\"visible\":false,\"search\":{\"search\":\"\",\"smart\":true,\"regex\":false,\"caseInsensitive\":true}},{\"visible\":false,\"search\":{\"search\":\"\",\"smart\":true,\"regex\":false,\"caseInsensitive\":true}},{\"visible\":false,\"search\":{\"search\":\"\",\"smart\":true,\"regex\":false,\"caseInsensitive\":true}},{\"visible\":false,\"search\":{\"search\":\"\",\"smart\":true,\"regex\":false,\"caseInsensitive\":true}},{\"visible\":false,\"search\":{\"search\":\"\",\"smart\":true,\"regex\":false,\"caseInsensitive\":true}},{\"visible\":false,\"search\":{\"search\":\"\",\"smart\":true,\"regex\":false,\"caseInsensitive\":true}},{\"visible\":false,\"search\":{\"search\":\"\",\"smart\":true,\"regex\":false,\"caseInsensitive\":true}},{\"visible\":true,\"search\":{\"search\":\"\",\"smart\":true,\"regex\":false,\"caseInsensitive\":true}},{\"visible\":true,\"search\":{\"search\":\"\",\"smart\":true,\"regex\":false,\"caseInsensitive\":true}},{\"visible\":false,\"search\":{\"search\":\"\",\"smart\":true,\"regex\":false,\"caseInsensitive\":true}},{\"visible\":false,\"search\":{\"search\":\"\",\"smart\":true,\"regex\":false,\"caseInsensitive\":true}},{\"visible\":false,\"search\":{\"search\":\"\",\"smart\":true,\"regex\":false,\"caseInsensitive\":true}},{\"visible\":false,\"search\":{\"search\":\"\",\"smart\":true,\"regex\":false,\"caseInsensitive\":true}},{\"visible\":true,\"search\":{\"search\":\"\",\"smart\":true,\"regex\":false,\"caseInsensitive\":true}},{\"visible\":false,\"search\":{\"search\":\"\",\"smart\":true,\"regex\":false,\"caseInsensitive\":true}},{\"visible\":false,\"search\":{\"search\":\"\",\"smart\":true,\"regex\":false,\"caseInsensitive\":true}},{\"visible\":false,\"search\":{\"search\":\"\",\"smart\":true,\"regex\":false,\"caseInsensitive\":true}},{\"visible\":false,\"search\":{\"search\":\"\",\"smart\":true,\"regex\":false,\"caseInsensitive\":true}},{\"visible\":false,\"search\":{\"search\":\"\",\"smart\":true,\"regex\":false,\"caseInsensitive\":true}},{\"visible\":true,\"search\":{\"search\":\"\",\"smart\":true,\"regex\":false,\"caseInsensitive\":true}}]}'),
(1, 'layoutGrid', '{\"time\":1726171537285,\"start\":0,\"length\":10,\"order\":[[10,\"desc\"]],\"search\":{\"search\":\"\",\"smart\":true,\"regex\":false,\"caseInsensitive\":true},\"columns\":[{\"visible\":true,\"search\":{\"search\":\"\",\"smart\":true,\"regex\":false,\"caseInsensitive\":true}},{\"visible\":true,\"search\":{\"search\":\"\",\"smart\":true,\"regex\":false,\"caseInsensitive\":true}},{\"visible\":true,\"search\":{\"search\":\"\",\"smart\":true,\"regex\":false,\"caseInsensitive\":true}},{\"visible\":true,\"search\":{\"search\":\"\",\"smart\":true,\"regex\":false,\"caseInsensitive\":true}},{\"visible\":true,\"search\":{\"search\":\"\",\"smart\":true,\"regex\":false,\"caseInsensitive\":true}},{\"visible\":false,\"search\":{\"search\":\"\",\"smart\":true,\"regex\":false,\"caseInsensitive\":true}},{\"visible\":true,\"search\":{\"search\":\"\",\"smart\":true,\"regex\":false,\"caseInsensitive\":true}},{\"visible\":true,\"search\":{\"search\":\"\",\"smart\":true,\"regex\":false,\"caseInsensitive\":true}},{\"visible\":true,\"search\":{\"search\":\"\",\"smart\":true,\"regex\":false,\"caseInsensitive\":true}},{\"visible\":true,\"search\":{\"search\":\"\",\"smart\":true,\"regex\":false,\"caseInsensitive\":true}},{\"visible\":true,\"search\":{\"search\":\"\",\"smart\":true,\"regex\":false,\"caseInsensitive\":true}},{\"visible\":false,\"search\":{\"search\":\"\",\"smart\":true,\"regex\":false,\"caseInsensitive\":true}},{\"visible\":false,\"search\":{\"search\":\"\",\"smart\":true,\"regex\":false,\"caseInsensitive\":true}},{\"visible\":true,\"search\":{\"search\":\"\",\"smart\":true,\"regex\":false,\"caseInsensitive\":true}}]}'),
(1, 'libraryGrid', '{\"time\":1728581275102,\"start\":0,\"length\":50,\"order\":[[1,\"asc\"]],\"search\":{\"search\":\"\",\"smart\":true,\"regex\":false,\"caseInsensitive\":true},\"columns\":[{\"visible\":true,\"search\":{\"search\":\"\",\"smart\":true,\"regex\":false,\"caseInsensitive\":true}},{\"visible\":true,\"search\":{\"search\":\"\",\"smart\":true,\"regex\":false,\"caseInsensitive\":true}},{\"visible\":true,\"search\":{\"search\":\"\",\"smart\":true,\"regex\":false,\"caseInsensitive\":true}},{\"visible\":false,\"search\":{\"search\":\"\",\"smart\":true,\"regex\":false,\"caseInsensitive\":true}},{\"visible\":true,\"search\":{\"search\":\"\",\"smart\":true,\"regex\":false,\"caseInsensitive\":true}},{\"visible\":true,\"search\":{\"search\":\"\",\"smart\":true,\"regex\":false,\"caseInsensitive\":true}},{\"visible\":false,\"search\":{\"search\":\"\",\"smart\":true,\"regex\":false,\"caseInsensitive\":true}},{\"visible\":true,\"search\":{\"search\":\"\",\"smart\":true,\"regex\":false,\"caseInsensitive\":true}},{\"visible\":false,\"search\":{\"search\":\"\",\"smart\":true,\"regex\":false,\"caseInsensitive\":true}},{\"visible\":true,\"search\":{\"search\":\"\",\"smart\":true,\"regex\":false,\"caseInsensitive\":true}},{\"visible\":true,\"search\":{\"search\":\"\",\"smart\":true,\"regex\":false,\"caseInsensitive\":true}},{\"visible\":false,\"search\":{\"search\":\"\",\"smart\":true,\"regex\":false,\"caseInsensitive\":true}},{\"visible\":false,\"search\":{\"search\":\"\",\"smart\":true,\"regex\":false,\"caseInsensitive\":true}},{\"visible\":true,\"search\":{\"search\":\"\",\"smart\":true,\"regex\":false,\"caseInsensitive\":true}},{\"visible\":true,\"search\":{\"search\":\"\",\"smart\":true,\"regex\":false,\"caseInsensitive\":true}},{\"visible\":false,\"search\":{\"search\":\"\",\"smart\":true,\"regex\":false,\"caseInsensitive\":true}},{\"visible\":false,\"search\":{\"search\":\"\",\"smart\":true,\"regex\":false,\"caseInsensitive\":true}},{\"visible\":true,\"search\":{\"search\":\"\",\"smart\":true,\"regex\":false,\"caseInsensitive\":true}},{\"visible\":true,\"search\":{\"search\":\"\",\"smart\":true,\"regex\":false,\"caseInsensitive\":true}}]}'),
(1, 'logGrid', '{\"time\":1595862333984,\"start\":0,\"length\":10,\"order\":[[0,\"desc\"]],\"search\":{\"search\":\"\",\"smart\":true,\"regex\":false,\"caseInsensitive\":true},\"columns\":[{\"visible\":true,\"search\":{\"search\":\"\",\"smart\":true,\"regex\":false,\"caseInsensitive\":true}},{\"visible\":true,\"search\":{\"search\":\"\",\"smart\":true,\"regex\":false,\"caseInsensitive\":true}},{\"visible\":true,\"search\":{\"search\":\"\",\"smart\":true,\"regex\":false,\"caseInsensitive\":true}},{\"visible\":true,\"search\":{\"search\":\"\",\"smart\":true,\"regex\":false,\"caseInsensitive\":true}},{\"visible\":true,\"search\":{\"search\":\"\",\"smart\":true,\"regex\":false,\"caseInsensitive\":true}},{\"visible\":true,\"search\":{\"search\":\"\",\"smart\":true,\"regex\":false,\"caseInsensitive\":true}},{\"visible\":true,\"search\":{\"search\":\"\",\"smart\":true,\"regex\":false,\"caseInsensitive\":true}},{\"visible\":true,\"search\":{\"search\":\"\",\"smart\":true,\"regex\":false,\"caseInsensitive\":true}},{\"visible\":true,\"search\":{\"search\":\"\",\"smart\":true,\"regex\":false,\"caseInsensitive\":true}}]}'),
(1, 'moduleGrid', '{\"time\":1694429429594,\"start\":20,\"length\":10,\"order\":[[0,\"asc\"]],\"search\":{\"search\":\"\",\"smart\":true,\"regex\":false,\"caseInsensitive\":true},\"columns\":[{\"visible\":true,\"search\":{\"search\":\"\",\"smart\":true,\"regex\":false,\"caseInsensitive\":true}},{\"visible\":true,\"search\":{\"search\":\"\",\"smart\":true,\"regex\":false,\"caseInsensitive\":true}},{\"visible\":true,\"search\":{\"search\":\"\",\"smart\":true,\"regex\":false,\"caseInsensitive\":true}},{\"visible\":true,\"search\":{\"search\":\"\",\"smart\":true,\"regex\":false,\"caseInsensitive\":true}},{\"visible\":true,\"search\":{\"search\":\"\",\"smart\":true,\"regex\":false,\"caseInsensitive\":true}},{\"visible\":true,\"search\":{\"search\":\"\",\"smart\":true,\"regex\":false,\"caseInsensitive\":true}},{\"visible\":true,\"search\":{\"search\":\"\",\"smart\":true,\"regex\":false,\"caseInsensitive\":true}},{\"visible\":true,\"search\":{\"search\":\"\",\"smart\":true,\"regex\":false,\"caseInsensitive\":true}},{\"visible\":true,\"search\":{\"search\":\"\",\"smart\":true,\"regex\":false,\"caseInsensitive\":true}}]}'),
(1, 'notificationGrid', '{\"time\":1694219125286,\"start\":0,\"length\":10,\"order\":[[1,\"desc\"]],\"search\":{\"search\":\"\",\"smart\":true,\"regex\":false,\"caseInsensitive\":true},\"columns\":[{\"visible\":true,\"search\":{\"search\":\"\",\"smart\":true,\"regex\":false,\"caseInsensitive\":true}},{\"visible\":true,\"search\":{\"search\":\"\",\"smart\":true,\"regex\":false,\"caseInsensitive\":true}},{\"visible\":true,\"search\":{\"search\":\"\",\"smart\":true,\"regex\":false,\"caseInsensitive\":true}},{\"visible\":true,\"search\":{\"search\":\"\",\"smart\":true,\"regex\":false,\"caseInsensitive\":true}},{\"visible\":true,\"search\":{\"search\":\"\",\"smart\":true,\"regex\":false,\"caseInsensitive\":true}}]}'),
(1, 'playerSoftwareGrid', '{\"time\":1692309419878,\"start\":0,\"length\":10,\"order\":[[2,\"asc\"]],\"search\":{\"search\":\"\",\"smart\":true,\"regex\":false,\"caseInsensitive\":true},\"columns\":[{\"visible\":true,\"search\":{\"search\":\"\",\"smart\":true,\"regex\":false,\"caseInsensitive\":true}},{\"visible\":true,\"search\":{\"search\":\"\",\"smart\":true,\"regex\":false,\"caseInsensitive\":true}},{\"visible\":true,\"search\":{\"search\":\"\",\"smart\":true,\"regex\":false,\"caseInsensitive\":true}},{\"visible\":true,\"search\":{\"search\":\"\",\"smart\":true,\"regex\":false,\"caseInsensitive\":true}},{\"visible\":true,\"search\":{\"search\":\"\",\"smart\":true,\"regex\":false,\"caseInsensitive\":true}},{\"visible\":true,\"search\":{\"search\":\"\",\"smart\":true,\"regex\":false,\"caseInsensitive\":true}},{\"visible\":true,\"search\":{\"search\":\"\",\"smart\":true,\"regex\":false,\"caseInsensitive\":true}},{\"visible\":true,\"search\":{\"search\":\"\",\"smart\":true,\"regex\":false,\"caseInsensitive\":true}},{\"visible\":true,\"search\":{\"search\":\"\",\"smart\":true,\"regex\":false,\"caseInsensitive\":true}}]}'),
(1, 'playlistGrid', '{\"time\":1655678842352,\"start\":0,\"length\":10,\"order\":[[1,\"asc\"]],\"search\":{\"search\":\"\",\"smart\":true,\"regex\":false,\"caseInsensitive\":true},\"columns\":[{\"visible\":true,\"search\":{\"search\":\"\",\"smart\":true,\"regex\":false,\"caseInsensitive\":true}},{\"visible\":true,\"search\":{\"search\":\"\",\"smart\":true,\"regex\":false,\"caseInsensitive\":true}},{\"visible\":true,\"search\":{\"search\":\"\",\"smart\":true,\"regex\":false,\"caseInsensitive\":true}},{\"visible\":false,\"search\":{\"search\":\"\",\"smart\":true,\"regex\":false,\"caseInsensitive\":true}},{\"visible\":true,\"search\":{\"search\":\"\",\"smart\":true,\"regex\":false,\"caseInsensitive\":true}},{\"visible\":true,\"search\":{\"search\":\"\",\"smart\":true,\"regex\":false,\"caseInsensitive\":true}},{\"visible\":true,\"search\":{\"search\":\"\",\"smart\":true,\"regex\":false,\"caseInsensitive\":true}},{\"visible\":false,\"search\":{\"search\":\"\",\"smart\":true,\"regex\":false,\"caseInsensitive\":true}},{\"visible\":false,\"search\":{\"search\":\"\",\"smart\":true,\"regex\":false,\"caseInsensitive\":true}},{\"visible\":true,\"search\":{\"search\":\"\",\"smart\":true,\"regex\":false,\"caseInsensitive\":true}},{\"visible\":true,\"search\":{\"search\":\"\",\"smart\":true,\"regex\":false,\"caseInsensitive\":true}}]}'),
(1, 'resolutionGrid', '{\"time\":1619712178492,\"start\":0,\"length\":10,\"order\":[[1,\"asc\"]],\"search\":{\"search\":\"\",\"smart\":true,\"regex\":false,\"caseInsensitive\":true},\"columns\":[{\"visible\":true,\"search\":{\"search\":\"\",\"smart\":true,\"regex\":false,\"caseInsensitive\":true}},{\"visible\":true,\"search\":{\"search\":\"\",\"smart\":true,\"regex\":false,\"caseInsensitive\":true}},{\"visible\":true,\"search\":{\"search\":\"\",\"smart\":true,\"regex\":false,\"caseInsensitive\":true}},{\"visible\":true,\"search\":{\"search\":\"\",\"smart\":true,\"regex\":false,\"caseInsensitive\":true}},{\"visible\":true,\"search\":{\"search\":\"\",\"smart\":true,\"regex\":false,\"caseInsensitive\":true}},{\"visible\":true,\"search\":{\"search\":\"\",\"smart\":true,\"regex\":false,\"caseInsensitive\":true}}]}'),
(1, 'sessionsGrid', '{\"time\":1613178396018,\"start\":0,\"length\":10,\"order\":[[1,\"asc\"]],\"search\":{\"search\":\"\",\"smart\":true,\"regex\":false,\"caseInsensitive\":true},\"columns\":[{\"visible\":true,\"search\":{\"search\":\"\",\"smart\":true,\"regex\":false,\"caseInsensitive\":true}},{\"visible\":true,\"search\":{\"search\":\"\",\"smart\":true,\"regex\":false,\"caseInsensitive\":true}},{\"visible\":true,\"search\":{\"search\":\"\",\"smart\":true,\"regex\":false,\"caseInsensitive\":true}},{\"visible\":true,\"search\":{\"search\":\"\",\"smart\":true,\"regex\":false,\"caseInsensitive\":true}},{\"visible\":true,\"search\":{\"search\":\"\",\"smart\":true,\"regex\":false,\"caseInsensitive\":true}},{\"visible\":true,\"search\":{\"search\":\"\",\"smart\":true,\"regex\":false,\"caseInsensitive\":true}},{\"visible\":true,\"search\":{\"search\":\"\",\"smart\":true,\"regex\":false,\"caseInsensitive\":true}}]}'),
(1, 'statusDashboardDisplays', '{\"time\":1732795357208,\"start\":0,\"length\":10,\"order\":[[0,\"asc\"]],\"search\":{\"search\":\"\",\"smart\":true,\"regex\":false,\"caseInsensitive\":true},\"columns\":[{\"visible\":true,\"search\":{\"search\":\"\",\"smart\":true,\"regex\":false,\"caseInsensitive\":true}},{\"visible\":true,\"search\":{\"search\":\"\",\"smart\":true,\"regex\":false,\"caseInsensitive\":true}},{\"visible\":true,\"search\":{\"search\":\"\",\"smart\":true,\"regex\":false,\"caseInsensitive\":true}}]}'),
(1, 'taskGrid', '{\"time\":1595862015542,\"start\":0,\"length\":10,\"order\":[[1,\"asc\"]],\"search\":{\"search\":\"\",\"smart\":true,\"regex\":false,\"caseInsensitive\":true},\"columns\":[{\"visible\":true,\"search\":{\"search\":\"\",\"smart\":true,\"regex\":false,\"caseInsensitive\":true}},{\"visible\":true,\"search\":{\"search\":\"\",\"smart\":true,\"regex\":false,\"caseInsensitive\":true}},{\"visible\":true,\"search\":{\"search\":\"\",\"smart\":true,\"regex\":false,\"caseInsensitive\":true}},{\"visible\":true,\"search\":{\"search\":\"\",\"smart\":true,\"regex\":false,\"caseInsensitive\":true}},{\"visible\":true,\"search\":{\"search\":\"\",\"smart\":true,\"regex\":false,\"caseInsensitive\":true}},{\"visible\":true,\"search\":{\"search\":\"\",\"smart\":true,\"regex\":false,\"caseInsensitive\":true}},{\"visible\":true,\"search\":{\"search\":\"\",\"smart\":true,\"regex\":false,\"caseInsensitive\":true}},{\"visible\":true,\"search\":{\"search\":\"\",\"smart\":true,\"regex\":false,\"caseInsensitive\":true}},{\"visible\":true,\"search\":{\"search\":\"\",\"smart\":true,\"regex\":false,\"caseInsensitive\":true}},{\"visible\":true,\"search\":{\"search\":\"\",\"smart\":true,\"regex\":false,\"caseInsensitive\":true}}]}'),
(1, 'templateGrid', '{\"time\":1726171535057,\"start\":0,\"length\":10,\"order\":[[1,\"asc\"]],\"search\":{\"search\":\"\",\"smart\":true,\"regex\":false,\"caseInsensitive\":true},\"columns\":[{\"visible\":true,\"search\":{\"search\":\"\",\"smart\":true,\"regex\":false,\"caseInsensitive\":true}},{\"visible\":true,\"search\":{\"search\":\"\",\"smart\":true,\"regex\":false,\"caseInsensitive\":true}},{\"visible\":true,\"search\":{\"search\":\"\",\"smart\":true,\"regex\":false,\"caseInsensitive\":true}},{\"visible\":false,\"search\":{\"search\":\"\",\"smart\":true,\"regex\":false,\"caseInsensitive\":true}},{\"visible\":true,\"search\":{\"search\":\"\",\"smart\":true,\"regex\":false,\"caseInsensitive\":true}},{\"visible\":true,\"search\":{\"search\":\"\",\"smart\":true,\"regex\":false,\"caseInsensitive\":true}},{\"visible\":true,\"search\":{\"search\":\"\",\"smart\":true,\"regex\":false,\"caseInsensitive\":true}}]}'),
(1, 'toolbar', '{\"libraryContent\":[{\"name\":\"Library Search 0\",\"filters\":{\"name\":{\"name\":\"Nome\",\"value\":\"\"},\"tag\":{\"name\":\"Tag\",\"value\":\"\"},\"type\":{\"name\":\"Tipo\",\"values\":[{\"type\":\"audio\",\"name\":\"Áudio\"},{\"type\":\"flash\",\"name\":\"Flash\"},{\"type\":\"htmlpackage\",\"name\":\"HTML Package\"},{\"type\":\"image\",\"name\":\"Imagem\"},{\"type\":\"pdf\",\"name\":\"PDF\"},{\"type\":\"powerpoint\",\"name\":\"PowerPoint\"},{\"type\":\"video\",\"name\":\"Video\"}],\"value\":\"\"},\"owner\":{\"name\":\"Usuário\",\"values\":[{\"userId\":\"1\",\"name\":\"admin\"},{\"userId\":\"4\",\"name\":\"tabela\"}],\"value\":\"\"}},\"hideElement\":false},{\"name\":\"Library Search 1 [video] \",\"filters\":{\"name\":{\"name\":\"Nome\",\"value\":\"\"},\"tag\":{\"name\":\"Tag\",\"value\":\"\"},\"type\":{\"name\":\"Tipo\",\"values\":[{\"type\":\"audio\",\"name\":\"Áudio\"},{\"type\":\"flash\",\"name\":\"Flash\"},{\"type\":\"htmlpackage\",\"name\":\"HTML Package\"},{\"type\":\"image\",\"name\":\"Imagem\"},{\"type\":\"pdf\",\"name\":\"PDF\"},{\"type\":\"powerpoint\",\"name\":\"PowerPoint\"},{\"type\":\"video\",\"name\":\"Video\"}],\"value\":\"video\"},\"owner\":{\"name\":\"Usuário\",\"values\":[{\"userId\":\"1\",\"name\":\"admin\"},{\"userId\":\"4\",\"name\":\"tabela\"}]}},\"hideElement\":false}],\"searchPosition\":{\"width\":586,\"height\":579,\"top\":353,\"left\":907},\"openedMenu\":-1,\"displayTooltips\":1,\"favouriteModules\":[]}'),
(1, 'transitionGrid', '{\"time\":1621868753215,\"start\":0,\"length\":10,\"order\":[[0,\"asc\"]],\"search\":{\"search\":\"\",\"smart\":true,\"regex\":false,\"caseInsensitive\":true},\"columns\":[{\"visible\":true,\"search\":{\"search\":\"\",\"smart\":true,\"regex\":false,\"caseInsensitive\":true}},{\"visible\":true,\"search\":{\"search\":\"\",\"smart\":true,\"regex\":false,\"caseInsensitive\":true}},{\"visible\":true,\"search\":{\"search\":\"\",\"smart\":true,\"regex\":false,\"caseInsensitive\":true}},{\"visible\":true,\"search\":{\"search\":\"\",\"smart\":true,\"regex\":false,\"caseInsensitive\":true}},{\"visible\":true,\"search\":{\"search\":\"\",\"smart\":true,\"regex\":false,\"caseInsensitive\":true}},{\"visible\":true,\"search\":{\"search\":\"\",\"smart\":true,\"regex\":false,\"caseInsensitive\":true}}]}'),
(1, 'userGrid', '{\"time\":1665690118011,\"start\":0,\"length\":10,\"order\":[[0,\"asc\"]],\"search\":{\"search\":\"\",\"smart\":true,\"regex\":false,\"caseInsensitive\":true},\"columns\":[{\"visible\":true,\"search\":{\"search\":\"\",\"smart\":true,\"regex\":false,\"caseInsensitive\":true}},{\"visible\":true,\"search\":{\"search\":\"\",\"smart\":true,\"regex\":false,\"caseInsensitive\":true}},{\"visible\":true,\"search\":{\"search\":\"\",\"smart\":true,\"regex\":false,\"caseInsensitive\":true}},{\"visible\":true,\"search\":{\"search\":\"\",\"smart\":true,\"regex\":false,\"caseInsensitive\":true}},{\"visible\":false,\"search\":{\"search\":\"\",\"smart\":true,\"regex\":false,\"caseInsensitive\":true}},{\"visible\":false,\"search\":{\"search\":\"\",\"smart\":true,\"regex\":false,\"caseInsensitive\":true}},{\"visible\":true,\"search\":{\"search\":\"\",\"smart\":true,\"regex\":false,\"caseInsensitive\":true}},{\"visible\":false,\"search\":{\"search\":\"\",\"smart\":true,\"regex\":false,\"caseInsensitive\":true}},{\"visible\":false,\"search\":{\"search\":\"\",\"smart\":true,\"regex\":false,\"caseInsensitive\":true}},{\"visible\":false,\"search\":{\"search\":\"\",\"smart\":true,\"regex\":false,\"caseInsensitive\":true}},{\"visible\":false,\"search\":{\"search\":\"\",\"smart\":true,\"regex\":false,\"caseInsensitive\":true}},{\"visible\":false,\"search\":{\"search\":\"\",\"smart\":true,\"regex\":false,\"caseInsensitive\":true}},{\"visible\":false,\"search\":{\"search\":\"\",\"smart\":true,\"regex\":false,\"caseInsensitive\":true}},{\"visible\":false,\"search\":{\"search\":\"\",\"smart\":true,\"regex\":false,\"caseInsensitive\":true}},{\"visible\":false,\"search\":{\"search\":\"\",\"smart\":true,\"regex\":false,\"caseInsensitive\":true}},{\"visible\":false,\"search\":{\"search\":\"\",\"smart\":true,\"regex\":false,\"caseInsensitive\":true}},{\"visible\":true,\"search\":{\"search\":\"\",\"smart\":true,\"regex\":false,\"caseInsensitive\":true}}]}'),
(1, 'userGroupGrid', '{\"time\":1620157682263,\"start\":0,\"length\":10,\"order\":[[0,\"asc\"]],\"search\":{\"search\":\"\",\"smart\":true,\"regex\":false,\"caseInsensitive\":true},\"columns\":[{\"visible\":true,\"search\":{\"search\":\"\",\"smart\":true,\"regex\":false,\"caseInsensitive\":true}},{\"visible\":true,\"search\":{\"search\":\"\",\"smart\":true,\"regex\":false,\"caseInsensitive\":true}},{\"visible\":true,\"search\":{\"search\":\"\",\"smart\":true,\"regex\":false,\"caseInsensitive\":true}},{\"visible\":true,\"search\":{\"search\":\"\",\"smart\":true,\"regex\":false,\"caseInsensitive\":true}},{\"visible\":true,\"search\":{\"search\":\"\",\"smart\":true,\"regex\":false,\"caseInsensitive\":true}}]}'),
(4, 'dataSetGrid', '{\"time\":1610663602093,\"start\":0,\"length\":10,\"order\":[[0,\"asc\"]],\"search\":{\"search\":\"\",\"smart\":true,\"regex\":false,\"caseInsensitive\":true},\"columns\":[{\"visible\":true,\"search\":{\"search\":\"\",\"smart\":true,\"regex\":false,\"caseInsensitive\":true}},{\"visible\":true,\"search\":{\"search\":\"\",\"smart\":true,\"regex\":false,\"caseInsensitive\":true}},{\"visible\":true,\"search\":{\"search\":\"\",\"smart\":true,\"regex\":false,\"caseInsensitive\":true}},{\"visible\":true,\"search\":{\"search\":\"\",\"smart\":true,\"regex\":false,\"caseInsensitive\":true}},{\"visible\":true,\"search\":{\"search\":\"\",\"smart\":true,\"regex\":false,\"caseInsensitive\":true}},{\"visible\":true,\"search\":{\"search\":\"\",\"smart\":true,\"regex\":false,\"caseInsensitive\":true}},{\"visible\":true,\"search\":{\"search\":\"\",\"smart\":true,\"regex\":false,\"caseInsensitive\":true}},{\"visible\":true,\"search\":{\"search\":\"\",\"smart\":true,\"regex\":false,\"caseInsensitive\":true}},{\"visible\":true,\"search\":{\"search\":\"\",\"smart\":true,\"regex\":false,\"caseInsensitive\":true}}]}'),
(4, 'layoutGrid', '{\"time\":1610663561610,\"start\":0,\"length\":10,\"order\":[[1,\"asc\"]],\"search\":{\"search\":\"\",\"smart\":true,\"regex\":false,\"caseInsensitive\":true},\"columns\":[{\"visible\":true,\"search\":{\"search\":\"\",\"smart\":true,\"regex\":false,\"caseInsensitive\":true}},{\"visible\":true,\"search\":{\"search\":\"\",\"smart\":true,\"regex\":false,\"caseInsensitive\":true}},{\"visible\":true,\"search\":{\"search\":\"\",\"smart\":true,\"regex\":false,\"caseInsensitive\":true}},{\"visible\":true,\"search\":{\"search\":\"\",\"smart\":true,\"regex\":false,\"caseInsensitive\":true}},{\"visible\":true,\"search\":{\"search\":\"\",\"smart\":true,\"regex\":false,\"caseInsensitive\":true}},{\"visible\":false,\"search\":{\"search\":\"\",\"smart\":true,\"regex\":false,\"caseInsensitive\":true}},{\"visible\":true,\"search\":{\"search\":\"\",\"smart\":true,\"regex\":false,\"caseInsensitive\":true}},{\"visible\":true,\"search\":{\"search\":\"\",\"smart\":true,\"regex\":false,\"caseInsensitive\":true}},{\"visible\":true,\"search\":{\"search\":\"\",\"smart\":true,\"regex\":false,\"caseInsensitive\":true}},{\"visible\":true,\"search\":{\"search\":\"\",\"smart\":true,\"regex\":false,\"caseInsensitive\":true}},{\"visible\":true,\"search\":{\"search\":\"\",\"smart\":true,\"regex\":false,\"caseInsensitive\":true}},{\"visible\":false,\"search\":{\"search\":\"\",\"smart\":true,\"regex\":false,\"caseInsensitive\":true}},{\"visible\":false,\"search\":{\"search\":\"\",\"smart\":true,\"regex\":false,\"caseInsensitive\":true}},{\"visible\":true,\"search\":{\"search\":\"\",\"smart\":true,\"regex\":false,\"caseInsensitive\":true}}]}'),
(4, 'libraryGrid', '{\"time\":1610662783997,\"start\":0,\"length\":10,\"order\":[[1,\"asc\"]],\"search\":{\"search\":\"\",\"smart\":true,\"regex\":false,\"caseInsensitive\":true},\"columns\":[{\"visible\":true,\"search\":{\"search\":\"\",\"smart\":true,\"regex\":false,\"caseInsensitive\":true}},{\"visible\":true,\"search\":{\"search\":\"\",\"smart\":true,\"regex\":false,\"caseInsensitive\":true}},{\"visible\":true,\"search\":{\"search\":\"\",\"smart\":true,\"regex\":false,\"caseInsensitive\":true}},{\"visible\":false,\"search\":{\"search\":\"\",\"smart\":true,\"regex\":false,\"caseInsensitive\":true}},{\"visible\":true,\"search\":{\"search\":\"\",\"smart\":true,\"regex\":false,\"caseInsensitive\":true}},{\"visible\":true,\"search\":{\"search\":\"\",\"smart\":true,\"regex\":false,\"caseInsensitive\":true}},{\"visible\":false,\"search\":{\"search\":\"\",\"smart\":true,\"regex\":false,\"caseInsensitive\":true}},{\"visible\":true,\"search\":{\"search\":\"\",\"smart\":true,\"regex\":false,\"caseInsensitive\":true}},{\"visible\":false,\"search\":{\"search\":\"\",\"smart\":true,\"regex\":false,\"caseInsensitive\":true}},{\"visible\":true,\"search\":{\"search\":\"\",\"smart\":true,\"regex\":false,\"caseInsensitive\":true}},{\"visible\":true,\"search\":{\"search\":\"\",\"smart\":true,\"regex\":false,\"caseInsensitive\":true}},{\"visible\":false,\"search\":{\"search\":\"\",\"smart\":true,\"regex\":false,\"caseInsensitive\":true}},{\"visible\":false,\"search\":{\"search\":\"\",\"smart\":true,\"regex\":false,\"caseInsensitive\":true}},{\"visible\":true,\"search\":{\"search\":\"\",\"smart\":true,\"regex\":false,\"caseInsensitive\":true}},{\"visible\":true,\"search\":{\"search\":\"\",\"smart\":true,\"regex\":false,\"caseInsensitive\":true}},{\"visible\":false,\"search\":{\"search\":\"\",\"smart\":true,\"regex\":false,\"caseInsensitive\":true}},{\"visible\":false,\"search\":{\"search\":\"\",\"smart\":true,\"regex\":false,\"caseInsensitive\":true}},{\"visible\":true,\"search\":{\"search\":\"\",\"smart\":true,\"regex\":false,\"caseInsensitive\":true}},{\"visible\":true,\"search\":{\"search\":\"\",\"smart\":true,\"regex\":false,\"caseInsensitive\":true}}]}'),
(4, 'playlistGrid', '{\"time\":1610662800891,\"start\":0,\"length\":10,\"order\":[[1,\"asc\"]],\"search\":{\"search\":\"\",\"smart\":true,\"regex\":false,\"caseInsensitive\":true},\"columns\":[{\"visible\":true,\"search\":{\"search\":\"\",\"smart\":true,\"regex\":false,\"caseInsensitive\":true}},{\"visible\":true,\"search\":{\"search\":\"\",\"smart\":true,\"regex\":false,\"caseInsensitive\":true}},{\"visible\":true,\"search\":{\"search\":\"\",\"smart\":true,\"regex\":false,\"caseInsensitive\":true}},{\"visible\":false,\"search\":{\"search\":\"\",\"smart\":true,\"regex\":false,\"caseInsensitive\":true}},{\"visible\":true,\"search\":{\"search\":\"\",\"smart\":true,\"regex\":false,\"caseInsensitive\":true}},{\"visible\":true,\"search\":{\"search\":\"\",\"smart\":true,\"regex\":false,\"caseInsensitive\":true}},{\"visible\":true,\"search\":{\"search\":\"\",\"smart\":true,\"regex\":false,\"caseInsensitive\":true}},{\"visible\":false,\"search\":{\"search\":\"\",\"smart\":true,\"regex\":false,\"caseInsensitive\":true}},{\"visible\":false,\"search\":{\"search\":\"\",\"smart\":true,\"regex\":false,\"caseInsensitive\":true}},{\"visible\":true,\"search\":{\"search\":\"\",\"smart\":true,\"regex\":false,\"caseInsensitive\":true}},{\"visible\":true,\"search\":{\"search\":\"\",\"smart\":true,\"regex\":false,\"caseInsensitive\":true}}]}');

-- --------------------------------------------------------

--
-- Estrutura para tabela `usertype`
--

CREATE TABLE `usertype` (
  `userTypeId` int(11) NOT NULL,
  `userType` varchar(16) NOT NULL
) ENGINE=InnoDB DEFAULT CHARSET=utf8;

--
-- Despejando dados para a tabela `usertype`
--

INSERT INTO `usertype` (`userTypeId`, `userType`) VALUES
(1, 'Super Admin'),
(2, 'Group Admin'),
(3, 'User'),
(4, 'DOOH');

-- --------------------------------------------------------

--
-- Estrutura para tabela `widget`
--

CREATE TABLE `widget` (
  `widgetId` int(11) NOT NULL,
  `playlistId` int(11) NOT NULL,
  `ownerId` int(11) NOT NULL,
  `type` varchar(50) NOT NULL,
  `duration` int(11) NOT NULL,
  `displayOrder` int(11) NOT NULL,
  `calculatedDuration` int(11) NOT NULL,
  `useDuration` tinyint(4) NOT NULL DEFAULT '1',
  `fromDt` int(11) NOT NULL,
  `toDt` int(11) NOT NULL,
  `createdDt` int(11) NOT NULL DEFAULT '0',
  `modifiedDt` int(11) NOT NULL DEFAULT '0'
) ENGINE=InnoDB DEFAULT CHARSET=utf8;

--
-- Despejando dados para a tabela `widget`
--

INSERT INTO `widget` (`widgetId`, `playlistId`, `ownerId`, `type`, `duration`, `displayOrder`, `calculatedDuration`, `useDuration`, `fromDt`, `toDt`, `createdDt`, `modifiedDt`) VALUES
(111, 106, 1, 'text', 15, 1, 15, 1, 0, 2147483647, 1587560902, 1628471237),
(112, 107, 1, 'text', 10, 1, 10, 1, 0, 2147483647, 1587560902, 1607960063),
(215, 210, 1, 'datasetticker', 20, 1, 20, 1, 0, 2147483647, 1608227119, 1609940806),
(216, 211, 1, 'datasetticker', 1, 1, 10, 0, 0, 2147483647, 1608227119, 1609940806),
(217, 212, 1, 'text', 1, 1, 5, 0, 0, 2147483647, 1608227119, 1609940806),
(559, 355, 1, 'video', 0, 6, 14, 0, 0, 2147483647, 1611367767, 1611367767),
(560, 355, 1, 'video', 0, 7, 59, 0, 0, 2147483647, 1611367803, 1611367803),
(570, 366, 1, 'forecastio', 60, 1, 60, 0, 0, 2147483647, 1612384781, 1612384815),
(571, 366, 1, 'video', 10, 2, 10, 0, 0, 2147483647, 1612384875, 1612792649),
(578, 373, 1, 'text', 15, 1, 15, 1, 0, 2147483647, 1587560902, 1613173117),
(579, 374, 1, 'text', 10, 1, 10, 1, 0, 2147483647, 1587560902, 1613172855),
(592, 387, 1, 'ticker', 10, 1, 10, 1, 0, 2147483647, 1613478703, 1613478921),
(593, 388, 1, 'ticker', 10, 1, 10, 1, 0, 2147483647, 1611368052, 1613686431),
(594, 389, 1, 'ticker', 10, 1, 10, 1, 0, 2147483647, 1613478700, 1613686484),
(595, 390, 1, 'ticker', 10, 1, 10, 1, 0, 2147483647, 1613478699, 1613686508),
(596, 391, 1, 'ticker', 10, 1, 10, 1, 0, 2147483647, 1613478696, 1613686535),
(597, 392, 1, 'ticker', 10, 1, 10, 1, 0, 2147483647, 1613478701, 1613686563),
(598, 393, 1, 'ticker', 10, 1, 10, 1, 0, 2147483647, 1613478695, 1613686596),
(607, 399, 1, 'video', 10, 1, 10, 0, 0, 2147483647, 1614474759, 1614477171),
(617, 407, 1, 'video', 0, 1, 20, 0, 0, 2147483647, 1614921042, 1614921050),
(619, 409, 1, 'video', 0, 1, 10, 0, 0, 2147483647, 1614921361, 1614921370),
(622, 411, 1, 'video', 0, 2, 21, 0, 0, 2147483647, 1614921895, 1614921895),
(623, 413, 1, 'video', 0, 1, 31, 0, 0, 2147483647, 1614921972, 1614921980),
(624, 415, 1, 'video', 0, 1, 35, 0, 0, 2147483647, 1614922035, 1614922042),
(625, 417, 1, 'video', 0, 1, 38, 0, 0, 2147483647, 1614922076, 1614922081),
(645, 425, 1, 'video', 0, 6, 14, 0, 0, 2147483647, 1611367767, 1614950186),
(646, 425, 1, 'video', 0, 7, 59, 0, 0, 2147483647, 1611367803, 1614950186),
(665, 439, 1, 'ticker', 5, 1, 5, 0, 0, 2147483647, 1614957986, 1614957986),
(666, 440, 1, 'ticker', 5, 1, 5, 0, 0, 2147483647, 1614957987, 1614957987),
(667, 441, 1, 'ticker', 5, 1, 5, 0, 0, 2147483647, 1614957988, 1614957988),
(668, 442, 1, 'ticker', 5, 1, 5, 0, 0, 2147483647, 1614957989, 1614957989),
(669, 443, 1, 'ticker', 10, 1, 10, 1, 0, 2147483647, 1614957982, 1614958997),
(672, 446, 1, 'ticker', 10, 1, 10, 1, 0, 2147483647, 1614957984, 1614959199),
(673, 447, 1, 'video', 0, 1, 20, 0, 0, 2147483647, 1614921042, 1614989383),
(674, 448, 1, 'ticker', 10, 1, 10, 1, 0, 2147483647, 1614957983, 1614991372),
(680, 459, 1, 'ticker', 20, 1, 20, 1, 0, 2147483647, 1619541309, 1619541309),
(681, 461, 1, 'ticker', 10, 1, 10, 1, 0, 2147483647, 1619559463, 1619560272),
(682, 464, 1, 'video', 0, 1, 29, 0, 0, 2147483647, 1619582864, 1619582872),
(683, 466, 1, 'video', 0, 1, 29, 0, 0, 2147483647, 1619585100, 1619585107),
(692, 482, 1, 'video', 0, 1, 31, 0, 0, 2147483647, 1620776093, 1620776093),
(701, 499, 1, 'video', 0, 1, 29, 0, 0, 2147483647, 1623887638, 1623887643),
(706, 506, 1, 'video', 0, 1, 30, 0, 0, 2147483647, 1628461270, 1628461277),
(707, 509, 1, 'video', 0, 1, 30, 0, 0, 2147483647, 1628470520, 1628470527),
(708, 106, 1, 'text', 5, 2, 5, 0, 0, 2147483647, 1628470839, 1628471087),
(716, 526, 1, 'video', 0, 1, 30, 0, 0, 2147483647, 1632147036, 1632147043),
(727, 551, 1, 'video', 0, 1, 30, 0, 0, 2147483647, 1640878184, 1640878184),
(728, 554, 1, 'video', 0, 1, 30, 0, 0, 2147483647, 1641064566, 1641064566),
(733, 568, 1, 'video', 0, 1, 30, 0, 0, 2147483647, 1644926059, 1644926059),
(735, 574, 1, 'video', 0, 1, 29, 0, 0, 2147483647, 1646752333, 1646752333),
(736, 577, 1, 'video', 0, 1, 30, 0, 0, 2147483647, 1646931267, 1646931272),
(741, 591, 1, 'video', 0, 1, 29, 0, 0, 2147483647, 1647969754, 1647969761),
(742, 594, 1, 'video', 0, 1, 30, 0, 0, 2147483647, 1647969834, 1647969840),
(743, 597, 1, 'video', 0, 1, 15, 0, 0, 2147483647, 1648477129, 1648477136),
(744, 601, 1, 'video', 0, 1, 29, 0, 0, 2147483647, 1648482263, 1648482268),
(747, 609, 1, 'video', 0, 1, 30, 0, 0, 2147483647, 1648761103, 1648761107),
(749, 615, 1, 'video', 0, 1, 30, 0, 0, 2147483647, 1649188790, 1649188797),
(750, 618, 1, 'video', 0, 1, 30, 0, 0, 2147483647, 1649639696, 1649639704),
(751, 621, 1, 'video', 0, 1, 31, 0, 0, 2147483647, 1651541040, 1651541046),
(752, 624, 1, 'video', 0, 1, 21, 0, 0, 2147483647, 1652007876, 1652007882),
(754, 630, 1, 'video', 0, 1, 30, 0, 0, 2147483647, 1652487114, 1652487119),
(756, 636, 1, 'video', 0, 1, 29, 0, 0, 2147483647, 1654217650, 1654217675),
(757, 638, 1, 'video', 0, 1, 25, 0, 0, 2147483647, 1654361848, 1654361855),
(761, 653, 1, 'video', 0, 1, 27, 0, 0, 2147483647, 1655738844, 1655739195),
(764, 661, 1, 'video', 0, 1, 30, 0, 0, 2147483647, 1659233615, 1659233624),
(766, 666, 1, 'video', 0, 1, 30, 0, 0, 2147483647, 1660796934, 1660796944),
(773, 685, 1, 'video', 0, 1, 27, 0, 0, 2147483647, 1667836866, 1667836870),
(780, 702, 1, 'video', 0, 1, 30, 0, 0, 2147483647, 1673296130, 1673296134),
(781, 705, 1, 'video', 0, 1, 30, 0, 0, 2147483647, 1673373982, 1673373988),
(783, 711, 1, 'video', 0, 1, 30, 0, 0, 2147483647, 1673648380, 1673648390),
(784, 714, 1, 'video', 0, 1, 30, 0, 0, 2147483647, 1673648449, 1673648458),
(785, 716, 1, 'video', 0, 1, 30, 0, 0, 2147483647, 1676378196, 1676378202),
(786, 719, 1, 'video', 0, 1, 30, 0, 0, 2147483647, 1676387037, 1676387043),
(788, 725, 1, 'video', 0, 1, 30, 0, 0, 2147483647, 1676551238, 1676551244),
(789, 728, 1, 'video', 0, 1, 31, 0, 0, 2147483647, 1678298966, 1678298971),
(791, 740, 1, 'video', 0, 1, 30, 0, 0, 2147483647, 1679889792, 1679889797),
(793, 746, 1, 'video', 0, 1, 30, 0, 0, 2147483647, 1682478968, 1682478977),
(794, 749, 1, 'video', 0, 1, 35, 0, 0, 2147483647, 1682479051, 1682479066),
(795, 752, 1, 'video', 0, 1, 29, 0, 0, 2147483647, 1683810909, 1683810917),
(798, 761, 1, 'video', 0, 1, 36, 0, 0, 2147483647, 1684504382, 1684504391),
(799, 764, 1, 'video', 0, 1, 30, 0, 0, 2147483647, 1686792656, 1686792663),
(800, 767, 1, 'video', 0, 1, 31, 0, 0, 2147483647, 1689219357, 1689219365),
(801, 770, 1, 'video', 0, 1, 30, 0, 0, 2147483647, 1689263255, 1689263328),
(803, 776, 1, 'video', 0, 1, 30, 0, 0, 2147483647, 1689730503, 1689730520),
(810, 791, 1, 'video', 0, 1, 30, 0, 0, 2147483647, 1692303977, 1692303984),
(811, 793, 1, 'video', 0, 1, 30, 0, 0, 2147483647, 1692304043, 1692304048),
(812, 795, 1, 'video', 0, 1, 30, 0, 0, 2147483647, 1692395240, 1692395247),
(814, 799, 1, 'video', 0, 1, 30, 0, 0, 2147483647, 1693328314, 1693328318),
(815, 803, 1, 'video', 0, 1, 29, 0, 0, 2147483647, 1694355723, 1694355733),
(816, 805, 1, 'video', 0, 1, 29, 0, 0, 2147483647, 1694355787, 1694355791),
(817, 806, 1, 'forecastio', 10, 1, 10, 1, 0, 2147483647, 1614958076, 1694429378),
(818, 808, 1, 'video', 0, 1, 29, 0, 0, 2147483647, 1695493823, 1695493833),
(819, 810, 1, 'video', 0, 1, 29, 0, 0, 2147483647, 1696030965, 1696030970),
(820, 812, 1, 'video', 0, 1, 30, 0, 0, 2147483647, 1698152671, 1698152680),
(821, 814, 1, 'video', 0, 1, 30, 0, 0, 2147483647, 1698152739, 1698152747),
(822, 818, 1, 'video', 0, 1, 30, 0, 0, 2147483647, 1699042607, 1699042612),
(823, 820, 1, 'video', 0, 1, 30, 0, 0, 2147483647, 1701707184, 1701707190),
(824, 822, 1, 'video', 0, 1, 30, 0, 0, 2147483647, 1703175879, 1703175887),
(825, 824, 1, 'video', 0, 1, 30, 0, 0, 2147483647, 1704173539, 1704173546),
(828, 831, 1, 'video', 0, 1, 30, 0, 0, 2147483647, 1705532438, 1705532442),
(829, 834, 1, 'video', 0, 1, 30, 0, 0, 2147483647, 1705539697, 1705539740),
(830, 837, 1, 'video', 0, 1, 30, 0, 0, 2147483647, 1710175135, 1710175140),
(831, 840, 1, 'video', 0, 1, 29, 0, 0, 2147483647, 1712272019, 1712272025),
(832, 843, 1, 'video', 0, 1, 32, 0, 0, 2147483647, 1713014823, 1713014827),
(833, 846, 1, 'video', 0, 1, 32, 0, 0, 2147483647, 1713480307, 1713480310),
(834, 849, 1, 'video', 0, 1, 28, 0, 0, 2147483647, 1715893250, 1715893261),
(835, 852, 1, 'video', 0, 1, 30, 0, 0, 2147483647, 1718129969, 1718129980),
(836, 855, 1, 'video', 0, 1, 25, 0, 0, 2147483647, 1718130043, 1718130048),
(837, 858, 1, 'video', 0, 1, 30, 0, 0, 2147483647, 1718728345, 1718728351),
(838, 861, 1, 'video', 0, 1, 30, 0, 0, 2147483647, 1719528397, 1719528403),
(839, 863, 1, 'video', 0, 1, 35, 0, 0, 2147483647, 1723231085, 1723231092),
(840, 866, 1, 'video', 0, 1, 30, 0, 0, 2147483647, 1725288894, 1725288899),
(841, 869, 1, 'video', 0, 1, 30, 0, 0, 2147483647, 1726082445, 1726082449);

-- --------------------------------------------------------

--
-- Estrutura para tabela `widgethistory`
--

CREATE TABLE `widgethistory` (
  `id` int(11) NOT NULL,
  `layoutHistoryId` int(11) NOT NULL,
  `widgetId` int(11) NOT NULL,
  `mediaId` int(11) DEFAULT NULL,
  `type` varchar(50) NOT NULL,
  `name` varchar(255) DEFAULT NULL
) ENGINE=InnoDB DEFAULT CHARSET=utf8;

--
-- Despejando dados para a tabela `widgethistory`
--

INSERT INTO `widgethistory` (`id`, `layoutHistoryId`, `widgetId`, `mediaId`, `type`, `name`) VALUES
(25, 30, 118, 282, 'image', NULL),
(26, 30, 117, NULL, 'text', NULL),
(27, 30, 116, NULL, 'datasetticker', NULL),
(28, 30, 115, NULL, 'datasetticker', NULL),
(37, 40, 152, 282, 'image', NULL),
(38, 40, 151, NULL, 'text', NULL),
(39, 40, 150, NULL, 'datasetticker', NULL),
(40, 40, 149, NULL, 'datasetticker', NULL),
(46, 49, 176, 282, 'image', NULL),
(47, 49, 175, NULL, 'text', NULL),
(48, 49, 174, NULL, 'datasetticker', NULL),
(49, 49, 173, NULL, 'datasetticker', NULL),
(282, 96, 561, 353, 'ticker', 'Uol-Esportes'),
(287, 104, 575, NULL, 'text', NULL),
(288, 104, 574, NULL, 'text', NULL),
(289, 98, 563, 523, 'ticker', 'Uol-Esportes'),
(290, 106, 581, 546, 'ticker', 'Uol-Celebridades'),
(291, 107, 582, 566, 'ticker', 'UOL-Cotidiano'),
(292, 108, 583, 504, 'ticker', 'Uol-Destaques'),
(293, 109, 584, 599, 'ticker', 'Uol-Economia'),
(294, 110, 585, 624, 'ticker', 'Uol-Internacional'),
(295, 111, 586, 644, 'ticker', 'Uol-Política'),
(297, 112, 580, 791, 'ticker', 'Uol-Esportes'),
(298, 113, 587, 819, 'ticker', 'Uol-Celebridades'),
(299, 114, 588, 571, 'ticker', 'UOL-Cotidiano'),
(300, 115, 589, 504, 'ticker', 'Uol-Destaques'),
(301, 116, 590, 606, 'ticker', 'Uol-Economia'),
(302, 156, 670, NULL, 'forecastio', 'TEMPO GOIÂNIA'),
(303, 149, 662, 1126, 'ticker', 'Loterias - TimeMania - Sorteio'),
(304, 151, 664, 1127, 'ticker', 'Lotofacil - Numeração'),
(305, 150, 663, 159, 'ticker', 'Loterias - Duplasena - Numeração'),
(306, 145, 626, 2012, 'video', NULL),
(307, 117, 591, 958, 'ticker', 'Uol-Internacional'),
(309, 1, 2, NULL, 'text', NULL),
(310, 1, 1, NULL, 'text', NULL),
(311, 53, 207, 282, 'image', NULL),
(312, 53, 206, NULL, 'text', NULL),
(313, 53, 205, NULL, 'datasetticker', NULL),
(314, 53, 204, NULL, 'datasetticker', NULL),
(315, 357, 760, 24847, 'video', NULL),
(316, 157, 671, NULL, 'forecastio', 'TEMPO São Paulo');

-- --------------------------------------------------------

--
-- Estrutura para tabela `widgetoption`
--

CREATE TABLE `widgetoption` (
  `widgetId` int(11) NOT NULL,
  `type` varchar(50) NOT NULL,
  `option` varchar(254) NOT NULL,
  `value` text
) ENGINE=InnoDB DEFAULT CHARSET=utf8;

--
-- Despejando dados para a tabela `widgetoption`
--

INSERT INTO `widgetoption` (`widgetId`, `type`, `option`, `value`) VALUES
(111, 'attrib', 'backgroundColor', NULL),
(111, 'attrib', 'direction', 'none'),
(111, 'attrib', 'effect', 'none'),
(111, 'attrib', 'enableStat', 'Inherit'),
(111, 'attrib', 'fitText', '0'),
(111, 'attrib', 'marqueeInlineSelector', NULL),
(111, 'attrib', 'name', NULL),
(111, 'attrib', 'scrollSpeed', '2'),
(111, 'attrib', 'speed', NULL),
(111, 'attrib', 'ta_text_advanced', '1'),
(111, 'attrib', 'xmds', '1'),
(111, 'cdata', 'javaScript', ''),
(111, 'cdata', 'text', '<p style=\"text-align: center;\"><span style=\"font-size:80px;\"><strong><span style=\"font-family:arial,helvetica,sans-serif;\"><span style=\"color:#FFFFFF;\">ESTUDIO EM FOCO</span></span></strong></span></p>\r\n\r\n<p style=\"text-align: center;\"><span style=\"font-size:80px;\"><span style=\"font-family:arial,helvetica,sans-serif;\"><span style=\"color:#FFFFFF;\">Digital Signage</span></span></span></p>\r\n\r\n<p style=\"text-align: center;\"><span style=\"font-size:48px;\"><span style=\"color:#D3D3D3;\"><span style=\"font-family:arial,helvetica,sans-serif;\">This is the default layout - please feel free to change it whenever you like.</span></span></span></p>\r\n'),
(112, 'attrib', 'direction', 'none'),
(112, 'attrib', 'enableStat', 'Inherit'),
(112, 'attrib', 'fitText', '0'),
(112, 'attrib', 'scrollSpeed', '2'),
(112, 'attrib', 'xmds', '1'),
(112, 'cdata', 'text', '<p style=\"text-align: right;\"><span style=\"font-size:96px;\"><span style=\"font-family:arial,helvetica,sans-serif;\"><span style=\"color:#D3D3D3;\">[Clock]</span></span></span></p>\n'),
(215, 'attrib', 'dataSetId', '6'),
(215, 'attrib', 'disableDateSort', '0'),
(215, 'attrib', 'durationIsPerItem', '1'),
(215, 'attrib', 'effect', 'fade'),
(215, 'attrib', 'enableStat', 'Inherit'),
(215, 'attrib', 'filterClauses', '[{\"filterClause\":\"Produto\",\"filterClauseOperator\":\"AND\",\"filterClauseCriteria\":\"starts-with\",\"filterClauseValue\":\"\"},{\"filterClause\":\"Preco\",\"filterClauseOperator\":\"AND\",\"filterClauseCriteria\":\"starts-with\",\"filterClauseValue\":\"\"}]'),
(215, 'attrib', 'itemsPerPage', '15'),
(215, 'attrib', 'itemsSideBySide', '0'),
(215, 'attrib', 'lowerLimit', '0'),
(215, 'attrib', 'noDataMessage_advanced', '0'),
(215, 'attrib', 'orderClauses', '[{\"orderClause\":\"Produto\",\"orderClauseDirection\":\"ASC\"}]'),
(215, 'attrib', 'overrideTemplate', '0'),
(215, 'attrib', 'randomiseItems', '0'),
(215, 'attrib', 'sourceId', '2'),
(215, 'attrib', 'speed', '3'),
(215, 'attrib', 'ta_text_advanced', '0'),
(215, 'attrib', 'updateInterval', '1'),
(215, 'attrib', 'upperLimit', '0'),
(215, 'attrib', 'useFilteringClause', '0'),
(215, 'attrib', 'useOrderingClause', '0'),
(215, 'attrib', 'xmds', '1'),
(215, 'cdata', 'noDataMessage', '<p><span style=\"font-size: 48px;\"><span style=\"color: #ffffff;\">No Data returned from the source</span></span></p>\n'),
(215, 'cdata', 'template', '<table border=\"1\" cellpadding=\"0\" cellspacing=\"0\" height=\"62\" tr=\"\" width=\"100%\">\n	<tbody>\n		<tr>\n			<td height=\"58\" style=\"background-color:rgba(0,0,0, 0.6);\" width=\"768\"><span style=\"font-size:44px;\"><strong><span style=\"color:#FFFFFF;\"><span style=\"padding:0px 0px 0px 15px;\">[Produto] Kg</span></span></strong></span></td>\n			<td height=\"58\" style=\"background-color:rgba(0,0,0, 0.6);\" width=\"250\"><span style=\"font-size:44px;\"><strong><span style=\"color:#FFFFFF;\"><span style=\"padding:0px 0px 0px 15px;\">R$ [Preco]</span></span></strong></span></td>\n		</tr>\n	</tbody>\n</table>\n'),
(216, 'attrib', 'dataSetId', '6'),
(216, 'attrib', 'disableDateSort', '0'),
(216, 'attrib', 'durationIsPerItem', '1'),
(216, 'attrib', 'effect', 'fade'),
(216, 'attrib', 'enableStat', 'Inherit'),
(216, 'attrib', 'filterClauses', '[]'),
(216, 'attrib', 'itemsPerPage', '12'),
(216, 'attrib', 'itemsSideBySide', '0'),
(216, 'attrib', 'lowerLimit', '0'),
(216, 'attrib', 'noDataMessage_advanced', '0'),
(216, 'attrib', 'orderClauses', '[{\"orderClause\":\"Produto\",\"orderClauseDirection\":\"ASC\"}]'),
(216, 'attrib', 'overrideTemplate', '0'),
(216, 'attrib', 'randomiseItems', '0'),
(216, 'attrib', 'sourceId', '2'),
(216, 'attrib', 'speed', '3'),
(216, 'attrib', 'ta_text_advanced', '0'),
(216, 'attrib', 'updateInterval', '1'),
(216, 'attrib', 'upperLimit', '0'),
(216, 'attrib', 'useFilteringClause', '0'),
(216, 'attrib', 'useOrderingClause', '0'),
(216, 'attrib', 'xmds', '1'),
(216, 'cdata', 'noDataMessage', '<p><span style=\"font-size: 48px;\"><span style=\"color: #ffffff;\">No Data returned from the source</span></span></p>\n'),
(216, 'cdata', 'template', '<table border=\"1\" cellpadding=\"0\" cellspacing=\"0\" height=\"62\" tr=\"\" width=\"100%\">\n	<tbody>\n		<tr>\n			<td height=\"58\" style=\"background-color:rgba(0,0,0, 0.6);\" width=\"768\"><span style=\"font-size:44px;\"><strong><span style=\"color:#FFFFFF;\"><span style=\"padding:0px 0px 0px 15px;\">[Produto] Kg</span></span></strong></span></td>\n			<td height=\"58\" style=\"background-color:rgba(0,0,0, 0.6);\" width=\"250\"><span style=\"font-size:44px;\"><strong><span style=\"color:#FFFFFF;\"><span style=\"padding:0px 0px 0px 15px;\">R$ [Preco]</span></span></strong></span></td>\n		</tr>\n	</tbody>\n</table>\n'),
(217, 'attrib', 'effect', 'none'),
(217, 'attrib', 'enableStat', 'Inherit'),
(217, 'attrib', 'ta_text_advanced', '1'),
(217, 'attrib', 'updateInterval', '525600'),
(217, 'attrib', 'xmds', '1'),
(217, 'cdata', 'text', '<p><span style=\"color:#FFFFFF;\"><strong><span style=\"font-size:128px;text-shadow:2px 2px 8px #000;\">&nbsp; Cortes Bovinos</span></strong></span></p>\n'),
(559, 'attrib', 'enableStat', 'Inherit'),
(559, 'attrib', 'mute', '0'),
(560, 'attrib', 'enableStat', 'Inherit'),
(560, 'attrib', 'mute', '0'),
(570, 'attrib', 'dayConditionsOnly', '0'),
(570, 'attrib', 'enableStat', 'Inherit'),
(570, 'attrib', 'lang', 'en'),
(570, 'attrib', 'latitude', NULL),
(570, 'attrib', 'longitude', NULL),
(570, 'attrib', 'lowerLimit', '0'),
(570, 'attrib', 'name', NULL),
(570, 'attrib', 'overrideTemplate', '0'),
(570, 'attrib', 'templateId', 'weather-module0-5day'),
(570, 'attrib', 'units', 'auto'),
(570, 'attrib', 'updateInterval', '60'),
(570, 'attrib', 'upperLimit', '0'),
(570, 'attrib', 'useDisplayLocation', '1'),
(570, 'cdata', 'javaScript', ''),
(571, 'attrib', 'enableStat', 'Inherit'),
(571, 'attrib', 'loop', '0'),
(571, 'attrib', 'mute', '0'),
(571, 'attrib', 'name', NULL),
(571, 'attrib', 'scaleType', 'aspect'),
(571, 'attrib', 'showFullScreen', '0'),
(578, 'attrib', 'backgroundColor', '#2badd6'),
(578, 'attrib', 'direction', 'none'),
(578, 'attrib', 'effect', 'none'),
(578, 'attrib', 'enableStat', 'Inherit'),
(578, 'attrib', 'fitText', '0'),
(578, 'attrib', 'marqueeInlineSelector', NULL),
(578, 'attrib', 'name', 'PONTO 01'),
(578, 'attrib', 'scrollSpeed', '2'),
(578, 'attrib', 'speed', NULL),
(578, 'attrib', 'ta_text_advanced', '1'),
(578, 'attrib', 'xmds', '1'),
(578, 'cdata', 'javaScript', ''),
(578, 'cdata', 'text', '<p style=\"text-align: center;\">&nbsp;</p>\r\n\r\n<p style=\"text-align: center;\"><span style=\"font-size:168px;\"><strong><span style=\"font-family:arial,helvetica,sans-serif;\"><span style=\"color:#FFFFFF;\">EmFoco M&iacute;dia Digital</span></span></strong></span></p>\r\n\r\n<p style=\"text-align: center;\">&nbsp;</p>\r\n\r\n<p style=\"text-align: center;\"><span style=\"font-size:80px;\"><span style=\"font-family:arial,helvetica,sans-serif;\"><span style=\"color:#FFFFFF;\">Divulgamos sua Empresa/Neg&oacute;cio</span></span></span></p>\r\n\r\n<p style=\"text-align: center;\"><span style=\"font-size:186px;\"><span style=\"color:#D3D3D3;\"><span style=\"font-family:arial,helvetica,sans-serif;\">11 98738-6318</span></span></span></p>\r\n'),
(579, 'attrib', 'direction', 'none'),
(579, 'attrib', 'enableStat', 'Inherit'),
(579, 'attrib', 'fitText', '0'),
(579, 'attrib', 'scrollSpeed', '2'),
(579, 'attrib', 'xmds', '1'),
(579, 'cdata', 'text', '<p style=\"text-align: right;\"><span style=\"font-size:96px;\"><span style=\"font-family:arial,helvetica,sans-serif;\"><span style=\"color:#D3D3D3;\">[Clock]</span></span></span></p>\n'),
(592, 'attrib', 'allowedAttributes', NULL),
(592, 'attrib', 'backgroundColor', NULL),
(592, 'attrib', 'copyright', NULL),
(592, 'attrib', 'datasetid', '0'),
(592, 'attrib', 'dateFormat', NULL),
(592, 'attrib', 'decodeHtml', '0'),
(592, 'attrib', 'disableDateSort', '0'),
(592, 'attrib', 'durationIsPerItem', '1'),
(592, 'attrib', 'effect', 'fade'),
(592, 'attrib', 'enableStat', 'Inherit'),
(592, 'attrib', 'itemsPerPage', '1'),
(592, 'attrib', 'itemsSideBySide', '0'),
(592, 'attrib', 'lowerLimit', '0'),
(592, 'attrib', 'name', 'Uol-Política'),
(592, 'attrib', 'noDataMessage_advanced', '0'),
(592, 'attrib', 'numItems', '1'),
(592, 'attrib', 'overrideTemplate', '1'),
(592, 'attrib', 'randomiseItems', '1'),
(592, 'attrib', 'reverseOrder', '0'),
(592, 'attrib', 'sourceId', '1'),
(592, 'attrib', 'speed', '2'),
(592, 'attrib', 'stripTags', NULL),
(592, 'attrib', 'takeItemsFrom', 'start'),
(592, 'attrib', 'ta_text_advanced', '0'),
(592, 'attrib', 'templateId', 'title-only'),
(592, 'attrib', 'textDirection', 'ltr'),
(592, 'attrib', 'updateInterval', '90'),
(592, 'attrib', 'updateIntervalImages', '240'),
(592, 'attrib', 'upperLimit', '0'),
(592, 'attrib', 'uri', 'http%3A%2F%2Fwww3.uol.com.br%2Fxml%2Fmidiaindoor%2Fpolitica.xml'),
(592, 'attrib', 'xmds', '1'),
(592, 'cdata', 'css', '.linkfoto > img { width:1920px;height:1080px;}\r\n.logo1{display: block; margin: 15px auto 30px auto}\r\n.cycle-overlay {color: white;background-color: rgba(0,0,0,0.6);position: absolute;bottom: 0;width: 20%;height:100%;padding: 15px;}\r\n'),
(592, 'cdata', 'javaScript', ''),
(592, 'cdata', 'noDataMessage', '<p><span style=\"font-size: 48px;\"><span style=\"color: #ffffff;\">No Data returned from the source</span></span></p>\r\n'),
(592, 'cdata', 'template', '<div class=\"linkfoto\">[linkfoto|image]\r\n<div class=\"cycle-overlay\">\r\n<div class=\"logo1\"><img src=\"https://www.mgatv.com.br/uol/logo1.png\" /></div>\r\n\r\n<p style=\"font-family: Arial, Verdana, sans-serif; font-size:65px; color:yellow;\">[Title]</p>\r\n\r\n<p style=\"font-family: Arial, Verdana, sans-serif; font-size:50px; margin-top:40px;\">[Description]</p>\r\n</div>\r\n</div>\r\n'),
(593, 'attrib', 'allowedAttributes', NULL),
(593, 'attrib', 'backgroundColor', NULL),
(593, 'attrib', 'copyright', NULL),
(593, 'attrib', 'datasetid', '0'),
(593, 'attrib', 'dateFormat', NULL),
(593, 'attrib', 'decodeHtml', '0'),
(593, 'attrib', 'disableDateSort', '0'),
(593, 'attrib', 'durationIsPerItem', '1'),
(593, 'attrib', 'effect', 'fade'),
(593, 'attrib', 'enableStat', 'Inherit'),
(593, 'attrib', 'itemsPerPage', '1'),
(593, 'attrib', 'itemsSideBySide', '0'),
(593, 'attrib', 'lowerLimit', '0'),
(593, 'attrib', 'name', 'Uol-Esportes'),
(593, 'attrib', 'noDataMessage_advanced', '0'),
(593, 'attrib', 'numItems', '1'),
(593, 'attrib', 'overrideTemplate', '1'),
(593, 'attrib', 'randomiseItems', '1'),
(593, 'attrib', 'reverseOrder', '0'),
(593, 'attrib', 'sourceId', '1'),
(593, 'attrib', 'speed', '2'),
(593, 'attrib', 'stripTags', NULL),
(593, 'attrib', 'takeItemsFrom', 'start'),
(593, 'attrib', 'ta_text_advanced', '0'),
(593, 'attrib', 'templateId', 'media-rss-with-left-hand-text'),
(593, 'attrib', 'textDirection', 'ltr'),
(593, 'attrib', 'updateInterval', '90'),
(593, 'attrib', 'updateIntervalImages', '240'),
(593, 'attrib', 'upperLimit', '0'),
(593, 'attrib', 'uri', 'http%3A%2F%2Fwww3.uol.com.br%2Fxml%2Fmidiaindoor%2Fesporte.xml'),
(593, 'attrib', 'xmds', '1'),
(593, 'cdata', 'css', '.linkfoto > img { width:1920px;height:1080px;}\r\n.logo1{display: block; margin: 15px auto 30px auto}\r\n.cycle-overlay {color: white;background-color: rgba(0,0,0,0.6);position: absolute;bottom: 0;width: 20%;height:100%;padding: 15px;}'),
(593, 'cdata', 'javaScript', ''),
(593, 'cdata', 'noDataMessage', '<p><span style=\"font-size: 48px;\"><span style=\"color: #ffffff;\">No Data returned from the source</span></span></p>\r\n'),
(593, 'cdata', 'template', '<div class=\"linkfoto\">[linkfoto|image]\r\n<div class=\"cycle-overlay\">\r\n<div class=\"logo1\"><img src=\"https://www.mgatv.com.br/uol/logo1.png\" /></div>\r\n\r\n<p style=\"font-family: Arial, Verdana, sans-serif; font-size:65px; color:yellow;\">[Title]</p>\r\n\r\n<p style=\"font-family: Arial, Verdana, sans-serif; font-size:50px; margin-top:40px;\">[Description]</p>\r\n</div>\r\n</div>\r\n'),
(594, 'attrib', 'allowedAttributes', NULL),
(594, 'attrib', 'backgroundColor', NULL),
(594, 'attrib', 'copyright', NULL),
(594, 'attrib', 'datasetid', '0'),
(594, 'attrib', 'dateFormat', NULL),
(594, 'attrib', 'decodeHtml', '0'),
(594, 'attrib', 'disableDateSort', '0'),
(594, 'attrib', 'durationIsPerItem', '1'),
(594, 'attrib', 'effect', 'fade'),
(594, 'attrib', 'enableStat', 'Inherit'),
(594, 'attrib', 'itemsPerPage', '1'),
(594, 'attrib', 'itemsSideBySide', '0'),
(594, 'attrib', 'lowerLimit', '0'),
(594, 'attrib', 'name', 'Uol-Economia'),
(594, 'attrib', 'noDataMessage_advanced', '0'),
(594, 'attrib', 'numItems', '1'),
(594, 'attrib', 'overrideTemplate', '1'),
(594, 'attrib', 'randomiseItems', '1'),
(594, 'attrib', 'reverseOrder', '0'),
(594, 'attrib', 'sourceId', '1'),
(594, 'attrib', 'speed', '2'),
(594, 'attrib', 'stripTags', NULL),
(594, 'attrib', 'takeItemsFrom', 'start'),
(594, 'attrib', 'ta_text_advanced', '0'),
(594, 'attrib', 'templateId', 'title-only'),
(594, 'attrib', 'textDirection', 'ltr'),
(594, 'attrib', 'updateInterval', '90'),
(594, 'attrib', 'updateIntervalImages', '240'),
(594, 'attrib', 'upperLimit', '0'),
(594, 'attrib', 'uri', 'http%3A%2F%2Fwww3.uol.com.br%2Fxml%2Fmidiaindoor%2Feconomia.xml'),
(594, 'attrib', 'xmds', '1'),
(594, 'cdata', 'css', '.linkfoto > img { width:1920px;height:1080px;}\r\n.logo1{display: block; margin: 15px auto 30px auto}\r\n.cycle-overlay {color: white;background-color: rgba(0,0,0,0.6);position: absolute;bottom: 0;width: 20%;height:100%;padding: 15px;}\r\n'),
(594, 'cdata', 'javaScript', ''),
(594, 'cdata', 'noDataMessage', '<p><span style=\"font-size: 48px;\"><span style=\"color: #ffffff;\">No Data returned from the source</span></span></p>\r\n'),
(594, 'cdata', 'template', '<div class=\"linkfoto\">[linkfoto|image]\r\n<div class=\"cycle-overlay\">\r\n<div class=\"logo1\"><img src=\"https://www.mgatv.com.br/uol/logo1.png\"></div>\r\n\r\n<p style=\"font-family: Arial, Verdana, sans-serif; font-size:65px; color:yellow;\">[Title]</p>\r\n\r\n<p style=\"font-family: Arial, Verdana, sans-serif; font-size:50px; margin-top:40px;\">[Description]</p>\r\n</div>\r\n</div>\r\n'),
(595, 'attrib', 'allowedAttributes', NULL),
(595, 'attrib', 'backgroundColor', NULL),
(595, 'attrib', 'copyright', NULL),
(595, 'attrib', 'datasetid', '0'),
(595, 'attrib', 'dateFormat', NULL),
(595, 'attrib', 'decodeHtml', '0'),
(595, 'attrib', 'disableDateSort', '0'),
(595, 'attrib', 'durationIsPerItem', '1'),
(595, 'attrib', 'effect', 'fade'),
(595, 'attrib', 'enableStat', 'Inherit'),
(595, 'attrib', 'itemsPerPage', '1'),
(595, 'attrib', 'itemsSideBySide', '0'),
(595, 'attrib', 'lowerLimit', '0'),
(595, 'attrib', 'name', 'Uol-Destaques'),
(595, 'attrib', 'noDataMessage_advanced', '0'),
(595, 'attrib', 'numItems', '1'),
(595, 'attrib', 'overrideTemplate', '1'),
(595, 'attrib', 'randomiseItems', '1'),
(595, 'attrib', 'reverseOrder', '0'),
(595, 'attrib', 'sourceId', '1'),
(595, 'attrib', 'speed', '2'),
(595, 'attrib', 'stripTags', NULL),
(595, 'attrib', 'takeItemsFrom', 'start'),
(595, 'attrib', 'ta_text_advanced', '0'),
(595, 'attrib', 'templateId', 'title-only'),
(595, 'attrib', 'textDirection', 'ltr'),
(595, 'attrib', 'updateInterval', '90'),
(595, 'attrib', 'updateIntervalImages', '240'),
(595, 'attrib', 'upperLimit', '0'),
(595, 'attrib', 'uri', 'http%3A%2F%2Fwww3.uol.com.br%2Fxml%2Fmidiaindoor%2Fdestaques.xml'),
(595, 'attrib', 'xmds', '1'),
(595, 'cdata', 'css', '.linkfoto > img { width:1920px;height:1080px;}\r\n.logo1{display: block; margin: 15px auto 30px auto}\r\n.cycle-overlay {color: white;background-color: rgba(0,0,0,0.6);position: absolute;bottom: 0;width: 20%;height:100%;padding: 15px;}\r\n'),
(595, 'cdata', 'javaScript', ''),
(595, 'cdata', 'noDataMessage', '<p><span style=\"font-size: 48px;\"><span style=\"color: #ffffff;\">No Data returned from the source</span></span></p>\r\n'),
(595, 'cdata', 'template', '<div class=\"linkfoto\">[linkfoto|image]\r\n<div class=\"cycle-overlay\">\r\n<div class=\"logo1\"><img src=\"https://www.mgatv.com.br/uol/logo1.png\" /></div>\r\n\r\n<p style=\"font-family: Arial, Verdana, sans-serif; font-size:65px; color:yellow;\">Destaques</p>\r\n\r\n<p style=\"font-family: Arial, Verdana, sans-serif; font-size:50px; margin-top:40px;\">[Description]</p>\r\n</div>\r\n</div>\r\n'),
(596, 'attrib', 'allowedAttributes', NULL),
(596, 'attrib', 'backgroundColor', NULL),
(596, 'attrib', 'copyright', NULL),
(596, 'attrib', 'datasetid', '0'),
(596, 'attrib', 'dateFormat', NULL),
(596, 'attrib', 'decodeHtml', '0'),
(596, 'attrib', 'disableDateSort', '0'),
(596, 'attrib', 'durationIsPerItem', '1'),
(596, 'attrib', 'effect', 'fade'),
(596, 'attrib', 'enableStat', 'Inherit'),
(596, 'attrib', 'itemsPerPage', '1'),
(596, 'attrib', 'itemsSideBySide', '0'),
(596, 'attrib', 'lowerLimit', '0'),
(596, 'attrib', 'name', 'UOL-Cotidiano'),
(596, 'attrib', 'noDataMessage_advanced', '0'),
(596, 'attrib', 'numItems', '1'),
(596, 'attrib', 'overrideTemplate', '1'),
(596, 'attrib', 'randomiseItems', '1'),
(596, 'attrib', 'reverseOrder', '0'),
(596, 'attrib', 'sourceId', '1'),
(596, 'attrib', 'speed', '2'),
(596, 'attrib', 'stripTags', NULL),
(596, 'attrib', 'takeItemsFrom', 'start'),
(596, 'attrib', 'ta_text_advanced', '0'),
(596, 'attrib', 'templateId', 'media-rss-with-left-hand-text'),
(596, 'attrib', 'textDirection', 'ltr'),
(596, 'attrib', 'updateInterval', '90'),
(596, 'attrib', 'updateIntervalImages', '240'),
(596, 'attrib', 'upperLimit', '0'),
(596, 'attrib', 'uri', 'http%3A%2F%2Fwww3.uol.com.br%2Fxml%2Fmidiaindoor%2Fcotidiano.xml'),
(596, 'attrib', 'xmds', '1'),
(596, 'cdata', 'css', '.linkfoto > img { width:1920px;height:1080px;}\r\n.logo1{display: block; margin: 15px auto 30px auto}\r\n.cycle-overlay {color: white;background-color: rgba(0,0,0,0.6);position: absolute;bottom: 0;width: 20%;height:100%;padding: 15px;}\r\n'),
(596, 'cdata', 'javaScript', ''),
(596, 'cdata', 'noDataMessage', '<p><span style=\"font-size: 48px;\"><span style=\"color: #ffffff;\">No Data returned from the source</span></span></p>\r\n'),
(596, 'cdata', 'template', '<div class=\"linkfoto\">[linkfoto|image]\r\n<div class=\"cycle-overlay\">\r\n<div class=\"logo1\"><img src=\"https://www.mgatv.com.br/uol/logo1.png\" /></div>\r\n\r\n<p style=\"font-family: Arial, Verdana, sans-serif; font-size:65px; color:yellow;\">[Title]</p>\r\n\r\n<p style=\"font-family: Arial, Verdana, sans-serif; font-size:50px; margin-top:40px;\">[Description]</p>\r\n</div>\r\n</div>\r\n'),
(597, 'attrib', 'allowedAttributes', NULL),
(597, 'attrib', 'backgroundColor', NULL),
(597, 'attrib', 'copyright', NULL),
(597, 'attrib', 'datasetid', '0'),
(597, 'attrib', 'dateFormat', NULL),
(597, 'attrib', 'decodeHtml', '0'),
(597, 'attrib', 'disableDateSort', '0'),
(597, 'attrib', 'durationIsPerItem', '1'),
(597, 'attrib', 'effect', 'fade'),
(597, 'attrib', 'enableStat', 'Inherit'),
(597, 'attrib', 'itemsPerPage', '1'),
(597, 'attrib', 'itemsSideBySide', '0'),
(597, 'attrib', 'lowerLimit', '0'),
(597, 'attrib', 'name', 'Uol-Internacional'),
(597, 'attrib', 'noDataMessage_advanced', '0'),
(597, 'attrib', 'numItems', '1'),
(597, 'attrib', 'overrideTemplate', '1'),
(597, 'attrib', 'randomiseItems', '1'),
(597, 'attrib', 'reverseOrder', '0'),
(597, 'attrib', 'sourceId', '1'),
(597, 'attrib', 'speed', '2'),
(597, 'attrib', 'stripTags', NULL),
(597, 'attrib', 'takeItemsFrom', 'start'),
(597, 'attrib', 'ta_text_advanced', '0'),
(597, 'attrib', 'templateId', 'title-only'),
(597, 'attrib', 'textDirection', 'ltr'),
(597, 'attrib', 'updateInterval', '90'),
(597, 'attrib', 'updateIntervalImages', '240'),
(597, 'attrib', 'upperLimit', '0'),
(597, 'attrib', 'uri', 'http%3A%2F%2Fwww3.uol.com.br%2Fxml%2Fmidiaindoor%2Finternacional.xml'),
(597, 'attrib', 'xmds', '1'),
(597, 'cdata', 'css', '.linkfoto > img { width:1920px;height:1080px;}\r\n.logo1{display: block; margin: 15px auto 30px auto}\r\n.cycle-overlay {color: white;background-color: rgba(0,0,0,0.6);position: absolute;bottom: 0;width: 20%;height:100%;padding: 15px;}\r\n'),
(597, 'cdata', 'javaScript', ''),
(597, 'cdata', 'noDataMessage', '<p><span style=\"font-size: 48px;\"><span style=\"color: #ffffff;\">No Data returned from the source</span></span></p>\r\n'),
(597, 'cdata', 'template', '<div class=\"linkfoto\">[linkfoto|image]\r\n<div class=\"cycle-overlay\">\r\n<div class=\"logo1\"><img src=\"https://www.mgatv.com.br/uol/logo1.png\" /></div>\r\n\r\n<p style=\"font-family: Arial, Verdana, sans-serif; font-size:65px; color:yellow;\">[Title]</p>\r\n\r\n<p style=\"font-family: Arial, Verdana, sans-serif; font-size:50px; margin-top:40px;\">[Description]</p>\r\n</div>\r\n</div>\r\n'),
(598, 'attrib', 'allowedAttributes', NULL),
(598, 'attrib', 'backgroundColor', NULL),
(598, 'attrib', 'copyright', NULL),
(598, 'attrib', 'datasetid', '0'),
(598, 'attrib', 'dateFormat', NULL),
(598, 'attrib', 'decodeHtml', '0'),
(598, 'attrib', 'disableDateSort', '0'),
(598, 'attrib', 'durationIsPerItem', '1'),
(598, 'attrib', 'effect', 'fade'),
(598, 'attrib', 'enableStat', 'Inherit'),
(598, 'attrib', 'itemsPerPage', '1'),
(598, 'attrib', 'itemsSideBySide', '0'),
(598, 'attrib', 'lowerLimit', '0'),
(598, 'attrib', 'name', 'Uol-Celebridades'),
(598, 'attrib', 'noDataMessage_advanced', '0'),
(598, 'attrib', 'numItems', '1'),
(598, 'attrib', 'overrideTemplate', '1'),
(598, 'attrib', 'randomiseItems', '1'),
(598, 'attrib', 'reverseOrder', '0'),
(598, 'attrib', 'sourceId', '1'),
(598, 'attrib', 'speed', '2'),
(598, 'attrib', 'stripTags', NULL),
(598, 'attrib', 'takeItemsFrom', 'start'),
(598, 'attrib', 'ta_text_advanced', '0'),
(598, 'attrib', 'templateId', 'title-only'),
(598, 'attrib', 'textDirection', 'ltr'),
(598, 'attrib', 'updateInterval', '90'),
(598, 'attrib', 'updateIntervalImages', '240'),
(598, 'attrib', 'upperLimit', '0'),
(598, 'attrib', 'uri', 'http%3A%2F%2Fwww3.uol.com.br%2Fxml%2Fmidiaindoor%2Fcelebridades.xml'),
(598, 'attrib', 'xmds', '1'),
(598, 'cdata', 'css', '.linkfoto > img { width:1920px;height:1080px;}\r\n.logo1{display: block; margin: 15px auto 30px auto}\r\n.cycle-overlay {color: white;background-color: rgba(0,0,0,0.6);position: absolute;bottom: 0;width: 20%;height:100%;padding: 15px;}\r\n'),
(598, 'cdata', 'javaScript', ''),
(598, 'cdata', 'noDataMessage', '<p><span style=\"font-size: 48px;\"><span style=\"color: #ffffff;\">No Data returned from the source</span></span></p>\r\n'),
(598, 'cdata', 'template', '<div class=\"linkfoto\">[linkfoto|image]\r\n<div class=\"cycle-overlay\">\r\n<div class=\"logo1\"><img src=\"https://www.mgatv.com.br/uol/logo1.png\" /></div>\r\n\r\n<p style=\"font-family: Arial, Verdana, sans-serif; font-size:65px; color:yellow;\">[Title]</p>\r\n\r\n<p style=\"font-family: Arial, Verdana, sans-serif; font-size:50px; margin-top:40px;\">[Description]</p>\r\n</div>\r\n</div>\r\n'),
(607, 'attrib', 'enableStat', 'Inherit'),
(607, 'attrib', 'loop', '0'),
(607, 'attrib', 'mute', '0'),
(607, 'attrib', 'name', NULL),
(607, 'attrib', 'scaleType', 'aspect'),
(607, 'attrib', 'showFullScreen', '0'),
(617, 'attrib', 'enableStat', 'Inherit'),
(617, 'attrib', 'loop', '0'),
(617, 'attrib', 'mute', '0'),
(617, 'attrib', 'name', NULL),
(617, 'attrib', 'scaleType', 'aspect'),
(617, 'attrib', 'showFullScreen', '0'),
(619, 'attrib', 'enableStat', 'Inherit'),
(619, 'attrib', 'loop', '0'),
(619, 'attrib', 'mute', '0'),
(619, 'attrib', 'name', NULL),
(619, 'attrib', 'scaleType', 'aspect'),
(619, 'attrib', 'showFullScreen', '0'),
(622, 'attrib', 'enableStat', 'Inherit'),
(622, 'attrib', 'mute', '0'),
(623, 'attrib', 'enableStat', 'Inherit'),
(623, 'attrib', 'loop', '0'),
(623, 'attrib', 'mute', '0'),
(623, 'attrib', 'name', NULL),
(623, 'attrib', 'scaleType', 'aspect'),
(623, 'attrib', 'showFullScreen', '0'),
(624, 'attrib', 'enableStat', 'Inherit'),
(624, 'attrib', 'loop', '0'),
(624, 'attrib', 'mute', '0'),
(624, 'attrib', 'name', NULL),
(624, 'attrib', 'scaleType', 'aspect'),
(624, 'attrib', 'showFullScreen', '0'),
(625, 'attrib', 'enableStat', 'Inherit'),
(625, 'attrib', 'loop', '0'),
(625, 'attrib', 'mute', '0'),
(625, 'attrib', 'name', NULL),
(625, 'attrib', 'scaleType', 'aspect'),
(625, 'attrib', 'showFullScreen', '0'),
(645, 'attrib', 'enableStat', 'Inherit'),
(645, 'attrib', 'mute', '0'),
(646, 'attrib', 'enableStat', 'Inherit'),
(646, 'attrib', 'mute', '0'),
(665, 'attrib', 'datasetid', '0'),
(665, 'attrib', 'disableDateSort', '0'),
(665, 'attrib', 'durationIsPerItem', '1'),
(665, 'attrib', 'effect', 'fade'),
(665, 'attrib', 'enableStat', 'Inherit'),
(665, 'attrib', 'itemsPerPage', '1'),
(665, 'attrib', 'itemsSideBySide', '0'),
(665, 'attrib', 'lowerLimit', '0'),
(665, 'attrib', 'name', 'Loterias - Lotomania - Numeração'),
(665, 'attrib', 'numItems', '1'),
(665, 'attrib', 'overrideTemplate', '1'),
(665, 'attrib', 'randomiseItems', '0'),
(665, 'attrib', 'sourceId', '1'),
(665, 'attrib', 'speed', '2'),
(665, 'attrib', 'takeItemsFrom', 'start'),
(665, 'attrib', 'templateId', 'title-only'),
(665, 'attrib', 'textDirection', 'ltr'),
(665, 'attrib', 'updateInterval', '120'),
(665, 'attrib', 'upperLimit', '0'),
(665, 'attrib', 'uri', 'http%3A%2F%2Fwww.mgaplay.com.br%2Floterias%2FConvert%2FLotoMania.php'),
(665, 'attrib', 'xmds', '1'),
(665, 'cdata', 'css', '.linkfoto > img { width:1920px; height:1080px;}\n.conteudo{position: absolute;bottom: 0;}\n.linha1 {\nfont-size:  43px;\ncolor: #ffffff;\ntext-align: center;\nmargin-top:100px;\nfont-family: \'Open Sans\', light300;\nfont-weight:300;\nfloat: left;\nwidth: 1920px;\n}\n#sorteiorealizado {\nwidth: 1920px;\nfont-size:  43px;\ncolor: #ffffff;\ntext-align: center;\nfont-family: \'Open Sans\', light300;\nfont-weight:300;\nfloat: left;\n}\n#sorteiovalor {\nfont-size:  70px;\ncolor: #ffffff;\ntext-align: center;\nfont-family: \'Open Sans\', light300;\nfont-weight:300;\nfloat: left;\nwidth: 1920px;\nheight: 50px;\n}\n#numeracao {\nfloat: left;\nwidth: 1920px;\nheight: 688px;\npadding: 1% 1% 2% 1%;\nline-height: 280%;\nbox-sizing: border-box;\n}\n#numeracao ul{\nmargin-left: px, auto; \npadding: 0;\n}\n#numeracao li{\ntext-align:center;\ndisplay: inline-block;\nfont-size:  90px;\ncolor: #f78100;\nfont-family: \'Open Sans\', light300;\nbackground: #ffffff;\nborder-radius: 100px;\nfont-weight: 700;\nwidth: 170px;\nheight: 170px; \nmargin-left:2%;\npadding-top: 1%;\nbox-sizing: border-box;\n}\n#tabela {\npadding: 25% 0% 0% 15%;\nfont-family: \'Open Sans\', light300;\nwidth: 1920px height: 20px;\nfont-size: 48px;\nposition: absolute;\n}\n#colunadireita{\npadding: 0,8% 1% 0,8% 1%;\nfont-family: \'Open Sans\', light300;\nbackground-color: rgba(247,129,0,0.5);\nwidth:400px;\nfloat: left;\ntext-align:center;\nmargin:5px;\ncolor: #ffffff;\nfont-weight:300;\n}\n#colunaesquerda {\npadding: 0,8% 1% 0,8% 1%;\nfont-family: \'Open Sans\', light300;\nbackground-color: rgba(247,129,0,0.5);\nwidth:900px;\nfloat: left;\nmargin:5px;\ncolor: #ffffff;\nfont-weight:300;\n}'),
(665, 'cdata', 'noDataMessage', '<p><span style=\"font-size: 48px;\"><span style=\"color: #ffffff;\">No Data returned from the source</span></span></p>\n'),
(665, 'cdata', 'template', '<link href=\"https://fonts.googleapis.com/css?family=Open+Sans:300,400,800,600,700\" rel=\"stylesheet\" />\n<div class=\"linkfoto\">[linkfoto|image]\n<div class=\"conteudo\">\n<p class=\"linha1\">[Cidade|]| Data:<strong>[Data|]</strong>|Concurso:<strong>[Concurso|]</strong></p>\n\n<div id=\"sorteiorealizado\">\n<div id=\"sorteiovalor\">&nbsp;</div>\n\n<div id=\"numeracao\">\n<ul>\n	<li>[Dezena1_1|]</li>\n	<li>[Dezena1_2|]</li>\n	<li>[Dezena1_3|]</li>\n	<li>[Dezena1_4|]</li>\n	<li>[Dezena1_5|]</li>\n	<li>[Dezena1_6|]</li>\n	<li>[Dezena1_7|]</li>\n	<li>[Dezena1_8|]</li>\n	<li>[Dezena1_9|]</li>\n	<li>[Dezena1_10|]</li>\n	<li>[Dezena1_11|]</li>\n	<li>[Dezena1_12|]</li>\n	<li>[Dezena1_13|]</li>\n	<li>[Dezena1_14|]</li>\n	<li>[Dezena1_15|]</li>\n</ul>\n</div>\n\n<div id=\"tabela\" open=\"\" style=\"font-family: \">\n<div id=\"colunaesquerda\">Pr&oacute;xima data:</div>\n\n<div id=\"colunadireita\">[ProximoData|]</div>\n\n<div id=\"colunaesquerda\">Pr&oacute;ximo estimativa pr&ecirc;mio:</div>\n\n<div id=\"colunadireita\">[ProximoEstimativaPremio|]</div>\n\n<div id=\"colunaesquerda\">Pr&oacute;ximo valor acumulado:</div>\n\n<div id=\"colunadireita\">[ProximoValorAcumulador|]</div>\n</div>\n</div>\n</div>\n</div>\n'),
(666, 'attrib', 'datasetid', '0'),
(666, 'attrib', 'disableDateSort', '0'),
(666, 'attrib', 'durationIsPerItem', '1'),
(666, 'attrib', 'effect', 'fade'),
(666, 'attrib', 'enableStat', 'Inherit'),
(666, 'attrib', 'itemsPerPage', '1'),
(666, 'attrib', 'itemsSideBySide', '0'),
(666, 'attrib', 'lowerLimit', '0'),
(666, 'attrib', 'name', 'Loterias - Mega-Sena - Numeração'),
(666, 'attrib', 'numItems', '1'),
(666, 'attrib', 'overrideTemplate', '1'),
(666, 'attrib', 'randomiseItems', '0'),
(666, 'attrib', 'sourceId', '1'),
(666, 'attrib', 'speed', '2'),
(666, 'attrib', 'takeItemsFrom', 'start'),
(666, 'attrib', 'templateId', 'title-only'),
(666, 'attrib', 'textDirection', 'ltr'),
(666, 'attrib', 'transOut', 'fadeOut'),
(666, 'attrib', 'transOutDirection', 'N'),
(666, 'attrib', 'transOutDuration', '2'),
(666, 'attrib', 'updateInterval', '120'),
(666, 'attrib', 'upperLimit', '0'),
(666, 'attrib', 'uri', 'http%3A%2F%2Fwww.mgaplay.com.br%2Floterias%2FConvert%2FMegaSena.php'),
(666, 'attrib', 'xmds', '1'),
(666, 'cdata', 'css', '.linkfoto > img { width:1920px; height:1080px;}\n.conteudo {position: absolute;top: 0;}\n.linha1 {\nfont-size:  43px;\ncolor: #ffffff;\n text-align: center;\nmargin-top:180px;\nfont-family: \'Open Sans\', light300;\nfont-weight:300;\nfloat: left;\nwidth: 1920px;\n}\n#sorteiorealizado {\nwidth: 1920px;\nfont-size:  43px;\ncolor: #ffffff;\ntext-align: center;\nfont-family: \'Open Sans\', light300;\nfont-weight:300;\nfloat: left;\n}\n#sorteiovalor {\nfont-size:  92px;\ncolor: #ffffff;\ntext-align: center;\nfont-family: \'Open Sans\', light300;\nfont-weight:300;\nfloat: left;\nwidth: 1920px;\n}\n#numeracao {\nfloat: left;\nwidth: 1920px;\nheight:350px;\npadding:2% 12% 2% 12%;\nline-height:300%;\nbox-sizing: border-box;\n}\n#numeracao ul{\nmargin-left: px, auto; \npadding: 0;\n}\n#numeracao li{\ntext-align:center;\ndisplay: inline-block;\nfont-size:  90px;\ncolor: #1d723c;\nfont-family: \'Open Sans\', light300;\nbackground: #ffffff;\nborder-radius: 100px;\nfont-weight: 700;\nwidth: 180px;\nheight: 180px; \nmargin-left:2%;\npadding-top: 1.5%;\nbox-sizing: border-box;\n}\n#tabela {\npadding: 0% 15% 0% 16%;\nfont-family: \'Open Sans\', light300;\nwidth: 1920px\nheight: 20px;\nfont-size: 48px;\nbackground-color: #ff0012;\nfont-weight:300;\n}\n#colunadireita{\npadding: 0,8% 1% 0,8% 1%;\nfont-family: \'Open Sans\', light300;\nbackground-color: rgba(0,46,30,0.5);\nwidth:400px;\nfloat: left;\ntext-align:center;\nmargin:5px;\ncolor: #ffffff;\nfont-weight:300;\n}\n#colunaesquerda {\npadding: 0,8% 1% 0,8% 1%;\nfont-family: \'Open Sans\', light300;\nbackground-color: rgba(0,46,30,0.5);\nwidth:900px;\nfloat: left;\nmargin:5px;\ncolor: #ffffff;\nfont-weight:300;\n}'),
(666, 'cdata', 'noDataMessage', '<p><span style=\"font-size: 48px;\"><span style=\"color: #ffffff;\">No Data returned from the source</span></span></p>\n'),
(666, 'cdata', 'template', '<link href=\"https://fonts.googleapis.com/css?family=Open+Sans:300,400,800,600,700\" rel=\"stylesheet\" />\n<div class=\"linkfoto\">[linkfoto|image]\n<div class=\"conteudo\">\n<p class=\"linha1\">[Cidade|] | Data: <strong> [Data|] </strong> | Concurso: <strong>[Concurso|]</strong></p>\n\n<div id=\"sorteiorealizado\">&nbsp;\n<div>\n<div id=\"numeracao\">\n<ul>\n	<li>[Dezena1_1|]</li>\n	<li>[Dezena1_2|]</li>\n	<li>[Dezena1_3|]</li>\n	<li>[Dezena1_4|]</li>\n	<li>[Dezena1_5|]</li>\n	<li>[Dezena1_6|]</li>\n</ul>\n</div>\n\n<div id=\"tabela\" style=\"font-family: \'Open Sans\', light300;\">\n<div id=\"colunaesquerda\">Pr&oacute;xima data:</div>\n\n<div id=\"colunadireita\">[ProximoData|]</div>\n\n<div id=\"colunaesquerda\">Pr&oacute;ximo estimativa pr&ecirc;mio:</div>\n\n<div id=\"colunadireita\">[ProximoEstimativaPremio|]</div>\n\n<div id=\"colunaesquerda\">Pr&oacute;ximo valor acumulado:</div>\n\n<div id=\"colunadireita\">[ProximoValorAcumulador|]</div>\n</div>\n</div>\n</div>\n</div>\n</div>\n'),
(667, 'attrib', 'datasetid', '0'),
(667, 'attrib', 'disableDateSort', '0'),
(667, 'attrib', 'durationIsPerItem', '1'),
(667, 'attrib', 'effect', 'fade'),
(667, 'attrib', 'enableStat', 'Inherit'),
(667, 'attrib', 'itemsPerPage', '1'),
(667, 'attrib', 'itemsSideBySide', '0'),
(667, 'attrib', 'lowerLimit', '0'),
(667, 'attrib', 'name', 'Loterias - Quina - Sorteio'),
(667, 'attrib', 'numItems', '1'),
(667, 'attrib', 'overrideTemplate', '1'),
(667, 'attrib', 'randomiseItems', '0'),
(667, 'attrib', 'sourceId', '1'),
(667, 'attrib', 'speed', '2'),
(667, 'attrib', 'takeItemsFrom', 'start'),
(667, 'attrib', 'templateId', 'title-only'),
(667, 'attrib', 'textDirection', 'ltr'),
(667, 'attrib', 'updateInterval', '120'),
(667, 'attrib', 'upperLimit', '0'),
(667, 'attrib', 'uri', 'http%3A%2F%2Fwww.mgaplay.com.br%2Floterias%2FConvert%2FQuina.php'),
(667, 'attrib', 'xmds', '1'),
(667, 'cdata', 'css', '.linkfoto > img { width:1920px; height:1080px;}\n.conteudo {\nposition: absolute;\ntop:3%;\n}\n.linha1 {\nfont-size:  43px;\ncolor: #ffffff;\n text-align: center;\nmargin-top:150px;\nfont-family: \'Open Sans\', light300;\nfont-weight:300;\nfloat: left;\nwidth: 1920px;\n}\n#sorteiorealizado {\nwidth: 1920px;\nfont-size:  43px;\ncolor: #ffffff;\ntext-align: center;\nfont-family: \'Open Sans\', light300;\nfont-weight:300;\nfloat: left;\n}\n#sorteiovalor {\nfont-size:  70px;\ncolor: #ffffff;\ntext-align: center;\nfont-family: \'Open Sans\', light300;\nfont-weight:300;\nfloat: left;\nwidth: 1920px;\nheight: 50px;\n}\n#numeracao {\nfloat: left;\nwidth: 1920px;\nheight:350px;\npadding:2% 1% 2% 1%;\nline-height:280%;\nbox-sizing: border-box;\n}\n#numeracao ul{\nmargin-left: px, auto; \npadding: 0;\n}\n#numeracao li{\ntext-align:center;\ndisplay: inline-block;\nfont-size:  90px;\ncolor: #260085;\nfont-family: \'Open Sans\', light300;\nbackground: #ffffff;\nborder-radius: 100px;\nfont-weight: 700;\nwidth: 170px;\nheight: 170px; \nmargin-left:2%;\npadding-top: 1%;\nbox-sizing: border-box;\n}\n#tabela {\npadding: 7% 0% 0% 15%;\nfont-family: \'Open Sans\', light300;\nwidth: 1920px\nheight: 20px;\nfont-size: 48px;\nfont-weight:300;\n}\n#colunadireita{\npadding: 0,8% 1% 0,8% 1%;\nfont-family: \'Open Sans\', light300;\nbackground-color: rgba(38,0,133,0.5);\nwidth:400px;\nfloat: left;\ntext-align:center;\nmargin:5px;\ncolor: #ffffff;\nfont-weight:300;\n}\n#colunaesquerda {\npadding: 0,8% 1% 0,8% 1%;\nfont-family: \'Open Sans\', light300;\nbackground-color: rgba(38,0,133,0.5);\nwidth:900px;\nfloat: left;\nmargin:5px;\ncolor: #ffffff;\nfont-weight:300;\n}'),
(667, 'cdata', 'noDataMessage', '<p><span style=\"font-size: 48px;\"><span style=\"color: #ffffff;\">No Data returned from the source</span></span></p>\n'),
(667, 'cdata', 'template', '<meta charset=\"utf-8″\" content=\"”text/html;\" http-equiv=\"”Content-Type”\" />\n<link href=\"https://fonts.googleapis.com/css?family=Open+Sans:300,400,800,600,700\" rel=\"stylesheet\" />\n<div class=\"linkfoto\">[linkfoto|image]\n<div class=\"conteudo\">\n<div class=\"image\">\n<p class=\"linha1\">[Cidade|] | Data:&nbsp;<strong>[Data|]&nbsp;</strong>| Concurso:&nbsp;<strong>[Concurso|]</strong></p>\n\n<div id=\"sorteiorealizado\">&nbsp;\n<div>\n<div id=\"numeracao\">\n<ul>\n	<li>[Dezena1_1|]</li>\n	<li>[Dezena1_2|]</li>\n	<li>[Dezena1_3|]</li>\n	<li>[Dezena1_4|]</li>\n	<li>[Dezena1_5|]</li>\n</ul>\n</div>\n\n<div id=\"tabela\" open=\"\" style=\"font-family: \">\n<div id=\"colunaesquerda\">Pr&oacute;xima data:</div>\n\n<div id=\"colunadireita\">[ProximoData|]</div>\n\n<div id=\"colunaesquerda\">Pr&oacute;ximo estimativa pr&ecirc;mio:</div>\n\n<div id=\"colunadireita\">[ProximoEstimativaPremio|]</div>\n\n<div id=\"colunaesquerda\">Pr&oacute;ximo valor acumulado:</div>\n\n<div id=\"colunadireita\">[ProximoValorAcumulador|]</div>\n</div>\n</div>\n</div>\n</div>\n</div>\n</div>\n'),
(668, 'attrib', 'datasetid', '0'),
(668, 'attrib', 'disableDateSort', '0'),
(668, 'attrib', 'durationIsPerItem', '1'),
(668, 'attrib', 'effect', 'fade'),
(668, 'attrib', 'enableStat', 'Inherit'),
(668, 'attrib', 'itemsPerPage', '1'),
(668, 'attrib', 'itemsSideBySide', '0'),
(668, 'attrib', 'lowerLimit', '0'),
(668, 'attrib', 'name', 'Loterias - TimeMania - Sorteio'),
(668, 'attrib', 'numItems', '1'),
(668, 'attrib', 'overrideTemplate', '1'),
(668, 'attrib', 'randomiseItems', '0'),
(668, 'attrib', 'sourceId', '1'),
(668, 'attrib', 'speed', '2'),
(668, 'attrib', 'takeItemsFrom', 'start'),
(668, 'attrib', 'templateId', 'title-only'),
(668, 'attrib', 'textDirection', 'ltr'),
(668, 'attrib', 'updateInterval', '120'),
(668, 'attrib', 'upperLimit', '0'),
(668, 'attrib', 'uri', 'http%3A%2F%2Fwww.mgaplay.com.br%2Floterias%2FConvert%2FTimeMania.php'),
(668, 'attrib', 'xmds', '1'),
(668, 'cdata', 'css', '.linkfoto > img { width:1920px; height:1080px;}\n.conteudo {\nposition: absolute;\ntop:3%;\n}\n.linha1 {\nfont-size:  43px;\ncolor: #007245;\ntext-align: center;\nmargin-top:150px;\nfont-family: \'Open Sans\', light300;\nfont-weight:300;\nfloat: left;\nwidth: 1920px;\n}\n.linha2 {\nfont-size:  63px;\ncolor: #007245;\ntext-align: center;\nmargin-top:25px;\nfont-family: \'Open Sans\', light300;\nfont-weight:300;\nfloat: left;\nwidth: 1920px;\n}\n#sorteiorealizado {\nwidth: 1920px;\nfont-size:  43px;\ncolor: #007245;\ntext-align: center;\nfont-family: \'Open Sans\', light300;\nfont-weight:300;\nfloat: left;\n}\n#sorteiovalor {\nfont-size:  70px;\ncolor: #007245;\ntext-align: center;\nfont-family: \'Open Sans\', light300;\nfont-weight:300;\nfloat: left;\nwidth: 1920px;\nheight: 50px;\n}\n#numeracao {\nfloat: left;\nwidth: 1920px;\nheight:350px;\npadding:2% 1% 2% 1%;\nline-height:280%;\nbox-sizing: border-box;\n}\n#numeracao ul{\n margin-left: px, auto; \npadding: 0;\n}\n#numeracao li{\ntext-align:center;\ndisplay: inline-block;\nfont-size:  90px;\ncolor: #007245;\nfont-family: \'Open Sans\', light300;\nbackground: #ffffff;\nborder-radius: 100px;\nfont-weight: 700;\nwidth: 170px;\nheight: 170px; \nmargin-left:2%;\npadding-top: 1%;\nbox-sizing: border-box;\n}\n#tabela {\npadding: 7% 0% 0% 15%;\nfont-family: \'Open Sans\', light300;\nwidth: 1920px\nheight: 20px;\nfont-size: 48px;\nfont-weight:300;\n}\n#colunadireita{\npadding: 0,8% 1% 0,8% 1%;\nfont-family: \'Open Sans\', light300;\nbackground-color: rgba(35,129,63,1);\nwidth:400px;\nfloat: left;\ntext-align:center;\nmargin:5px;\ncolor: #ffffff;\nfont-weight:300;\n}\n#colunaesquerda {\npadding: 0,8% 1% 0,8% 1%;\nfont-family: \'Open Sans\', light300;\nbackground-color: rgba(35,129,63,1);\nwidth:900px;\nfloat: left;\nmargin:5px;\ncolor: #ffffff;\nfont-weight:300;\n}'),
(668, 'cdata', 'noDataMessage', '<p><span style=\"font-size: 48px;\"><span style=\"color: #ffffff;\">No Data returned from the source</span></span></p>\n'),
(668, 'cdata', 'template', '<link href=\"https://fonts.googleapis.com/css?family=Open+Sans:400,800,600,700\" rel=\"stylesheet\" />\n<div class=\"linkfoto\">[linkfoto|image]\n<div class=\"conteudo\">\n<div class=\"image\">\n<p class=\"linha1\">[Cidade|] | Data:&nbsp;<strong>[Data|]&nbsp;</strong>| Concurso:&nbsp;<strong>[Concurso|]</strong></p>\n\n<p class=\"linha2\">[TimeCoracao|]</p>\n\n<div id=\"sorteiorealizado\">&nbsp;\n<div>\n<div id=\"numeracao\">\n<ul>\n	<li>[Dezena1_1|]</li>\n	<li>[Dezena1_2|]</li>\n	<li>[Dezena1_3|]</li>\n	<li>[Dezena1_4|]</li>\n	<li>[Dezena1_5|]</li>\n	<li>[Dezena1_6|]</li>\n	<li>[Dezena1_7|]</li>\n</ul>\n</div>\n\n<div id=\"tabela\" open=\"\" style=\"font-family: \">\n<div id=\"colunaesquerda\">Pr&oacute;xima data:</div>\n\n<div id=\"colunadireita\">[ProximoData|]</div>\n\n<div id=\"colunaesquerda\">Pr&oacute;ximo estimativa pr&ecirc;mio:</div>\n\n<div id=\"colunadireita\">[ProximoEstimativaPremio|]</div>\n\n<div id=\"colunaesquerda\">Pr&oacute;ximo valor acumulado:</div>\n\n<div id=\"colunadireita\">[ProximoValorAcumulador|]</div>\n</div>\n</div>\n</div>\n</div>\n</div>\n</div>\n'),
(669, 'attrib', 'allowedAttributes', NULL),
(669, 'attrib', 'backgroundColor', NULL),
(669, 'attrib', 'copyright', NULL),
(669, 'attrib', 'datasetid', '0'),
(669, 'attrib', 'dateFormat', NULL),
(669, 'attrib', 'decodeHtml', '0'),
(669, 'attrib', 'disableDateSort', '0'),
(669, 'attrib', 'durationIsPerItem', '1'),
(669, 'attrib', 'effect', 'fade'),
(669, 'attrib', 'enableStat', 'Inherit'),
(669, 'attrib', 'itemsPerPage', '1'),
(669, 'attrib', 'itemsSideBySide', '0'),
(669, 'attrib', 'lowerLimit', '0'),
(669, 'attrib', 'name', 'Loterias - TimeMania - Sorteio'),
(669, 'attrib', 'noDataMessage_advanced', '0'),
(669, 'attrib', 'numItems', '1'),
(669, 'attrib', 'overrideTemplate', '1'),
(669, 'attrib', 'randomiseItems', '0'),
(669, 'attrib', 'reverseOrder', '0'),
(669, 'attrib', 'sourceId', '1'),
(669, 'attrib', 'speed', '2'),
(669, 'attrib', 'stripTags', NULL),
(669, 'attrib', 'takeItemsFrom', 'start'),
(669, 'attrib', 'ta_text_advanced', '0'),
(669, 'attrib', 'templateId', 'title-only'),
(669, 'attrib', 'textDirection', 'ltr'),
(669, 'attrib', 'updateInterval', '120'),
(669, 'attrib', 'updateIntervalImages', '240'),
(669, 'attrib', 'upperLimit', '0'),
(669, 'attrib', 'uri', 'http%3A%2F%2Fwww.mgaplay.com.br%2Floterias%2FConvert%2FDiadeSorte.php'),
(669, 'attrib', 'xmds', '1'),
(669, 'cdata', 'css', '.linkfoto > img { width:1920px; height:1080px;}\r\n.conteudo {\r\nposition: absolute;\r\ntop:3%;\r\n}\r\n.linha1 {\r\nfont-size:  43px;\r\ncolor: #007245;\r\ntext-align: center;\r\nmargin-top:150px;\r\nfont-family: \'Open Sans\', light300;\r\nfont-weight:300;\r\nfloat: left;\r\nwidth: 1920px;\r\n}\r\n.linha2 {\r\nfont-size:  63px;\r\ncolor: #007245;\r\ntext-align: center;\r\nmargin-top:35px;\r\nfont-family: \'Open Sans\', light300;\r\nfont-weight:300;\r\nfloat: left;\r\nwidth: 1920px;\r\n}\r\n#sorteiorealizado {\r\nwidth: 1920px;\r\nfont-size:  43px;\r\ncolor: #007245;\r\ntext-align: center;\r\nfont-family: \'Open Sans\', light300;\r\nfont-weight:300;\r\nfloat: left;\r\n}\r\n#sorteiovalor {\r\nfont-size:  70px;\r\ncolor: #007245;\r\ntext-align: center;\r\nfont-family: \'Open Sans\', light300;\r\nfont-weight:300;\r\nfloat: left;\r\nwidth: 1920px;\r\nheight: 50px;\r\n}\r\n#numeracao {\r\nfloat: left;\r\nwidth: 1920px;\r\nheight:350px;\r\npadding:2% 1% 2% 1%;\r\nline-height:280%;\r\nbox-sizing: border-box;\r\n}\r\n#numeracao ul{\r\n margin-left: px, auto; \r\npadding: 0;\r\n}\r\n#numeracao li{\r\ntext-align:center;\r\ndisplay: inline-block;\r\nfont-size:  90px;\r\ncolor: #007245;\r\nfont-family: \'Open Sans\', light300;\r\nbackground: #ffffff;\r\nborder-radius: 100px;\r\nfont-weight: 700;\r\nwidth: 170px;\r\nheight: 170px; \r\nmargin-left:2%;\r\npadding-top: 1%;\r\nbox-sizing: border-box;\r\n}\r\n#tabela {\r\npadding: 7% 0% 0% 15%;\r\nfont-family: \'Open Sans\', light300;\r\nwidth: 1920px\r\nheight: 20px;\r\nfont-size: 48px;\r\nfont-weight:300;\r\n}\r\n#colunadireita{\r\npadding: 0,8% 1% 0,8% 1%;\r\nfont-family: \'Open Sans\', light300;\r\nbackground-color: rgba(35,129,63,1);\r\nwidth:400px;\r\nfloat: left;\r\ntext-align:center;\r\nmargin:5px;\r\ncolor: #ffffff;\r\nfont-weight:300;\r\n}\r\n#colunaesquerda {\r\npadding: 0,8% 1% 0,8% 1%;\r\nfont-family: \'Open Sans\', light300;\r\nbackground-color: rgba(35,129,63,1);\r\nwidth:900px;\r\nfloat: left;\r\nmargin:5px;\r\ncolor: #ffffff;\r\nfont-weight:300;\r\n}'),
(669, 'cdata', 'javaScript', ''),
(669, 'cdata', 'noDataMessage', '<p><span style=\"font-size: 48px;\"><span style=\"color: #ffffff;\">No Data returned from the source</span></span></p>\r\n'),
(669, 'cdata', 'template', '<link href=\"https://fonts.googleapis.com/css?family=Open+Sans:400,800,600,700\" rel=\"stylesheet\" />\r\n<div class=\"linkfoto\">[linkfoto|image]\r\n<div class=\"conteudo\">\r\n<div class=\"image\">\r\n<p class=\"linha1\">[Cidade|] | Data:&nbsp;<strong>[Data|]&nbsp;</strong>| Concurso:&nbsp;<strong>[Concurso|]</strong></p>\r\n\r\n<p class=\"linha2\"><strong>M&ecirc;s da Sorte: [TimeCoracao|]</strong></p>\r\n\r\n<div id=\"sorteiorealizado\">&nbsp;\r\n<div>\r\n<div id=\"numeracao\">\r\n<ul>\r\n	<li>[Dezena1_1|]</li>\r\n	<li>[Dezena1_2|]</li>\r\n	<li>[Dezena1_3|]</li>\r\n	<li>[Dezena1_4|]</li>\r\n	<li>[Dezena1_5|]</li>\r\n	<li>[Dezena1_6|]</li>\r\n	<li>[Dezena1_7|]</li>\r\n</ul>\r\n</div>\r\n\r\n<div id=\"tabela\" open=\"\" style=\"font-family: \">\r\n<div id=\"colunaesquerda\">Pr&oacute;xima data:</div>\r\n\r\n<div id=\"colunadireita\">[ProximoData|]</div>\r\n\r\n<div id=\"colunaesquerda\">Pr&oacute;ximo estimativa pr&ecirc;mio:</div>\r\n\r\n<div id=\"colunadireita\">[ProximoEstimativaPremio|]</div>\r\n\r\n<div id=\"colunaesquerda\">Pr&oacute;ximo valor acumulado:</div>\r\n\r\n<div id=\"colunadireita\">[ProximoValorAcumulador|]</div>\r\n</div>\r\n</div>\r\n</div>\r\n</div>\r\n</div>\r\n</div>\r\n'),
(672, 'attrib', 'allowedAttributes', NULL),
(672, 'attrib', 'backgroundColor', NULL),
(672, 'attrib', 'copyright', NULL),
(672, 'attrib', 'datasetid', '0'),
(672, 'attrib', 'dateFormat', NULL),
(672, 'attrib', 'decodeHtml', '0'),
(672, 'attrib', 'disableDateSort', '0'),
(672, 'attrib', 'durationIsPerItem', '1'),
(672, 'attrib', 'effect', 'none'),
(672, 'attrib', 'enableStat', 'Inherit'),
(672, 'attrib', 'itemsPerPage', '1'),
(672, 'attrib', 'itemsSideBySide', '0'),
(672, 'attrib', 'lowerLimit', '0'),
(672, 'attrib', 'name', 'Lotofacil - Numeração'),
(672, 'attrib', 'noDataMessage_advanced', '0'),
(672, 'attrib', 'numItems', '1'),
(672, 'attrib', 'overrideTemplate', '1'),
(672, 'attrib', 'randomiseItems', '0'),
(672, 'attrib', 'reverseOrder', '0'),
(672, 'attrib', 'sourceId', '1'),
(672, 'attrib', 'speed', '2'),
(672, 'attrib', 'stripTags', NULL),
(672, 'attrib', 'takeItemsFrom', 'start'),
(672, 'attrib', 'ta_text_advanced', '0'),
(672, 'attrib', 'templateId', 'media-rss-with-left-hand-text'),
(672, 'attrib', 'textDirection', 'ltr'),
(672, 'attrib', 'updateInterval', '10'),
(672, 'attrib', 'updateIntervalImages', '240'),
(672, 'attrib', 'upperLimit', '0'),
(672, 'attrib', 'uri', 'http%3A%2F%2Fwww.mgaplay.com.br%2Floterias%2FConvert%2FLotoFacil.php'),
(672, 'attrib', 'xmds', '1'),
(672, 'cdata', 'css', '.linkfoto > img { width:1920px; height:1080px;}\r\n.conteudo {\r\nposition: absolute;bottom: 0;}\r\n.linha1 {\r\nfont-size:  43px;\r\ncolor: #ffffff;\r\ntext-align: center;\r\nmargin-top:150px;\r\nfont-family: \'Open Sans\', light300;\r\nfont-weight:300;\r\nfloat: left;\r\nwidth: 1920px;\r\n}\r\n#sorteiorealizado {\r\nwidth: 1920px;\r\nfont-size:  43px;\r\ncolor: #ffffff;\r\ntext-align: center;\r\nfont-family: \'Open Sans\', light300;\r\nfont-weight:300;\r\nfloat: left;\r\n}\r\n#sorteiovalor {\r\nfont-size:  70px;\r\ncolor: #ffffff;\r\ntext-align: center;\r\nfont-family: \'Open Sans\', light300;\r\nfont-weight:300;\r\nfloat: left;\r\nwidth: 1920px;\r\nheight: 50px;\r\n}\r\n#numeracao {\r\nfloat: left;\r\nwidth: 1920px;\r\npadding:1% 1% 2% 1%;\r\nline-height:280%;\r\nbox-sizing: border-box;\r\n}\r\n#numeracao ul{\r\nmargin-left: px, auto; \r\npadding: 0;\r\nmargin-bottom:-9%;\r\n}\r\n#numeracao li{\r\ntext-align:center;\r\ndisplay: inline-block;\r\nfont-size:  90px;\r\ncolor: #930989;\r\nfont-family: \'Open Sans\', light300;\r\nbackground: #ffffff;\r\nborder-radius: 100px;\r\nfont-weight: 700;\r\nwidth: 170px;\r\nheight: 170px; \r\nmargin-left:2%;\r\npadding-top: 1%;\r\nbox-sizing: border-box;\r\n}\r\n#tabela {\r\npadding: 27% 0% 13% 15%;\r\nfont-family: \'Open Sans\', light300;\r\nwidth: 1920px\r\nheight: 20px;\r\nfont-size: 48px;\r\nfont-weight:300;\r\n}\r\n#colunadireita{\r\npadding: 0,8% 1% 0,8% 1%;\r\nfont-family: \'Open Sans\', light300;\r\nbackground-color: rgba(119,45,120,0.5);\r\nwidth:400px;\r\nfloat: left;\r\ntext-align:center;\r\nmargin:5px;\r\ncolor: #ffffff;\r\nfont-weight:300;\r\n}\r\n#colunaesquerda {\r\npadding: 0,8% 1% 0,8% 1%;\r\nfont-family: \'Open Sans\', light300;\r\nbackground-color: rgba(119,45,120,0.5);\r\nwidth:900px;\r\nfloat: left;\r\nmargin:5px;\r\ncolor: #ffffff;\r\nfont-weight:300;\r\n}'),
(672, 'cdata', 'javaScript', ''),
(672, 'cdata', 'noDataMessage', '<p><span style=\"font-size: 48px;\"><span style=\"color: #ffffff;\">No Data returned from the source</span></span></p>\r\n'),
(672, 'cdata', 'template', '<link href=\"https://fonts.googleapis.com/css?family=Open+Sans:300,400,800,600,700\" rel=\"stylesheet\" />\r\n<div class=\"linkfoto\">[linkfoto|image]\r\n<div class=\"conteudo\">\r\n<div class=\"image\">\r\n<p class=\"linha1\">[Cidade|] | Data:&nbsp;<strong>[Data|]&nbsp;</strong>| Concurso:&nbsp;<strong>[Concurso|]</strong></p>\r\n\r\n<div id=\"sorteiorealizado\">&nbsp;\r\n<div>\r\n<div id=\"numeracao\">\r\n<ul>\r\n	<li>[Dezena1_1|]</li>\r\n	<li>[Dezena1_2|]</li>\r\n	<li>[Dezena1_3|]</li>\r\n	<li>[Dezena1_4|]</li>\r\n	<li>[Dezena1_5|]</li>\r\n	<li>[Dezena1_6|]</li>\r\n	<li>[Dezena1_7|]</li>\r\n	<li>[Dezena1_8|]</li>\r\n	<li>[Dezena1_9|]</li>\r\n	<li>[Dezena1_10|]</li>\r\n	<li>[Dezena1_11|]</li>\r\n	<li>[Dezena1_12|]</li>\r\n	<li>[Dezena1_13|]</li>\r\n	<li>[Dezena1_14|]</li>\r\n	<li>[Dezena1_15|]</li>\r\n</ul>\r\n</div>\r\n\r\n<div id=\"tabela\" open=\"\" style=\"font-family: \">\r\n<div id=\"colunaesquerda\">Pr&oacute;xima data:</div>\r\n\r\n<div id=\"colunadireita\">[ProximoData|]</div>\r\n\r\n<div id=\"colunaesquerda\">Pr&oacute;ximo estimativa pr&ecirc;mio:</div>\r\n\r\n<div id=\"colunadireita\">[ProximoEstimativaPremio|]</div>\r\n\r\n<div id=\"colunaesquerda\">Pr&oacute;ximo valor acumulado:</div>\r\n\r\n<div id=\"colunadireita\">[ProximoValorAcumulador|]</div>\r\n</div>\r\n</div>\r\n</div>\r\n</div>\r\n</div>\r\n</div>\r\n'),
(673, 'attrib', 'enableStat', 'Inherit'),
(673, 'attrib', 'loop', '0'),
(673, 'attrib', 'mute', '0'),
(673, 'attrib', 'name', NULL),
(673, 'attrib', 'scaleType', 'aspect'),
(673, 'attrib', 'showFullScreen', '0'),
(674, 'attrib', 'allowedAttributes', NULL),
(674, 'attrib', 'backgroundColor', NULL),
(674, 'attrib', 'copyright', NULL),
(674, 'attrib', 'datasetid', '0'),
(674, 'attrib', 'dateFormat', NULL),
(674, 'attrib', 'decodeHtml', '0'),
(674, 'attrib', 'disableDateSort', '0'),
(674, 'attrib', 'durationIsPerItem', '0'),
(674, 'attrib', 'effect', 'fade'),
(674, 'attrib', 'enableStat', 'Inherit'),
(674, 'attrib', 'itemsPerPage', '0'),
(674, 'attrib', 'itemsSideBySide', '0'),
(674, 'attrib', 'lowerLimit', '0'),
(674, 'attrib', 'name', 'Loterias - Duplasena - Numeração'),
(674, 'attrib', 'noDataMessage_advanced', '0'),
(674, 'attrib', 'numItems', NULL),
(674, 'attrib', 'overrideTemplate', '1'),
(674, 'attrib', 'randomiseItems', '0'),
(674, 'attrib', 'reverseOrder', '0'),
(674, 'attrib', 'sourceId', '1'),
(674, 'attrib', 'speed', '2');
INSERT INTO `widgetoption` (`widgetId`, `type`, `option`, `value`) VALUES
(674, 'attrib', 'stripTags', NULL),
(674, 'attrib', 'takeItemsFrom', 'start'),
(674, 'attrib', 'ta_text_advanced', '0'),
(674, 'attrib', 'templateId', 'title-only'),
(674, 'attrib', 'textDirection', 'ltr'),
(674, 'attrib', 'transOut', 'fadeOut'),
(674, 'attrib', 'transOutDirection', 'N'),
(674, 'attrib', 'transOutDuration', '2'),
(674, 'attrib', 'updateInterval', '120'),
(674, 'attrib', 'updateIntervalImages', '240'),
(674, 'attrib', 'upperLimit', '0'),
(674, 'attrib', 'uri', 'http%3A%2F%2Fwww.mgaplay.com.br%2Floterias%2FConvert%2FDuplaSena.php'),
(674, 'attrib', 'xmds', '1'),
(674, 'cdata', 'css', '.linkfoto > img { width:1920px; height:1080px;}\r\n.conteudo {position: absolute;top: 0;}\r\n.linha1 {\r\nfont-size:  43px;\r\ncolor: #ffffff;\r\ntext-align: center;\r\nmargin-top:150px;\r\nfont-family: \'Open Sans\', light300;\r\nfont-weight:300;\r\nfloat: left;\r\nwidth: 1920px;\r\n}\r\n\r\n#sorteiorealizado {\r\nwidth: 1920px;\r\nfont-size:  43px;\r\ncolor: #ffffff;\r\ntext-align: center;\r\nfont-family: \'Open Sans\', light300;\r\nfont-weight:300;\r\nfloat: left;\r\n}\r\n#sorteiovalor {\r\nfont-size:  72px;\r\ncolor: #ffffff;\r\ntext-align: center;\r\nfont-family: \'Open Sans\', light300;\r\nfont-weight:300;\r\nfloat: left;\r\nwidth: 1920px;\r\n}\r\n#numeracao {\r\npadding:0% 12% 2% 12%;\r\nbox-sizing: border-box;\r\n}\r\n#numeracao ul{\r\nmargin: 0; \r\npadding: 0;\r\n}\r\n#numeracao li{\r\ntext-align:center;\r\ndisplay: inline-block;\r\nfont-size:  50px;\r\ncolor: #bf194e;\r\nfont-family: \'Open Sans\', light300;\r\nbackground: #ffffff;\r\nborder-radius: 100px;\r\nfont-weight: 700;\r\nwidth: 120px;\r\nheight: 120px; \r\nmargin-left:2%;\r\npadding-top: -1.9%;\r\nbox-sizing: border-box;\r\nline-height: 120px;\r\n}\r\n#tabela {\r\nfont-family: \'Open Sans\', light300;\r\nfont-size: 38px;\r\nfont-weight: 300;\r\nmargin-left: 15%;\r\nwidth: 80%;\r\n}\r\n#colunadireita {padding: 0.8% 1% 0.8% 1%;\r\nfont-family: \'Open Sans\', light300;\r\nbackground-color: rgba(147,0,47,0.5);\r\nwidth: 44%;\r\nfloat: left;\r\ntext-align: center;\r\nmargin: 5px;\r\ncolor: #ffffff;\r\nfont-weight: 300;\r\n}\r\n#colunaesquerda {\r\npadding: 0.8% 1% 0.8% 1%;\r\nfont-family: \'Open Sans\', light300;\r\nbackground-color: rgba(147,0,47,0.5);\r\nwidth: 44%;\r\nfloat: left;\r\nmargin: 5px;\r\ncolor: #ffffff;\r\nfont-weight: 300;\r\n}\r\n#1sorteio {\r\nfont-size:  23px;\r\ncolor: #ffffff;\r\ntext-align: center;\r\nfont-family: \'Open Sans\', light300;\r\nfont-weight:300;\r\n}\r\n#2sorteio {\r\nfont-size:  23px;\r\ncolor: #ffffff;\r\ntext-align: center;\r\nfont-family: \'Open Sans\', light300;\r\nfont-weight:300;\r\n}'),
(674, 'cdata', 'javaScript', ''),
(674, 'cdata', 'noDataMessage', '<p><span style=\"font-size: 48px;\"><span style=\"color: #ffffff;\">No Data returned from the source</span></span></p>\r\n'),
(674, 'cdata', 'template', '<link href=\"https://fonts.googleapis.com/css?family=Open+Sans:300,400,800,600,700\" rel=\"stylesheet\" />\r\n<div class=\"linkfoto\">[linkfoto|image]\r\n<div class=\"conteudo\">\r\n<p class=\"linha1\">[Cidade|] | Data: <strong> [Data|] </strong> | Concurso: <strong>[Concurso|]</strong></p>\r\n\r\n<div id=\"sorteiorealizado\">\r\n<div id=\"sorteiovalor\">&nbsp;</div>\r\n\r\n<div id=\"numeracao\">\r\n<div id=\"1sorteio\">1&ordm; Sorteio</div>\r\n\r\n<ul>\r\n	<li style=\"\">[Dezena1_1|]</li>\r\n	<li>[Dezena1_2|]</li>\r\n	<li>[Dezena1_3|]</li>\r\n	<li>[Dezena1_4|]</li>\r\n	<li>[Dezena1_5|]</li>\r\n	<li>[Dezena1_6|]</li>\r\n</ul>\r\n</div>\r\n\r\n<div id=\"numeracao\">\r\n<div id=\"2sorteio\">2&ordm; Sorteio</div>\r\n\r\n<ul>\r\n	<li style=\"\">[Dezena1_1|]</li>\r\n	<li>[Dezena1_2|]</li>\r\n	<li>[Dezena1_3|]</li>\r\n	<li>[Dezena1_4|]</li>\r\n	<li>[Dezena1_5|]</li>\r\n	<li>[Dezena1_6|]</li>\r\n</ul>\r\n</div>\r\n\r\n<div id=\"tabela\" style=\"font-family: \'Open Sans\', light300;\">\r\n<div id=\"colunaesquerda\">Pr&oacute;xima data:</div>\r\n\r\n<div id=\"colunadireita\">[ProximoData|]</div>\r\n\r\n<div id=\"colunaesquerda\">Pr&oacute;xima estimativa pr&ecirc;mio:</div>\r\n\r\n<div id=\"colunadireita\">[ProximoEstimativaPremio|]</div>\r\n\r\n<div id=\"colunaesquerda\">Pr&oacute;ximo Valor Acumulado:</div>\r\n\r\n<div id=\"colunadireita\">[ProximoValorAcumulador|]</div>\r\n</div>\r\n</div>\r\n</div>\r\n</div>\r\n'),
(680, 'attrib', 'disableDateSort', '0'),
(680, 'attrib', 'durationIsPerItem', '1'),
(680, 'attrib', 'effect', 'noTransition'),
(680, 'attrib', 'enableStat', 'Inherit'),
(680, 'attrib', 'itemsSideBySide', '0'),
(680, 'attrib', 'lowerLimit', '0'),
(680, 'attrib', 'numItems', '1'),
(680, 'attrib', 'overrideTemplate', '1'),
(680, 'attrib', 'randomiseItems', '1'),
(680, 'attrib', 'reverseOrder', '0'),
(680, 'attrib', 'sourceId', '1'),
(680, 'attrib', 'speed', '2'),
(680, 'attrib', 'takeItemsFrom', 'start'),
(680, 'attrib', 'templateId', 'media-rss-with-left-hand-text'),
(680, 'attrib', 'textDirection', 'ltr'),
(680, 'attrib', 'updateInterval', '120'),
(680, 'attrib', 'updateIntervalImages', '120'),
(680, 'attrib', 'upperLimit', '0'),
(680, 'attrib', 'uri', 'https%3A%2F%2Fwww3.uol.com.br%2Fxml%2Fmidiaindoor%2Fhoroscopo%2Ffeed.xml'),
(680, 'attrib', 'xmds', '1'),
(680, 'cdata', 'css', '.image img { width:100%;}\n.cycle-overlay {color: white;background-color: rgba(0,0,0,0.6);position: absolute; bottom: 0;width: 45%;height:100%;padding: 40px;}'),
(680, 'cdata', 'noDataMessage', '<p><span style=\"font-size: 48px;\"><span style=\"color: #ffffff;\">No Data returned from the source</span></span></p>\n'),
(680, 'cdata', 'template', '<div class=\"image\">[linkfoto|image]\n<div class=\"cycle-overlay\"><img alt=\"\" src=\"https://lh3.googleusercontent.com/Nv8cbPMYknniQw0yYmFdXrEmAlK0l_LDCNb1rzLFj3go_QQVzagNdNzuVzMrR40fJ1Y\" style=\"width: 200px; height: 200px; margin-top: 200px;\" />\n<p style=\"font-family: Arial, Verdana, sans-serif; font-size:70px; color:#ffffff;\"><span style=\"color:#ffcc00;\"><strong>[Title]</strong></span></p>\n\n<p style=\"font-family: Arial, Verdana, sans-serif; font-size:60px; color:#ffffff;\">[Description]</p>\n</div>\n</div>\n'),
(681, 'attrib', 'allowedAttributes', NULL),
(681, 'attrib', 'backgroundColor', NULL),
(681, 'attrib', 'copyright', NULL),
(681, 'attrib', 'dateFormat', NULL),
(681, 'attrib', 'decodeHtml', '0'),
(681, 'attrib', 'disableDateSort', '0'),
(681, 'attrib', 'durationIsPerItem', '0'),
(681, 'attrib', 'effect', 'none'),
(681, 'attrib', 'enableStat', 'Off'),
(681, 'attrib', 'itemsPerPage', NULL),
(681, 'attrib', 'itemsSideBySide', '0'),
(681, 'attrib', 'lowerLimit', '0'),
(681, 'attrib', 'name', NULL),
(681, 'attrib', 'noDataMessage_advanced', '0'),
(681, 'attrib', 'numItems', NULL),
(681, 'attrib', 'overrideTemplate', '0'),
(681, 'attrib', 'randomiseItems', '0'),
(681, 'attrib', 'reverseOrder', '0'),
(681, 'attrib', 'speed', '2'),
(681, 'attrib', 'stripTags', NULL),
(681, 'attrib', 'takeItemsFrom', 'start'),
(681, 'attrib', 'templateId', 'title-only'),
(681, 'attrib', 'textDirection', 'ltr'),
(681, 'attrib', 'updateInterval', '60'),
(681, 'attrib', 'updateIntervalImages', '240'),
(681, 'attrib', 'upperLimit', '0'),
(681, 'attrib', 'uri', 'http%3A%2F%2Frss.uol.com.br%2Ffeed%2Ftecnologia.xml'),
(681, 'attrib', 'xmds', '1'),
(681, 'cdata', 'javaScript', ''),
(681, 'cdata', 'noDataMessage', '<span style=\"font-size: 48px; color:#ffffff;\">No Data returned from the source</span>'),
(682, 'attrib', 'enableStat', 'Inherit'),
(682, 'attrib', 'loop', '0'),
(682, 'attrib', 'mute', '0'),
(682, 'attrib', 'name', NULL),
(682, 'attrib', 'scaleType', 'aspect'),
(682, 'attrib', 'showFullScreen', '0'),
(683, 'attrib', 'enableStat', 'Inherit'),
(683, 'attrib', 'loop', '0'),
(683, 'attrib', 'mute', '0'),
(683, 'attrib', 'name', NULL),
(683, 'attrib', 'scaleType', 'aspect'),
(683, 'attrib', 'showFullScreen', '0'),
(692, 'attrib', 'enableStat', 'Inherit'),
(692, 'attrib', 'mute', '0'),
(701, 'attrib', 'enableStat', 'Inherit'),
(701, 'attrib', 'loop', '0'),
(701, 'attrib', 'mute', '0'),
(701, 'attrib', 'name', NULL),
(701, 'attrib', 'scaleType', 'aspect'),
(701, 'attrib', 'showFullScreen', '0'),
(706, 'attrib', 'enableStat', 'Inherit'),
(706, 'attrib', 'loop', '0'),
(706, 'attrib', 'mute', '0'),
(706, 'attrib', 'name', NULL),
(706, 'attrib', 'scaleType', 'aspect'),
(706, 'attrib', 'showFullScreen', '0'),
(707, 'attrib', 'enableStat', 'Inherit'),
(707, 'attrib', 'loop', '0'),
(707, 'attrib', 'mute', '0'),
(707, 'attrib', 'name', NULL),
(707, 'attrib', 'scaleType', 'aspect'),
(707, 'attrib', 'showFullScreen', '0'),
(708, 'attrib', 'backgroundColor', NULL),
(708, 'attrib', 'effect', 'none'),
(708, 'attrib', 'enableStat', 'Inherit'),
(708, 'attrib', 'lowerLimit', '0'),
(708, 'attrib', 'marqueeInlineSelector', NULL),
(708, 'attrib', 'name', NULL),
(708, 'attrib', 'speed', NULL),
(708, 'attrib', 'ta_text_advanced', '1'),
(708, 'attrib', 'upperLimit', '0'),
(708, 'attrib', 'xmds', '1'),
(708, 'cdata', 'javaScript', ''),
(708, 'cdata', 'text', '<p><span style=\"font-size: 48px;\"><span style=\"color: #111111;\">Entre com o texto</span></span></p>\r\n'),
(716, 'attrib', 'enableStat', 'Inherit'),
(716, 'attrib', 'loop', '0'),
(716, 'attrib', 'mute', '0'),
(716, 'attrib', 'name', NULL),
(716, 'attrib', 'scaleType', 'aspect'),
(716, 'attrib', 'showFullScreen', '0'),
(727, 'attrib', 'enableStat', 'Inherit'),
(727, 'attrib', 'mute', '0'),
(728, 'attrib', 'enableStat', 'Inherit'),
(728, 'attrib', 'mute', '0'),
(733, 'attrib', 'enableStat', 'Inherit'),
(733, 'attrib', 'mute', '0'),
(735, 'attrib', 'enableStat', 'Inherit'),
(735, 'attrib', 'mute', '0'),
(736, 'attrib', 'enableStat', 'Inherit'),
(736, 'attrib', 'loop', '0'),
(736, 'attrib', 'mute', '0'),
(736, 'attrib', 'name', NULL),
(736, 'attrib', 'scaleType', 'aspect'),
(736, 'attrib', 'showFullScreen', '0'),
(741, 'attrib', 'enableStat', 'Inherit'),
(741, 'attrib', 'loop', '0'),
(741, 'attrib', 'mute', '0'),
(741, 'attrib', 'name', NULL),
(741, 'attrib', 'scaleType', 'aspect'),
(741, 'attrib', 'showFullScreen', '0'),
(742, 'attrib', 'enableStat', 'Inherit'),
(742, 'attrib', 'loop', '0'),
(742, 'attrib', 'mute', '0'),
(742, 'attrib', 'name', NULL),
(742, 'attrib', 'scaleType', 'aspect'),
(742, 'attrib', 'showFullScreen', '0'),
(743, 'attrib', 'enableStat', 'Inherit'),
(743, 'attrib', 'loop', '0'),
(743, 'attrib', 'mute', '0'),
(743, 'attrib', 'name', NULL),
(743, 'attrib', 'scaleType', 'aspect'),
(743, 'attrib', 'showFullScreen', '0'),
(744, 'attrib', 'enableStat', 'Inherit'),
(744, 'attrib', 'loop', '0'),
(744, 'attrib', 'mute', '0'),
(744, 'attrib', 'name', NULL),
(744, 'attrib', 'scaleType', 'aspect'),
(744, 'attrib', 'showFullScreen', '0'),
(747, 'attrib', 'enableStat', 'Inherit'),
(747, 'attrib', 'loop', '0'),
(747, 'attrib', 'mute', '0'),
(747, 'attrib', 'name', NULL),
(747, 'attrib', 'scaleType', 'aspect'),
(747, 'attrib', 'showFullScreen', '0'),
(749, 'attrib', 'enableStat', 'Inherit'),
(749, 'attrib', 'loop', '0'),
(749, 'attrib', 'mute', '0'),
(749, 'attrib', 'name', NULL),
(749, 'attrib', 'scaleType', 'aspect'),
(749, 'attrib', 'showFullScreen', '0'),
(750, 'attrib', 'enableStat', 'Inherit'),
(750, 'attrib', 'loop', '0'),
(750, 'attrib', 'mute', '0'),
(750, 'attrib', 'name', NULL),
(750, 'attrib', 'scaleType', 'aspect'),
(750, 'attrib', 'showFullScreen', '0'),
(751, 'attrib', 'enableStat', 'Inherit'),
(751, 'attrib', 'loop', '0'),
(751, 'attrib', 'mute', '0'),
(751, 'attrib', 'name', NULL),
(751, 'attrib', 'scaleType', 'aspect'),
(751, 'attrib', 'showFullScreen', '0'),
(752, 'attrib', 'enableStat', 'Inherit'),
(752, 'attrib', 'loop', '0'),
(752, 'attrib', 'mute', '0'),
(752, 'attrib', 'name', NULL),
(752, 'attrib', 'scaleType', 'aspect'),
(752, 'attrib', 'showFullScreen', '0'),
(754, 'attrib', 'enableStat', 'Inherit'),
(754, 'attrib', 'loop', '0'),
(754, 'attrib', 'mute', '0'),
(754, 'attrib', 'name', NULL),
(754, 'attrib', 'scaleType', 'aspect'),
(754, 'attrib', 'showFullScreen', '0'),
(756, 'attrib', 'enableStat', 'Inherit'),
(756, 'attrib', 'loop', '0'),
(756, 'attrib', 'mute', '0'),
(756, 'attrib', 'name', NULL),
(756, 'attrib', 'scaleType', 'aspect'),
(756, 'attrib', 'showFullScreen', '0'),
(757, 'attrib', 'enableStat', 'Inherit'),
(757, 'attrib', 'loop', '0'),
(757, 'attrib', 'mute', '0'),
(757, 'attrib', 'name', NULL),
(757, 'attrib', 'scaleType', 'aspect'),
(757, 'attrib', 'showFullScreen', '0'),
(761, 'attrib', 'enableStat', 'Inherit'),
(761, 'attrib', 'loop', '0'),
(761, 'attrib', 'mute', '0'),
(761, 'attrib', 'name', NULL),
(761, 'attrib', 'scaleType', 'aspect'),
(761, 'attrib', 'showFullScreen', '0'),
(764, 'attrib', 'enableStat', 'Inherit'),
(764, 'attrib', 'loop', '0'),
(764, 'attrib', 'mute', '0'),
(764, 'attrib', 'name', NULL),
(764, 'attrib', 'scaleType', 'aspect'),
(764, 'attrib', 'showFullScreen', '0'),
(766, 'attrib', 'enableStat', 'Inherit'),
(766, 'attrib', 'loop', '0'),
(766, 'attrib', 'mute', '0'),
(766, 'attrib', 'name', NULL),
(766, 'attrib', 'scaleType', 'aspect'),
(766, 'attrib', 'showFullScreen', '0'),
(773, 'attrib', 'enableStat', 'Inherit'),
(773, 'attrib', 'loop', '0'),
(773, 'attrib', 'mute', '0'),
(773, 'attrib', 'name', NULL),
(773, 'attrib', 'scaleType', 'aspect'),
(773, 'attrib', 'showFullScreen', '0'),
(780, 'attrib', 'enableStat', 'Inherit'),
(780, 'attrib', 'loop', '0'),
(780, 'attrib', 'mute', '0'),
(780, 'attrib', 'name', NULL),
(780, 'attrib', 'scaleType', 'aspect'),
(780, 'attrib', 'showFullScreen', '0'),
(781, 'attrib', 'enableStat', 'Inherit'),
(781, 'attrib', 'loop', '0'),
(781, 'attrib', 'mute', '0'),
(781, 'attrib', 'name', NULL),
(781, 'attrib', 'scaleType', 'aspect'),
(781, 'attrib', 'showFullScreen', '0'),
(783, 'attrib', 'enableStat', 'Inherit'),
(783, 'attrib', 'loop', '0'),
(783, 'attrib', 'mute', '0'),
(783, 'attrib', 'name', NULL),
(783, 'attrib', 'scaleType', 'aspect'),
(783, 'attrib', 'showFullScreen', '0'),
(784, 'attrib', 'enableStat', 'Inherit'),
(784, 'attrib', 'loop', '0'),
(784, 'attrib', 'mute', '0'),
(784, 'attrib', 'name', NULL),
(784, 'attrib', 'scaleType', 'aspect'),
(784, 'attrib', 'showFullScreen', '0'),
(785, 'attrib', 'enableStat', 'Inherit'),
(785, 'attrib', 'loop', '0'),
(785, 'attrib', 'mute', '0'),
(785, 'attrib', 'name', NULL),
(785, 'attrib', 'scaleType', 'aspect'),
(785, 'attrib', 'showFullScreen', '0'),
(786, 'attrib', 'enableStat', 'Inherit'),
(786, 'attrib', 'loop', '0'),
(786, 'attrib', 'mute', '0'),
(786, 'attrib', 'name', NULL),
(786, 'attrib', 'scaleType', 'aspect'),
(786, 'attrib', 'showFullScreen', '0'),
(788, 'attrib', 'enableStat', 'Inherit'),
(788, 'attrib', 'loop', '0'),
(788, 'attrib', 'mute', '0'),
(788, 'attrib', 'name', NULL),
(788, 'attrib', 'scaleType', 'aspect'),
(788, 'attrib', 'showFullScreen', '0'),
(789, 'attrib', 'enableStat', 'Inherit'),
(789, 'attrib', 'loop', '0'),
(789, 'attrib', 'mute', '0'),
(789, 'attrib', 'name', NULL),
(789, 'attrib', 'scaleType', 'aspect'),
(789, 'attrib', 'showFullScreen', '0'),
(791, 'attrib', 'enableStat', 'Inherit'),
(791, 'attrib', 'loop', '0'),
(791, 'attrib', 'mute', '0'),
(791, 'attrib', 'name', NULL),
(791, 'attrib', 'scaleType', 'aspect'),
(791, 'attrib', 'showFullScreen', '0'),
(793, 'attrib', 'enableStat', 'Inherit'),
(793, 'attrib', 'loop', '0'),
(793, 'attrib', 'mute', '0'),
(793, 'attrib', 'name', NULL),
(793, 'attrib', 'scaleType', 'aspect'),
(793, 'attrib', 'showFullScreen', '0'),
(794, 'attrib', 'enableStat', 'Inherit'),
(794, 'attrib', 'loop', '0'),
(794, 'attrib', 'mute', '0'),
(794, 'attrib', 'name', NULL),
(794, 'attrib', 'scaleType', 'aspect'),
(794, 'attrib', 'showFullScreen', '0'),
(795, 'attrib', 'enableStat', 'Inherit'),
(795, 'attrib', 'loop', '0'),
(795, 'attrib', 'mute', '0'),
(795, 'attrib', 'name', NULL),
(795, 'attrib', 'scaleType', 'aspect'),
(795, 'attrib', 'showFullScreen', '0'),
(798, 'attrib', 'enableStat', 'Inherit'),
(798, 'attrib', 'loop', '0'),
(798, 'attrib', 'mute', '0'),
(798, 'attrib', 'name', NULL),
(798, 'attrib', 'scaleType', 'aspect'),
(798, 'attrib', 'showFullScreen', '0'),
(799, 'attrib', 'enableStat', 'Inherit'),
(799, 'attrib', 'loop', '0'),
(799, 'attrib', 'mute', '0'),
(799, 'attrib', 'name', NULL),
(799, 'attrib', 'scaleType', 'aspect'),
(799, 'attrib', 'showFullScreen', '0'),
(800, 'attrib', 'enableStat', 'Inherit'),
(800, 'attrib', 'loop', '0'),
(800, 'attrib', 'mute', '0'),
(800, 'attrib', 'name', NULL),
(800, 'attrib', 'scaleType', 'aspect'),
(800, 'attrib', 'showFullScreen', '0'),
(801, 'attrib', 'enableStat', 'Inherit'),
(801, 'attrib', 'loop', '0'),
(801, 'attrib', 'mute', '0'),
(801, 'attrib', 'name', NULL),
(801, 'attrib', 'scaleType', 'aspect'),
(801, 'attrib', 'showFullScreen', '0'),
(803, 'attrib', 'enableStat', 'Inherit'),
(803, 'attrib', 'loop', '0'),
(803, 'attrib', 'mute', '0'),
(803, 'attrib', 'name', NULL),
(803, 'attrib', 'scaleType', 'aspect'),
(803, 'attrib', 'showFullScreen', '0'),
(810, 'attrib', 'enableStat', 'Inherit'),
(810, 'attrib', 'loop', '0'),
(810, 'attrib', 'mute', '0'),
(810, 'attrib', 'name', NULL),
(810, 'attrib', 'scaleType', 'aspect'),
(810, 'attrib', 'showFullScreen', '0'),
(811, 'attrib', 'enableStat', 'Inherit'),
(811, 'attrib', 'loop', '0'),
(811, 'attrib', 'mute', '0'),
(811, 'attrib', 'name', NULL),
(811, 'attrib', 'scaleType', 'aspect'),
(811, 'attrib', 'showFullScreen', '0'),
(812, 'attrib', 'enableStat', 'Inherit'),
(812, 'attrib', 'loop', '0'),
(812, 'attrib', 'mute', '0'),
(812, 'attrib', 'name', NULL),
(812, 'attrib', 'scaleType', 'aspect'),
(812, 'attrib', 'showFullScreen', '0'),
(814, 'attrib', 'enableStat', 'Inherit'),
(814, 'attrib', 'loop', '0'),
(814, 'attrib', 'mute', '0'),
(814, 'attrib', 'name', NULL),
(814, 'attrib', 'scaleType', 'aspect'),
(814, 'attrib', 'showFullScreen', '0'),
(815, 'attrib', 'enableStat', 'Inherit'),
(815, 'attrib', 'loop', '0'),
(815, 'attrib', 'mute', '0'),
(815, 'attrib', 'name', NULL),
(815, 'attrib', 'scaleType', 'aspect'),
(815, 'attrib', 'showFullScreen', '0'),
(816, 'attrib', 'enableStat', 'Inherit'),
(816, 'attrib', 'loop', '0'),
(816, 'attrib', 'mute', '0'),
(816, 'attrib', 'name', NULL),
(816, 'attrib', 'scaleType', 'aspect'),
(816, 'attrib', 'showFullScreen', '0'),
(817, 'attrib', 'currentTemplate_advanced', '0'),
(817, 'attrib', 'dailyTemplate_advanced', '0'),
(817, 'attrib', 'dayConditionsOnly', '0'),
(817, 'attrib', 'enableStat', 'Inherit'),
(817, 'attrib', 'lang', 'pt'),
(817, 'attrib', 'latitude', '-23.5475'),
(817, 'attrib', 'longitude', '-46.63611'),
(817, 'attrib', 'name', 'TEMPO São Paulo'),
(817, 'attrib', 'overrideTemplate', '1'),
(817, 'attrib', 'templateId', 'weather-module1l'),
(817, 'attrib', 'units', 'auto'),
(817, 'attrib', 'updateInterval', '60'),
(817, 'attrib', 'useDisplayLocation', '0'),
(817, 'attrib', 'widgetOriginalHeight', '1080'),
(817, 'attrib', 'widgetOriginalWidth', '1920'),
(817, 'cdata', 'currentTemplate', '<div class=\"bg-div bg-[icon] container-fluid\">\r\n    <div class=\"row\">\r\n        <div class=\"col-xs-6\">\r\n            <h1 class=\"date shadowed\"> [time|M] <br>[time|d]</h1>\r\n        </div>\r\n        <div class=\"col-xs-5\">\r\n            <div class=\"row text-right temp shadowed\">[temperatureRound]º[temperatureUnit]</div>\r\n            <div class=\"row pull-right animated rotateInUpRight main-icon shadowed\"><i class=\"wi [wicon]\"></i></div>\r\n        </div>\r\n    </div>\r\n    <div class=\"bg-footer row bottom-bar\">\r\n        <div class=\"col-xs-4 text-center\">\r\n            <div class=\"row forecast-current\">[summary]</div>\r\n            <div class=\"row forecast-second\">Vento: [windDirection] [windSpeed] [windSpeedUnit]</div>\r\n            <div class=\"row forecast-second\">Humidade: [humidityPercent]%</div>\r\n        </div>\r\n        <div class=\"upcoming\">\r\n            [dailyForecast|4|1]\r\n        </div>\r\n        <div class=\"col-xs-12 powered\"></div>\r\n    </div>\r\n</div>'),
(817, 'cdata', 'dailyTemplate', '<div class=\"day col-xs-2\">\r\n    <div class=\"row text-center day-details\">[time|D]</div>\r\n    <div class=\"row animated Bounce second-icon\"><i class=\"wi [wicon]\"></i></div>\r\n    <div class=\"row text-center temp-details\">[temperatureMaxRound] º [temperatureUnit] </div>\r\n</div>'),
(817, 'cdata', 'javaScript', ''),
(817, 'cdata', 'styleSheet', '#content { \r\n  height: inherit; \r\n}\r\n\r\n.shadowed {\r\ntext-shadow: 0px 0px 2px rgba(0, 0, 0, 0.4);\r\n    filter: dropshadow(color=rgba(0, 0, 0, 0.4), offx=2, offy=2);\r\n}\r\n\r\n.bg-div {\r\n    font-family: \'Roboto\', sans-serif;\r\n    background-repeat: no-repeat;\r\n    background-size: cover;\r\n    background-position: left;\r\n    width: 1920px !important;\r\n    height: 1080px !important;\r\n}\r\n\r\n.bg-cloudy {\r\n  background-image: url(\'[cloudy-image]\');\r\n}\r\n\r\n.bg-partly-cloudy-day {\r\n  background-image: url(\'[day-cloudy-image]\');\r\n}\r\n\r\n.bg-clear-day {\r\n  background-image: url(\'[day-sunny-image]\');\r\n}\r\n\r\n.bg-fog {\r\n  background-image: url(\'[fog-image]\');\r\n}\r\n\r\n.bg-sleet {\r\n  background-image: url(\'[hail-image]\');\r\n}\r\n\r\n.bg-clear-night {\r\n  background-image: url(\'[night-clear-image]\');\r\n}\r\n\r\n.bg-partly-cloudy-night {\r\n  background-image: url(\'[night-partly-cloudy-image]\');\r\n}\r\n\r\n.bg-rain {\r\n  background-image: url(\'[rain-image]\');\r\n}\r\n\r\n.bg-snow {\r\n  background-image: url(\'[snow-image]\');\r\n}\r\n\r\n.bg-wind {\r\n  background-image: url(\'[windy-image]\');\r\n}\r\n.bg-footer {\r\n    position: relative;\r\n    right: 0;\r\n    top: 106px;\r\n    left: 0;\r\n    text-align: center;\r\n    background-color: #000;\r\n    opacity: 0.9;\r\n    padding: 30px 0 0 0;\r\n}\r\n\r\n.date {\r\n    font-family: \'Roboto\', sans-serif;\r\n    font-size: 100px;\r\n    color: #fff;\r\n    font-weight: 900;\r\n    margin-left: 40px;\r\n    text-transform: uppercase;\r\n}\r\n\r\n.temp {\r\n    font-family: \'Roboto\', sans-serif;\r\n    font-size: 260px;\r\n    color: #fff;\r\n    font-weight: 900;\r\n}\r\n\r\n.city {\r\n    font-family: \'Roboto\', sans-serif;\r\n    font-size: 40px;\r\n    color: #fff;\r\n    margin-left: 40px;\r\n}\r\n\r\n.day-details {\r\n    font-size: 40px;\r\n    font-weight: 200;\r\n    color: #fff;\r\n    font-style: italic;\r\n}\r\n\r\n.temp-details {\r\n    font-size: 35px;\r\n    color: #fff;\r\n    padding-bottom: 10px;\r\n}\r\n\r\n.forecast-current {\r\n    font-weight: 900;\r\n    color: #fff;\r\n    font-size: 60px;\r\n}\r\n\r\n.forecast-second {\r\n    margin-top: 10px;\r\n    font-weight: 200;\r\n    color: #fff;\r\n    font-size: 40px;\r\n}\r\n\r\n.main-icon {\r\n    color: #fff;\r\n    font-size: 180px;\r\n}\r\n\r\n.second-icon {\r\n    color: #fff;\r\n    font-size: 60px;\r\n    padding: 25px 0px;\r\n}\r\n\r\n.powered {\r\n    padding: 15px 0;\r\n    color: #000;\r\n    font-size: 24px;\r\n    background-color: white;\r\n}'),
(818, 'attrib', 'enableStat', 'Inherit'),
(818, 'attrib', 'loop', '0'),
(818, 'attrib', 'mute', '0'),
(818, 'attrib', 'name', NULL),
(818, 'attrib', 'scaleType', 'aspect'),
(818, 'attrib', 'showFullScreen', '0'),
(819, 'attrib', 'enableStat', 'Inherit'),
(819, 'attrib', 'loop', '0'),
(819, 'attrib', 'mute', '0'),
(819, 'attrib', 'name', NULL),
(819, 'attrib', 'scaleType', 'aspect'),
(819, 'attrib', 'showFullScreen', '0'),
(820, 'attrib', 'enableStat', 'Inherit'),
(820, 'attrib', 'loop', '0'),
(820, 'attrib', 'mute', '0'),
(820, 'attrib', 'name', NULL),
(820, 'attrib', 'scaleType', 'aspect'),
(820, 'attrib', 'showFullScreen', '0'),
(821, 'attrib', 'enableStat', 'Inherit'),
(821, 'attrib', 'loop', '0'),
(821, 'attrib', 'mute', '0'),
(821, 'attrib', 'name', NULL),
(821, 'attrib', 'scaleType', 'aspect'),
(821, 'attrib', 'showFullScreen', '0'),
(822, 'attrib', 'enableStat', 'Inherit'),
(822, 'attrib', 'loop', '0'),
(822, 'attrib', 'mute', '0'),
(822, 'attrib', 'name', NULL),
(822, 'attrib', 'scaleType', 'aspect'),
(822, 'attrib', 'showFullScreen', '0'),
(823, 'attrib', 'enableStat', 'Inherit'),
(823, 'attrib', 'loop', '0'),
(823, 'attrib', 'mute', '0'),
(823, 'attrib', 'name', NULL),
(823, 'attrib', 'scaleType', 'aspect'),
(823, 'attrib', 'showFullScreen', '0'),
(824, 'attrib', 'enableStat', 'Inherit'),
(824, 'attrib', 'loop', '0'),
(824, 'attrib', 'mute', '0'),
(824, 'attrib', 'name', NULL),
(824, 'attrib', 'scaleType', 'aspect'),
(824, 'attrib', 'showFullScreen', '0'),
(825, 'attrib', 'enableStat', 'Inherit'),
(825, 'attrib', 'loop', '0'),
(825, 'attrib', 'mute', '0'),
(825, 'attrib', 'name', NULL),
(825, 'attrib', 'scaleType', 'aspect'),
(825, 'attrib', 'showFullScreen', '0'),
(828, 'attrib', 'enableStat', 'Inherit'),
(828, 'attrib', 'loop', '0'),
(828, 'attrib', 'mute', '0'),
(828, 'attrib', 'name', NULL),
(828, 'attrib', 'scaleType', 'aspect'),
(828, 'attrib', 'showFullScreen', '0'),
(829, 'attrib', 'enableStat', 'Inherit'),
(829, 'attrib', 'loop', '0'),
(829, 'attrib', 'mute', '0'),
(829, 'attrib', 'name', NULL),
(829, 'attrib', 'scaleType', 'aspect'),
(829, 'attrib', 'showFullScreen', '0'),
(830, 'attrib', 'enableStat', 'Inherit'),
(830, 'attrib', 'loop', '0'),
(830, 'attrib', 'mute', '0'),
(830, 'attrib', 'name', NULL),
(830, 'attrib', 'scaleType', 'aspect'),
(830, 'attrib', 'showFullScreen', '0'),
(831, 'attrib', 'enableStat', 'Inherit'),
(831, 'attrib', 'loop', '0'),
(831, 'attrib', 'mute', '0'),
(831, 'attrib', 'name', NULL),
(831, 'attrib', 'scaleType', 'aspect'),
(831, 'attrib', 'showFullScreen', '0'),
(832, 'attrib', 'enableStat', 'Inherit'),
(832, 'attrib', 'loop', '0'),
(832, 'attrib', 'mute', '0'),
(832, 'attrib', 'name', NULL),
(832, 'attrib', 'scaleType', 'aspect'),
(832, 'attrib', 'showFullScreen', '0'),
(833, 'attrib', 'enableStat', 'Inherit'),
(833, 'attrib', 'loop', '0'),
(833, 'attrib', 'mute', '0'),
(833, 'attrib', 'name', NULL),
(833, 'attrib', 'scaleType', 'aspect'),
(833, 'attrib', 'showFullScreen', '0'),
(834, 'attrib', 'enableStat', 'Inherit'),
(834, 'attrib', 'loop', '0'),
(834, 'attrib', 'mute', '0'),
(834, 'attrib', 'name', NULL),
(834, 'attrib', 'scaleType', 'aspect'),
(834, 'attrib', 'showFullScreen', '0'),
(835, 'attrib', 'enableStat', 'Inherit'),
(835, 'attrib', 'loop', '0'),
(835, 'attrib', 'mute', '0'),
(835, 'attrib', 'name', NULL),
(835, 'attrib', 'scaleType', 'aspect'),
(835, 'attrib', 'showFullScreen', '0'),
(836, 'attrib', 'enableStat', 'Inherit'),
(836, 'attrib', 'loop', '0'),
(836, 'attrib', 'mute', '0'),
(836, 'attrib', 'name', NULL),
(836, 'attrib', 'scaleType', 'aspect'),
(836, 'attrib', 'showFullScreen', '0'),
(837, 'attrib', 'enableStat', 'Inherit'),
(837, 'attrib', 'loop', '0'),
(837, 'attrib', 'mute', '0'),
(837, 'attrib', 'name', NULL),
(837, 'attrib', 'scaleType', 'aspect'),
(837, 'attrib', 'showFullScreen', '0'),
(838, 'attrib', 'enableStat', 'Inherit'),
(838, 'attrib', 'loop', '0'),
(838, 'attrib', 'mute', '0'),
(838, 'attrib', 'name', NULL),
(838, 'attrib', 'scaleType', 'aspect'),
(838, 'attrib', 'showFullScreen', '0'),
(839, 'attrib', 'enableStat', 'Inherit'),
(839, 'attrib', 'loop', '0'),
(839, 'attrib', 'mute', '0'),
(839, 'attrib', 'name', NULL),
(839, 'attrib', 'scaleType', 'aspect'),
(839, 'attrib', 'showFullScreen', '0'),
(840, 'attrib', 'enableStat', 'Inherit'),
(840, 'attrib', 'loop', '0'),
(840, 'attrib', 'mute', '0'),
(840, 'attrib', 'name', NULL),
(840, 'attrib', 'scaleType', 'aspect'),
(840, 'attrib', 'showFullScreen', '0'),
(841, 'attrib', 'enableStat', 'Inherit'),
(841, 'attrib', 'loop', '0'),
(841, 'attrib', 'mute', '0'),
(841, 'attrib', 'name', NULL),
(841, 'attrib', 'scaleType', 'aspect'),
(841, 'attrib', 'showFullScreen', '0');

--
-- Índices para tabelas despejadas
--

--
-- Índices de tabela `auditlog`
--
ALTER TABLE `auditlog`
  ADD PRIMARY KEY (`logId`);

--
-- Índices de tabela `bandwidth`
--
ALTER TABLE `bandwidth`
  ADD PRIMARY KEY (`displayId`,`type`,`month`),
  ADD KEY `type` (`type`);

--
-- Índices de tabela `bandwidthtype`
--
ALTER TABLE `bandwidthtype`
  ADD PRIMARY KEY (`bandwidthTypeId`);

--
-- Índices de tabela `blacklist`
--
ALTER TABLE `blacklist`
  ADD PRIMARY KEY (`blacklistId`),
  ADD KEY `mediaId` (`mediaId`),
  ADD KEY `displayId` (`displayId`);

--
-- Índices de tabela `campaign`
--
ALTER TABLE `campaign`
  ADD PRIMARY KEY (`campaignId`),
  ADD KEY `userId` (`userId`);

--
-- Índices de tabela `command`
--
ALTER TABLE `command`
  ADD PRIMARY KEY (`commandId`),
  ADD KEY `userId` (`userId`);

--
-- Índices de tabela `dataset`
--
ALTER TABLE `dataset`
  ADD PRIMARY KEY (`dataSetId`),
  ADD KEY `userId` (`userId`);

--
-- Índices de tabela `datasetcolumn`
--
ALTER TABLE `datasetcolumn`
  ADD PRIMARY KEY (`dataSetColumnId`),
  ADD KEY `dataSetId` (`dataSetId`),
  ADD KEY `dataTypeId` (`dataTypeId`),
  ADD KEY `dataSetColumnTypeId` (`dataSetColumnTypeId`);

--
-- Índices de tabela `datasetcolumntype`
--
ALTER TABLE `datasetcolumntype`
  ADD PRIMARY KEY (`dataSetColumnTypeId`);

--
-- Índices de tabela `datasetrss`
--
ALTER TABLE `datasetrss`
  ADD PRIMARY KEY (`id`),
  ADD KEY `dataSetId` (`dataSetId`);

--
-- Índices de tabela `dataset_4`
--
ALTER TABLE `dataset_4`
  ADD PRIMARY KEY (`id`);

--
-- Índices de tabela `dataset_6`
--
ALTER TABLE `dataset_6`
  ADD PRIMARY KEY (`id`);

--
-- Índices de tabela `dataset_7`
--
ALTER TABLE `dataset_7`
  ADD PRIMARY KEY (`id`);

--
-- Índices de tabela `dataset_8`
--
ALTER TABLE `dataset_8`
  ADD PRIMARY KEY (`id`);

--
-- Índices de tabela `dataset_9`
--
ALTER TABLE `dataset_9`
  ADD PRIMARY KEY (`id`);

--
-- Índices de tabela `dataset_14`
--
ALTER TABLE `dataset_14`
  ADD PRIMARY KEY (`id`);

--
-- Índices de tabela `dataset_15`
--
ALTER TABLE `dataset_15`
  ADD PRIMARY KEY (`id`);

--
-- Índices de tabela `dataset_16`
--
ALTER TABLE `dataset_16`
  ADD PRIMARY KEY (`id`);

--
-- Índices de tabela `dataset_17`
--
ALTER TABLE `dataset_17`
  ADD PRIMARY KEY (`id`);

--
-- Índices de tabela `dataset_18`
--
ALTER TABLE `dataset_18`
  ADD PRIMARY KEY (`id`);

--
-- Índices de tabela `datatype`
--
ALTER TABLE `datatype`
  ADD PRIMARY KEY (`dataTypeId`);

--
-- Índices de tabela `daypart`
--
ALTER TABLE `daypart`
  ADD PRIMARY KEY (`dayPartId`),
  ADD KEY `userId` (`userId`);

--
-- Índices de tabela `display`
--
ALTER TABLE `display`
  ADD PRIMARY KEY (`displayId`),
  ADD UNIQUE KEY `license` (`license`),
  ADD KEY `defaultLayoutId` (`defaultLayoutId`),
  ADD KEY `displayProfileId` (`displayProfileId`);

--
-- Índices de tabela `displayevent`
--
ALTER TABLE `displayevent`
  ADD PRIMARY KEY (`displayEventId`),
  ADD KEY `eventDate` (`eventDate`),
  ADD KEY `displayId` (`displayId`,`end`);

--
-- Índices de tabela `displaygroup`
--
ALTER TABLE `displaygroup`
  ADD PRIMARY KEY (`displayGroupId`),
  ADD KEY `userId` (`userId`);

--
-- Índices de tabela `displayprofile`
--
ALTER TABLE `displayprofile`
  ADD PRIMARY KEY (`displayProfileId`),
  ADD KEY `userId` (`userId`);

--
-- Índices de tabela `group`
--
ALTER TABLE `group`
  ADD PRIMARY KEY (`groupId`);

--
-- Índices de tabela `help`
--
ALTER TABLE `help`
  ADD PRIMARY KEY (`helpId`);

--
-- Índices de tabela `layout`
--
ALTER TABLE `layout`
  ADD PRIMARY KEY (`layoutId`),
  ADD KEY `userId` (`userId`),
  ADD KEY `backgroundImageId` (`backgroundImageId`),
  ADD KEY `publishedStatusId` (`publishedStatusId`);

--
-- Índices de tabela `layouthistory`
--
ALTER TABLE `layouthistory`
  ADD PRIMARY KEY (`layoutHistoryId`),
  ADD KEY `campaignId` (`campaignId`);

--
-- Índices de tabela `lkcampaignlayout`
--
ALTER TABLE `lkcampaignlayout`
  ADD PRIMARY KEY (`lkCampaignLayoutId`),
  ADD UNIQUE KEY `campaignId` (`campaignId`,`layoutId`,`displayOrder`),
  ADD KEY `layoutId` (`layoutId`);

--
-- Índices de tabela `lkcommanddisplayprofile`
--
ALTER TABLE `lkcommanddisplayprofile`
  ADD PRIMARY KEY (`commandId`,`displayProfileId`),
  ADD KEY `displayProfileId` (`displayProfileId`);

--
-- Índices de tabela `lkdgdg`
--
ALTER TABLE `lkdgdg`
  ADD KEY `parentId` (`parentId`,`childId`,`depth`),
  ADD KEY `childId` (`childId`,`parentId`,`depth`);

--
-- Índices de tabela `lkdisplaydg`
--
ALTER TABLE `lkdisplaydg`
  ADD PRIMARY KEY (`LkDisplayDGID`),
  ADD UNIQUE KEY `displayGroupId` (`displayGroupId`,`displayId`),
  ADD KEY `displayId` (`displayId`);

--
-- Índices de tabela `lklayoutdisplaygroup`
--
ALTER TABLE `lklayoutdisplaygroup`
  ADD PRIMARY KEY (`id`),
  ADD UNIQUE KEY `displayGroupId` (`displayGroupId`,`layoutId`),
  ADD KEY `layoutId` (`layoutId`);

--
-- Índices de tabela `lkmediadisplaygroup`
--
ALTER TABLE `lkmediadisplaygroup`
  ADD PRIMARY KEY (`id`),
  ADD UNIQUE KEY `displayGroupId` (`displayGroupId`,`mediaId`),
  ADD KEY `mediaId` (`mediaId`);

--
-- Índices de tabela `lknotificationdg`
--
ALTER TABLE `lknotificationdg`
  ADD PRIMARY KEY (`lkNotificationDgId`),
  ADD UNIQUE KEY `notificationId` (`notificationId`,`displayGroupId`);

--
-- Índices de tabela `lknotificationgroup`
--
ALTER TABLE `lknotificationgroup`
  ADD PRIMARY KEY (`lkNotificationGroupId`),
  ADD UNIQUE KEY `notificationId` (`notificationId`,`groupId`),
  ADD KEY `groupId` (`groupId`);

--
-- Índices de tabela `lknotificationuser`
--
ALTER TABLE `lknotificationuser`
  ADD PRIMARY KEY (`lkNotificationUserId`),
  ADD UNIQUE KEY `notificationId` (`notificationId`,`userId`),
  ADD KEY `userId` (`userId`);

--
-- Índices de tabela `lkplaylistplaylist`
--
ALTER TABLE `lkplaylistplaylist`
  ADD PRIMARY KEY (`parentId`,`childId`,`depth`),
  ADD UNIQUE KEY `childId` (`childId`,`parentId`,`depth`);

--
-- Índices de tabela `lkscheduledisplaygroup`
--
ALTER TABLE `lkscheduledisplaygroup`
  ADD PRIMARY KEY (`eventId`,`displayGroupId`),
  ADD KEY `displayGroupId` (`displayGroupId`);

--
-- Índices de tabela `lktagcampaign`
--
ALTER TABLE `lktagcampaign`
  ADD PRIMARY KEY (`lkTagCampaignId`),
  ADD UNIQUE KEY `tagId` (`tagId`,`campaignId`),
  ADD KEY `campaignId` (`campaignId`);

--
-- Índices de tabela `lktagdisplaygroup`
--
ALTER TABLE `lktagdisplaygroup`
  ADD PRIMARY KEY (`lkTagDisplayGroupId`),
  ADD UNIQUE KEY `tagId` (`tagId`,`displayGroupId`),
  ADD KEY `displayGroupId` (`displayGroupId`);

--
-- Índices de tabela `lktaglayout`
--
ALTER TABLE `lktaglayout`
  ADD PRIMARY KEY (`lkTagLayoutId`),
  ADD UNIQUE KEY `tagId` (`tagId`,`layoutId`),
  ADD KEY `layoutId` (`layoutId`);

--
-- Índices de tabela `lktagmedia`
--
ALTER TABLE `lktagmedia`
  ADD PRIMARY KEY (`lkTagMediaId`),
  ADD UNIQUE KEY `tagId` (`tagId`,`mediaId`),
  ADD KEY `mediaId` (`mediaId`);

--
-- Índices de tabela `lktagplaylist`
--
ALTER TABLE `lktagplaylist`
  ADD PRIMARY KEY (`lkTagPlaylistId`),
  ADD UNIQUE KEY `tagId` (`tagId`,`playlistId`),
  ADD KEY `lktagplaylist_ibfk_2` (`playlistId`);

--
-- Índices de tabela `lkusergroup`
--
ALTER TABLE `lkusergroup`
  ADD PRIMARY KEY (`lkUserGroupID`),
  ADD UNIQUE KEY `groupId` (`groupId`,`userId`),
  ADD KEY `userId` (`userId`);

--
-- Índices de tabela `lkwidgetaudio`
--
ALTER TABLE `lkwidgetaudio`
  ADD PRIMARY KEY (`widgetId`,`mediaId`),
  ADD KEY `mediaId` (`mediaId`);

--
-- Índices de tabela `lkwidgetmedia`
--
ALTER TABLE `lkwidgetmedia`
  ADD PRIMARY KEY (`widgetId`,`mediaId`),
  ADD KEY `mediaId` (`mediaId`);

--
-- Índices de tabela `log`
--
ALTER TABLE `log`
  ADD PRIMARY KEY (`logId`),
  ADD KEY `logDate` (`logDate`);

--
-- Índices de tabela `media`
--
ALTER TABLE `media`
  ADD PRIMARY KEY (`mediaId`),
  ADD KEY `userId` (`userId`),
  ADD KEY `editedMediaId` (`editedMediaId`);

--
-- Índices de tabela `module`
--
ALTER TABLE `module`
  ADD PRIMARY KEY (`moduleId`);

--
-- Índices de tabela `notification`
--
ALTER TABLE `notification`
  ADD PRIMARY KEY (`notificationId`),
  ADD KEY `userId` (`userId`);

--
-- Índices de tabela `oauth_access_tokens`
--
ALTER TABLE `oauth_access_tokens`
  ADD PRIMARY KEY (`access_token`),
  ADD KEY `session_id` (`session_id`);

--
-- Índices de tabela `oauth_access_token_scopes`
--
ALTER TABLE `oauth_access_token_scopes`
  ADD PRIMARY KEY (`id`),
  ADD KEY `access_token` (`access_token`),
  ADD KEY `scope` (`scope`);

--
-- Índices de tabela `oauth_auth_codes`
--
ALTER TABLE `oauth_auth_codes`
  ADD PRIMARY KEY (`auth_code`),
  ADD KEY `session_id` (`session_id`);

--
-- Índices de tabela `oauth_auth_code_scopes`
--
ALTER TABLE `oauth_auth_code_scopes`
  ADD PRIMARY KEY (`id`),
  ADD KEY `auth_code` (`auth_code`),
  ADD KEY `scope` (`scope`);

--
-- Índices de tabela `oauth_clients`
--
ALTER TABLE `oauth_clients`
  ADD PRIMARY KEY (`id`),
  ADD KEY `userId` (`userId`);

--
-- Índices de tabela `oauth_client_redirect_uris`
--
ALTER TABLE `oauth_client_redirect_uris`
  ADD PRIMARY KEY (`id`);

--
-- Índices de tabela `oauth_client_scopes`
--
ALTER TABLE `oauth_client_scopes`
  ADD PRIMARY KEY (`id`),
  ADD UNIQUE KEY `clientId` (`clientId`,`scopeId`);

--
-- Índices de tabela `oauth_refresh_tokens`
--
ALTER TABLE `oauth_refresh_tokens`
  ADD PRIMARY KEY (`refresh_token`),
  ADD KEY `access_token` (`access_token`);

--
-- Índices de tabela `oauth_scopes`
--
ALTER TABLE `oauth_scopes`
  ADD PRIMARY KEY (`id`);

--
-- Índices de tabela `oauth_scope_routes`
--
ALTER TABLE `oauth_scope_routes`
  ADD PRIMARY KEY (`id`);

--
-- Índices de tabela `oauth_sessions`
--
ALTER TABLE `oauth_sessions`
  ADD PRIMARY KEY (`id`),
  ADD KEY `client_id` (`client_id`);

--
-- Índices de tabela `oauth_session_scopes`
--
ALTER TABLE `oauth_session_scopes`
  ADD PRIMARY KEY (`id`),
  ADD KEY `session_id` (`session_id`),
  ADD KEY `scope` (`scope`);

--
-- Índices de tabela `pages`
--
ALTER TABLE `pages`
  ADD PRIMARY KEY (`pageId`);

--
-- Índices de tabela `permission`
--
ALTER TABLE `permission`
  ADD PRIMARY KEY (`permissionId`),
  ADD KEY `permission_ibfk_1` (`groupId`),
  ADD KEY `permission_ibfk_2` (`entityId`),
  ADD KEY `permission_objectId_index` (`objectId`);

--
-- Índices de tabela `permissionentity`
--
ALTER TABLE `permissionentity`
  ADD PRIMARY KEY (`entityId`),
  ADD UNIQUE KEY `entity` (`entity`);

--
-- Índices de tabela `phinxlog`
--
ALTER TABLE `phinxlog`
  ADD PRIMARY KEY (`version`);

--
-- Índices de tabela `player_software`
--
ALTER TABLE `player_software`
  ADD PRIMARY KEY (`versionId`),
  ADD KEY `mediaId` (`mediaId`);

--
-- Índices de tabela `playlist`
--
ALTER TABLE `playlist`
  ADD PRIMARY KEY (`playlistId`),
  ADD KEY `ownerId` (`ownerId`);

--
-- Índices de tabela `region`
--
ALTER TABLE `region`
  ADD PRIMARY KEY (`regionId`),
  ADD KEY `ownerId` (`ownerId`);

--
-- Índices de tabela `regionoption`
--
ALTER TABLE `regionoption`
  ADD PRIMARY KEY (`regionId`,`option`);

--
-- Índices de tabela `reportschedule`
--
ALTER TABLE `reportschedule`
  ADD PRIMARY KEY (`reportScheduleId`),
  ADD KEY `userId` (`userId`);

--
-- Índices de tabela `requiredfile`
--
ALTER TABLE `requiredfile`
  ADD PRIMARY KEY (`rfId`),
  ADD KEY `displayId` (`displayId`,`type`);

--
-- Índices de tabela `resolution`
--
ALTER TABLE `resolution`
  ADD PRIMARY KEY (`resolutionId`),
  ADD KEY `userId` (`userId`);

--
-- Índices de tabela `saved_report`
--
ALTER TABLE `saved_report`
  ADD PRIMARY KEY (`savedReportId`),
  ADD KEY `userId` (`userId`),
  ADD KEY `mediaId` (`mediaId`),
  ADD KEY `reportScheduleId` (`reportScheduleId`);

--
-- Índices de tabela `schedule`
--
ALTER TABLE `schedule`
  ADD PRIMARY KEY (`eventId`),
  ADD KEY `campaignId` (`campaignId`),
  ADD KEY `userId` (`userId`);

--
-- Índices de tabela `scheduleexclusions`
--
ALTER TABLE `scheduleexclusions`
  ADD PRIMARY KEY (`scheduleExclusionId`),
  ADD KEY `eventId` (`eventId`);

--
-- Índices de tabela `schedulereminder`
--
ALTER TABLE `schedulereminder`
  ADD PRIMARY KEY (`scheduleReminderId`),
  ADD KEY `eventId` (`eventId`);

--
-- Índices de tabela `session`
--
ALTER TABLE `session`
  ADD PRIMARY KEY (`session_id`),
  ADD KEY `userId` (`userId`);

--
-- Índices de tabela `setting`
--
ALTER TABLE `setting`
  ADD PRIMARY KEY (`settingId`);

--
-- Índices de tabela `stat`
--
ALTER TABLE `stat`
  ADD PRIMARY KEY (`statId`),
  ADD KEY `statDate` (`statDate`),
  ADD KEY `displayId` (`displayId`,`end`,`type`);

--
-- Índices de tabela `status`
--
ALTER TABLE `status`
  ADD PRIMARY KEY (`id`);

--
-- Índices de tabela `tag`
--
ALTER TABLE `tag`
  ADD PRIMARY KEY (`tagId`);

--
-- Índices de tabela `task`
--
ALTER TABLE `task`
  ADD PRIMARY KEY (`taskId`);

--
-- Índices de tabela `transition`
--
ALTER TABLE `transition`
  ADD PRIMARY KEY (`transitionId`);

--
-- Índices de tabela `user`
--
ALTER TABLE `user`
  ADD PRIMARY KEY (`userId`),
  ADD KEY `userTypeId` (`userTypeId`);

--
-- Índices de tabela `useroption`
--
ALTER TABLE `useroption`
  ADD PRIMARY KEY (`userId`,`option`);

--
-- Índices de tabela `usertype`
--
ALTER TABLE `usertype`
  ADD PRIMARY KEY (`userTypeId`);

--
-- Índices de tabela `widget`
--
ALTER TABLE `widget`
  ADD PRIMARY KEY (`widgetId`),
  ADD KEY `playlistId` (`playlistId`),
  ADD KEY `ownerId` (`ownerId`);

--
-- Índices de tabela `widgethistory`
--
ALTER TABLE `widgethistory`
  ADD PRIMARY KEY (`id`),
  ADD KEY `layoutHistoryId` (`layoutHistoryId`);

--
-- Índices de tabela `widgetoption`
--
ALTER TABLE `widgetoption`
  ADD PRIMARY KEY (`widgetId`,`type`,`option`);

--
-- AUTO_INCREMENT para tabelas despejadas
--

--
-- AUTO_INCREMENT de tabela `auditlog`
--
ALTER TABLE `auditlog`
  MODIFY `logId` int(11) NOT NULL AUTO_INCREMENT;

--
-- AUTO_INCREMENT de tabela `bandwidthtype`
--
ALTER TABLE `bandwidthtype`
  MODIFY `bandwidthTypeId` int(11) NOT NULL AUTO_INCREMENT, AUTO_INCREMENT=12;

--
-- AUTO_INCREMENT de tabela `blacklist`
--
ALTER TABLE `blacklist`
  MODIFY `blacklistId` int(11) NOT NULL AUTO_INCREMENT;

--
-- AUTO_INCREMENT de tabela `campaign`
--
ALTER TABLE `campaign`
  MODIFY `campaignId` int(11) NOT NULL AUTO_INCREMENT, AUTO_INCREMENT=327;

--
-- AUTO_INCREMENT de tabela `command`
--
ALTER TABLE `command`
  MODIFY `commandId` int(11) NOT NULL AUTO_INCREMENT;

--
-- AUTO_INCREMENT de tabela `dataset`
--
ALTER TABLE `dataset`
  MODIFY `dataSetId` int(11) NOT NULL AUTO_INCREMENT, AUTO_INCREMENT=19;

--
-- AUTO_INCREMENT de tabela `datasetcolumn`
--
ALTER TABLE `datasetcolumn`
  MODIFY `dataSetColumnId` int(11) NOT NULL AUTO_INCREMENT, AUTO_INCREMENT=57;

--
-- AUTO_INCREMENT de tabela `datasetcolumntype`
--
ALTER TABLE `datasetcolumntype`
  MODIFY `dataSetColumnTypeId` int(11) NOT NULL AUTO_INCREMENT, AUTO_INCREMENT=4;

--
-- AUTO_INCREMENT de tabela `datasetrss`
--
ALTER TABLE `datasetrss`
  MODIFY `id` int(11) NOT NULL AUTO_INCREMENT, AUTO_INCREMENT=2;

--
-- AUTO_INCREMENT de tabela `dataset_4`
--
ALTER TABLE `dataset_4`
  MODIFY `id` int(11) NOT NULL AUTO_INCREMENT, AUTO_INCREMENT=5;

--
-- AUTO_INCREMENT de tabela `dataset_6`
--
ALTER TABLE `dataset_6`
  MODIFY `id` int(11) NOT NULL AUTO_INCREMENT, AUTO_INCREMENT=31;

--
-- AUTO_INCREMENT de tabela `dataset_7`
--
ALTER TABLE `dataset_7`
  MODIFY `id` int(11) NOT NULL AUTO_INCREMENT, AUTO_INCREMENT=30;

--
-- AUTO_INCREMENT de tabela `dataset_8`
--
ALTER TABLE `dataset_8`
  MODIFY `id` int(11) NOT NULL AUTO_INCREMENT, AUTO_INCREMENT=4;

--
-- AUTO_INCREMENT de tabela `dataset_9`
--
ALTER TABLE `dataset_9`
  MODIFY `id` int(11) NOT NULL AUTO_INCREMENT, AUTO_INCREMENT=7;

--
-- AUTO_INCREMENT de tabela `dataset_14`
--
ALTER TABLE `dataset_14`
  MODIFY `id` int(11) NOT NULL AUTO_INCREMENT, AUTO_INCREMENT=7;

--
-- AUTO_INCREMENT de tabela `dataset_15`
--
ALTER TABLE `dataset_15`
  MODIFY `id` int(11) NOT NULL AUTO_INCREMENT, AUTO_INCREMENT=12;

--
-- AUTO_INCREMENT de tabela `dataset_16`
--
ALTER TABLE `dataset_16`
  MODIFY `id` int(11) NOT NULL AUTO_INCREMENT, AUTO_INCREMENT=8;

--
-- AUTO_INCREMENT de tabela `dataset_17`
--
ALTER TABLE `dataset_17`
  MODIFY `id` int(11) NOT NULL AUTO_INCREMENT, AUTO_INCREMENT=6;

--
-- AUTO_INCREMENT de tabela `dataset_18`
--
ALTER TABLE `dataset_18`
  MODIFY `id` int(11) NOT NULL AUTO_INCREMENT, AUTO_INCREMENT=17;

--
-- AUTO_INCREMENT de tabela `datatype`
--
ALTER TABLE `datatype`
  MODIFY `dataTypeId` int(11) NOT NULL AUTO_INCREMENT, AUTO_INCREMENT=7;

--
-- AUTO_INCREMENT de tabela `daypart`
--
ALTER TABLE `daypart`
  MODIFY `dayPartId` int(11) NOT NULL AUTO_INCREMENT, AUTO_INCREMENT=3;

--
-- AUTO_INCREMENT de tabela `display`
--
ALTER TABLE `display`
  MODIFY `displayId` int(11) NOT NULL AUTO_INCREMENT, AUTO_INCREMENT=28;

--
-- AUTO_INCREMENT de tabela `displayevent`
--
ALTER TABLE `displayevent`
  MODIFY `displayEventId` int(11) NOT NULL AUTO_INCREMENT, AUTO_INCREMENT=234;

--
-- AUTO_INCREMENT de tabela `displaygroup`
--
ALTER TABLE `displaygroup`
  MODIFY `displayGroupId` int(11) NOT NULL AUTO_INCREMENT, AUTO_INCREMENT=34;

--
-- AUTO_INCREMENT de tabela `displayprofile`
--
ALTER TABLE `displayprofile`
  MODIFY `displayProfileId` int(11) NOT NULL AUTO_INCREMENT, AUTO_INCREMENT=8;

--
-- AUTO_INCREMENT de tabela `group`
--
ALTER TABLE `group`
  MODIFY `groupId` int(11) NOT NULL AUTO_INCREMENT, AUTO_INCREMENT=9;

--
-- AUTO_INCREMENT de tabela `help`
--
ALTER TABLE `help`
  MODIFY `helpId` int(11) NOT NULL AUTO_INCREMENT, AUTO_INCREMENT=85;

--
-- AUTO_INCREMENT de tabela `layout`
--
ALTER TABLE `layout`
  MODIFY `layoutId` int(11) NOT NULL AUTO_INCREMENT, AUTO_INCREMENT=620;

--
-- AUTO_INCREMENT de tabela `layouthistory`
--
ALTER TABLE `layouthistory`
  MODIFY `layoutHistoryId` int(11) NOT NULL AUTO_INCREMENT, AUTO_INCREMENT=574;

--
-- AUTO_INCREMENT de tabela `lkcampaignlayout`
--
ALTER TABLE `lkcampaignlayout`
  MODIFY `lkCampaignLayoutId` int(11) NOT NULL AUTO_INCREMENT, AUTO_INCREMENT=14240;

--
-- AUTO_INCREMENT de tabela `lkdisplaydg`
--
ALTER TABLE `lkdisplaydg`
  MODIFY `LkDisplayDGID` int(11) NOT NULL AUTO_INCREMENT, AUTO_INCREMENT=132;

--
-- AUTO_INCREMENT de tabela `lklayoutdisplaygroup`
--
ALTER TABLE `lklayoutdisplaygroup`
  MODIFY `id` int(11) NOT NULL AUTO_INCREMENT, AUTO_INCREMENT=42;

--
-- AUTO_INCREMENT de tabela `lkmediadisplaygroup`
--
ALTER TABLE `lkmediadisplaygroup`
  MODIFY `id` int(11) NOT NULL AUTO_INCREMENT;

--
-- AUTO_INCREMENT de tabela `lknotificationdg`
--
ALTER TABLE `lknotificationdg`
  MODIFY `lkNotificationDgId` int(11) NOT NULL AUTO_INCREMENT;

--
-- AUTO_INCREMENT de tabela `lknotificationgroup`
--
ALTER TABLE `lknotificationgroup`
  MODIFY `lkNotificationGroupId` int(11) NOT NULL AUTO_INCREMENT;

--
-- AUTO_INCREMENT de tabela `lknotificationuser`
--
ALTER TABLE `lknotificationuser`
  MODIFY `lkNotificationUserId` int(11) NOT NULL AUTO_INCREMENT;

--
-- AUTO_INCREMENT de tabela `lktagcampaign`
--
ALTER TABLE `lktagcampaign`
  MODIFY `lkTagCampaignId` int(11) NOT NULL AUTO_INCREMENT, AUTO_INCREMENT=3;

--
-- AUTO_INCREMENT de tabela `lktagdisplaygroup`
--
ALTER TABLE `lktagdisplaygroup`
  MODIFY `lkTagDisplayGroupId` int(11) NOT NULL AUTO_INCREMENT;

--
-- AUTO_INCREMENT de tabela `lktaglayout`
--
ALTER TABLE `lktaglayout`
  MODIFY `lkTagLayoutId` int(11) NOT NULL AUTO_INCREMENT, AUTO_INCREMENT=157;

--
-- AUTO_INCREMENT de tabela `lktagmedia`
--
ALTER TABLE `lktagmedia`
  MODIFY `lkTagMediaId` int(11) NOT NULL AUTO_INCREMENT, AUTO_INCREMENT=91;

--
-- AUTO_INCREMENT de tabela `lktagplaylist`
--
ALTER TABLE `lktagplaylist`
  MODIFY `lkTagPlaylistId` int(11) NOT NULL AUTO_INCREMENT;

--
-- AUTO_INCREMENT de tabela `lkusergroup`
--
ALTER TABLE `lkusergroup`
  MODIFY `lkUserGroupID` int(11) NOT NULL AUTO_INCREMENT, AUTO_INCREMENT=8;

--
-- AUTO_INCREMENT de tabela `log`
--
ALTER TABLE `log`
  MODIFY `logId` int(11) NOT NULL AUTO_INCREMENT, AUTO_INCREMENT=176655;

--
-- AUTO_INCREMENT de tabela `media`
--
ALTER TABLE `media`
  MODIFY `mediaId` int(11) NOT NULL AUTO_INCREMENT, AUTO_INCREMENT=70934;

--
-- AUTO_INCREMENT de tabela `module`
--
ALTER TABLE `module`
  MODIFY `moduleId` int(11) NOT NULL AUTO_INCREMENT, AUTO_INCREMENT=32;

--
-- AUTO_INCREMENT de tabela `notification`
--
ALTER TABLE `notification`
  MODIFY `notificationId` int(11) NOT NULL AUTO_INCREMENT;

--
-- AUTO_INCREMENT de tabela `oauth_access_token_scopes`
--
ALTER TABLE `oauth_access_token_scopes`
  MODIFY `id` int(11) NOT NULL AUTO_INCREMENT;

--
-- AUTO_INCREMENT de tabela `oauth_auth_code_scopes`
--
ALTER TABLE `oauth_auth_code_scopes`
  MODIFY `id` int(11) NOT NULL AUTO_INCREMENT;

--
-- AUTO_INCREMENT de tabela `oauth_client_redirect_uris`
--
ALTER TABLE `oauth_client_redirect_uris`
  MODIFY `id` int(11) NOT NULL AUTO_INCREMENT;

--
-- AUTO_INCREMENT de tabela `oauth_client_scopes`
--
ALTER TABLE `oauth_client_scopes`
  MODIFY `id` int(11) NOT NULL AUTO_INCREMENT;

--
-- AUTO_INCREMENT de tabela `oauth_scope_routes`
--
ALTER TABLE `oauth_scope_routes`
  MODIFY `id` int(11) NOT NULL AUTO_INCREMENT;

--
-- AUTO_INCREMENT de tabela `oauth_sessions`
--
ALTER TABLE `oauth_sessions`
  MODIFY `id` int(11) NOT NULL AUTO_INCREMENT;

--
-- AUTO_INCREMENT de tabela `oauth_session_scopes`
--
ALTER TABLE `oauth_session_scopes`
  MODIFY `id` int(11) NOT NULL AUTO_INCREMENT;

--
-- AUTO_INCREMENT de tabela `pages`
--
ALTER TABLE `pages`
  MODIFY `pageId` int(11) NOT NULL AUTO_INCREMENT, AUTO_INCREMENT=44;

--
-- AUTO_INCREMENT de tabela `permission`
--
ALTER TABLE `permission`
  MODIFY `permissionId` int(11) NOT NULL AUTO_INCREMENT, AUTO_INCREMENT=83;

--
-- AUTO_INCREMENT de tabela `permissionentity`
--
ALTER TABLE `permissionentity`
  MODIFY `entityId` int(11) NOT NULL AUTO_INCREMENT, AUTO_INCREMENT=13;

--
-- AUTO_INCREMENT de tabela `player_software`
--
ALTER TABLE `player_software`
  MODIFY `versionId` int(11) NOT NULL AUTO_INCREMENT;

--
-- AUTO_INCREMENT de tabela `playlist`
--
ALTER TABLE `playlist`
  MODIFY `playlistId` int(11) NOT NULL AUTO_INCREMENT, AUTO_INCREMENT=871;

--
-- AUTO_INCREMENT de tabela `region`
--
ALTER TABLE `region`
  MODIFY `regionId` int(11) NOT NULL AUTO_INCREMENT, AUTO_INCREMENT=842;

--
-- AUTO_INCREMENT de tabela `reportschedule`
--
ALTER TABLE `reportschedule`
  MODIFY `reportScheduleId` int(11) NOT NULL AUTO_INCREMENT;

--
-- AUTO_INCREMENT de tabela `requiredfile`
--
ALTER TABLE `requiredfile`
  MODIFY `rfId` int(11) NOT NULL AUTO_INCREMENT, AUTO_INCREMENT=173535;

--
-- AUTO_INCREMENT de tabela `resolution`
--
ALTER TABLE `resolution`
  MODIFY `resolutionId` int(11) NOT NULL AUTO_INCREMENT, AUTO_INCREMENT=9;

--
-- AUTO_INCREMENT de tabela `saved_report`
--
ALTER TABLE `saved_report`
  MODIFY `savedReportId` int(11) NOT NULL AUTO_INCREMENT;

--
-- AUTO_INCREMENT de tabela `schedule`
--
ALTER TABLE `schedule`
  MODIFY `eventId` int(11) NOT NULL AUTO_INCREMENT, AUTO_INCREMENT=48;

--
-- AUTO_INCREMENT de tabela `scheduleexclusions`
--
ALTER TABLE `scheduleexclusions`
  MODIFY `scheduleExclusionId` int(11) NOT NULL AUTO_INCREMENT;

--
-- AUTO_INCREMENT de tabela `schedulereminder`
--
ALTER TABLE `schedulereminder`
  MODIFY `scheduleReminderId` int(11) NOT NULL AUTO_INCREMENT;

--
-- AUTO_INCREMENT de tabela `setting`
--
ALTER TABLE `setting`
  MODIFY `settingId` int(11) NOT NULL AUTO_INCREMENT, AUTO_INCREMENT=123;

--
-- AUTO_INCREMENT de tabela `stat`
--
ALTER TABLE `stat`
  MODIFY `statId` int(11) NOT NULL AUTO_INCREMENT;

--
-- AUTO_INCREMENT de tabela `status`
--
ALTER TABLE `status`
  MODIFY `id` int(11) NOT NULL AUTO_INCREMENT, AUTO_INCREMENT=4;

--
-- AUTO_INCREMENT de tabela `tag`
--
ALTER TABLE `tag`
  MODIFY `tagId` int(11) NOT NULL AUTO_INCREMENT, AUTO_INCREMENT=10;

--
-- AUTO_INCREMENT de tabela `task`
--
ALTER TABLE `task`
  MODIFY `taskId` int(11) NOT NULL AUTO_INCREMENT, AUTO_INCREMENT=14;

--
-- AUTO_INCREMENT de tabela `transition`
--
ALTER TABLE `transition`
  MODIFY `transitionId` int(11) NOT NULL AUTO_INCREMENT, AUTO_INCREMENT=4;

--
-- AUTO_INCREMENT de tabela `user`
--
ALTER TABLE `user`
  MODIFY `userId` int(11) NOT NULL AUTO_INCREMENT, AUTO_INCREMENT=5;

--
-- AUTO_INCREMENT de tabela `usertype`
--
ALTER TABLE `usertype`
  MODIFY `userTypeId` int(11) NOT NULL AUTO_INCREMENT, AUTO_INCREMENT=5;

--
-- AUTO_INCREMENT de tabela `widget`
--
ALTER TABLE `widget`
  MODIFY `widgetId` int(11) NOT NULL AUTO_INCREMENT, AUTO_INCREMENT=842;

--
-- AUTO_INCREMENT de tabela `widgethistory`
--
ALTER TABLE `widgethistory`
  MODIFY `id` int(11) NOT NULL AUTO_INCREMENT, AUTO_INCREMENT=317;

--
-- Restrições para tabelas despejadas
--

--
-- Restrições para tabelas `bandwidth`
--
ALTER TABLE `bandwidth`
  ADD CONSTRAINT `bandwidth_ibfk_1` FOREIGN KEY (`type`) REFERENCES `bandwidthtype` (`bandwidthTypeId`);

--
-- Restrições para tabelas `blacklist`
--
ALTER TABLE `blacklist`
  ADD CONSTRAINT `blacklist_ibfk_1` FOREIGN KEY (`mediaId`) REFERENCES `media` (`mediaId`),
  ADD CONSTRAINT `blacklist_ibfk_2` FOREIGN KEY (`displayId`) REFERENCES `display` (`displayId`);

--
-- Restrições para tabelas `campaign`
--
ALTER TABLE `campaign`
  ADD CONSTRAINT `campaign_ibfk_1` FOREIGN KEY (`userId`) REFERENCES `user` (`userId`);

--
-- Restrições para tabelas `command`
--
ALTER TABLE `command`
  ADD CONSTRAINT `command_ibfk_1` FOREIGN KEY (`userId`) REFERENCES `user` (`userId`);

--
-- Restrições para tabelas `dataset`
--
ALTER TABLE `dataset`
  ADD CONSTRAINT `dataset_ibfk_1` FOREIGN KEY (`userId`) REFERENCES `user` (`userId`);

--
-- Restrições para tabelas `datasetcolumn`
--
ALTER TABLE `datasetcolumn`
  ADD CONSTRAINT `datasetcolumn_ibfk_1` FOREIGN KEY (`dataSetId`) REFERENCES `dataset` (`dataSetId`),
  ADD CONSTRAINT `datasetcolumn_ibfk_2` FOREIGN KEY (`dataTypeId`) REFERENCES `datatype` (`dataTypeId`),
  ADD CONSTRAINT `datasetcolumn_ibfk_3` FOREIGN KEY (`dataSetColumnTypeId`) REFERENCES `datasetcolumntype` (`dataSetColumnTypeId`);

--
-- Restrições para tabelas `datasetrss`
--
ALTER TABLE `datasetrss`
  ADD CONSTRAINT `datasetrss_ibfk_1` FOREIGN KEY (`dataSetId`) REFERENCES `dataset` (`dataSetId`);

--
-- Restrições para tabelas `daypart`
--
ALTER TABLE `daypart`
  ADD CONSTRAINT `daypart_ibfk_1` FOREIGN KEY (`userId`) REFERENCES `user` (`userId`);

--
-- Restrições para tabelas `display`
--
ALTER TABLE `display`
  ADD CONSTRAINT `display_ibfk_1` FOREIGN KEY (`displayProfileId`) REFERENCES `displayprofile` (`displayProfileId`);

--
-- Restrições para tabelas `displaygroup`
--
ALTER TABLE `displaygroup`
  ADD CONSTRAINT `displaygroup_ibfk_1` FOREIGN KEY (`userId`) REFERENCES `user` (`userId`);

--
-- Restrições para tabelas `displayprofile`
--
ALTER TABLE `displayprofile`
  ADD CONSTRAINT `displayprofile_ibfk_1` FOREIGN KEY (`userId`) REFERENCES `user` (`userId`);

--
-- Restrições para tabelas `layout`
--
ALTER TABLE `layout`
  ADD CONSTRAINT `layout_ibfk_1` FOREIGN KEY (`userId`) REFERENCES `user` (`userId`),
  ADD CONSTRAINT `layout_ibfk_2` FOREIGN KEY (`backgroundImageId`) REFERENCES `media` (`mediaId`),
  ADD CONSTRAINT `layout_ibfk_3` FOREIGN KEY (`publishedStatusId`) REFERENCES `status` (`id`);

--
-- Restrições para tabelas `layouthistory`
--
ALTER TABLE `layouthistory`
  ADD CONSTRAINT `layouthistory_ibfk_1` FOREIGN KEY (`campaignId`) REFERENCES `campaign` (`campaignId`);

--
-- Restrições para tabelas `lkcampaignlayout`
--
ALTER TABLE `lkcampaignlayout`
  ADD CONSTRAINT `lkcampaignlayout_ibfk_1` FOREIGN KEY (`campaignId`) REFERENCES `campaign` (`campaignId`),
  ADD CONSTRAINT `lkcampaignlayout_ibfk_2` FOREIGN KEY (`layoutId`) REFERENCES `layout` (`layoutId`);

--
-- Restrições para tabelas `lkcommanddisplayprofile`
--
ALTER TABLE `lkcommanddisplayprofile`
  ADD CONSTRAINT `lkcommanddisplayprofile_ibfk_1` FOREIGN KEY (`commandId`) REFERENCES `command` (`commandId`),
  ADD CONSTRAINT `lkcommanddisplayprofile_ibfk_2` FOREIGN KEY (`displayProfileId`) REFERENCES `displayprofile` (`displayProfileId`);

--
-- Restrições para tabelas `lkdisplaydg`
--
ALTER TABLE `lkdisplaydg`
  ADD CONSTRAINT `lkdisplaydg_ibfk_1` FOREIGN KEY (`displayGroupId`) REFERENCES `displaygroup` (`displayGroupId`),
  ADD CONSTRAINT `lkdisplaydg_ibfk_2` FOREIGN KEY (`displayId`) REFERENCES `display` (`displayId`);

--
-- Restrições para tabelas `lklayoutdisplaygroup`
--
ALTER TABLE `lklayoutdisplaygroup`
  ADD CONSTRAINT `lklayoutdisplaygroup_ibfk_1` FOREIGN KEY (`displayGroupId`) REFERENCES `displaygroup` (`displayGroupId`),
  ADD CONSTRAINT `lklayoutdisplaygroup_ibfk_2` FOREIGN KEY (`layoutId`) REFERENCES `layout` (`layoutId`);

--
-- Restrições para tabelas `lkmediadisplaygroup`
--
ALTER TABLE `lkmediadisplaygroup`
  ADD CONSTRAINT `lkmediadisplaygroup_ibfk_1` FOREIGN KEY (`displayGroupId`) REFERENCES `displaygroup` (`displayGroupId`),
  ADD CONSTRAINT `lkmediadisplaygroup_ibfk_2` FOREIGN KEY (`mediaId`) REFERENCES `media` (`mediaId`);

--
-- Restrições para tabelas `lknotificationdg`
--
ALTER TABLE `lknotificationdg`
  ADD CONSTRAINT `lknotificationdg_ibfk_1` FOREIGN KEY (`notificationId`) REFERENCES `notification` (`notificationId`);

--
-- Restrições para tabelas `lknotificationgroup`
--
ALTER TABLE `lknotificationgroup`
  ADD CONSTRAINT `lknotificationgroup_ibfk_1` FOREIGN KEY (`notificationId`) REFERENCES `notification` (`notificationId`),
  ADD CONSTRAINT `lknotificationgroup_ibfk_2` FOREIGN KEY (`groupId`) REFERENCES `group` (`groupId`);

--
-- Restrições para tabelas `lknotificationuser`
--
ALTER TABLE `lknotificationuser`
  ADD CONSTRAINT `lknotificationuser_ibfk_1` FOREIGN KEY (`notificationId`) REFERENCES `notification` (`notificationId`),
  ADD CONSTRAINT `lknotificationuser_ibfk_2` FOREIGN KEY (`userId`) REFERENCES `user` (`userId`);

--
-- Restrições para tabelas `lkscheduledisplaygroup`
--
ALTER TABLE `lkscheduledisplaygroup`
  ADD CONSTRAINT `lkscheduledisplaygroup_ibfk_1` FOREIGN KEY (`eventId`) REFERENCES `schedule` (`eventId`),
  ADD CONSTRAINT `lkscheduledisplaygroup_ibfk_2` FOREIGN KEY (`displayGroupId`) REFERENCES `displaygroup` (`displayGroupId`);

--
-- Restrições para tabelas `lktagcampaign`
--
ALTER TABLE `lktagcampaign`
  ADD CONSTRAINT `lktagcampaign_ibfk_1` FOREIGN KEY (`tagId`) REFERENCES `tag` (`tagId`),
  ADD CONSTRAINT `lktagcampaign_ibfk_2` FOREIGN KEY (`campaignId`) REFERENCES `campaign` (`campaignId`);

--
-- Restrições para tabelas `lktagdisplaygroup`
--
ALTER TABLE `lktagdisplaygroup`
  ADD CONSTRAINT `lktagdisplaygroup_ibfk_1` FOREIGN KEY (`tagId`) REFERENCES `tag` (`tagId`),
  ADD CONSTRAINT `lktagdisplaygroup_ibfk_2` FOREIGN KEY (`displayGroupId`) REFERENCES `displaygroup` (`displayGroupId`);

--
-- Restrições para tabelas `lktaglayout`
--
ALTER TABLE `lktaglayout`
  ADD CONSTRAINT `lktaglayout_ibfk_1` FOREIGN KEY (`tagId`) REFERENCES `tag` (`tagId`),
  ADD CONSTRAINT `lktaglayout_ibfk_2` FOREIGN KEY (`layoutId`) REFERENCES `layout` (`layoutId`);

--
-- Restrições para tabelas `lktagmedia`
--
ALTER TABLE `lktagmedia`
  ADD CONSTRAINT `lktagmedia_ibfk_1` FOREIGN KEY (`tagId`) REFERENCES `tag` (`tagId`),
  ADD CONSTRAINT `lktagmedia_ibfk_2` FOREIGN KEY (`mediaId`) REFERENCES `media` (`mediaId`);

--
-- Restrições para tabelas `lktagplaylist`
--
ALTER TABLE `lktagplaylist`
  ADD CONSTRAINT `lktagplaylist_ibfk_1` FOREIGN KEY (`tagId`) REFERENCES `tag` (`tagId`),
  ADD CONSTRAINT `lktagplaylist_ibfk_2` FOREIGN KEY (`playlistId`) REFERENCES `playlist` (`playlistId`);

--
-- Restrições para tabelas `lkusergroup`
--
ALTER TABLE `lkusergroup`
  ADD CONSTRAINT `lkusergroup_ibfk_1` FOREIGN KEY (`groupId`) REFERENCES `group` (`groupId`),
  ADD CONSTRAINT `lkusergroup_ibfk_2` FOREIGN KEY (`userId`) REFERENCES `user` (`userId`);

--
-- Restrições para tabelas `lkwidgetaudio`
--
ALTER TABLE `lkwidgetaudio`
  ADD CONSTRAINT `lkwidgetaudio_ibfk_1` FOREIGN KEY (`widgetId`) REFERENCES `widget` (`widgetId`),
  ADD CONSTRAINT `lkwidgetaudio_ibfk_2` FOREIGN KEY (`mediaId`) REFERENCES `media` (`mediaId`);

--
-- Restrições para tabelas `lkwidgetmedia`
--
ALTER TABLE `lkwidgetmedia`
  ADD CONSTRAINT `lkwidgetmedia_ibfk_1` FOREIGN KEY (`widgetId`) REFERENCES `widget` (`widgetId`),
  ADD CONSTRAINT `lkwidgetmedia_ibfk_2` FOREIGN KEY (`mediaId`) REFERENCES `media` (`mediaId`);

--
-- Restrições para tabelas `media`
--
ALTER TABLE `media`
  ADD CONSTRAINT `media_ibfk_1` FOREIGN KEY (`userId`) REFERENCES `user` (`userId`);

--
-- Restrições para tabelas `notification`
--
ALTER TABLE `notification`
  ADD CONSTRAINT `notification_ibfk_1` FOREIGN KEY (`userId`) REFERENCES `user` (`userId`);

--
-- Restrições para tabelas `oauth_access_tokens`
--
ALTER TABLE `oauth_access_tokens`
  ADD CONSTRAINT `oauth_access_tokens_ibfk_1` FOREIGN KEY (`session_id`) REFERENCES `oauth_sessions` (`id`) ON DELETE CASCADE;

--
-- Restrições para tabelas `oauth_access_token_scopes`
--
ALTER TABLE `oauth_access_token_scopes`
  ADD CONSTRAINT `oauth_access_token_scopes_ibfk_1` FOREIGN KEY (`access_token`) REFERENCES `oauth_access_tokens` (`access_token`) ON DELETE CASCADE,
  ADD CONSTRAINT `oauth_access_token_scopes_ibfk_2` FOREIGN KEY (`scope`) REFERENCES `oauth_scopes` (`id`) ON DELETE CASCADE;

--
-- Restrições para tabelas `oauth_auth_codes`
--
ALTER TABLE `oauth_auth_codes`
  ADD CONSTRAINT `oauth_auth_codes_ibfk_1` FOREIGN KEY (`session_id`) REFERENCES `oauth_sessions` (`id`) ON DELETE CASCADE;

--
-- Restrições para tabelas `oauth_auth_code_scopes`
--
ALTER TABLE `oauth_auth_code_scopes`
  ADD CONSTRAINT `oauth_auth_code_scopes_ibfk_1` FOREIGN KEY (`auth_code`) REFERENCES `oauth_auth_codes` (`auth_code`) ON DELETE CASCADE,
  ADD CONSTRAINT `oauth_auth_code_scopes_ibfk_2` FOREIGN KEY (`scope`) REFERENCES `oauth_scopes` (`id`) ON DELETE CASCADE;

--
-- Restrições para tabelas `oauth_clients`
--
ALTER TABLE `oauth_clients`
  ADD CONSTRAINT `oauth_clients_ibfk_1` FOREIGN KEY (`userId`) REFERENCES `user` (`userId`);

--
-- Restrições para tabelas `oauth_refresh_tokens`
--
ALTER TABLE `oauth_refresh_tokens`
  ADD CONSTRAINT `oauth_refresh_tokens_ibfk_1` FOREIGN KEY (`access_token`) REFERENCES `oauth_access_tokens` (`access_token`) ON DELETE CASCADE;

--
-- Restrições para tabelas `oauth_sessions`
--
ALTER TABLE `oauth_sessions`
  ADD CONSTRAINT `oauth_sessions_ibfk_1` FOREIGN KEY (`client_id`) REFERENCES `oauth_clients` (`id`) ON DELETE CASCADE;

--
-- Restrições para tabelas `oauth_session_scopes`
--
ALTER TABLE `oauth_session_scopes`
  ADD CONSTRAINT `oauth_session_scopes_ibfk_1` FOREIGN KEY (`session_id`) REFERENCES `oauth_sessions` (`id`) ON DELETE CASCADE,
  ADD CONSTRAINT `oauth_session_scopes_ibfk_2` FOREIGN KEY (`scope`) REFERENCES `oauth_scopes` (`id`) ON DELETE CASCADE;

--
-- Restrições para tabelas `permission`
--
ALTER TABLE `permission`
  ADD CONSTRAINT `permission_ibfk_1` FOREIGN KEY (`groupId`) REFERENCES `group` (`groupId`),
  ADD CONSTRAINT `permission_ibfk_2` FOREIGN KEY (`entityId`) REFERENCES `permissionentity` (`entityId`);

--
-- Restrições para tabelas `player_software`
--
ALTER TABLE `player_software`
  ADD CONSTRAINT `player_software_ibfk_1` FOREIGN KEY (`mediaId`) REFERENCES `media` (`mediaId`);

--
-- Restrições para tabelas `playlist`
--
ALTER TABLE `playlist`
  ADD CONSTRAINT `playlist_ibfk_1` FOREIGN KEY (`ownerId`) REFERENCES `user` (`userId`);

--
-- Restrições para tabelas `region`
--
ALTER TABLE `region`
  ADD CONSTRAINT `region_ibfk_1` FOREIGN KEY (`ownerId`) REFERENCES `user` (`userId`);

--
-- Restrições para tabelas `reportschedule`
--
ALTER TABLE `reportschedule`
  ADD CONSTRAINT `reportschedule_ibfk_1` FOREIGN KEY (`userId`) REFERENCES `user` (`userId`);

--
-- Restrições para tabelas `requiredfile`
--
ALTER TABLE `requiredfile`
  ADD CONSTRAINT `requiredfile_ibfk_1` FOREIGN KEY (`displayId`) REFERENCES `display` (`displayId`);

--
-- Restrições para tabelas `resolution`
--
ALTER TABLE `resolution`
  ADD CONSTRAINT `resolution_ibfk_1` FOREIGN KEY (`userId`) REFERENCES `user` (`userId`);

--
-- Restrições para tabelas `saved_report`
--
ALTER TABLE `saved_report`
  ADD CONSTRAINT `saved_report_ibfk_1` FOREIGN KEY (`userId`) REFERENCES `user` (`userId`),
  ADD CONSTRAINT `saved_report_ibfk_2` FOREIGN KEY (`mediaId`) REFERENCES `media` (`mediaId`),
  ADD CONSTRAINT `saved_report_ibfk_3` FOREIGN KEY (`reportScheduleId`) REFERENCES `reportschedule` (`reportScheduleId`);

--
-- Restrições para tabelas `schedule`
--
ALTER TABLE `schedule`
  ADD CONSTRAINT `schedule_ibfk_1` FOREIGN KEY (`userId`) REFERENCES `user` (`userId`);

--
-- Restrições para tabelas `scheduleexclusions`
--
ALTER TABLE `scheduleexclusions`
  ADD CONSTRAINT `scheduleexclusions_ibfk_1` FOREIGN KEY (`eventId`) REFERENCES `schedule` (`eventId`);

--
-- Restrições para tabelas `schedulereminder`
--
ALTER TABLE `schedulereminder`
  ADD CONSTRAINT `schedulereminder_ibfk_1` FOREIGN KEY (`eventId`) REFERENCES `schedule` (`eventId`);

--
-- Restrições para tabelas `user`
--
ALTER TABLE `user`
  ADD CONSTRAINT `user_ibfk_1` FOREIGN KEY (`userTypeId`) REFERENCES `usertype` (`userTypeId`);

--
-- Restrições para tabelas `widget`
--
ALTER TABLE `widget`
  ADD CONSTRAINT `widget_ibfk_1` FOREIGN KEY (`playlistId`) REFERENCES `playlist` (`playlistId`),
  ADD CONSTRAINT `widget_ibfk_2` FOREIGN KEY (`ownerId`) REFERENCES `user` (`userId`);

--
-- Restrições para tabelas `widgethistory`
--
ALTER TABLE `widgethistory`
  ADD CONSTRAINT `widgethistory_ibfk_1` FOREIGN KEY (`layoutHistoryId`) REFERENCES `layouthistory` (`layoutHistoryId`);

--
-- Restrições para tabelas `widgetoption`
--
ALTER TABLE `widgetoption`
  ADD CONSTRAINT `widgetoption_ibfk_1` FOREIGN KEY (`widgetId`) REFERENCES `widget` (`widgetId`);
COMMIT;

